May 04 17:02:21.975207 dv-cinder-789603-1-smb neutron-server[73809]: Open vSwitch agent@dv-cinder-789603-1-smb: { 'AddressGroup': '1.2',
May 04 17:02:21.975207 dv-cinder-789603-1-smb neutron-server[73809]: 'ConntrackHelper': '1.0',
May 04 17:02:21.975207 dv-cinder-789603-1-smb neutron-server[73809]: 'Log': '1.0',
May 04 17:02:21.975207 dv-cinder-789603-1-smb neutron-server[73809]: 'Network': '1.1',
May 04 17:02:21.975207 dv-cinder-789603-1-smb neutron-server[73809]: 'Port': '1.7',
May 04 17:02:21.975207 dv-cinder-789603-1-smb neutron-server[73809]: 'PortForwarding': '1.2',
May 04 17:02:21.975207 dv-cinder-789603-1-smb neutron-server[73809]: 'QosPolicy': '1.8',
May 04 17:02:21.975207 dv-cinder-789603-1-smb neutron-server[73809]: 'SecurityGroup': '1.4',
May 04 17:02:21.975207 dv-cinder-789603-1-smb neutron-server[73809]: 'SecurityGroupRule': '1.2',
May 04 17:02:21.975207 dv-cinder-789603-1-smb neutron-server[73809]: 'SubPort': '1.0',
May 04 17:02:21.975207 dv-cinder-789603-1-smb neutron-server[73809]: 'Subnet': '1.1',
May 04 17:02:21.975207 dv-cinder-789603-1-smb neutron-server[73809]: 'Trunk': '1.1'}}
May 04 17:02:21.975207 dv-cinder-789603-1-smb neutron-server[73809]: {{(pid=73809) report /opt/stack/neutron/neutron/api/rpc/callbacks/version_manager.py:175}}
May 04 17:02:21.977716 dv-cinder-789603-1-smb neutron-server[73810]: DEBUG neutron.quota.resource [None req-fcddb7a1-2030-482a-be00-3fb1a3434622 admin admin] Quota usage for subnet was recalculated. Used quota:0. {{(pid=73810) count_used /opt/stack/neutron/neutron/quota/resource.py:290}}
May 04 17:02:21.991791 dv-cinder-789603-1-smb neutron-server[73810]: DEBUG neutron.db.quota.driver [None req-fcddb7a1-2030-482a-be00-3fb1a3434622 admin admin] Attempting to reserve 1 items for resource subnet. Total usage: 0; quota limit: 100; headroom:100 {{(pid=73810) make_reservation /opt/stack/neutron/neutron/db/quota/driver.py:246}}
May 04 17:02:22.003345 dv-cinder-789603-1-smb neutron-server[73809]: DEBUG oslo_concurrency.lockutils [None req-bdf77c68-dae1-4abf-a1dc-b5c6d704f08a admin admin] Lock "event-dispatch" released by "neutron.plugins.ml2.ovo_rpc._ObjectChangeHandler.dispatch_events" :: held 0.263s {{(pid=73809) inner /usr/local/lib/python3.8/dist-packages/oslo_concurrency/lockutils.py:367}}
May 04 17:02:22.004113 dv-cinder-789603-1-smb neutron-server[73809]: DEBUG oslo_concurrency.lockutils [None req-97b07c4b-f690-40fa-95ff-1f5c1423f492 admin admin] Lock "event-dispatch" acquired by "neutron.plugins.ml2.ovo_rpc._ObjectChangeHandler.dispatch_events" :: waited 0.116s {{(pid=73809) inner /usr/local/lib/python3.8/dist-packages/oslo_concurrency/lockutils.py:355}}
May 04 17:02:22.007455 dv-cinder-789603-1-smb neutron-server[73810]: DEBUG neutron.pecan_wsgi.hooks.quota_enforcement [None req-fcddb7a1-2030-482a-be00-3fb1a3434622 admin admin] Made reservation on behalf of a530a7f8042040e98a19a0a59ab370ed for: {'subnet': 1} {{(pid=73810) before /opt/stack/neutron/neutron/pecan_wsgi/hooks/quota_enforcement.py:53}}
May 04 17:02:22.010821 dv-cinder-789603-1-smb neutron-server[73810]: DEBUG neutron_lib.callbacks.manager [None req-fcddb7a1-2030-482a-be00-3fb1a3434622 admin admin] Notify callbacks [] for subnet, before_create {{(pid=73810) _notify_loop /usr/local/lib/python3.8/dist-packages/neutron_lib/callbacks/manager.py:192}}
May 04 17:02:22.138924 dv-cinder-789603-1-smb neutron-server[73809]: DEBUG neutron.api.rpc.handlers.resources_rpc [None req-bdf77c68-dae1-4abf-a1dc-b5c6d704f08a admin admin] Pushing event updated for resources: {'Network': ['ID=805702bb-73e1-49e9-949a-99d683f18b45,revision_number=1']} {{(pid=73809) push /opt/stack/neutron/neutron/api/rpc/handlers/resources_rpc.py:237}}
May 04 17:02:22.147854 dv-cinder-789603-1-smb neutron-server[73809]: DEBUG neutron_lib.callbacks.manager [None req-83b417cc-212b-407f-ba29-d64d2ec5b34e admin admin] Notify callbacks [] for security_group, precommit_create {{(pid=73809) _notify_loop /usr/local/lib/python3.8/dist-packages/neutron_lib/callbacks/manager.py:192}}
May 04 17:02:22.149312 dv-cinder-789603-1-smb neutron-server[73809]: DEBUG oslo_concurrency.lockutils [None req-bdf77c68-dae1-4abf-a1dc-b5c6d704f08a admin admin] Lock "event-dispatch" released by "neutron.plugins.ml2.ovo_rpc._ObjectChangeHandler.dispatch_events" :: held 0.145s {{(pid=73809) inner /usr/local/lib/python3.8/dist-packages/oslo_concurrency/lockutils.py:367}}
May 04 17:02:22.152134 dv-cinder-789603-1-smb neutron-server[73811]: DEBUG neutron.plugins.ml2.rpc [None req-f813a6f8-b200-4d32-ab89-799671470776 None None] Network 805702bb-73e1-49e9-949a-99d683f18b45 details requested by agent ovs-agent-dv-cinder-789603-1-smb with host dv-cinder-789603-1-smb {{(pid=73811) get_network_details /opt/stack/neutron/neutron/plugins/ml2/rpc.py:232}}
May 04 17:02:22.153219 dv-cinder-789603-1-smb neutron-server[73809]: DEBUG neutron_lib.callbacks.manager [None req-83b417cc-212b-407f-ba29-d64d2ec5b34e admin admin] Notify callbacks ['neutron.plugins.ml2.ovo_rpc._ObjectChangeHandler.handle_event-557970'] for security_group, after_create {{(pid=73809) _notify_loop /usr/local/lib/python3.8/dist-packages/neutron_lib/callbacks/manager.py:192}}
May 04 17:02:22.161985 dv-cinder-789603-1-smb neutron-server[73809]: DEBUG oslo_concurrency.lockutils [-] Lock "event-dispatch" acquired by "neutron.plugins.ml2.ovo_rpc._ObjectChangeHandler.dispatch_events" :: waited 0.000s {{(pid=73809) inner /usr/local/lib/python3.8/dist-packages/oslo_concurrency/lockutils.py:355}}
May 04 17:02:22.189931 dv-cinder-789603-1-smb neutron-server[73809]: DEBUG neutron.plugins.ml2.drivers.helpers [None req-83b417cc-212b-407f-ba29-d64d2ec5b34e admin admin] vlan segment allocate from pool success with {'vlan_id': 183, 'physical_network': 'physnet1'} {{(pid=73809) allocate_partially_specified_segment /opt/stack/neutron/neutron/plugins/ml2/drivers/helpers.py:153}}
May 04 17:02:22.215493 dv-cinder-789603-1-smb neutron-server[73809]: DEBUG neutron.api.rpc.handlers.resources_rpc [None req-83b417cc-212b-407f-ba29-d64d2ec5b34e admin admin] Pushing event updated for resources: {'SecurityGroup': ['ID=a3b06c2b-ef24-4c6b-a224-92fd261a822e,revision_number=1']} {{(pid=73809) push /opt/stack/neutron/neutron/api/rpc/handlers/resources_rpc.py:237}}
May 04 17:02:22.219014 dv-cinder-789603-1-smb neutron-server[73809]: DEBUG neutron_lib.callbacks.manager [None req-83b417cc-212b-407f-ba29-d64d2ec5b34e admin admin] Notify callbacks ['neutron.plugins.ml2.plugin.Ml2Plugin._handle_segment_change-1964773'] for segment, precommit_create {{(pid=73809) _notify_loop /usr/local/lib/python3.8/dist-packages/neutron_lib/callbacks/manager.py:192}}
May 04 17:02:22.220094 dv-cinder-789603-1-smb neutron-server[73809]: INFO neutron.db.segments_db [None req-83b417cc-212b-407f-ba29-d64d2ec5b34e admin admin] Added segment 87e26b66-4b3d-4536-a9b9-7fc8bc86198c of type vlan for network 23df80bd-2b5c-4d29-962a-2ad738e32bba
May 04 17:02:22.221792 dv-cinder-789603-1-smb neutron-server[73809]: DEBUG oslo_concurrency.lockutils [None req-83b417cc-212b-407f-ba29-d64d2ec5b34e admin admin] Lock "event-dispatch" released by "neutron.plugins.ml2.ovo_rpc._ObjectChangeHandler.dispatch_events" :: held 0.060s {{(pid=73809) inner /usr/local/lib/python3.8/dist-packages/oslo_concurrency/lockutils.py:367}}
May 04 17:02:22.260193 dv-cinder-789603-1-smb neutron-server[73809]: DEBUG neutron_lib.callbacks.manager [None req-83b417cc-212b-407f-ba29-d64d2ec5b34e admin admin] Notify callbacks ['neutron.services.auto_allocate.db._ensure_external_network_default_value_callback-8730882500756'] for network, precommit_create {{(pid=73809) _notify_loop /usr/local/lib/python3.8/dist-packages/neutron_lib/callbacks/manager.py:192}}
May 04 17:02:22.294802 dv-cinder-789603-1-smb neutron-server[73809]: DEBUG neutron_lib.callbacks.manager [None req-83b417cc-212b-407f-ba29-d64d2ec5b34e admin admin] Notify callbacks ['neutron.plugins.ml2.ovo_rpc._ObjectChangeHandler.handle_event-557979', 'neutron.api.rpc.agentnotifiers.dhcp_rpc_agent_api.DhcpAgentNotifyAPI._native_event_send_dhcp_notification-647301'] for network, after_create {{(pid=73809) _notify_loop /usr/local/lib/python3.8/dist-packages/neutron_lib/callbacks/manager.py:192}}
May 04 17:02:22.296457 dv-cinder-789603-1-smb neutron-server[73809]: DEBUG neutron.pecan_wsgi.hooks.policy_enforcement [None req-83b417cc-212b-407f-ba29-d64d2ec5b34e admin admin] Attributes excluded by policy engine: ['standard_attr_id', 'vlan_transparent'] {{(pid=73809) _exclude_attributes_by_policy /opt/stack/neutron/neutron/pecan_wsgi/hooks/policy_enforcement.py:255}}
May 04 17:02:22.297132 dv-cinder-789603-1-smb neutron-server[73809]: DEBUG neutron_lib.callbacks.manager [None req-83b417cc-212b-407f-ba29-d64d2ec5b34e admin admin] Notify callbacks ['neutron.api.rpc.agentnotifiers.dhcp_rpc_agent_api.DhcpAgentNotifyAPI._send_dhcp_notification-647339'] for network, before_response {{(pid=73809) _notify_loop /usr/local/lib/python3.8/dist-packages/neutron_lib/callbacks/manager.py:192}}
May 04 17:02:22.321229 dv-cinder-789603-1-smb neutron-server[73809]: DEBUG oslo_concurrency.lockutils [-] Lock "event-dispatch" acquired by "neutron.plugins.ml2.ovo_rpc._ObjectChangeHandler.dispatch_events" :: waited 0.000s {{(pid=73809) inner /usr/local/lib/python3.8/dist-packages/oslo_concurrency/lockutils.py:355}}
May 04 17:02:22.341119 dv-cinder-789603-1-smb neutron-server[73809]: INFO neutron.wsgi [None req-83b417cc-212b-407f-ba29-d64d2ec5b34e admin admin] 10.222.0.24 "POST /v2.0/networks HTTP/1.1" status: 201 len: 884 time: 0.9800005
May 04 17:02:22.344227 dv-cinder-789603-1-smb neutron-server[73810]: DEBUG neutron.wsgi [-] (73810) accepted ('10.222.0.24', 45990) {{(pid=73810) server /usr/local/lib/python3.8/dist-packages/eventlet/wsgi.py:992}}
May 04 17:02:22.351133 dv-cinder-789603-1-smb neutron-server[73810]: DEBUG neutron.api.v2.base [None req-6b0ce56a-5c79-45fd-9af8-8d3276782aa9 admin admin] Request body: {'subnet': {'network_id': '23df80bd-2b5c-4d29-962a-2ad738e32bba', 'cidr': '172.20.0.0/28', 'name': 'tempest-AttachVolumeTestJSON-1477687982-subnet', 'tenant_id': 'a83b14f849204c3cac0cfd0b7b059636', 'enable_dhcp': True, 'ip_version': 4}} {{(pid=73810) prepare_request_body /opt/stack/neutron/neutron/api/v2/base.py:729}}
May 04 17:02:22.363646 dv-cinder-789603-1-smb neutron-server[73810]: DEBUG neutron.db.quota.driver [None req-6b0ce56a-5c79-45fd-9af8-8d3276782aa9 admin admin] Resources subnetpool have unlimited quota limit. It is not required to calculate headroom {{(pid=73810) make_reservation /opt/stack/neutron/neutron/db/quota/driver.py:219}}
May 04 17:02:22.370338 dv-cinder-789603-1-smb neutron-server[73810]: DEBUG neutron.quota.resource [None req-6b0ce56a-5c79-45fd-9af8-8d3276782aa9 admin admin] Usage tracker for resource:subnet and tenant:a83b14f849204c3cac0cfd0b7b059636 is out of sync, need to count used quota {{(pid=73810) count_used /opt/stack/neutron/neutron/quota/resource.py:270}}
May 04 17:02:22.377286 dv-cinder-789603-1-smb neutron-server[73810]: DEBUG neutron.quota.resource [None req-6b0ce56a-5c79-45fd-9af8-8d3276782aa9 admin admin] Quota usage for subnet was recalculated. Used quota:0. {{(pid=73810) count_used /opt/stack/neutron/neutron/quota/resource.py:290}}
May 04 17:02:22.385046 dv-cinder-789603-1-smb neutron-server[73810]: DEBUG neutron.db.quota.driver [None req-6b0ce56a-5c79-45fd-9af8-8d3276782aa9 admin admin] Attempting to reserve 1 items for resource subnet. Total usage: 0; quota limit: 100; headroom:100 {{(pid=73810) make_reservation /opt/stack/neutron/neutron/db/quota/driver.py:246}}
May 04 17:02:22.419821 dv-cinder-789603-1-smb neutron-server[73809]: DEBUG neutron.api.rpc.handlers.resources_rpc [None req-83b417cc-212b-407f-ba29-d64d2ec5b34e admin admin] Pushing event updated for resources: {'Network': ['ID=23df80bd-2b5c-4d29-962a-2ad738e32bba,revision_number=1']} {{(pid=73809) push /opt/stack/neutron/neutron/api/rpc/handlers/resources_rpc.py:237}}
May 04 17:02:22.422671 dv-cinder-789603-1-smb neutron-server[73809]: DEBUG oslo_concurrency.lockutils [None req-83b417cc-212b-407f-ba29-d64d2ec5b34e admin admin] Lock "event-dispatch" released by "neutron.plugins.ml2.ovo_rpc._ObjectChangeHandler.dispatch_events" :: held 0.101s {{(pid=73809) inner /usr/local/lib/python3.8/dist-packages/oslo_concurrency/lockutils.py:367}}
May 04 17:02:22.427127 dv-cinder-789603-1-smb neutron-server[73810]: DEBUG neutron.pecan_wsgi.hooks.quota_enforcement [None req-6b0ce56a-5c79-45fd-9af8-8d3276782aa9 admin admin] Made reservation on behalf of a83b14f849204c3cac0cfd0b7b059636 for: {'subnet': 1} {{(pid=73810) before /opt/stack/neutron/neutron/pecan_wsgi/hooks/quota_enforcement.py:53}}
May 04 17:02:22.429694 dv-cinder-789603-1-smb neutron-server[73810]: DEBUG neutron_lib.callbacks.manager [None req-6b0ce56a-5c79-45fd-9af8-8d3276782aa9 admin admin] Notify callbacks [] for subnet, before_create {{(pid=73810) _notify_loop /usr/local/lib/python3.8/dist-packages/neutron_lib/callbacks/manager.py:192}}
May 04 17:02:22.431949 dv-cinder-789603-1-smb neutron-server[73811]: DEBUG neutron.plugins.ml2.rpc [None req-f813a6f8-b200-4d32-ab89-799671470776 None None] Network 23df80bd-2b5c-4d29-962a-2ad738e32bba details requested by agent ovs-agent-dv-cinder-789603-1-smb with host dv-cinder-789603-1-smb {{(pid=73811) get_network_details /opt/stack/neutron/neutron/plugins/ml2/rpc.py:232}}
May 04 17:02:22.743636 dv-cinder-789603-1-smb neutron-server[73809]: DEBUG neutron.wsgi [-] (73809) accepted ('10.222.0.24', 46006) {{(pid=73809) server /usr/local/lib/python3.8/dist-packages/eventlet/wsgi.py:992}}
May 04 17:02:22.807327 dv-cinder-789603-1-smb neutron-server[73810]: DEBUG neutron_lib.callbacks.manager [None req-fcddb7a1-2030-482a-be00-3fb1a3434622 admin admin] Notify callbacks ['neutron.plugins.ml2.ovo_rpc._ObjectChangeHandler.handle_event-381213', 'neutron.api.rpc.agentnotifiers.dhcp_rpc_agent_api.DhcpAgentNotifyAPI._native_event_send_dhcp_notification-647301'] for subnet, after_create {{(pid=73810) _notify_loop /usr/local/lib/python3.8/dist-packages/neutron_lib/callbacks/manager.py:192}}
May 04 17:02:22.832743 dv-cinder-789603-1-smb neutron-server[73810]: DEBUG oslo_concurrency.lockutils [-] Lock "event-dispatch" acquired by "neutron.plugins.ml2.ovo_rpc._ObjectChangeHandler.dispatch_events" :: waited 0.000s {{(pid=73810) inner /usr/local/lib/python3.8/dist-packages/oslo_concurrency/lockutils.py:355}}
May 04 17:02:22.976966 dv-cinder-789603-1-smb neutron-server[73810]: DEBUG neutron.plugins.ml2.drivers.mech_agent [None req-fcddb7a1-2030-482a-be00-3fb1a3434622 admin admin] Checking segment: {'id': 'a52c2a1e-eba3-4715-a82e-ef9b22d7aced', 'network_type': 'vlan', 'physical_network': 'physnet1', 'segmentation_id': 171, 'network_id': '805702bb-73e1-49e9-949a-99d683f18b45'} for mappings: {'physnet1': 'br-data'} with network types: ['local', 'flat', 'vlan'] {{(pid=73810) check_segment_for_agent /opt/stack/neutron/neutron/plugins/ml2/drivers/mech_agent.py:341}}
May 04 17:02:22.977661 dv-cinder-789603-1-smb neutron-server[73810]: DEBUG neutron.scheduler.dhcp_agent_scheduler [None req-fcddb7a1-2030-482a-be00-3fb1a3434622 admin admin] Network hostable DHCP agents. Network: 805702bb-73e1-49e9-949a-99d683f18b45, hostable agents: ['e7f1f9ba-e089-4d30-a3bb-ec752cbc6168'], hosted agents: [] {{(pid=73810) _get_network_hostable_dhcp_agents /opt/stack/neutron/neutron/scheduler/dhcp_agent_scheduler.py:329}}
May 04 17:02:22.993717 dv-cinder-789603-1-smb neutron-server[73810]: DEBUG neutron.api.rpc.handlers.resources_rpc [None req-fcddb7a1-2030-482a-be00-3fb1a3434622 admin admin] Pushing event updated for resources: {'Subnet': ['ID=ecb5b608-5ac5-4d78-9be9-8b11e5ad68ab,revision_number=0']} {{(pid=73810) push /opt/stack/neutron/neutron/api/rpc/handlers/resources_rpc.py:237}}
May 04 17:02:23.008533 dv-cinder-789603-1-smb neutron-server[73810]: DEBUG neutron.api.rpc.callbacks.version_manager [None req-fcddb7a1-2030-482a-be00-3fb1a3434622 admin admin] Version for resource type AddressGroup changed None to 1.2 on consumer Open vSwitch agent@dv-cinder-789603-1-smb {{(pid=73810) _set_version /opt/stack/neutron/neutron/api/rpc/callbacks/version_manager.py:113}}
May 04 17:02:23.009241 dv-cinder-789603-1-smb neutron-server[73810]: DEBUG neutron.api.rpc.callbacks.version_manager [None req-fcddb7a1-2030-482a-be00-3fb1a3434622 admin admin] Version for resource type ConntrackHelper changed None to 1.0 on consumer Open vSwitch agent@dv-cinder-789603-1-smb {{(pid=73810) _set_version /opt/stack/neutron/neutron/api/rpc/callbacks/version_manager.py:113}}
May 04 17:02:23.009634 dv-cinder-789603-1-smb neutron-server[73810]: DEBUG neutron.api.rpc.callbacks.version_manager [None req-fcddb7a1-2030-482a-be00-3fb1a3434622 admin admin] Version for resource type Log changed None to 1.0 on consumer Open vSwitch agent@dv-cinder-789603-1-smb {{(pid=73810) _set_version /opt/stack/neutron/neutron/api/rpc/callbacks/version_manager.py:113}}
May 04 17:02:23.010075 dv-cinder-789603-1-smb neutron-server[73810]: DEBUG neutron.api.rpc.callbacks.version_manager [None req-fcddb7a1-2030-482a-be00-3fb1a3434622 admin admin] Version for resource type Network changed None to 1.1 on consumer Open vSwitch agent@dv-cinder-789603-1-smb {{(pid=73810) _set_version /opt/stack/neutron/neutron/api/rpc/callbacks/version_manager.py:113}}
May 04 17:02:23.010430 dv-cinder-789603-1-smb neutron-server[73810]: DEBUG neutron.api.rpc.callbacks.version_manager [None req-fcddb7a1-2030-482a-be00-3fb1a3434622 admin admin] Version for resource type Port changed None to 1.7 on consumer Open vSwitch agent@dv-cinder-789603-1-smb {{(pid=73810) _set_version /opt/stack/neutron/neutron/api/rpc/callbacks/version_manager.py:113}}
May 04 17:02:23.010781 dv-cinder-789603-1-smb neutron-server[73810]: DEBUG neutron.api.rpc.callbacks.version_manager [None req-fcddb7a1-2030-482a-be00-3fb1a3434622 admin admin] Version for resource type PortForwarding changed None to 1.2 on consumer Open vSwitch agent@dv-cinder-789603-1-smb {{(pid=73810) _set_version /opt/stack/neutron/neutron/api/rpc/callbacks/version_manager.py:113}}
May 04 17:02:23.011126 dv-cinder-789603-1-smb neutron-server[73810]: DEBUG neutron.api.rpc.callbacks.version_manager [None req-fcddb7a1-2030-482a-be00-3fb1a3434622 admin admin] Version for resource type QosPolicy changed None to 1.8 on consumer Open vSwitch agent@dv-cinder-789603-1-smb {{(pid=73810) _set_version /opt/stack/neutron/neutron/api/rpc/callbacks/version_manager.py:113}}
May 04 17:02:23.011470 dv-cinder-789603-1-smb neutron-server[73810]: DEBUG neutron.api.rpc.callbacks.version_manager [None req-fcddb7a1-2030-482a-be00-3fb1a3434622 admin admin] Version for resource type SecurityGroup changed None to 1.4 on consumer Open vSwitch agent@dv-cinder-789603-1-smb {{(pid=73810) _set_version /opt/stack/neutron/neutron/api/rpc/callbacks/version_manager.py:113}}
May 04 17:02:23.011815 dv-cinder-789603-1-smb neutron-server[73810]: DEBUG neutron.api.rpc.callbacks.version_manager [None req-fcddb7a1-2030-482a-be00-3fb1a3434622 admin admin] Version for resource type SecurityGroupRule changed None to 1.2 on consumer Open vSwitch agent@dv-cinder-789603-1-smb {{(pid=73810) _set_version /opt/stack/neutron/neutron/api/rpc/callbacks/version_manager.py:113}}
May 04 17:02:23.012155 dv-cinder-789603-1-smb neutron-server[73810]: DEBUG neutron.api.rpc.callbacks.version_manager [None req-fcddb7a1-2030-482a-be00-3fb1a3434622 admin admin] Version for resource type SubPort changed None to 1.0 on consumer Open vSwitch agent@dv-cinder-789603-1-smb {{(pid=73810) _set_version /opt/stack/neutron/neutron/api/rpc/callbacks/version_manager.py:113}}
May 04 17:02:23.012516 dv-cinder-789603-1-smb neutron-server[73810]: DEBUG neutron.api.rpc.callbacks.version_manager [None req-fcddb7a1-2030-482a-be00-3fb1a3434622 admin admin] Version for resource type Subnet changed None to 1.1 on consumer Open vSwitch agent@dv-cinder-789603-1-smb {{(pid=73810) _set_version /opt/stack/neutron/neutron/api/rpc/callbacks/version_manager.py:113}}
May 04 17:02:23.012860 dv-cinder-789603-1-smb neutron-server[73810]: DEBUG neutron.api.rpc.callbacks.version_manager [None req-fcddb7a1-2030-482a-be00-3fb1a3434622 admin admin] Version for resource type Trunk changed None to 1.1 on consumer Open vSwitch agent@dv-cinder-789603-1-smb {{(pid=73810) _set_version /opt/stack/neutron/neutron/api/rpc/callbacks/version_manager.py:113}}
May 04 17:02:23.013930 dv-cinder-789603-1-smb neutron-server[73810]: DEBUG neutron.api.rpc.callbacks.version_manager [None req-fcddb7a1-2030-482a-be00-3fb1a3434622 admin admin] Tracked resource versions report:
May 04 17:02:23.013930 dv-cinder-789603-1-smb neutron-server[73810]: pushed versions:
May 04 17:02:23.013930 dv-cinder-789603-1-smb neutron-server[73810]: { 'AddressGroup': {'1.2'},
May 04 17:02:23.013930 dv-cinder-789603-1-smb neutron-server[73810]: 'ConntrackHelper': {'1.0'},
May 04 17:02:23.013930 dv-cinder-789603-1-smb neutron-server[73810]: 'Log': {'1.0'},
May 04 17:02:23.013930 dv-cinder-789603-1-smb neutron-server[73810]: 'Network': {'1.1'},
May 04 17:02:23.013930 dv-cinder-789603-1-smb neutron-server[73810]: 'Port': {'1.7'},
May 04 17:02:23.013930 dv-cinder-789603-1-smb neutron-server[73810]: 'PortForwarding': {'1.2'},
May 04 17:02:23.013930 dv-cinder-789603-1-smb neutron-server[73810]: 'QosPolicy': {'1.8'},
May 04 17:02:23.013930 dv-cinder-789603-1-smb neutron-server[73810]: 'SecurityGroup': {'1.4'},
May 04 17:02:23.013930 dv-cinder-789603-1-smb neutron-server[73810]: 'SecurityGroupRule': {'1.2'},
May 04 17:02:23.013930 dv-cinder-789603-1-smb neutron-server[73810]: 'SubPort': {'1.0'},
May 04 17:02:23.013930 dv-cinder-789603-1-smb neutron-server[73810]: 'Subnet': {'1.1'},
May 04 17:02:23.013930 dv-cinder-789603-1-smb neutron-server[73810]: 'Trunk': {'1.1'}}
May 04 17:02:23.013930 dv-cinder-789603-1-smb neutron-server[73810]: consumer versions:
May 04 17:02:23.013930 dv-cinder-789603-1-smb neutron-server[73810]: { DHCP agent@dv-cinder-789603-1-smb: {},
May 04 17:02:23.013930 dv-cinder-789603-1-smb neutron-server[73810]: HyperV agent@hv-cinder-78960: {},
May 04 17:02:23.013930 dv-cinder-789603-1-smb neutron-server[73810]: L3 agent@dv-cinder-789603-1-smb: {},
May 04 17:02:23.013930 dv-cinder-789603-1-smb neutron-server[73810]: Metadata agent@dv-cinder-789603-1-smb: {},
May 04 17:02:23.013930 dv-cinder-789603-1-smb neutron-server[73810]: Metering agent@dv-cinder-789603-1-smb: {},
May 04 17:02:23.013930 dv-cinder-789603-1-smb neutron-server[73810]: Open vSwitch agent@dv-cinder-789603-1-smb: { 'AddressGroup': '1.2',
May 04 17:02:23.013930 dv-cinder-789603-1-smb neutron-server[73810]: 'ConntrackHelper': '1.0',
May 04 17:02:23.013930 dv-cinder-789603-1-smb neutron-server[73810]: 'Log': '1.0',
May 04 17:02:23.013930 dv-cinder-789603-1-smb neutron-server[73810]: 'Network': '1.1',
May 04 17:02:23.013930 dv-cinder-789603-1-smb neutron-server[73810]: 'Port': '1.7',
May 04 17:02:23.013930 dv-cinder-789603-1-smb neutron-server[73810]: 'PortForwarding': '1.2',
May 04 17:02:23.013930 dv-cinder-789603-1-smb neutron-server[73810]: 'QosPolicy': '1.8',
May 04 17:02:23.013930 dv-cinder-789603-1-smb neutron-server[73810]: 'SecurityGroup': '1.4',
May 04 17:02:23.013930 dv-cinder-789603-1-smb neutron-server[73810]: 'SecurityGroupRule': '1.2',
May 04 17:02:23.013930 dv-cinder-789603-1-smb neutron-server[73810]: 'SubPort': '1.0',
May 04 17:02:23.013930 dv-cinder-789603-1-smb neutron-server[73810]: 'Subnet': '1.1',
May 04 17:02:23.013930 dv-cinder-789603-1-smb neutron-server[73810]: 'Trunk': '1.1'}}
May 04 17:02:23.013930 dv-cinder-789603-1-smb neutron-server[73810]: {{(pid=73810) report /opt/stack/neutron/neutron/api/rpc/callbacks/version_manager.py:175}}
May 04 17:02:23.020218 dv-cinder-789603-1-smb neutron-server[73810]: DEBUG oslo_concurrency.lockutils [None req-fcddb7a1-2030-482a-be00-3fb1a3434622 admin admin] Lock "event-dispatch" released by "neutron.plugins.ml2.ovo_rpc._ObjectChangeHandler.dispatch_events" :: held 0.187s {{(pid=73810) inner /usr/local/lib/python3.8/dist-packages/oslo_concurrency/lockutils.py:367}}
May 04 17:02:23.029963 dv-cinder-789603-1-smb neutron-server[73810]: DEBUG neutron.scheduler.dhcp_agent_scheduler [None req-fcddb7a1-2030-482a-be00-3fb1a3434622 admin admin] Network 805702bb-73e1-49e9-949a-99d683f18b45 is scheduled to be hosted by DHCP agent e7f1f9ba-e089-4d30-a3bb-ec752cbc6168 with binding_index 1 {{(pid=73810) bind /opt/stack/neutron/neutron/scheduler/dhcp_agent_scheduler.py:227}}
May 04 17:02:23.046097 dv-cinder-789603-1-smb neutron-server[73810]: DEBUG neutron.scheduler.base_scheduler [None req-fcddb7a1-2030-482a-be00-3fb1a3434622 admin admin] Resources bound (agent type, host, resource id): (DHCP agent, dv-cinder-789603-1-smb, 805702bb-73e1-49e9-949a-99d683f18b45) {{(pid=73810) schedule /opt/stack/neutron/neutron/scheduler/base_scheduler.py:57}}
May 04 17:02:23.056341 dv-cinder-789603-1-smb neutron-server[73810]: DEBUG neutron.pecan_wsgi.hooks.policy_enforcement [None req-fcddb7a1-2030-482a-be00-3fb1a3434622 admin admin] Attributes excluded by policy engine: ['standard_attr_id', 'shared', 'network'] {{(pid=73810) _exclude_attributes_by_policy /opt/stack/neutron/neutron/pecan_wsgi/hooks/policy_enforcement.py:255}}
May 04 17:02:23.057249 dv-cinder-789603-1-smb neutron-server[73810]: DEBUG neutron_lib.callbacks.manager [None req-fcddb7a1-2030-482a-be00-3fb1a3434622 admin admin] Notify callbacks ['neutron.api.rpc.agentnotifiers.dhcp_rpc_agent_api.DhcpAgentNotifyAPI._send_dhcp_notification-647339'] for subnet, before_response {{(pid=73810) _notify_loop /usr/local/lib/python3.8/dist-packages/neutron_lib/callbacks/manager.py:192}}
May 04 17:02:23.059443 dv-cinder-789603-1-smb neutron-server[73811]: DEBUG neutron.api.rpc.handlers.dhcp_rpc [None req-6db68384-dbd1-460f-9ed5-36a5eb3b8a3e None None] Network 805702bb-73e1-49e9-949a-99d683f18b45 requested from dv-cinder-789603-1-smb {{(pid=73811) get_network_info /opt/stack/neutron/neutron/api/rpc/handlers/dhcp_rpc.py:213}}
May 04 17:02:23.132024 dv-cinder-789603-1-smb neutron-server[73810]: DEBUG neutron_lib.callbacks.manager [None req-6b0ce56a-5c79-45fd-9af8-8d3276782aa9 admin admin] Notify callbacks ['neutron.plugins.ml2.ovo_rpc._ObjectChangeHandler.handle_event-381213', 'neutron.api.rpc.agentnotifiers.dhcp_rpc_agent_api.DhcpAgentNotifyAPI._native_event_send_dhcp_notification-647301'] for subnet, after_create {{(pid=73810) _notify_loop /usr/local/lib/python3.8/dist-packages/neutron_lib/callbacks/manager.py:192}}
May 04 17:02:23.136714 dv-cinder-789603-1-smb neutron-server[73810]: DEBUG oslo_concurrency.lockutils [-] Lock "event-dispatch" acquired by "neutron.plugins.ml2.ovo_rpc._ObjectChangeHandler.dispatch_events" :: waited 0.000s {{(pid=73810) inner /usr/local/lib/python3.8/dist-packages/oslo_concurrency/lockutils.py:355}}
May 04 17:02:23.167518 dv-cinder-789603-1-smb neutron-server[73809]: DEBUG neutron.api.v2.base [None req-1cec6821-8387-4276-9d13-bc052814abc6 admin admin] Request body: {'network': {'name': 'tempest-DeleteServersTestJSON-9459267-network', 'tenant_id': 'ad1f15f7308042768709828b9a895abf'}} {{(pid=73809) prepare_request_body /opt/stack/neutron/neutron/api/v2/base.py:729}}
May 04 17:02:23.170850 dv-cinder-789603-1-smb neutron-server[73810]: INFO neutron.wsgi [None req-fcddb7a1-2030-482a-be00-3fb1a3434622 admin admin] 10.222.0.24 "POST /v2.0/subnets HTTP/1.1" status: 201 len: 853 time: 1.2122352
May 04 17:02:23.178084 dv-cinder-789603-1-smb neutron-server[73809]: DEBUG neutron.db.quota.driver [None req-1cec6821-8387-4276-9d13-bc052814abc6 admin admin] Resources subnetpool have unlimited quota limit. It is not required to calculate headroom {{(pid=73809) make_reservation /opt/stack/neutron/neutron/db/quota/driver.py:219}}
May 04 17:02:23.184121 dv-cinder-789603-1-smb neutron-server[73810]: DEBUG neutron.wsgi [-] (73810) accepted ('10.222.0.24', 46020) {{(pid=73810) server /usr/local/lib/python3.8/dist-packages/eventlet/wsgi.py:992}}
May 04 17:02:23.189221 dv-cinder-789603-1-smb neutron-server[73809]: DEBUG neutron.quota.resource [None req-1cec6821-8387-4276-9d13-bc052814abc6 admin admin] Usage tracker for resource:network and tenant:ad1f15f7308042768709828b9a895abf is out of sync, need to count used quota {{(pid=73809) count_used /opt/stack/neutron/neutron/quota/resource.py:270}}
May 04 17:02:23.194387 dv-cinder-789603-1-smb neutron-server[73810]: DEBUG neutron.api.v2.base [None req-a1b64f3d-f7ad-4b33-9d29-d593928e0442 admin admin] Request body: {'router': {'name': 'tempest-AttachVolumeShelveTestJSON-1378711398-router', 'tenant_id': 'a530a7f8042040e98a19a0a59ab370ed', 'external_gateway_info': {'network_id': '1fe869af-eee2-4a76-a542-2bd1a37527f5'}}} {{(pid=73810) prepare_request_body /opt/stack/neutron/neutron/api/v2/base.py:729}}
May 04 17:02:23.195868 dv-cinder-789603-1-smb neutron-server[73809]: DEBUG neutron.quota.resource [None req-1cec6821-8387-4276-9d13-bc052814abc6 admin admin] Quota usage for network was recalculated. Used quota:0. {{(pid=73809) count_used /opt/stack/neutron/neutron/quota/resource.py:290}}
May 04 17:02:23.206662 dv-cinder-789603-1-smb neutron-server[73810]: DEBUG neutron.db.quota.driver [None req-a1b64f3d-f7ad-4b33-9d29-d593928e0442 admin admin] Resources subnetpool have unlimited quota limit. It is not required to calculate headroom {{(pid=73810) make_reservation /opt/stack/neutron/neutron/db/quota/driver.py:219}}
May 04 17:02:23.211694 dv-cinder-789603-1-smb neutron-server[73809]: DEBUG neutron.db.quota.driver [None req-1cec6821-8387-4276-9d13-bc052814abc6 admin admin] Attempting to reserve 1 items for resource network. Total usage: 0; quota limit: 100; headroom:100 {{(pid=73809) make_reservation /opt/stack/neutron/neutron/db/quota/driver.py:246}}
May 04 17:02:23.223176 dv-cinder-789603-1-smb neutron-server[73810]: DEBUG neutron.quota.resource [None req-a1b64f3d-f7ad-4b33-9d29-d593928e0442 admin admin] Usage tracker for resource:router and tenant:a530a7f8042040e98a19a0a59ab370ed is out of sync, need to count used quota {{(pid=73810) count_used /opt/stack/neutron/neutron/quota/resource.py:270}}
May 04 17:02:23.226634 dv-cinder-789603-1-smb neutron-server[73810]: DEBUG neutron.api.rpc.handlers.resources_rpc [None req-6b0ce56a-5c79-45fd-9af8-8d3276782aa9 admin admin] Pushing event updated for resources: {'Subnet': ['ID=98153c02-30f1-4f36-87f8-48da6381261d,revision_number=0']} {{(pid=73810) push /opt/stack/neutron/neutron/api/rpc/handlers/resources_rpc.py:237}}
May 04 17:02:23.232876 dv-cinder-789603-1-smb neutron-server[73810]: DEBUG neutron.quota.resource [None req-a1b64f3d-f7ad-4b33-9d29-d593928e0442 admin admin] Quota usage for router was recalculated. Used quota:0. {{(pid=73810) count_used /opt/stack/neutron/neutron/quota/resource.py:290}}
May 04 17:02:23.233203 dv-cinder-789603-1-smb neutron-server[73809]: DEBUG neutron.pecan_wsgi.hooks.quota_enforcement [None req-1cec6821-8387-4276-9d13-bc052814abc6 admin admin] Made reservation on behalf of ad1f15f7308042768709828b9a895abf for: {'network': 1} {{(pid=73809) before /opt/stack/neutron/neutron/pecan_wsgi/hooks/quota_enforcement.py:53}}
May 04 17:02:23.237302 dv-cinder-789603-1-smb neutron-server[73810]: DEBUG oslo_concurrency.lockutils [None req-6b0ce56a-5c79-45fd-9af8-8d3276782aa9 admin admin] Lock "event-dispatch" released by "neutron.plugins.ml2.ovo_rpc._ObjectChangeHandler.dispatch_events" :: held 0.100s {{(pid=73810) inner /usr/local/lib/python3.8/dist-packages/oslo_concurrency/lockutils.py:367}}
May 04 17:02:23.238760 dv-cinder-789603-1-smb neutron-server[73809]: DEBUG neutron_lib.callbacks.manager [None req-1cec6821-8387-4276-9d13-bc052814abc6 admin admin] Notify callbacks ['neutron.plugins.ml2.plugin.SecurityGroupDbMixin._ensure_default_security_group_handler-1823247'] for network, before_create {{(pid=73809) _notify_loop /usr/local/lib/python3.8/dist-packages/neutron_lib/callbacks/manager.py:192}}
May 04 17:02:23.245572 dv-cinder-789603-1-smb neutron-server[73810]: DEBUG neutron.db.quota.driver [None req-a1b64f3d-f7ad-4b33-9d29-d593928e0442 admin admin] Attempting to reserve 1 items for resource router. Total usage: 0; quota limit: 100; headroom:100 {{(pid=73810) make_reservation /opt/stack/neutron/neutron/db/quota/driver.py:246}}
May 04 17:02:23.259986 dv-cinder-789603-1-smb neutron-server[73810]: DEBUG neutron.plugins.ml2.drivers.mech_agent [None req-6b0ce56a-5c79-45fd-9af8-8d3276782aa9 admin admin] Checking segment: {'id': '87e26b66-4b3d-4536-a9b9-7fc8bc86198c', 'network_type': 'vlan', 'physical_network': 'physnet1', 'segmentation_id': 183, 'network_id': '23df80bd-2b5c-4d29-962a-2ad738e32bba'} for mappings: {'physnet1': 'br-data'} with network types: ['local', 'flat', 'vlan'] {{(pid=73810) check_segment_for_agent /opt/stack/neutron/neutron/plugins/ml2/drivers/mech_agent.py:341}}
May 04 17:02:23.260361 dv-cinder-789603-1-smb neutron-server[73810]: DEBUG neutron.scheduler.dhcp_agent_scheduler [None req-6b0ce56a-5c79-45fd-9af8-8d3276782aa9 admin admin] Network hostable DHCP agents. Network: 23df80bd-2b5c-4d29-962a-2ad738e32bba, hostable agents: ['e7f1f9ba-e089-4d30-a3bb-ec752cbc6168'], hosted agents: [] {{(pid=73810) _get_network_hostable_dhcp_agents /opt/stack/neutron/neutron/scheduler/dhcp_agent_scheduler.py:329}}
May 04 17:02:23.272137 dv-cinder-789603-1-smb neutron-server[73809]: DEBUG neutron_lib.callbacks.manager [None req-1cec6821-8387-4276-9d13-bc052814abc6 admin admin] Notify callbacks [] for security_group, before_create {{(pid=73809) _notify_loop /usr/local/lib/python3.8/dist-packages/neutron_lib/callbacks/manager.py:192}}
May 04 17:02:23.284207 dv-cinder-789603-1-smb neutron-server[73810]: DEBUG neutron_lib.callbacks.manager [None req-a1b64f3d-f7ad-4b33-9d29-d593928e0442 admin admin] Notify callbacks ['neutron.services.l3_router.l3_router_plugin.L3_HA_NAT_db_mixin._before_router_create-719469', 'neutron.services.l3_router.service_providers.driver_controller.DriverController._check_router_request-5441'] for router, before_create {{(pid=73810) _notify_loop /usr/local/lib/python3.8/dist-packages/neutron_lib/callbacks/manager.py:192}}
May 04 17:02:23.286700 dv-cinder-789603-1-smb neutron-server[73810]: DEBUG neutron_lib.callbacks.manager [None req-a1b64f3d-f7ad-4b33-9d29-d593928e0442 admin admin] Notify callbacks ['neutron.services.l3_router.l3_router_plugin.L3_HA_NAT_db_mixin._precommit_router_create-718189', 'neutron.services.l3_router.l3_router_plugin.DVRResourceOperationHandler._set_distributed_flag-785621', 'neutron.services.l3_router.l3_router_plugin.RouterAvailabilityZoneMixin._process_az_request-557480', 'neutron.services.l3_router.service_providers.driver_controller.DriverController._set_router_provider-5448'] for router, precommit_create {{(pid=73810) _notify_loop /usr/local/lib/python3.8/dist-packages/neutron_lib/callbacks/manager.py:192}}
May 04 17:02:23.306877 dv-cinder-789603-1-smb neutron-server[73809]: DEBUG neutron.db.quota.driver [None req-1cec6821-8387-4276-9d13-bc052814abc6 admin admin] Resources subnetpool have unlimited quota limit. It is not required to calculate headroom {{(pid=73809) make_reservation /opt/stack/neutron/neutron/db/quota/driver.py:219}}
May 04 17:02:23.315804 dv-cinder-789603-1-smb neutron-server[73809]: DEBUG neutron.quota.resource [None req-1cec6821-8387-4276-9d13-bc052814abc6 admin admin] Usage tracker for resource:security_group_rule and tenant:ad1f15f7308042768709828b9a895abf is out of sync, need to count used quota {{(pid=73809) count_used /opt/stack/neutron/neutron/quota/resource.py:270}}
May 04 17:02:23.326541 dv-cinder-789603-1-smb neutron-server[73810]: DEBUG neutron.scheduler.dhcp_agent_scheduler [None req-6b0ce56a-5c79-45fd-9af8-8d3276782aa9 admin admin] Network 23df80bd-2b5c-4d29-962a-2ad738e32bba is scheduled to be hosted by DHCP agent e7f1f9ba-e089-4d30-a3bb-ec752cbc6168 with binding_index 1 {{(pid=73810) bind /opt/stack/neutron/neutron/scheduler/dhcp_agent_scheduler.py:227}}
May 04 17:02:23.328243 dv-cinder-789603-1-smb neutron-server[73809]: DEBUG neutron.quota.resource [None req-1cec6821-8387-4276-9d13-bc052814abc6 admin admin] Quota usage for security_group_rule was recalculated. Used quota:0. {{(pid=73809) count_used /opt/stack/neutron/neutron/quota/resource.py:290}}
May 04 17:02:23.336962 dv-cinder-789603-1-smb neutron-server[73810]: DEBUG neutron_lib.callbacks.manager [None req-a1b64f3d-f7ad-4b33-9d29-d593928e0442 admin admin] Notify callbacks [] for router_controller, precommit_add_association {{(pid=73810) _notify_loop /usr/local/lib/python3.8/dist-packages/neutron_lib/callbacks/manager.py:192}}
May 04 17:02:23.341391 dv-cinder-789603-1-smb neutron-server[73809]: DEBUG neutron.db.quota.driver [None req-1cec6821-8387-4276-9d13-bc052814abc6 admin admin] Attempting to reserve 4 items for resource security_group_rule. Total usage: 0; quota limit: 100; headroom:100 {{(pid=73809) make_reservation /opt/stack/neutron/neutron/db/quota/driver.py:246}}
May 04 17:02:23.390050 dv-cinder-789603-1-smb neutron-server[73811]: DEBUG neutron.api.rpc.handlers.dhcp_rpc [None req-5d78f8b2-8d63-42eb-8afa-f99eecf42273 None None] Create dhcp port {'port': {'name': '', 'admin_state_up': True, 'device_id': 'dhcp14cf5633-e9af-54f7-ada4-186d2c6d1965-805702bb-73e1-49e9-949a-99d683f18b45', 'network_id': '805702bb-73e1-49e9-949a-99d683f18b45', 'tenant_id': 'a530a7f8042040e98a19a0a59ab370ed', 'fixed_ips': [{'subnet_id': 'ecb5b608-5ac5-4d78-9be9-8b11e5ad68ab'}]}} from dv-cinder-789603-1-smb. {{(pid=73811) create_dhcp_port /opt/stack/neutron/neutron/api/rpc/handlers/dhcp_rpc.py:279}}
May 04 17:02:23.393081 dv-cinder-789603-1-smb neutron-server[73811]: DEBUG neutron_lib.callbacks.manager [None req-5d78f8b2-8d63-42eb-8afa-f99eecf42273 None None] Notify callbacks ['neutron.plugins.ml2.plugin.SecurityGroupDbMixin._ensure_default_security_group_handler-1823247'] for port, before_create {{(pid=73811) _notify_loop /usr/local/lib/python3.8/dist-packages/neutron_lib/callbacks/manager.py:192}}
May 04 17:02:23.430388 dv-cinder-789603-1-smb neutron-server[73810]: DEBUG neutron.scheduler.base_scheduler [None req-6b0ce56a-5c79-45fd-9af8-8d3276782aa9 admin admin] Resources bound (agent type, host, resource id): (DHCP agent, dv-cinder-789603-1-smb, 23df80bd-2b5c-4d29-962a-2ad738e32bba) {{(pid=73810) schedule /opt/stack/neutron/neutron/scheduler/base_scheduler.py:57}}
May 04 17:02:23.441267 dv-cinder-789603-1-smb neutron-server[73810]: DEBUG neutron.pecan_wsgi.hooks.policy_enforcement [None req-6b0ce56a-5c79-45fd-9af8-8d3276782aa9 admin admin] Attributes excluded by policy engine: ['standard_attr_id', 'shared', 'network'] {{(pid=73810) _exclude_attributes_by_policy /opt/stack/neutron/neutron/pecan_wsgi/hooks/policy_enforcement.py:255}}
May 04 17:02:23.444164 dv-cinder-789603-1-smb neutron-server[73810]: DEBUG neutron_lib.callbacks.manager [None req-6b0ce56a-5c79-45fd-9af8-8d3276782aa9 admin admin] Notify callbacks ['neutron.api.rpc.agentnotifiers.dhcp_rpc_agent_api.DhcpAgentNotifyAPI._send_dhcp_notification-647339'] for subnet, before_response {{(pid=73810) _notify_loop /usr/local/lib/python3.8/dist-packages/neutron_lib/callbacks/manager.py:192}}
May 04 17:02:23.479007 dv-cinder-789603-1-smb neutron-server[73809]: DEBUG neutron_lib.callbacks.manager [None req-1cec6821-8387-4276-9d13-bc052814abc6 admin admin] Notify callbacks [] for security_group, precommit_create {{(pid=73809) _notify_loop /usr/local/lib/python3.8/dist-packages/neutron_lib/callbacks/manager.py:192}}
May 04 17:02:23.485827 dv-cinder-789603-1-smb neutron-server[73809]: DEBUG neutron_lib.callbacks.manager [None req-1cec6821-8387-4276-9d13-bc052814abc6 admin admin] Notify callbacks ['neutron.plugins.ml2.ovo_rpc._ObjectChangeHandler.handle_event-557970'] for security_group, after_create {{(pid=73809) _notify_loop /usr/local/lib/python3.8/dist-packages/neutron_lib/callbacks/manager.py:192}}
May 04 17:02:23.491365 dv-cinder-789603-1-smb neutron-server[73809]: DEBUG oslo_concurrency.lockutils [-] Lock "event-dispatch" acquired by "neutron.plugins.ml2.ovo_rpc._ObjectChangeHandler.dispatch_events" :: waited 0.000s {{(pid=73809) inner /usr/local/lib/python3.8/dist-packages/oslo_concurrency/lockutils.py:355}}
May 04 17:02:23.501893 dv-cinder-789603-1-smb neutron-server[73811]: DEBUG neutron.api.rpc.handlers.dhcp_rpc [None req-ef71916f-99fd-46dd-97c4-ae3106f062ae None None] Network 23df80bd-2b5c-4d29-962a-2ad738e32bba requested from dv-cinder-789603-1-smb {{(pid=73811) get_network_info /opt/stack/neutron/neutron/api/rpc/handlers/dhcp_rpc.py:213}}
May 04 17:02:23.538956 dv-cinder-789603-1-smb neutron-server[73809]: DEBUG neutron.api.rpc.handlers.resources_rpc [None req-1cec6821-8387-4276-9d13-bc052814abc6 admin admin] Pushing event updated for resources: {'SecurityGroup': ['ID=2aa1d914-adff-4956-8274-1f75b07db826,revision_number=1']} {{(pid=73809) push /opt/stack/neutron/neutron/api/rpc/handlers/resources_rpc.py:237}}
May 04 17:02:23.543289 dv-cinder-789603-1-smb neutron-server[73809]: DEBUG oslo_concurrency.lockutils [None req-1cec6821-8387-4276-9d13-bc052814abc6 admin admin] Lock "event-dispatch" released by "neutron.plugins.ml2.ovo_rpc._ObjectChangeHandler.dispatch_events" :: held 0.052s {{(pid=73809) inner /usr/local/lib/python3.8/dist-packages/oslo_concurrency/lockutils.py:367}}
May 04 17:02:23.557647 dv-cinder-789603-1-smb neutron-server[73809]: DEBUG neutron.plugins.ml2.drivers.helpers [None req-1cec6821-8387-4276-9d13-bc052814abc6 admin admin] vlan segment allocate from pool success with {'vlan_id': 166, 'physical_network': 'physnet1'} {{(pid=73809) allocate_partially_specified_segment /opt/stack/neutron/neutron/plugins/ml2/drivers/helpers.py:153}}
May 04 17:02:23.570311 dv-cinder-789603-1-smb neutron-server[73809]: DEBUG neutron_lib.callbacks.manager [None req-1cec6821-8387-4276-9d13-bc052814abc6 admin admin] Notify callbacks ['neutron.plugins.ml2.plugin.Ml2Plugin._handle_segment_change-1964773'] for segment, precommit_create {{(pid=73809) _notify_loop /usr/local/lib/python3.8/dist-packages/neutron_lib/callbacks/manager.py:192}}
May 04 17:02:23.571538 dv-cinder-789603-1-smb neutron-server[73809]: INFO neutron.db.segments_db [None req-1cec6821-8387-4276-9d13-bc052814abc6 admin admin] Added segment 296458b8-6710-4432-b00c-ef7b30fc1eae of type vlan for network fafbc498-7b5c-44ec-a702-9b711149cbed
May 04 17:02:23.607866 dv-cinder-789603-1-smb neutron-server[73809]: DEBUG neutron_lib.callbacks.manager [None req-1cec6821-8387-4276-9d13-bc052814abc6 admin admin] Notify callbacks ['neutron.services.auto_allocate.db._ensure_external_network_default_value_callback-8730882500756'] for network, precommit_create {{(pid=73809) _notify_loop /usr/local/lib/python3.8/dist-packages/neutron_lib/callbacks/manager.py:192}}
May 04 17:02:23.648031 dv-cinder-789603-1-smb neutron-server[73809]: DEBUG neutron_lib.callbacks.manager [None req-1cec6821-8387-4276-9d13-bc052814abc6 admin admin] Notify callbacks ['neutron.plugins.ml2.ovo_rpc._ObjectChangeHandler.handle_event-557979', 'neutron.api.rpc.agentnotifiers.dhcp_rpc_agent_api.DhcpAgentNotifyAPI._native_event_send_dhcp_notification-647301'] for network, after_create {{(pid=73809) _notify_loop /usr/local/lib/python3.8/dist-packages/neutron_lib/callbacks/manager.py:192}}
May 04 17:02:23.650868 dv-cinder-789603-1-smb neutron-server[73809]: DEBUG neutron.pecan_wsgi.hooks.policy_enforcement [None req-1cec6821-8387-4276-9d13-bc052814abc6 admin admin] Attributes excluded by policy engine: ['standard_attr_id', 'vlan_transparent'] {{(pid=73809) _exclude_attributes_by_policy /opt/stack/neutron/neutron/pecan_wsgi/hooks/policy_enforcement.py:255}}
May 04 17:02:23.651969 dv-cinder-789603-1-smb neutron-server[73809]: DEBUG neutron_lib.callbacks.manager [None req-1cec6821-8387-4276-9d13-bc052814abc6 admin admin] Notify callbacks ['neutron.api.rpc.agentnotifiers.dhcp_rpc_agent_api.DhcpAgentNotifyAPI._send_dhcp_notification-647339'] for network, before_response {{(pid=73809) _notify_loop /usr/local/lib/python3.8/dist-packages/neutron_lib/callbacks/manager.py:192}}
May 04 17:02:23.684471 dv-cinder-789603-1-smb neutron-server[73809]: DEBUG oslo_concurrency.lockutils [None req-bdf77c68-dae1-4abf-a1dc-b5c6d704f08a admin admin] Lock "event-dispatch" acquired by "neutron.plugins.ml2.ovo_rpc._ObjectChangeHandler.dispatch_events" :: waited 0.000s {{(pid=73809) inner /usr/local/lib/python3.8/dist-packages/oslo_concurrency/lockutils.py:355}}
May 04 17:02:23.842011 dv-cinder-789603-1-smb neutron-server[73809]: DEBUG neutron.api.rpc.handlers.resources_rpc [None req-1cec6821-8387-4276-9d13-bc052814abc6 admin admin] Pushing event updated for resources: {'Network': ['ID=fafbc498-7b5c-44ec-a702-9b711149cbed,revision_number=1']} {{(pid=73809) push /opt/stack/neutron/neutron/api/rpc/handlers/resources_rpc.py:237}}
May 04 17:02:23.847773 dv-cinder-789603-1-smb neutron-server[73809]: DEBUG oslo_concurrency.lockutils [None req-1cec6821-8387-4276-9d13-bc052814abc6 admin admin] Lock "event-dispatch" released by "neutron.plugins.ml2.ovo_rpc._ObjectChangeHandler.dispatch_events" :: held 0.163s {{(pid=73809) inner /usr/local/lib/python3.8/dist-packages/oslo_concurrency/lockutils.py:367}}
May 04 17:02:23.850058 dv-cinder-789603-1-smb neutron-server[73809]: INFO neutron.wsgi [None req-1cec6821-8387-4276-9d13-bc052814abc6 admin admin] 10.222.0.24 "POST /v2.0/networks HTTP/1.1" status: 201 len: 882 time: 1.1048236
May 04 17:02:23.853396 dv-cinder-789603-1-smb neutron-server[73809]: DEBUG neutron.wsgi [-] (73809) accepted ('10.222.0.24', 46042) {{(pid=73809) server /usr/local/lib/python3.8/dist-packages/eventlet/wsgi.py:992}}
May 04 17:02:23.857328 dv-cinder-789603-1-smb neutron-server[73811]: DEBUG neutron.plugins.ml2.rpc [None req-f813a6f8-b200-4d32-ab89-799671470776 None None] Network fafbc498-7b5c-44ec-a702-9b711149cbed details requested by agent ovs-agent-dv-cinder-789603-1-smb with host dv-cinder-789603-1-smb {{(pid=73811) get_network_details /opt/stack/neutron/neutron/plugins/ml2/rpc.py:232}}
May 04 17:02:23.866339 dv-cinder-789603-1-smb neutron-server[73810]: INFO neutron.wsgi [None req-6b0ce56a-5c79-45fd-9af8-8d3276782aa9 admin admin] 10.222.0.24 "POST /v2.0/subnets HTTP/1.1" status: 201 len: 847 time: 1.5183542
May 04 17:02:23.871512 dv-cinder-789603-1-smb neutron-server[73809]: DEBUG neutron.api.v2.base [None req-538df20f-142a-4d5a-b67a-27550c6673d3 admin admin] Request body: {'subnet': {'network_id': 'fafbc498-7b5c-44ec-a702-9b711149cbed', 'cidr': '172.20.0.0/28', 'name': 'tempest-DeleteServersTestJSON-9459267-subnet', 'tenant_id': 'ad1f15f7308042768709828b9a895abf', 'enable_dhcp': False, 'ip_version': 4}} {{(pid=73809) prepare_request_body /opt/stack/neutron/neutron/api/v2/base.py:729}}
May 04 17:02:23.875662 dv-cinder-789603-1-smb neutron-server[73810]: DEBUG neutron.wsgi [-] (73810) accepted ('10.222.0.24', 46046) {{(pid=73810) server /usr/local/lib/python3.8/dist-packages/eventlet/wsgi.py:992}}
May 04 17:02:23.877630 dv-cinder-789603-1-smb neutron-server[73811]: DEBUG neutron.db.db_base_plugin_common [None req-5d78f8b2-8d63-42eb-8afa-f99eecf42273 None None] Allocated IP 172.20.0.2 (805702bb-73e1-49e9-949a-99d683f18b45/ecb5b608-5ac5-4d78-9be9-8b11e5ad68ab/97c0f53c-ad17-4365-b0c6-832fbd7d167d) {{(pid=73811) _store_ip_allocation /opt/stack/neutron/neutron/db/db_base_plugin_common.py:131}}
May 04 17:02:23.885781 dv-cinder-789603-1-smb neutron-server[73809]: DEBUG neutron.db.quota.driver [None req-538df20f-142a-4d5a-b67a-27550c6673d3 admin admin] Resources subnetpool have unlimited quota limit. It is not required to calculate headroom {{(pid=73809) make_reservation /opt/stack/neutron/neutron/db/quota/driver.py:219}}
May 04 17:02:23.886808 dv-cinder-789603-1-smb neutron-server[73810]: DEBUG neutron.api.v2.base [None req-fe384cf4-51b0-43fc-8044-edbbfc1888dc admin admin] Request body: {'router': {'name': 'tempest-AttachVolumeTestJSON-1477687982-router', 'tenant_id': 'a83b14f849204c3cac0cfd0b7b059636', 'external_gateway_info': {'network_id': '1fe869af-eee2-4a76-a542-2bd1a37527f5'}}} {{(pid=73810) prepare_request_body /opt/stack/neutron/neutron/api/v2/base.py:729}}
May 04 17:02:23.892373 dv-cinder-789603-1-smb neutron-server[73809]: DEBUG neutron.quota.resource [None req-538df20f-142a-4d5a-b67a-27550c6673d3 admin admin] Usage tracker for resource:subnet and tenant:ad1f15f7308042768709828b9a895abf is out of sync, need to count used quota {{(pid=73809) count_used /opt/stack/neutron/neutron/quota/resource.py:270}}
May 04 17:02:23.897310 dv-cinder-789603-1-smb neutron-server[73809]: DEBUG neutron.quota.resource [None req-538df20f-142a-4d5a-b67a-27550c6673d3 admin admin] Quota usage for subnet was recalculated. Used quota:0. {{(pid=73809) count_used /opt/stack/neutron/neutron/quota/resource.py:290}}
May 04 17:02:23.905685 dv-cinder-789603-1-smb neutron-server[73810]: DEBUG neutron.db.quota.driver [None req-fe384cf4-51b0-43fc-8044-edbbfc1888dc admin admin] Resources subnetpool have unlimited quota limit. It is not required to calculate headroom {{(pid=73810) make_reservation /opt/stack/neutron/neutron/db/quota/driver.py:219}}
May 04 17:02:23.905926 dv-cinder-789603-1-smb neutron-server[73809]: DEBUG neutron.db.quota.driver [None req-538df20f-142a-4d5a-b67a-27550c6673d3 admin admin] Attempting to reserve 1 items for resource subnet. Total usage: 0; quota limit: 100; headroom:100 {{(pid=73809) make_reservation /opt/stack/neutron/neutron/db/quota/driver.py:246}}
May 04 17:02:23.921628 dv-cinder-789603-1-smb neutron-server[73809]: DEBUG neutron.pecan_wsgi.hooks.quota_enforcement [None req-538df20f-142a-4d5a-b67a-27550c6673d3 admin admin] Made reservation on behalf of ad1f15f7308042768709828b9a895abf for: {'subnet': 1} {{(pid=73809) before /opt/stack/neutron/neutron/pecan_wsgi/hooks/quota_enforcement.py:53}}
May 04 17:02:23.924641 dv-cinder-789603-1-smb neutron-server[73809]: DEBUG neutron_lib.callbacks.manager [None req-538df20f-142a-4d5a-b67a-27550c6673d3 admin admin] Notify callbacks [] for subnet, before_create {{(pid=73809) _notify_loop /usr/local/lib/python3.8/dist-packages/neutron_lib/callbacks/manager.py:192}}
