Aug 04 16:23:52.370843 dv-cinder-789564-9-smb devstack@c-api.service[100077]: INFO cinder.api.openstack.wsgi [None req-3e0c1150-6704-4bf1-96ea-cf33df5d2738 tempest-GroupSnapshotsTest-1138797353 tempest-GroupSnapshotsTest-1138797353-project] GET http://10.222.0.66/volume/v3/edc33269137e4664956334579f31a92a/volumes/2f7c0e2b-9d67-4917-b447-5addbdf740e9
Aug 04 16:23:52.371633 dv-cinder-789564-9-smb devstack@c-api.service[100077]: DEBUG cinder.api.openstack.wsgi [None req-3e0c1150-6704-4bf1-96ea-cf33df5d2738 tempest-GroupSnapshotsTest-1138797353 tempest-GroupSnapshotsTest-1138797353-project] Empty body provided in request {{(pid=100077) get_body /opt/stack/cinder/cinder/api/openstack/wsgi.py:703}}
Aug 04 16:23:52.372019 dv-cinder-789564-9-smb devstack@c-api.service[100077]: /usr/local/lib/python3.8/dist-packages/webob/acceptparse.py:1047: DeprecationWarning: The behavior of AcceptValidHeader.best_match is currently being maintained for backward compatibility, but it will be deprecated in the future, as it does not conform to the RFC.
Aug 04 16:23:52.372019 dv-cinder-789564-9-smb devstack@c-api.service[100077]: warnings.warn(
Aug 04 16:23:52.372579 dv-cinder-789564-9-smb devstack@c-api.service[100077]: DEBUG cinder.api.openstack.wsgi [None req-3e0c1150-6704-4bf1-96ea-cf33df5d2738 tempest-GroupSnapshotsTest-1138797353 tempest-GroupSnapshotsTest-1138797353-project] Calling method 'show' {{(pid=100077) _process_stack /opt/stack/cinder/cinder/api/openstack/wsgi.py:856}}
Aug 04 16:23:52.400539 dv-cinder-789564-9-smb devstack@c-api.service[100077]: /usr/local/lib/python3.8/dist-packages/oslo_context/context.py:105: DeprecationWarning: Policy enforcement is depending on the value of is_admin. This key is deprecated. Please update your policy file to use the standard policy values.
Aug 04 16:23:52.400539 dv-cinder-789564-9-smb devstack@c-api.service[100077]: warnings.warn('Policy enforcement is depending on the value of '
Aug 04 16:23:52.418944 dv-cinder-789564-9-smb devstack@c-api.service[100077]: INFO cinder.volume.api [None req-3e0c1150-6704-4bf1-96ea-cf33df5d2738 tempest-GroupSnapshotsTest-1138797353 tempest-GroupSnapshotsTest-1138797353-project] Volume info retrieved successfully.
Aug 04 16:23:52.432691 dv-cinder-789564-9-smb devstack@c-api.service[100077]: WARNING stevedore.named [None req-3e0c1150-6704-4bf1-96ea-cf33df5d2738 tempest-GroupSnapshotsTest-1138797353 tempest-GroupSnapshotsTest-1138797353-project] Could not load cinder.keymgr.conf_key_mgr.ConfKeyManager
Aug 04 16:23:52.435483 dv-cinder-789564-9-smb devstack@c-api.service[100077]: WARNING castellan.key_manager [None req-3e0c1150-6704-4bf1-96ea-cf33df5d2738 tempest-GroupSnapshotsTest-1138797353 tempest-GroupSnapshotsTest-1138797353-project] Deprecation Warning : cinder.keymgr.conf_key_mgr.ConfKeyManager is not a stevedore based driver, trying to load it as a class: stevedore.exception.NoMatches: No 'castellan.drivers' driver found, looking for 'cinder.keymgr.conf_key_mgr.ConfKeyManager'
Aug 04 16:23:52.449900 dv-cinder-789564-9-smb devstack@c-api.service[100077]: DEBUG oslo_db.sqlalchemy.engines [None req-3e0c1150-6704-4bf1-96ea-cf33df5d2738 tempest-GroupSnapshotsTest-1138797353 tempest-GroupSnapshotsTest-1138797353-project] MySQL server mode set to STRICT_TRANS_TABLES,STRICT_ALL_TABLES,NO_ZERO_IN_DATE,NO_ZERO_DATE,ERROR_FOR_DIVISION_BY_ZERO,TRADITIONAL,NO_ENGINE_SUBSTITUTION {{(pid=100077) _check_effective_sql_mode /usr/local/lib/python3.8/dist-packages/oslo_db/sqlalchemy/engines.py:314}}
Aug 04 16:23:52.460800 dv-cinder-789564-9-smb devstack@c-api.service[100077]: /usr/local/lib/python3.8/dist-packages/oslo_context/context.py:105: DeprecationWarning: Policy enforcement is depending on the value of is_admin. This key is deprecated. Please update your policy file to use the standard policy values.
Aug 04 16:23:52.460800 dv-cinder-789564-9-smb devstack@c-api.service[100077]: warnings.warn('Policy enforcement is depending on the value of '
Aug 04 16:23:52.488307 dv-cinder-789564-9-smb devstack@c-api.service[100077]: INFO cinder.api.openstack.wsgi [None req-3e0c1150-6704-4bf1-96ea-cf33df5d2738 tempest-GroupSnapshotsTest-1138797353 tempest-GroupSnapshotsTest-1138797353-project] http://10.222.0.66/volume/v3/edc33269137e4664956334579f31a92a/volumes/2f7c0e2b-9d67-4917-b447-5addbdf740e9 returned with HTTP 200
Aug 04 16:23:52.489688 dv-cinder-789564-9-smb devstack@c-api.service[100077]: [pid: 100077|app: 0|req: 94/175] 10.222.0.66 () {60 vars in 1366 bytes} [Wed Aug 4 16:23:52 2021] GET /volume/v3/edc33269137e4664956334579f31a92a/volumes/2f7c0e2b-9d67-4917-b447-5addbdf740e9 => generated 1000 bytes in 123 msecs (HTTP/1.1 200) 7 headers in 287 bytes (1 switches on core 0)
Aug 04 16:23:52.504660 dv-cinder-789564-9-smb devstack@c-api.service[100076]: INFO cinder.api.openstack.wsgi [None req-b6a595a7-13d1-422d-b22c-b5ae625eddc7 tempest-GroupSnapshotsTest-1138797353 tempest-GroupSnapshotsTest-1138797353-project] POST http://10.222.0.66/volume/v3/edc33269137e4664956334579f31a92a/group_snapshots
Aug 04 16:23:52.505187 dv-cinder-789564-9-smb devstack@c-api.service[100076]: /usr/local/lib/python3.8/dist-packages/webob/acceptparse.py:1047: DeprecationWarning: The behavior of AcceptValidHeader.best_match is currently being maintained for backward compatibility, but it will be deprecated in the future, as it does not conform to the RFC.
Aug 04 16:23:52.505187 dv-cinder-789564-9-smb devstack@c-api.service[100076]: warnings.warn(
Aug 04 16:23:52.505187 dv-cinder-789564-9-smb devstack@c-api.service[100076]: DEBUG cinder.api.openstack.wsgi [None req-b6a595a7-13d1-422d-b22c-b5ae625eddc7 tempest-GroupSnapshotsTest-1138797353 tempest-GroupSnapshotsTest-1138797353-project] Action: 'create', calling method: version_select, body: {"group_snapshot": {"group_id": "38441cc1-50ac-436f-a37f-c70293a610ef", "name": "tempest-group_snapshot-928289887"}} {{(pid=100076) _process_stack /opt/stack/cinder/cinder/api/openstack/wsgi.py:854}}
Aug 04 16:23:52.506141 dv-cinder-789564-9-smb devstack@c-api.service[100076]: DEBUG cinder.api.v3.group_snapshots [None req-b6a595a7-13d1-422d-b22c-b5ae625eddc7 tempest-GroupSnapshotsTest-1138797353 tempest-GroupSnapshotsTest-1138797353-project] Creating new group_snapshot {'group_snapshot': {'group_id': '38441cc1-50ac-436f-a37f-c70293a610ef', 'name': 'tempest-group_snapshot-928289887'}} {{(pid=100076) create /opt/stack/cinder/cinder/api/v3/group_snapshots.py:154}}
Aug 04 16:23:52.513549 dv-cinder-789564-9-smb devstack@c-api.service[100076]: /usr/local/lib/python3.8/dist-packages/oslo_context/context.py:105: DeprecationWarning: Policy enforcement is depending on the value of is_admin. This key is deprecated. Please update your policy file to use the standard policy values.
Aug 04 16:23:52.513549 dv-cinder-789564-9-smb devstack@c-api.service[100076]: warnings.warn('Policy enforcement is depending on the value of '
Aug 04 16:23:52.520972 dv-cinder-789564-9-smb devstack@c-api.service[100076]: INFO cinder.api.v3.group_snapshots [None req-b6a595a7-13d1-422d-b22c-b5ae625eddc7 tempest-GroupSnapshotsTest-1138797353 tempest-GroupSnapshotsTest-1138797353-project] Creating group_snapshot tempest-group_snapshot-928289887.
Aug 04 16:23:52.567072 dv-cinder-789564-9-smb devstack@c-api.service[100076]: /usr/local/lib/python3.8/dist-packages/oslo_context/context.py:105: DeprecationWarning: Policy enforcement is depending on the value of is_admin. This key is deprecated. Please update your policy file to use the standard policy values.
Aug 04 16:23:52.567072 dv-cinder-789564-9-smb devstack@c-api.service[100076]: warnings.warn('Policy enforcement is depending on the value of '
Aug 04 16:23:52.607949 dv-cinder-789564-9-smb devstack@c-api.service[100076]: WARNING cinder.quota [None req-b6a595a7-13d1-422d-b22c-b5ae625eddc7 tempest-GroupSnapshotsTest-1138797353 tempest-GroupSnapshotsTest-1138797353-project] Deprecated: Default quota for resource: snapshots_tempest-GroupSnapshotsTest-volume-type-1847137704 is set by the default quota flag: quota_snapshots_tempest-GroupSnapshotsTest-volume-type-1847137704, it is now deprecated. Please use the default quota class for default quota.
Aug 04 16:23:52.705927 dv-cinder-789564-9-smb devstack@c-api.service[100076]: DEBUG cinder.quota [None req-b6a595a7-13d1-422d-b22c-b5ae625eddc7 tempest-GroupSnapshotsTest-1138797353 tempest-GroupSnapshotsTest-1138797353-project] Created reservations ['7e421b10-b31e-4391-a1b3-aa27d2c0a0b3', '213b0d2b-b992-4b6e-8ca5-048377bb0542', '8ad6792e-2ecd-4b52-b312-dd1e78f38aad', 'b40dbfe6-c430-41af-b3b8-38a13dc98d12'] {{(pid=100076) reserve /opt/stack/cinder/cinder/quota.py:755}}
Aug 04 16:23:52.802569 dv-cinder-789564-9-smb devstack@c-api.service[100076]: INFO cinder.api.openstack.wsgi [None req-b6a595a7-13d1-422d-b22c-b5ae625eddc7 tempest-GroupSnapshotsTest-1138797353 tempest-GroupSnapshotsTest-1138797353-project] http://10.222.0.66/volume/v3/edc33269137e4664956334579f31a92a/group_snapshots returned with HTTP 202
Aug 04 16:23:52.804319 dv-cinder-789564-9-smb devstack@c-api.service[100076]: [pid: 100076|app: 0|req: 82/176] 10.222.0.66 () {62 vars in 1301 bytes} [Wed Aug 4 16:23:52 2021] POST /volume/v3/edc33269137e4664956334579f31a92a/group_snapshots => generated 167 bytes in 304 msecs (HTTP/1.1 202) 7 headers in 292 bytes (1 switches on core 0)
Aug 04 16:23:52.814082 dv-cinder-789564-9-smb devstack@c-api.service[100077]: INFO cinder.api.openstack.wsgi [None req-c2e0e985-4837-4835-8333-772ad5f4fb93 tempest-GroupSnapshotsTest-1138797353 tempest-GroupSnapshotsTest-1138797353-project] GET http://10.222.0.66/volume/v3/edc33269137e4664956334579f31a92a/group_snapshots/dcc030da-4aec-435c-a4da-c981293dfbde
Aug 04 16:23:52.815327 dv-cinder-789564-9-smb devstack@c-api.service[100077]: DEBUG cinder.api.openstack.wsgi [None req-c2e0e985-4837-4835-8333-772ad5f4fb93 tempest-GroupSnapshotsTest-1138797353 tempest-GroupSnapshotsTest-1138797353-project] Empty body provided in request {{(pid=100077) get_body /opt/stack/cinder/cinder/api/openstack/wsgi.py:703}}
Aug 04 16:23:52.815678 dv-cinder-789564-9-smb devstack@c-api.service[100077]: /usr/local/lib/python3.8/dist-packages/webob/acceptparse.py:1047: DeprecationWarning: The behavior of AcceptValidHeader.best_match is currently being maintained for backward compatibility, but it will be deprecated in the future, as it does not conform to the RFC.
Aug 04 16:23:52.815678 dv-cinder-789564-9-smb devstack@c-api.service[100077]: warnings.warn(
Aug 04 16:23:52.816263 dv-cinder-789564-9-smb devstack@c-api.service[100077]: DEBUG cinder.api.openstack.wsgi [None req-c2e0e985-4837-4835-8333-772ad5f4fb93 tempest-GroupSnapshotsTest-1138797353 tempest-GroupSnapshotsTest-1138797353-project] Calling method 'version_select' {{(pid=100077) _process_stack /opt/stack/cinder/cinder/api/openstack/wsgi.py:856}}
Aug 04 16:23:52.816862 dv-cinder-789564-9-smb devstack@c-api.service[100077]: DEBUG cinder.api.v3.group_snapshots [None req-c2e0e985-4837-4835-8333-772ad5f4fb93 tempest-GroupSnapshotsTest-1138797353 tempest-GroupSnapshotsTest-1138797353-project] show called for member dcc030da-4aec-435c-a4da-c981293dfbde {{(pid=100077) show /opt/stack/cinder/cinder/api/v3/group_snapshots.py:58}}
Aug 04 16:23:52.837218 dv-cinder-789564-9-smb devstack@c-api.service[100077]: /usr/local/lib/python3.8/dist-packages/oslo_context/context.py:105: DeprecationWarning: Policy enforcement is depending on the value of is_admin. This key is deprecated. Please update your policy file to use the standard policy values.
Aug 04 16:23:52.837218 dv-cinder-789564-9-smb devstack@c-api.service[100077]: warnings.warn('Policy enforcement is depending on the value of '
Aug 04 16:23:52.849018 dv-cinder-789564-9-smb devstack@c-api.service[100076]: INFO cinder.api.openstack.wsgi [None req-cb73974a-a720-49e2-b53a-f7e2a21313c7 tempest-GroupsTest-1969912467 tempest-GroupsTest-1969912467-project] GET http://10.222.0.66/volume/v3/64e93202e78a48a6a6089aa0d314ebf6/volumes/8fbaa5bd-7a18-49f9-9a84-88855a8fdccd
Aug 04 16:23:52.849803 dv-cinder-789564-9-smb devstack@c-api.service[100076]: DEBUG cinder.api.openstack.wsgi [None req-cb73974a-a720-49e2-b53a-f7e2a21313c7 tempest-GroupsTest-1969912467 tempest-GroupsTest-1969912467-project] Empty body provided in request {{(pid=100076) get_body /opt/stack/cinder/cinder/api/openstack/wsgi.py:703}}
Aug 04 16:23:52.850995 dv-cinder-789564-9-smb devstack@c-api.service[100076]: /usr/local/lib/python3.8/dist-packages/webob/acceptparse.py:1047: DeprecationWarning: The behavior of AcceptValidHeader.best_match is currently being maintained for backward compatibility, but it will be deprecated in the future, as it does not conform to the RFC.
Aug 04 16:23:52.850995 dv-cinder-789564-9-smb devstack@c-api.service[100076]: warnings.warn(
Aug 04 16:23:52.852838 dv-cinder-789564-9-smb devstack@c-api.service[100076]: DEBUG cinder.api.openstack.wsgi [None req-cb73974a-a720-49e2-b53a-f7e2a21313c7 tempest-GroupsTest-1969912467 tempest-GroupsTest-1969912467-project] Calling method 'show' {{(pid=100076) _process_stack /opt/stack/cinder/cinder/api/openstack/wsgi.py:856}}
Aug 04 16:23:52.873541 dv-cinder-789564-9-smb devstack@c-api.service[100077]: INFO cinder.api.openstack.wsgi [None req-c2e0e985-4837-4835-8333-772ad5f4fb93 tempest-GroupSnapshotsTest-1138797353 tempest-GroupSnapshotsTest-1138797353-project] http://10.222.0.66/volume/v3/edc33269137e4664956334579f31a92a/group_snapshots/dcc030da-4aec-435c-a4da-c981293dfbde returned with HTTP 200
Aug 04 16:23:52.879744 dv-cinder-789564-9-smb devstack@c-api.service[100077]: [pid: 100077|app: 0|req: 95/177] 10.222.0.66 () {60 vars in 1390 bytes} [Wed Aug 4 16:23:52 2021] GET /volume/v3/edc33269137e4664956334579f31a92a/group_snapshots/dcc030da-4aec-435c-a4da-c981293dfbde => generated 306 bytes in 70 msecs (HTTP/1.1 200) 7 headers in 286 bytes (1 switches on core 0)
Aug 04 16:23:52.898716 dv-cinder-789564-9-smb devstack@c-api.service[100076]: /usr/local/lib/python3.8/dist-packages/oslo_context/context.py:105: DeprecationWarning: Policy enforcement is depending on the value of is_admin. This key is deprecated. Please update your policy file to use the standard policy values.
Aug 04 16:23:52.898716 dv-cinder-789564-9-smb devstack@c-api.service[100076]: warnings.warn('Policy enforcement is depending on the value of '
Aug 04 16:23:52.914088 dv-cinder-789564-9-smb devstack@c-api.service[100076]: INFO cinder.volume.api [None req-cb73974a-a720-49e2-b53a-f7e2a21313c7 tempest-GroupsTest-1969912467 tempest-GroupsTest-1969912467-project] Volume info retrieved successfully.
Aug 04 16:23:52.923749 dv-cinder-789564-9-smb devstack@c-api.service[100076]: WARNING stevedore.named [None req-cb73974a-a720-49e2-b53a-f7e2a21313c7 tempest-GroupsTest-1969912467 tempest-GroupsTest-1969912467-project] Could not load cinder.keymgr.conf_key_mgr.ConfKeyManager
Aug 04 16:23:52.925009 dv-cinder-789564-9-smb devstack@c-api.service[100076]: WARNING castellan.key_manager [None req-cb73974a-a720-49e2-b53a-f7e2a21313c7 tempest-GroupsTest-1969912467 tempest-GroupsTest-1969912467-project] Deprecation Warning : cinder.keymgr.conf_key_mgr.ConfKeyManager is not a stevedore based driver, trying to load it as a class: stevedore.exception.NoMatches: No 'castellan.drivers' driver found, looking for 'cinder.keymgr.conf_key_mgr.ConfKeyManager'
Aug 04 16:23:52.934053 dv-cinder-789564-9-smb devstack@c-api.service[100076]: DEBUG oslo_db.sqlalchemy.engines [None req-cb73974a-a720-49e2-b53a-f7e2a21313c7 tempest-GroupsTest-1969912467 tempest-GroupsTest-1969912467-project] MySQL server mode set to STRICT_TRANS_TABLES,STRICT_ALL_TABLES,NO_ZERO_IN_DATE,NO_ZERO_DATE,ERROR_FOR_DIVISION_BY_ZERO,TRADITIONAL,NO_ENGINE_SUBSTITUTION {{(pid=100076) _check_effective_sql_mode /usr/local/lib/python3.8/dist-packages/oslo_db/sqlalchemy/engines.py:314}}
Aug 04 16:23:52.938361 dv-cinder-789564-9-smb devstack@c-api.service[100077]: INFO cinder.api.openstack.wsgi [None req-d67de69e-1188-47af-86c3-c94f7825f347 tempest-VolumesListAdminTestJSON-1625559826 tempest-VolumesListAdminTestJSON-1625559826-project] GET http://10.222.0.66/volume/v3/0bb53a013f164a689e5ce42482e82db2/volumes/bc7b1700-69ba-406d-9e77-7ef5403b2d35
Aug 04 16:23:52.939479 dv-cinder-789564-9-smb devstack@c-api.service[100077]: DEBUG cinder.api.openstack.wsgi [None req-d67de69e-1188-47af-86c3-c94f7825f347 tempest-VolumesListAdminTestJSON-1625559826 tempest-VolumesListAdminTestJSON-1625559826-project] Empty body provided in request {{(pid=100077) get_body /opt/stack/cinder/cinder/api/openstack/wsgi.py:703}}
Aug 04 16:23:52.939830 dv-cinder-789564-9-smb devstack@c-api.service[100077]: /usr/local/lib/python3.8/dist-packages/webob/acceptparse.py:1047: DeprecationWarning: The behavior of AcceptValidHeader.best_match is currently being maintained for backward compatibility, but it will be deprecated in the future, as it does not conform to the RFC.
Aug 04 16:23:52.939830 dv-cinder-789564-9-smb devstack@c-api.service[100077]: warnings.warn(
Aug 04 16:23:52.940613 dv-cinder-789564-9-smb devstack@c-api.service[100077]: DEBUG cinder.api.openstack.wsgi [None req-d67de69e-1188-47af-86c3-c94f7825f347 tempest-VolumesListAdminTestJSON-1625559826 tempest-VolumesListAdminTestJSON-1625559826-project] Calling method 'show' {{(pid=100077) _process_stack /opt/stack/cinder/cinder/api/openstack/wsgi.py:856}}
Aug 04 16:23:52.942697 dv-cinder-789564-9-smb devstack@c-api.service[100076]: /usr/local/lib/python3.8/dist-packages/oslo_context/context.py:105: DeprecationWarning: Policy enforcement is depending on the value of is_admin. This key is deprecated. Please update your policy file to use the standard policy values.
Aug 04 16:23:52.942697 dv-cinder-789564-9-smb devstack@c-api.service[100076]: warnings.warn('Policy enforcement is depending on the value of '
Aug 04 16:23:52.959203 dv-cinder-789564-9-smb devstack@c-api.service[100077]: /usr/local/lib/python3.8/dist-packages/oslo_context/context.py:105: DeprecationWarning: Policy enforcement is depending on the value of is_admin. This key is deprecated. Please update your policy file to use the standard policy values.
Aug 04 16:23:52.959203 dv-cinder-789564-9-smb devstack@c-api.service[100077]: warnings.warn('Policy enforcement is depending on the value of '
Aug 04 16:23:52.965962 dv-cinder-789564-9-smb devstack@c-api.service[100076]: INFO cinder.api.openstack.wsgi [None req-cb73974a-a720-49e2-b53a-f7e2a21313c7 tempest-GroupsTest-1969912467 tempest-GroupsTest-1969912467-project] http://10.222.0.66/volume/v3/64e93202e78a48a6a6089aa0d314ebf6/volumes/8fbaa5bd-7a18-49f9-9a84-88855a8fdccd returned with HTTP 200
Aug 04 16:23:52.966903 dv-cinder-789564-9-smb devstack@c-api.service[100076]: [pid: 100076|app: 0|req: 83/178] 10.222.0.66 () {60 vars in 1366 bytes} [Wed Aug 4 16:23:52 2021] GET /volume/v3/64e93202e78a48a6a6089aa0d314ebf6/volumes/8fbaa5bd-7a18-49f9-9a84-88855a8fdccd => generated 983 bytes in 127 msecs (HTTP/1.1 200) 7 headers in 286 bytes (2 switches on core 0)
Aug 04 16:23:52.978836 dv-cinder-789564-9-smb devstack@c-api.service[100077]: INFO cinder.volume.api [None req-d67de69e-1188-47af-86c3-c94f7825f347 tempest-VolumesListAdminTestJSON-1625559826 tempest-VolumesListAdminTestJSON-1625559826-project] Volume info retrieved successfully.
Aug 04 16:23:52.999266 dv-cinder-789564-9-smb devstack@c-api.service[100077]: INFO cinder.api.openstack.wsgi [None req-d67de69e-1188-47af-86c3-c94f7825f347 tempest-VolumesListAdminTestJSON-1625559826 tempest-VolumesListAdminTestJSON-1625559826-project] http://10.222.0.66/volume/v3/0bb53a013f164a689e5ce42482e82db2/volumes/bc7b1700-69ba-406d-9e77-7ef5403b2d35 returned with HTTP 200
Aug 04 16:23:53.000100 dv-cinder-789564-9-smb devstack@c-api.service[100077]: [pid: 100077|app: 0|req: 96/179] 10.222.0.66 () {58 vars in 1325 bytes} [Wed Aug 4 16:23:52 2021] GET /volume/v3/0bb53a013f164a689e5ce42482e82db2/volumes/bc7b1700-69ba-406d-9e77-7ef5403b2d35 => generated 914 bytes in 67 msecs (HTTP/1.1 200) 7 headers in 285 bytes (1 switches on core 0)
Aug 04 16:23:53.893623 dv-cinder-789564-9-smb devstack@c-api.service[100076]: INFO cinder.api.openstack.wsgi [None req-4e11054d-eae9-4fd5-b13c-ef1b4ca9b84a tempest-GroupSnapshotsTest-1138797353 tempest-GroupSnapshotsTest-1138797353-project] GET http://10.222.0.66/volume/v3/edc33269137e4664956334579f31a92a/group_snapshots/dcc030da-4aec-435c-a4da-c981293dfbde
Aug 04 16:23:53.894552 dv-cinder-789564-9-smb devstack@c-api.service[100076]: DEBUG cinder.api.openstack.wsgi [None req-4e11054d-eae9-4fd5-b13c-ef1b4ca9b84a tempest-GroupSnapshotsTest-1138797353 tempest-GroupSnapshotsTest-1138797353-project] Empty body provided in request {{(pid=100076) get_body /opt/stack/cinder/cinder/api/openstack/wsgi.py:703}}
Aug 04 16:23:53.894833 dv-cinder-789564-9-smb devstack@c-api.service[100076]: /usr/local/lib/python3.8/dist-packages/webob/acceptparse.py:1047: DeprecationWarning: The behavior of AcceptValidHeader.best_match is currently being maintained for backward compatibility, but it will be deprecated in the future, as it does not conform to the RFC.
Aug 04 16:23:53.894833 dv-cinder-789564-9-smb devstack@c-api.service[100076]: warnings.warn(
Aug 04 16:23:53.895741 dv-cinder-789564-9-smb devstack@c-api.service[100076]: DEBUG cinder.api.openstack.wsgi [None req-4e11054d-eae9-4fd5-b13c-ef1b4ca9b84a tempest-GroupSnapshotsTest-1138797353 tempest-GroupSnapshotsTest-1138797353-project] Calling method 'version_select' {{(pid=100076) _process_stack /opt/stack/cinder/cinder/api/openstack/wsgi.py:856}}
Aug 04 16:23:53.895968 dv-cinder-789564-9-smb devstack@c-api.service[100076]: DEBUG cinder.api.v3.group_snapshots [None req-4e11054d-eae9-4fd5-b13c-ef1b4ca9b84a tempest-GroupSnapshotsTest-1138797353 tempest-GroupSnapshotsTest-1138797353-project] show called for member dcc030da-4aec-435c-a4da-c981293dfbde {{(pid=100076) show /opt/stack/cinder/cinder/api/v3/group_snapshots.py:58}}
Aug 04 16:23:53.917644 dv-cinder-789564-9-smb devstack@c-api.service[100076]: /usr/local/lib/python3.8/dist-packages/oslo_context/context.py:105: DeprecationWarning: Policy enforcement is depending on the value of is_admin. This key is deprecated. Please update your policy file to use the standard policy values.
Aug 04 16:23:53.917644 dv-cinder-789564-9-smb devstack@c-api.service[100076]: warnings.warn('Policy enforcement is depending on the value of '
Aug 04 16:23:53.947737 dv-cinder-789564-9-smb devstack@c-api.service[100076]: INFO cinder.api.openstack.wsgi [None req-4e11054d-eae9-4fd5-b13c-ef1b4ca9b84a tempest-GroupSnapshotsTest-1138797353 tempest-GroupSnapshotsTest-1138797353-project] http://10.222.0.66/volume/v3/edc33269137e4664956334579f31a92a/group_snapshots/dcc030da-4aec-435c-a4da-c981293dfbde returned with HTTP 200
Aug 04 16:23:53.957759 dv-cinder-789564-9-smb devstack@c-api.service[100076]: [pid: 100076|app: 0|req: 84/180] 10.222.0.66 () {60 vars in 1390 bytes} [Wed Aug 4 16:23:53 2021] GET /volume/v3/edc33269137e4664956334579f31a92a/group_snapshots/dcc030da-4aec-435c-a4da-c981293dfbde => generated 307 bytes in 66 msecs (HTTP/1.1 200) 7 headers in 286 bytes (2 switches on core 0)
Aug 04 16:23:53.962762 dv-cinder-789564-9-smb devstack@c-api.service[100077]: INFO cinder.api.openstack.wsgi [None req-5413d035-8b0a-4256-a4cf-3d5fdb84b2ad tempest-GroupSnapshotsTest-1138797353 tempest-GroupSnapshotsTest-1138797353-project] GET http://10.222.0.66/volume/v3/edc33269137e4664956334579f31a92a/snapshots/detail
Aug 04 16:23:53.964204 dv-cinder-789564-9-smb devstack@c-api.service[100077]: DEBUG cinder.api.openstack.wsgi [None req-5413d035-8b0a-4256-a4cf-3d5fdb84b2ad tempest-GroupSnapshotsTest-1138797353 tempest-GroupSnapshotsTest-1138797353-project] Empty body provided in request {{(pid=100077) get_body /opt/stack/cinder/cinder/api/openstack/wsgi.py:703}}
Aug 04 16:23:53.964589 dv-cinder-789564-9-smb devstack@c-api.service[100077]: /usr/local/lib/python3.8/dist-packages/webob/acceptparse.py:1047: DeprecationWarning: The behavior of AcceptValidHeader.best_match is currently being maintained for backward compatibility, but it will be deprecated in the future, as it does not conform to the RFC.
Aug 04 16:23:53.964589 dv-cinder-789564-9-smb devstack@c-api.service[100077]: warnings.warn(
Aug 04 16:23:53.965232 dv-cinder-789564-9-smb devstack@c-api.service[100077]: DEBUG cinder.api.openstack.wsgi [None req-5413d035-8b0a-4256-a4cf-3d5fdb84b2ad tempest-GroupSnapshotsTest-1138797353 tempest-GroupSnapshotsTest-1138797353-project] Calling method 'detail' {{(pid=100077) _process_stack /opt/stack/cinder/cinder/api/openstack/wsgi.py:856}}
Aug 04 16:23:53.966061 dv-cinder-789564-9-smb devstack@c-api.service[100077]: DEBUG cinder.api.api_utils [None req-5413d035-8b0a-4256-a4cf-3d5fdb84b2ad tempest-GroupSnapshotsTest-1138797353 tempest-GroupSnapshotsTest-1138797353-project] Removing options '' from query. {{(pid=100077) remove_invalid_filter_options /opt/stack/cinder/cinder/api/api_utils.py:73}}
Aug 04 16:23:53.969464 dv-cinder-789564-9-smb devstack@c-api.service[100077]: DEBUG cinder.db.sqlalchemy.api [None req-5413d035-8b0a-4256-a4cf-3d5fdb84b2ad tempest-GroupSnapshotsTest-1138797353 tempest-GroupSnapshotsTest-1138797353-project] Building query based on filter {{(pid=100077) _process_snaps_filters /opt/stack/cinder/cinder/db/sqlalchemy/api.py:3138}}
Aug 04 16:23:53.987252 dv-cinder-789564-9-smb devstack@c-api.service[100076]: INFO cinder.api.openstack.wsgi [None req-addfa067-d1b2-429e-b445-a5496e6c9839 tempest-GroupsTest-1969912467 tempest-GroupsTest-1969912467-project] GET http://10.222.0.66/volume/v3/64e93202e78a48a6a6089aa0d314ebf6/volumes/8fbaa5bd-7a18-49f9-9a84-88855a8fdccd
Aug 04 16:23:53.989574 dv-cinder-789564-9-smb devstack@c-api.service[100076]: DEBUG cinder.api.openstack.wsgi [None req-addfa067-d1b2-429e-b445-a5496e6c9839 tempest-GroupsTest-1969912467 tempest-GroupsTest-1969912467-project] Empty body provided in request {{(pid=100076) get_body /opt/stack/cinder/cinder/api/openstack/wsgi.py:703}}
Aug 04 16:23:53.989897 dv-cinder-789564-9-smb devstack@c-api.service[100076]: /usr/local/lib/python3.8/dist-packages/webob/acceptparse.py:1047: DeprecationWarning: The behavior of AcceptValidHeader.best_match is currently being maintained for backward compatibility, but it will be deprecated in the future, as it does not conform to the RFC.
Aug 04 16:23:53.989897 dv-cinder-789564-9-smb devstack@c-api.service[100076]: warnings.warn(
Aug 04 16:23:53.991181 dv-cinder-789564-9-smb devstack@c-api.service[100076]: DEBUG cinder.api.openstack.wsgi [None req-addfa067-d1b2-429e-b445-a5496e6c9839 tempest-GroupsTest-1969912467 tempest-GroupsTest-1969912467-project] Calling method 'show' {{(pid=100076) _process_stack /opt/stack/cinder/cinder/api/openstack/wsgi.py:856}}
Aug 04 16:23:54.017018 dv-cinder-789564-9-smb devstack@c-api.service[100077]: INFO cinder.volume.api [None req-5413d035-8b0a-4256-a4cf-3d5fdb84b2ad tempest-GroupSnapshotsTest-1138797353 tempest-GroupSnapshotsTest-1138797353-project] Get all snapshots completed successfully.
Aug 04 16:23:54.018802 dv-cinder-789564-9-smb devstack@c-api.service[100077]: /usr/local/lib/python3.8/dist-packages/oslo_context/context.py:105: DeprecationWarning: Policy enforcement is depending on the value of is_admin. This key is deprecated. Please update your policy file to use the standard policy values.
Aug 04 16:23:54.018802 dv-cinder-789564-9-smb devstack@c-api.service[100077]: warnings.warn('Policy enforcement is depending on the value of '
Aug 04 16:23:54.024101 dv-cinder-789564-9-smb devstack@c-api.service[100077]: INFO cinder.api.openstack.wsgi [None req-5413d035-8b0a-4256-a4cf-3d5fdb84b2ad tempest-GroupSnapshotsTest-1138797353 tempest-GroupSnapshotsTest-1138797353-project] http://10.222.0.66/volume/v3/edc33269137e4664956334579f31a92a/snapshots/detail returned with HTTP 200
Aug 04 16:23:54.029823 dv-cinder-789564-9-smb devstack@c-api.service[100077]: [pid: 100077|app: 0|req: 97/181] 10.222.0.66 () {58 vars in 1241 bytes} [Wed Aug 4 16:23:53 2021] GET /volume/v3/edc33269137e4664956334579f31a92a/snapshots/detail => generated 519 bytes in 67 msecs (HTTP/1.1 200) 7 headers in 285 bytes (1 switches on core 0)
Aug 04 16:23:54.030002 dv-cinder-789564-9-smb devstack@c-api.service[100076]: /usr/local/lib/python3.8/dist-packages/oslo_context/context.py:105: DeprecationWarning: Policy enforcement is depending on the value of is_admin. This key is deprecated. Please update your policy file to use the standard policy values.
Aug 04 16:23:54.030002 dv-cinder-789564-9-smb devstack@c-api.service[100076]: warnings.warn('Policy enforcement is depending on the value of '
Aug 04 16:23:54.037574 dv-cinder-789564-9-smb devstack@c-api.service[100077]: INFO cinder.api.openstack.wsgi [None req-01c620ba-3e10-4d63-b758-489e9ae6b9c6 tempest-VolumesListAdminTestJSON-1625559826 tempest-VolumesListAdminTestJSON-1625559826-project] GET http://10.222.0.66/volume/v3/0bb53a013f164a689e5ce42482e82db2/volumes/bc7b1700-69ba-406d-9e77-7ef5403b2d35
Aug 04 16:23:54.038808 dv-cinder-789564-9-smb devstack@c-api.service[100077]: DEBUG cinder.api.openstack.wsgi [None req-01c620ba-3e10-4d63-b758-489e9ae6b9c6 tempest-VolumesListAdminTestJSON-1625559826 tempest-VolumesListAdminTestJSON-1625559826-project] Empty body provided in request {{(pid=100077) get_body /opt/stack/cinder/cinder/api/openstack/wsgi.py:703}}
Aug 04 16:23:54.040073 dv-cinder-789564-9-smb devstack@c-api.service[100077]: /usr/local/lib/python3.8/dist-packages/webob/acceptparse.py:1047: DeprecationWarning: The behavior of AcceptValidHeader.best_match is currently being maintained for backward compatibility, but it will be deprecated in the future, as it does not conform to the RFC.
Aug 04 16:23:54.040073 dv-cinder-789564-9-smb devstack@c-api.service[100077]: warnings.warn(
Aug 04 16:23:54.040974 dv-cinder-789564-9-smb devstack@c-api.service[100077]: DEBUG cinder.api.openstack.wsgi [None req-01c620ba-3e10-4d63-b758-489e9ae6b9c6 tempest-VolumesListAdminTestJSON-1625559826 tempest-VolumesListAdminTestJSON-1625559826-project] Calling method 'show' {{(pid=100077) _process_stack /opt/stack/cinder/cinder/api/openstack/wsgi.py:856}}
Aug 04 16:23:54.043607 dv-cinder-789564-9-smb devstack@c-api.service[100076]: INFO cinder.volume.api [None req-addfa067-d1b2-429e-b445-a5496e6c9839 tempest-GroupsTest-1969912467 tempest-GroupsTest-1969912467-project] Volume info retrieved successfully.
Aug 04 16:23:54.059272 dv-cinder-789564-9-smb devstack@c-api.service[100076]: WARNING stevedore.named [None req-addfa067-d1b2-429e-b445-a5496e6c9839 tempest-GroupsTest-1969912467 tempest-GroupsTest-1969912467-project] Could not load cinder.keymgr.conf_key_mgr.ConfKeyManager
Aug 04 16:23:54.059948 dv-cinder-789564-9-smb devstack@c-api.service[100076]: WARNING castellan.key_manager [None req-addfa067-d1b2-429e-b445-a5496e6c9839 tempest-GroupsTest-1969912467 tempest-GroupsTest-1969912467-project] Deprecation Warning : cinder.keymgr.conf_key_mgr.ConfKeyManager is not a stevedore based driver, trying to load it as a class: stevedore.exception.NoMatches: No 'castellan.drivers' driver found, looking for 'cinder.keymgr.conf_key_mgr.ConfKeyManager'
Aug 04 16:23:54.072562 dv-cinder-789564-9-smb devstack@c-api.service[100076]: DEBUG oslo_db.sqlalchemy.engines [None req-addfa067-d1b2-429e-b445-a5496e6c9839 tempest-GroupsTest-1969912467 tempest-GroupsTest-1969912467-project] MySQL server mode set to STRICT_TRANS_TABLES,STRICT_ALL_TABLES,NO_ZERO_IN_DATE,NO_ZERO_DATE,ERROR_FOR_DIVISION_BY_ZERO,TRADITIONAL,NO_ENGINE_SUBSTITUTION {{(pid=100076) _check_effective_sql_mode /usr/local/lib/python3.8/dist-packages/oslo_db/sqlalchemy/engines.py:314}}
Aug 04 16:23:54.082908 dv-cinder-789564-9-smb devstack@c-api.service[100076]: /usr/local/lib/python3.8/dist-packages/oslo_context/context.py:105: DeprecationWarning: Policy enforcement is depending on the value of is_admin. This key is deprecated. Please update your policy file to use the standard policy values.
Aug 04 16:23:54.082908 dv-cinder-789564-9-smb devstack@c-api.service[100076]: warnings.warn('Policy enforcement is depending on the value of '
Aug 04 16:23:54.110906 dv-cinder-789564-9-smb devstack@c-api.service[100076]: INFO cinder.api.openstack.wsgi [None req-addfa067-d1b2-429e-b445-a5496e6c9839 tempest-GroupsTest-1969912467 tempest-GroupsTest-1969912467-project] http://10.222.0.66/volume/v3/64e93202e78a48a6a6089aa0d314ebf6/volumes/8fbaa5bd-7a18-49f9-9a84-88855a8fdccd returned with HTTP 200
Aug 04 16:23:54.122006 dv-cinder-789564-9-smb devstack@c-api.service[100076]: [pid: 100076|app: 0|req: 85/182] 10.222.0.66 () {60 vars in 1366 bytes} [Wed Aug 4 16:23:53 2021] GET /volume/v3/64e93202e78a48a6a6089aa0d314ebf6/volumes/8fbaa5bd-7a18-49f9-9a84-88855a8fdccd => generated 984 bytes in 132 msecs (HTTP/1.1 200) 7 headers in 286 bytes (1 switches on core 0)
Aug 04 16:23:54.141349 dv-cinder-789564-9-smb devstack@c-api.service[100076]: INFO cinder.api.openstack.wsgi [None req-76f297f2-7476-4677-acf1-b09c44238738 tempest-GroupSnapshotsTest-1138797353 tempest-GroupSnapshotsTest-1138797353-project] GET http://10.222.0.66/volume/v3/edc33269137e4664956334579f31a92a/snapshots/51391641-55f9-4d45-a7dc-7052171881f3
Aug 04 16:23:54.142473 dv-cinder-789564-9-smb devstack@c-api.service[100076]: DEBUG cinder.api.openstack.wsgi [None req-76f297f2-7476-4677-acf1-b09c44238738 tempest-GroupSnapshotsTest-1138797353 tempest-GroupSnapshotsTest-1138797353-project] Empty body provided in request {{(pid=100076) get_body /opt/stack/cinder/cinder/api/openstack/wsgi.py:703}}
Aug 04 16:23:54.143563 dv-cinder-789564-9-smb devstack@c-api.service[100076]: /usr/local/lib/python3.8/dist-packages/webob/acceptparse.py:1047: DeprecationWarning: The behavior of AcceptValidHeader.best_match is currently being maintained for backward compatibility, but it will be deprecated in the future, as it does not conform to the RFC.
Aug 04 16:23:54.143563 dv-cinder-789564-9-smb devstack@c-api.service[100076]: warnings.warn(
Aug 04 16:23:54.144536 dv-cinder-789564-9-smb devstack@c-api.service[100076]: DEBUG cinder.api.openstack.wsgi [None req-76f297f2-7476-4677-acf1-b09c44238738 tempest-GroupSnapshotsTest-1138797353 tempest-GroupSnapshotsTest-1138797353-project] Calling method 'show' {{(pid=100076) _process_stack /opt/stack/cinder/cinder/api/openstack/wsgi.py:856}}
Aug 04 16:23:54.148854 dv-cinder-789564-9-smb devstack@c-api.service[100077]: /usr/local/lib/python3.8/dist-packages/oslo_context/context.py:105: DeprecationWarning: Policy enforcement is depending on the value of is_admin. This key is deprecated. Please update your policy file to use the standard policy values.
Aug 04 16:23:54.148854 dv-cinder-789564-9-smb devstack@c-api.service[100077]: warnings.warn('Policy enforcement is depending on the value of '
Aug 04 16:23:54.165814 dv-cinder-789564-9-smb devstack@c-api.service[100076]: /usr/local/lib/python3.8/dist-packages/oslo_context/context.py:105: DeprecationWarning: Policy enforcement is depending on the value of is_admin. This key is deprecated. Please update your policy file to use the standard policy values.
Aug 04 16:23:54.165814 dv-cinder-789564-9-smb devstack@c-api.service[100076]: warnings.warn('Policy enforcement is depending on the value of '
Aug 04 16:23:54.168202 dv-cinder-789564-9-smb devstack@c-api.service[100076]: INFO cinder.volume.api [None req-76f297f2-7476-4677-acf1-b09c44238738 tempest-GroupSnapshotsTest-1138797353 tempest-GroupSnapshotsTest-1138797353-project] Snapshot retrieved successfully.
Aug 04 16:23:54.177474 dv-cinder-789564-9-smb devstack@c-api.service[100076]: INFO cinder.api.openstack.wsgi [None req-76f297f2-7476-4677-acf1-b09c44238738 tempest-GroupSnapshotsTest-1138797353 tempest-GroupSnapshotsTest-1138797353-project] http://10.222.0.66/volume/v3/edc33269137e4664956334579f31a92a/snapshots/51391641-55f9-4d45-a7dc-7052171881f3 returned with HTTP 200
Aug 04 16:23:54.179601 dv-cinder-789564-9-smb devstack@c-api.service[100076]: [pid: 100076|app: 0|req: 86/183] 10.222.0.66 () {58 vars in 1331 bytes} [Wed Aug 4 16:23:54 2021] GET /volume/v3/edc33269137e4664956334579f31a92a/snapshots/51391641-55f9-4d45-a7dc-7052171881f3 => generated 516 bytes in 57 msecs (HTTP/1.1 200) 7 headers in 285 bytes (1 switches on core 0)
Aug 04 16:23:54.191653 dv-cinder-789564-9-smb devstack@c-api.service[100077]: INFO cinder.volume.api [None req-01c620ba-3e10-4d63-b758-489e9ae6b9c6 tempest-VolumesListAdminTestJSON-1625559826 tempest-VolumesListAdminTestJSON-1625559826-project] Volume info retrieved successfully.
Aug 04 16:23:54.194126 dv-cinder-789564-9-smb devstack@c-api.service[100076]: INFO cinder.api.openstack.wsgi [None req-925f103f-63f2-439d-ae94-90ede5437ea0 tempest-GroupsTest-1969912467 tempest-GroupsTest-1969912467-project] POST http://10.222.0.66/volume/v3/64e93202e78a48a6a6089aa0d314ebf6/volumes
Aug 04 16:23:54.199524 dv-cinder-789564-9-smb devstack@c-api.service[100076]: /usr/local/lib/python3.8/dist-packages/webob/acceptparse.py:1047: DeprecationWarning: The behavior of AcceptValidHeader.best_match is currently being maintained for backward compatibility, but it will be deprecated in the future, as it does not conform to the RFC.
Aug 04 16:23:54.199524 dv-cinder-789564-9-smb devstack@c-api.service[100076]: warnings.warn(
Aug 04 16:23:54.200774 dv-cinder-789564-9-smb devstack@c-api.service[100076]: DEBUG cinder.api.openstack.wsgi [None req-925f103f-63f2-439d-ae94-90ede5437ea0 tempest-GroupsTest-1969912467 tempest-GroupsTest-1969912467-project] Action: 'create', calling method: create, body: {"volume": {"volume_type": "6240aaf2-b841-4974-a18b-16dbf6deae07", "group_id": "0a529d2c-da6a-4342-8d46-8a8d1eca2479", "size": 1, "name": "tempest-GroupsTest-Volume-887314850"}} {{(pid=100076) _process_stack /opt/stack/cinder/cinder/api/openstack/wsgi.py:854}}
Aug 04 16:23:54.202985 dv-cinder-789564-9-smb devstack@c-api.service[100076]: DEBUG cinder.api.v3.volumes [None req-925f103f-63f2-439d-ae94-90ede5437ea0 tempest-GroupsTest-1969912467 tempest-GroupsTest-1969912467-project] Create volume request body: {'volume': {'volume_type': '6240aaf2-b841-4974-a18b-16dbf6deae07', 'group_id': '0a529d2c-da6a-4342-8d46-8a8d1eca2479', 'size': 1, 'name': 'tempest-GroupsTest-Volume-887314850'}} {{(pid=100076) create /opt/stack/cinder/cinder/api/v3/volumes.py:290}}
Aug 04 16:23:54.225260 dv-cinder-789564-9-smb devstack@c-api.service[100077]: INFO cinder.api.openstack.wsgi [None req-01c620ba-3e10-4d63-b758-489e9ae6b9c6 tempest-VolumesListAdminTestJSON-1625559826 tempest-VolumesListAdminTestJSON-1625559826-project] http://10.222.0.66/volume/v3/0bb53a013f164a689e5ce42482e82db2/volumes/bc7b1700-69ba-406d-9e77-7ef5403b2d35 returned with HTTP 200
Aug 04 16:23:54.226207 dv-cinder-789564-9-smb devstack@c-api.service[100077]: [pid: 100077|app: 0|req: 98/184] 10.222.0.66 () {58 vars in 1325 bytes} [Wed Aug 4 16:23:54 2021] GET /volume/v3/0bb53a013f164a689e5ce42482e82db2/volumes/bc7b1700-69ba-406d-9e77-7ef5403b2d35 => generated 915 bytes in 195 msecs (HTTP/1.1 200) 7 headers in 285 bytes (1 switches on core 0)
Aug 04 16:23:54.240180 dv-cinder-789564-9-smb devstack@c-api.service[100077]: INFO cinder.api.openstack.wsgi [None req-c14ccb2c-485a-4b88-b451-d97fe7df4356 tempest-GroupSnapshotsTest-1138797353 tempest-GroupSnapshotsTest-1138797353-project] POST http://10.222.0.66/volume/v3/edc33269137e4664956334579f31a92a/groups/action
Aug 04 16:23:54.241026 dv-cinder-789564-9-smb devstack@c-api.service[100077]: /usr/local/lib/python3.8/dist-packages/webob/acceptparse.py:1047: DeprecationWarning: The behavior of AcceptValidHeader.best_match is currently being maintained for backward compatibility, but it will be deprecated in the future, as it does not conform to the RFC.
Aug 04 16:23:54.241026 dv-cinder-789564-9-smb devstack@c-api.service[100077]: warnings.warn(
Aug 04 16:23:54.241707 dv-cinder-789564-9-smb devstack@c-api.service[100077]: DEBUG cinder.api.openstack.wsgi [None req-c14ccb2c-485a-4b88-b451-d97fe7df4356 tempest-GroupSnapshotsTest-1138797353 tempest-GroupSnapshotsTest-1138797353-project] Action body: b'{"create-from-src": {"group_snapshot_id": "dcc030da-4aec-435c-a4da-c981293dfbde", "name": "tempest-Group_from_snap-1660797974"}}' {{(pid=100077) get_method /opt/stack/cinder/cinder/api/openstack/wsgi.py:971}}
Aug 04 16:23:54.242285 dv-cinder-789564-9-smb devstack@c-api.service[100077]: DEBUG cinder.api.openstack.wsgi [None req-c14ccb2c-485a-4b88-b451-d97fe7df4356 tempest-GroupSnapshotsTest-1138797353 tempest-GroupSnapshotsTest-1138797353-project] Action: 'action', calling method: version_select, body: {"create-from-src": {"group_snapshot_id": "dcc030da-4aec-435c-a4da-c981293dfbde", "name": "tempest-Group_from_snap-1660797974"}} {{(pid=100077) _process_stack /opt/stack/cinder/cinder/api/openstack/wsgi.py:854}}
Aug 04 16:23:54.243550 dv-cinder-789564-9-smb devstack@c-api.service[100077]: DEBUG cinder.api.v3.groups [None req-c14ccb2c-485a-4b88-b451-d97fe7df4356 tempest-GroupSnapshotsTest-1138797353 tempest-GroupSnapshotsTest-1138797353-project] Creating new group {'create-from-src': {'group_snapshot_id': 'dcc030da-4aec-435c-a4da-c981293dfbde', 'name': 'tempest-Group_from_snap-1660797974'}}. {{(pid=100077) create_from_src /opt/stack/cinder/cinder/api/v3/groups.py:236}}
Aug 04 16:23:54.244335 dv-cinder-789564-9-smb devstack@c-api.service[100076]: /usr/local/lib/python3.8/dist-packages/oslo_context/context.py:105: DeprecationWarning: Policy enforcement is depending on the value of is_admin. This key is deprecated. Please update your policy file to use the standard policy values.
Aug 04 16:23:54.244335 dv-cinder-789564-9-smb devstack@c-api.service[100076]: warnings.warn('Policy enforcement is depending on the value of '
Aug 04 16:23:54.246072 dv-cinder-789564-9-smb devstack@c-api.service[100076]: INFO cinder.api.v3.volumes [None req-925f103f-63f2-439d-ae94-90ede5437ea0 tempest-GroupsTest-1969912467 tempest-GroupsTest-1969912467-project] Create volume of 1 GB
Aug 04 16:23:54.246261 dv-cinder-789564-9-smb devstack@c-api.service[100077]: INFO cinder.api.v3.groups [None req-c14ccb2c-485a-4b88-b451-d97fe7df4356 tempest-GroupSnapshotsTest-1138797353 tempest-GroupSnapshotsTest-1138797353-project] Creating group tempest-Group_from_snap-1660797974 from group_snapshot dcc030da-4aec-435c-a4da-c981293dfbde.
Aug 04 16:23:54.259234 dv-cinder-789564-9-smb devstack@c-api.service[100077]: /usr/local/lib/python3.8/dist-packages/oslo_context/context.py:105: DeprecationWarning: Policy enforcement is depending on the value of is_admin. This key is deprecated. Please update your policy file to use the standard policy values.
Aug 04 16:23:54.259234 dv-cinder-789564-9-smb devstack@c-api.service[100077]: warnings.warn('Policy enforcement is depending on the value of '
Aug 04 16:23:54.270224 dv-cinder-789564-9-smb devstack@c-api.service[100076]: INFO cinder.volume.api [None req-925f103f-63f2-439d-ae94-90ede5437ea0 tempest-GroupsTest-1969912467 tempest-GroupsTest-1969912467-project] Availability Zones retrieved successfully.
Aug 04 16:23:54.289664 dv-cinder-789564-9-smb devstack@c-api.service[100077]: /usr/local/lib/python3.8/dist-packages/oslo_context/context.py:105: DeprecationWarning: Policy enforcement is depending on the value of is_admin. This key is deprecated. Please update your policy file to use the standard policy values.
Aug 04 16:23:54.289664 dv-cinder-789564-9-smb devstack@c-api.service[100077]: warnings.warn('Policy enforcement is depending on the value of '
Aug 04 16:23:54.303969 dv-cinder-789564-9-smb devstack@c-api.service[100077]: /usr/local/lib/python3.8/dist-packages/oslo_context/context.py:105: DeprecationWarning: Policy enforcement is depending on the value of is_admin. This key is deprecated. Please update your policy file to use the standard policy values.
Aug 04 16:23:54.303969 dv-cinder-789564-9-smb devstack@c-api.service[100077]: warnings.warn('Policy enforcement is depending on the value of '
Aug 04 16:23:54.311147 dv-cinder-789564-9-smb devstack@c-api.service[100076]: DEBUG cinder.volume.api [None req-925f103f-63f2-439d-ae94-90ede5437ea0 tempest-GroupsTest-1969912467 tempest-GroupsTest-1969912467-project] Flow 'volume_create_api' (c6b45014-303c-4655-800e-10b33358bb13) transitioned into state 'RUNNING' from state 'PENDING' {{(pid=100076) _flow_receiver /usr/local/lib/python3.8/dist-packages/taskflow/listeners/logging.py:141}}
Aug 04 16:23:54.317585 dv-cinder-789564-9-smb devstack@c-api.service[100076]: DEBUG cinder.volume.api [None req-925f103f-63f2-439d-ae94-90ede5437ea0 tempest-GroupsTest-1969912467 tempest-GroupsTest-1969912467-project] Task 'cinder.volume.flows.api.create_volume.ExtractVolumeRequestTask;volume:create' (5300d890-be32-4552-92b0-6611e1afda88) transitioned into state 'RUNNING' from state 'PENDING' {{(pid=100076) _task_receiver /usr/local/lib/python3.8/dist-packages/taskflow/listeners/logging.py:190}}
Aug 04 16:23:54.322329 dv-cinder-789564-9-smb devstack@c-api.service[100076]: /usr/local/lib/python3.8/dist-packages/oslo_context/context.py:105: DeprecationWarning: Policy enforcement is depending on the value of is_admin. This key is deprecated. Please update your policy file to use the standard policy values.
Aug 04 16:23:54.322329 dv-cinder-789564-9-smb devstack@c-api.service[100076]: warnings.warn('Policy enforcement is depending on the value of '
Aug 04 16:23:54.324918 dv-cinder-789564-9-smb devstack@c-api.service[100076]: DEBUG cinder.volume.flows.api.create_volume [None req-925f103f-63f2-439d-ae94-90ede5437ea0 tempest-GroupsTest-1969912467 tempest-GroupsTest-1969912467-project] Validating volume size '1' using validate_int {{(pid=100076) _extract_size /opt/stack/cinder/cinder/volume/flows/api/create_volume.py:201}}
Aug 04 16:23:54.397570 dv-cinder-789564-9-smb devstack@c-api.service[100076]: DEBUG cinder.volume.api [None req-925f103f-63f2-439d-ae94-90ede5437ea0 tempest-GroupsTest-1969912467 tempest-GroupsTest-1969912467-project] Task 'cinder.volume.flows.api.create_volume.ExtractVolumeRequestTask;volume:create' (5300d890-be32-4552-92b0-6611e1afda88) transitioned into state 'SUCCESS' from state 'RUNNING' with result '{'size': 1, 'snapshot_id': None, 'source_volid': None, 'volume_type': VolumeType(created_at=2021-08-04T16:23:50Z,deleted=False,deleted_at=None,description=None,extra_specs={},id=6240aaf2-b841-4974-a18b-16dbf6deae07,is_public=True,name='tempest-GroupsTest-volume-type-255300104',projects=[],qos_specs=,qos_specs_id=None,updated_at=None), 'volume_type_id': '6240aaf2-b841-4974-a18b-16dbf6deae07', 'encryption_key_id': None, 'qos_specs': None, 'consistencygroup_id': None, 'cgsnapshot_id': None, 'group_id': '0a529d2c-da6a-4342-8d46-8a8d1eca2479', 'replication_status': 'disabled', 'refresh_az': False, 'backup_id': None, 'multiattach': False, 'availability_zones': ['nova']}' {{(pid=100076) _task_receiver /usr/local/lib/python3.8/dist-packages/taskflow/listeners/logging.py:178}}
Aug 04 16:23:54.412267 dv-cinder-789564-9-smb devstack@c-api.service[100076]: DEBUG cinder.volume.api [None req-925f103f-63f2-439d-ae94-90ede5437ea0 tempest-GroupsTest-1969912467 tempest-GroupsTest-1969912467-project] Task 'cinder.volume.flows.api.create_volume.QuotaReserveTask;volume:create' (f3f73bde-9fd0-4ff8-b72d-ca43de8a1e5f) transitioned into state 'RUNNING' from state 'PENDING' {{(pid=100076) _task_receiver /usr/local/lib/python3.8/dist-packages/taskflow/listeners/logging.py:190}}
Aug 04 16:23:54.478667 dv-cinder-789564-9-smb devstack@c-api.service[100077]: DEBUG cinder.quota [None req-c14ccb2c-485a-4b88-b451-d97fe7df4356 tempest-GroupSnapshotsTest-1138797353 tempest-GroupSnapshotsTest-1138797353-project] Created reservations ['1f0e2935-c585-4fb8-9ab3-147aec25d15f'] {{(pid=100077) reserve /opt/stack/cinder/cinder/quota.py:755}}
Aug 04 16:23:54.499708 dv-cinder-789564-9-smb devstack@c-api.service[100076]: WARNING cinder.quota [None req-925f103f-63f2-439d-ae94-90ede5437ea0 tempest-GroupsTest-1969912467 tempest-GroupsTest-1969912467-project] Deprecated: Default quota for resource: volumes_tempest-GroupsTest-volume-type-255300104 is set by the default quota flag: quota_volumes_tempest-GroupsTest-volume-type-255300104, it is now deprecated. Please use the default quota class for default quota.
Aug 04 16:23:54.502336 dv-cinder-789564-9-smb devstack@c-api.service[100076]: WARNING cinder.quota [None req-925f103f-63f2-439d-ae94-90ede5437ea0 tempest-GroupsTest-1969912467 tempest-GroupsTest-1969912467-project] Deprecated: Default quota for resource: gigabytes_tempest-GroupsTest-volume-type-255300104 is set by the default quota flag: quota_gigabytes_tempest-GroupsTest-volume-type-255300104, it is now deprecated. Please use the default quota class for default quota.
Aug 04 16:23:54.549383 dv-cinder-789564-9-smb devstack@c-api.service[100076]: DEBUG cinder.quota [None req-925f103f-63f2-439d-ae94-90ede5437ea0 tempest-GroupsTest-1969912467 tempest-GroupsTest-1969912467-project] Created reservations ['d30480c4-2a13-43fa-85d1-3c020791b7ba', '75a73d2a-21c1-4240-8dbb-84e9a1746c1b', '6ed01b07-faf5-4cfe-af1c-f1d30a751d61', '4de500ff-7d6c-4e28-a4ba-598c7d1d2f37'] {{(pid=100076) reserve /opt/stack/cinder/cinder/quota.py:755}}
Aug 04 16:23:54.550662 dv-cinder-789564-9-smb devstack@c-api.service[100076]: DEBUG cinder.volume.api [None req-925f103f-63f2-439d-ae94-90ede5437ea0 tempest-GroupsTest-1969912467 tempest-GroupsTest-1969912467-project] Task 'cinder.volume.flows.api.create_volume.QuotaReserveTask;volume:create' (f3f73bde-9fd0-4ff8-b72d-ca43de8a1e5f) transitioned into state 'SUCCESS' from state 'RUNNING' with result '{'reservations': ['d30480c4-2a13-43fa-85d1-3c020791b7ba', '75a73d2a-21c1-4240-8dbb-84e9a1746c1b', '6ed01b07-faf5-4cfe-af1c-f1d30a751d61', '4de500ff-7d6c-4e28-a4ba-598c7d1d2f37']}' {{(pid=100076) _task_receiver /usr/local/lib/python3.8/dist-packages/taskflow/listeners/logging.py:178}}
