Aug 04 16:23:45.111400 dv-cinder-789564-9-smb devstack@c-api.service[100077]: DEBUG cinder.api.openstack.wsgi [None req-a6d3d7dc-ef20-4804-b155-3c249eef90c3 tempest-GroupsTest-1969912467 tempest-GroupsTest-1969912467-project] Empty body provided in request {{(pid=100077) get_body /opt/stack/cinder/cinder/api/openstack/wsgi.py:703}}
Aug 04 16:23:45.113569 dv-cinder-789564-9-smb devstack@c-api.service[100077]: DEBUG cinder.api.openstack.wsgi [None req-a6d3d7dc-ef20-4804-b155-3c249eef90c3 tempest-GroupsTest-1969912467 tempest-GroupsTest-1969912467-project] Calling method 'version_select' {{(pid=100077) _process_stack /opt/stack/cinder/cinder/api/openstack/wsgi.py:856}}
Aug 04 16:23:45.115488 dv-cinder-789564-9-smb devstack@c-api.service[100077]: DEBUG cinder.api.v3.groups [None req-a6d3d7dc-ef20-4804-b155-3c249eef90c3 tempest-GroupsTest-1969912467 tempest-GroupsTest-1969912467-project] show called for member 110c78cd-b5a8-49e6-a743-e7a64bad003c {{(pid=100077) show /opt/stack/cinder/cinder/api/v3/groups.py:58}}
Aug 04 16:23:45.127063 dv-cinder-789564-9-smb devstack@c-api.service[100076]: /usr/local/lib/python3.8/dist-packages/oslo_context/context.py:105: DeprecationWarning: Policy enforcement is depending on the value of is_admin. This key is deprecated. Please update your policy file to use the standard policy values.
Aug 04 16:23:45.127063 dv-cinder-789564-9-smb devstack@c-api.service[100076]: warnings.warn('Policy enforcement is depending on the value of '
Aug 04 16:23:45.129400 dv-cinder-789564-9-smb devstack@c-api.service[100077]: /usr/local/lib/python3.8/dist-packages/oslo_context/context.py:105: DeprecationWarning: Policy enforcement is depending on the value of is_admin. This key is deprecated. Please update your policy file to use the standard policy values.
Aug 04 16:23:45.129400 dv-cinder-789564-9-smb devstack@c-api.service[100077]: warnings.warn('Policy enforcement is depending on the value of '
Aug 04 16:23:45.144541 dv-cinder-789564-9-smb devstack@c-api.service[100076]: INFO cinder.volume.api [None req-dc29dc4e-d52c-493c-ad26-c5a8604fa88f tempest-VolumeRetypeWithoutMigrationTest-398470612 tempest-VolumeRetypeWithoutMigrationTest-398470612-project] Volume info retrieved successfully.
Aug 04 16:23:45.169639 dv-cinder-789564-9-smb devstack@c-api.service[100077]: INFO cinder.api.openstack.wsgi [None req-a6d3d7dc-ef20-4804-b155-3c249eef90c3 tempest-GroupsTest-1969912467 tempest-GroupsTest-1969912467-project] http://10.222.0.66/volume/v3/64e93202e78a48a6a6089aa0d314ebf6/groups/110c78cd-b5a8-49e6-a743-e7a64bad003c returned with HTTP 200
Aug 04 16:23:45.173633 dv-cinder-789564-9-smb devstack@c-api.service[100077]: [pid: 100077|app: 0|req: 54/100] 10.222.0.66 () {60 vars in 1363 bytes} [Wed Aug 4 16:23:45 2021] GET /volume/v3/64e93202e78a48a6a6089aa0d314ebf6/groups/110c78cd-b5a8-49e6-a743-e7a64bad003c => generated 323 bytes in 81 msecs (HTTP/1.1 200) 7 headers in 286 bytes (1 switches on core 0)
Aug 04 16:23:45.182292 dv-cinder-789564-9-smb devstack@c-api.service[100076]: INFO cinder.api.openstack.wsgi [None req-dc29dc4e-d52c-493c-ad26-c5a8604fa88f tempest-VolumeRetypeWithoutMigrationTest-398470612 tempest-VolumeRetypeWithoutMigrationTest-398470612-project] http://10.222.0.66/volume/v3/bd727eaabc90405faf07864b8350bffd/volumes/0d1da6be-e0e4-4b2b-9fd2-4bd4e0ba4ba8 returned with HTTP 200
Aug 04 16:23:45.183344 dv-cinder-789564-9-smb devstack@c-api.service[100076]: [pid: 100076|app: 0|req: 47/101] 10.222.0.66 () {58 vars in 1325 bytes} [Wed Aug 4 16:23:45 2021] GET /volume/v3/bd727eaabc90405faf07864b8350bffd/volumes/0d1da6be-e0e4-4b2b-9fd2-4bd4e0ba4ba8 => generated 926 bytes in 113 msecs (HTTP/1.1 200) 7 headers in 285 bytes (1 switches on core 0)
Aug 04 16:23:45.186105 dv-cinder-789564-9-smb devstack@c-api.service[100077]: INFO cinder.api.openstack.wsgi [None req-e03149a4-df47-44ac-ba87-0e476af3d244 tempest-ExtraSpecsNegativeTest-960337926 tempest-ExtraSpecsNegativeTest-960337926-project-admin] POST http://10.222.0.66/volume/v3/d866b58787714adba482655a505dfe2c/types/314be3e0-7a83-4611-9334-09b32626869b/extra_specs
Aug 04 16:23:45.188688 dv-cinder-789564-9-smb devstack@c-api.service[100076]: INFO cinder.api.openstack.wsgi [None req-8877bf87-5220-4630-a992-e383c2be85d3 tempest-GroupsTest-1969912467 tempest-GroupsTest-1969912467-project] GET http://10.222.0.66/volume/v3/64e93202e78a48a6a6089aa0d314ebf6/groups/detail
Aug 04 16:23:45.189532 dv-cinder-789564-9-smb devstack@c-api.service[100076]: DEBUG cinder.api.openstack.wsgi [None req-8877bf87-5220-4630-a992-e383c2be85d3 tempest-GroupsTest-1969912467 tempest-GroupsTest-1969912467-project] Empty body provided in request {{(pid=100076) get_body /opt/stack/cinder/cinder/api/openstack/wsgi.py:703}}
Aug 04 16:23:45.190490 dv-cinder-789564-9-smb devstack@c-api.service[100076]: /usr/local/lib/python3.8/dist-packages/webob/acceptparse.py:1047: DeprecationWarning: The behavior of AcceptValidHeader.best_match is currently being maintained for backward compatibility, but it will be deprecated in the future, as it does not conform to the RFC.
Aug 04 16:23:45.190490 dv-cinder-789564-9-smb devstack@c-api.service[100076]: warnings.warn(
Aug 04 16:23:45.190644 dv-cinder-789564-9-smb devstack@c-api.service[100077]: /usr/local/lib/python3.8/dist-packages/webob/acceptparse.py:1047: DeprecationWarning: The behavior of AcceptValidHeader.best_match is currently being maintained for backward compatibility, but it will be deprecated in the future, as it does not conform to the RFC.
Aug 04 16:23:45.190644 dv-cinder-789564-9-smb devstack@c-api.service[100077]: warnings.warn(
Aug 04 16:23:45.191109 dv-cinder-789564-9-smb devstack@c-api.service[100077]: DEBUG cinder.api.openstack.wsgi [None req-e03149a4-df47-44ac-ba87-0e476af3d244 tempest-ExtraSpecsNegativeTest-960337926 tempest-ExtraSpecsNegativeTest-960337926-project-admin] Action: 'create', calling method: create, body: {"extra_specs": {"spec2": "val1"}} {{(pid=100077) _process_stack /opt/stack/cinder/cinder/api/openstack/wsgi.py:854}}
Aug 04 16:23:45.191350 dv-cinder-789564-9-smb devstack@c-api.service[100076]: DEBUG cinder.api.openstack.wsgi [None req-8877bf87-5220-4630-a992-e383c2be85d3 tempest-GroupsTest-1969912467 tempest-GroupsTest-1969912467-project] Calling method 'version_select' {{(pid=100076) _process_stack /opt/stack/cinder/cinder/api/openstack/wsgi.py:856}}
Aug 04 16:23:45.194997 dv-cinder-789564-9-smb devstack@c-api.service[100077]: /usr/local/lib/python3.8/dist-packages/oslo_context/context.py:105: DeprecationWarning: Policy enforcement is depending on the value of is_admin. This key is deprecated. Please update your policy file to use the standard policy values.
Aug 04 16:23:45.194997 dv-cinder-789564-9-smb devstack@c-api.service[100077]: warnings.warn('Policy enforcement is depending on the value of '
Aug 04 16:23:45.237554 dv-cinder-789564-9-smb devstack@c-api.service[100076]: INFO cinder.api.openstack.wsgi [None req-8877bf87-5220-4630-a992-e383c2be85d3 tempest-GroupsTest-1969912467 tempest-GroupsTest-1969912467-project] http://10.222.0.66/volume/v3/64e93202e78a48a6a6089aa0d314ebf6/groups/detail returned with HTTP 200
Aug 04 16:23:45.239145 dv-cinder-789564-9-smb devstack@c-api.service[100076]: [pid: 100076|app: 0|req: 48/102] 10.222.0.66 () {60 vars in 1273 bytes} [Wed Aug 4 16:23:45 2021] GET /volume/v3/64e93202e78a48a6a6089aa0d314ebf6/groups/detail => generated 639 bytes in 55 msecs (HTTP/1.1 200) 7 headers in 286 bytes (1 switches on core 0)
Aug 04 16:23:45.244164 dv-cinder-789564-9-smb devstack@c-api.service[100076]: INFO cinder.api.openstack.wsgi [None req-5fe7948e-6ae5-49ec-b5f6-282e20c39473 tempest-VolumeRetypeWithoutMigrationTest-530762678 tempest-VolumeRetypeWithoutMigrationTest-530762678-project-admin] GET http://10.222.0.66/volume/v3/d1751c6e76f044abac74fd3574c182e6/volumes/0d1da6be-e0e4-4b2b-9fd2-4bd4e0ba4ba8
Aug 04 16:23:45.244948 dv-cinder-789564-9-smb devstack@c-api.service[100076]: DEBUG cinder.api.openstack.wsgi [None req-5fe7948e-6ae5-49ec-b5f6-282e20c39473 tempest-VolumeRetypeWithoutMigrationTest-530762678 tempest-VolumeRetypeWithoutMigrationTest-530762678-project-admin] Empty body provided in request {{(pid=100076) get_body /opt/stack/cinder/cinder/api/openstack/wsgi.py:703}}
Aug 04 16:23:45.245586 dv-cinder-789564-9-smb devstack@c-api.service[100076]: /usr/local/lib/python3.8/dist-packages/webob/acceptparse.py:1047: DeprecationWarning: The behavior of AcceptValidHeader.best_match is currently being maintained for backward compatibility, but it will be deprecated in the future, as it does not conform to the RFC.
Aug 04 16:23:45.245586 dv-cinder-789564-9-smb devstack@c-api.service[100076]: warnings.warn(
Aug 04 16:23:45.246206 dv-cinder-789564-9-smb devstack@c-api.service[100076]: DEBUG cinder.api.openstack.wsgi [None req-5fe7948e-6ae5-49ec-b5f6-282e20c39473 tempest-VolumeRetypeWithoutMigrationTest-530762678 tempest-VolumeRetypeWithoutMigrationTest-530762678-project-admin] Calling method 'show' {{(pid=100076) _process_stack /opt/stack/cinder/cinder/api/openstack/wsgi.py:856}}
Aug 04 16:23:45.316510 dv-cinder-789564-9-smb devstack@c-api.service[100076]: /usr/local/lib/python3.8/dist-packages/oslo_context/context.py:105: DeprecationWarning: Policy enforcement is depending on the value of is_admin. This key is deprecated. Please update your policy file to use the standard policy values.
Aug 04 16:23:45.316510 dv-cinder-789564-9-smb devstack@c-api.service[100076]: warnings.warn('Policy enforcement is depending on the value of '
Aug 04 16:23:45.326080 dv-cinder-789564-9-smb devstack@c-api.service[100076]: INFO cinder.volume.api [None req-5fe7948e-6ae5-49ec-b5f6-282e20c39473 tempest-VolumeRetypeWithoutMigrationTest-530762678 tempest-VolumeRetypeWithoutMigrationTest-530762678-project-admin] Volume info retrieved successfully.
Aug 04 16:23:45.353454 dv-cinder-789564-9-smb devstack@c-api.service[100076]: INFO cinder.api.openstack.wsgi [None req-5fe7948e-6ae5-49ec-b5f6-282e20c39473 tempest-VolumeRetypeWithoutMigrationTest-530762678 tempest-VolumeRetypeWithoutMigrationTest-530762678-project-admin] http://10.222.0.66/volume/v3/d1751c6e76f044abac74fd3574c182e6/volumes/0d1da6be-e0e4-4b2b-9fd2-4bd4e0ba4ba8 returned with HTTP 200
Aug 04 16:23:45.356977 dv-cinder-789564-9-smb devstack@c-api.service[100076]: [pid: 100076|app: 0|req: 49/103] 10.222.0.66 () {58 vars in 1325 bytes} [Wed Aug 4 16:23:45 2021] GET /volume/v3/d1751c6e76f044abac74fd3574c182e6/volumes/0d1da6be-e0e4-4b2b-9fd2-4bd4e0ba4ba8 => generated 1092 bytes in 117 msecs (HTTP/1.1 200) 7 headers in 286 bytes (1 switches on core 0)
Aug 04 16:23:45.361187 dv-cinder-789564-9-smb devstack@c-api.service[100076]: INFO cinder.api.openstack.wsgi [None req-1912a0b6-a1a5-4c9e-b792-d461c4e903a8 tempest-GroupsTest-1969912467 tempest-GroupsTest-1969912467-project] GET http://10.222.0.66/volume/v3/64e93202e78a48a6a6089aa0d314ebf6/volumes/detail
Aug 04 16:23:45.362348 dv-cinder-789564-9-smb devstack@c-api.service[100076]: DEBUG cinder.api.openstack.wsgi [None req-1912a0b6-a1a5-4c9e-b792-d461c4e903a8 tempest-GroupsTest-1969912467 tempest-GroupsTest-1969912467-project] Empty body provided in request {{(pid=100076) get_body /opt/stack/cinder/cinder/api/openstack/wsgi.py:703}}
Aug 04 16:23:45.363137 dv-cinder-789564-9-smb devstack@c-api.service[100076]: /usr/local/lib/python3.8/dist-packages/webob/acceptparse.py:1047: DeprecationWarning: The behavior of AcceptValidHeader.best_match is currently being maintained for backward compatibility, but it will be deprecated in the future, as it does not conform to the RFC.
Aug 04 16:23:45.363137 dv-cinder-789564-9-smb devstack@c-api.service[100076]: warnings.warn(
Aug 04 16:23:45.363668 dv-cinder-789564-9-smb devstack@c-api.service[100076]: DEBUG cinder.api.openstack.wsgi [None req-1912a0b6-a1a5-4c9e-b792-d461c4e903a8 tempest-GroupsTest-1969912467 tempest-GroupsTest-1969912467-project] Calling method 'detail' {{(pid=100076) _process_stack /opt/stack/cinder/cinder/api/openstack/wsgi.py:856}}
Aug 04 16:23:45.364233 dv-cinder-789564-9-smb devstack@c-api.service[100076]: DEBUG cinder.api.api_utils [None req-1912a0b6-a1a5-4c9e-b792-d461c4e903a8 tempest-GroupsTest-1969912467 tempest-GroupsTest-1969912467-project] Removing options '' from query. {{(pid=100076) remove_invalid_filter_options /opt/stack/cinder/cinder/api/api_utils.py:73}}
Aug 04 16:23:45.366767 dv-cinder-789564-9-smb devstack@c-api.service[100076]: DEBUG cinder.volume.api [None req-1912a0b6-a1a5-4c9e-b792-d461c4e903a8 tempest-GroupsTest-1969912467 tempest-GroupsTest-1969912467-project] Searching by: MultiDict([('no_migration_targets', True)]). {{(pid=100076) get_all /opt/stack/cinder/cinder/volume/api.py:617}}
Aug 04 16:23:45.401915 dv-cinder-789564-9-smb devstack@c-api.service[100077]: INFO cinder.api.openstack.wsgi [None req-e03149a4-df47-44ac-ba87-0e476af3d244 tempest-ExtraSpecsNegativeTest-960337926 tempest-ExtraSpecsNegativeTest-960337926-project-admin] http://10.222.0.66/volume/v3/d866b58787714adba482655a505dfe2c/types/314be3e0-7a83-4611-9334-09b32626869b/extra_specs returned with HTTP 404
Aug 04 16:23:45.406368 dv-cinder-789564-9-smb devstack@c-api.service[100077]: [pid: 100077|app: 0|req: 55/104] 10.222.0.66 () {60 vars in 1376 bytes} [Wed Aug 4 16:23:45 2021] POST /volume/v3/d866b58787714adba482655a505dfe2c/types/314be3e0-7a83-4611-9334-09b32626869b/extra_specs => generated 114 bytes in 232 msecs (HTTP/1.1 404) 7 headers in 292 bytes (1 switches on core 0)
Aug 04 16:23:45.422633 dv-cinder-789564-9-smb devstack@c-api.service[100077]: INFO cinder.api.openstack.wsgi [None req-8793cafb-79b5-4cba-a518-b77a7de05659 tempest-VolumeRetypeWithoutMigrationTest-398470612 tempest-VolumeRetypeWithoutMigrationTest-398470612-project] POST http://10.222.0.66/volume/v3/bd727eaabc90405faf07864b8350bffd/volumes/0d1da6be-e0e4-4b2b-9fd2-4bd4e0ba4ba8/action
Aug 04 16:23:45.444891 dv-cinder-789564-9-smb devstack@c-api.service[100077]: DEBUG cinder.api.openstack.wsgi [None req-8793cafb-79b5-4cba-a518-b77a7de05659 tempest-VolumeRetypeWithoutMigrationTest-398470612 tempest-VolumeRetypeWithoutMigrationTest-398470612-project] Action body: b'{"os-retype": {"new_type": "volume-type-2", "migration_policy": "never"}}' {{(pid=100077) get_method /opt/stack/cinder/cinder/api/openstack/wsgi.py:971}}
Aug 04 16:23:45.445659 dv-cinder-789564-9-smb devstack@c-api.service[100077]: DEBUG cinder.api.openstack.wsgi [None req-8793cafb-79b5-4cba-a518-b77a7de05659 tempest-VolumeRetypeWithoutMigrationTest-398470612 tempest-VolumeRetypeWithoutMigrationTest-398470612-project] Action: 'action', calling method: _retype, body: {"os-retype": {"new_type": "volume-type-2", "migration_policy": "never"}} {{(pid=100077) _process_stack /opt/stack/cinder/cinder/api/openstack/wsgi.py:854}}
Aug 04 16:23:45.450323 dv-cinder-789564-9-smb devstack@c-api.service[100076]: INFO cinder.volume.api [None req-1912a0b6-a1a5-4c9e-b792-d461c4e903a8 tempest-GroupsTest-1969912467 tempest-GroupsTest-1969912467-project] Get all volumes completed successfully.
Aug 04 16:23:45.451790 dv-cinder-789564-9-smb devstack@c-api.service[100076]: WARNING stevedore.named [None req-1912a0b6-a1a5-4c9e-b792-d461c4e903a8 tempest-GroupsTest-1969912467 tempest-GroupsTest-1969912467-project] Could not load cinder.keymgr.conf_key_mgr.ConfKeyManager
Aug 04 16:23:45.452428 dv-cinder-789564-9-smb devstack@c-api.service[100076]: WARNING castellan.key_manager [None req-1912a0b6-a1a5-4c9e-b792-d461c4e903a8 tempest-GroupsTest-1969912467 tempest-GroupsTest-1969912467-project] Deprecation Warning : cinder.keymgr.conf_key_mgr.ConfKeyManager is not a stevedore based driver, trying to load it as a class: stevedore.exception.NoMatches: No 'castellan.drivers' driver found, looking for 'cinder.keymgr.conf_key_mgr.ConfKeyManager'
Aug 04 16:23:45.465977 dv-cinder-789564-9-smb devstack@c-api.service[100076]: DEBUG oslo_db.sqlalchemy.engines [None req-1912a0b6-a1a5-4c9e-b792-d461c4e903a8 tempest-GroupsTest-1969912467 tempest-GroupsTest-1969912467-project] MySQL server mode set to STRICT_TRANS_TABLES,STRICT_ALL_TABLES,NO_ZERO_IN_DATE,NO_ZERO_DATE,ERROR_FOR_DIVISION_BY_ZERO,TRADITIONAL,NO_ENGINE_SUBSTITUTION {{(pid=100076) _check_effective_sql_mode /usr/local/lib/python3.8/dist-packages/oslo_db/sqlalchemy/engines.py:314}}
Aug 04 16:23:45.476033 dv-cinder-789564-9-smb devstack@c-api.service[100076]: /usr/local/lib/python3.8/dist-packages/oslo_context/context.py:105: DeprecationWarning: Policy enforcement is depending on the value of is_admin. This key is deprecated. Please update your policy file to use the standard policy values.
Aug 04 16:23:45.476033 dv-cinder-789564-9-smb devstack@c-api.service[100076]: warnings.warn('Policy enforcement is depending on the value of '
Aug 04 16:23:45.515989 dv-cinder-789564-9-smb devstack@c-api.service[100076]: INFO cinder.api.openstack.wsgi [None req-1912a0b6-a1a5-4c9e-b792-d461c4e903a8 tempest-GroupsTest-1969912467 tempest-GroupsTest-1969912467-project] http://10.222.0.66/volume/v3/64e93202e78a48a6a6089aa0d314ebf6/volumes/detail returned with HTTP 200
Aug 04 16:23:45.515989 dv-cinder-789564-9-smb devstack@c-api.service[100076]: [pid: 100076|app: 0|req: 50/105] 10.222.0.66 () {60 vars in 1276 bytes} [Wed Aug 4 16:23:45 2021] GET /volume/v3/64e93202e78a48a6a6089aa0d314ebf6/volumes/detail => generated 975 bytes in 149 msecs (HTTP/1.1 200) 7 headers in 286 bytes (1 switches on core 0)
Aug 04 16:23:45.515989 dv-cinder-789564-9-smb devstack@c-api.service[100076]: INFO cinder.api.openstack.wsgi [None req-ed099956-6931-4067-a640-c7a5ca2d3da0 tempest-ExtraSpecsNegativeTest-960337926 tempest-ExtraSpecsNegativeTest-960337926-project-admin] DELETE http://10.222.0.66/volume/v3/d866b58787714adba482655a505dfe2c/types/6e97f887-fc2c-486d-bc1d-06496858934f/extra_specs/spec1
Aug 04 16:23:45.515989 dv-cinder-789564-9-smb devstack@c-api.service[100076]: DEBUG cinder.api.openstack.wsgi [None req-ed099956-6931-4067-a640-c7a5ca2d3da0 tempest-ExtraSpecsNegativeTest-960337926 tempest-ExtraSpecsNegativeTest-960337926-project-admin] Empty body provided in request {{(pid=100076) get_body /opt/stack/cinder/cinder/api/openstack/wsgi.py:703}}
Aug 04 16:23:45.515989 dv-cinder-789564-9-smb devstack@c-api.service[100076]: /usr/local/lib/python3.8/dist-packages/webob/acceptparse.py:1047: DeprecationWarning: The behavior of AcceptValidHeader.best_match is currently being maintained for backward compatibility, but it will be deprecated in the future, as it does not conform to the RFC.
Aug 04 16:23:45.515989 dv-cinder-789564-9-smb devstack@c-api.service[100076]: warnings.warn(
Aug 04 16:23:45.515989 dv-cinder-789564-9-smb devstack@c-api.service[100076]: DEBUG cinder.api.openstack.wsgi [None req-ed099956-6931-4067-a640-c7a5ca2d3da0 tempest-ExtraSpecsNegativeTest-960337926 tempest-ExtraSpecsNegativeTest-960337926-project-admin] Calling method 'delete' {{(pid=100076) _process_stack /opt/stack/cinder/cinder/api/openstack/wsgi.py:856}}
Aug 04 16:23:45.521449 dv-cinder-789564-9-smb devstack@c-api.service[100076]: INFO cinder.api.openstack.wsgi [None req-ed099956-6931-4067-a640-c7a5ca2d3da0 tempest-ExtraSpecsNegativeTest-960337926 tempest-ExtraSpecsNegativeTest-960337926-project-admin] http://10.222.0.66/volume/v3/d866b58787714adba482655a505dfe2c/types/6e97f887-fc2c-486d-bc1d-06496858934f/extra_specs/spec1 returned with HTTP 404
Aug 04 16:23:45.522909 dv-cinder-789564-9-smb devstack@c-api.service[100076]: [pid: 100076|app: 0|req: 51/106] 10.222.0.66 () {58 vars in 1376 bytes} [Wed Aug 4 16:23:45 2021] DELETE /volume/v3/d866b58787714adba482655a505dfe2c/types/6e97f887-fc2c-486d-bc1d-06496858934f/extra_specs/spec1 => generated 114 bytes in 16 msecs (HTTP/1.1 404) 7 headers in 292 bytes (1 switches on core 0)
Aug 04 16:23:45.538044 dv-cinder-789564-9-smb devstack@c-api.service[100076]: INFO cinder.api.openstack.wsgi [req-18b786f4-5bf7-490a-a2fb-386901c9ccfb req-be1c0206-ac91-4bb9-b249-d8db12f9e1d2 tempest-VolumesTestJSON-138012830 tempest-VolumesTestJSON-138012830-project] GET http://10.222.0.66/volume/v3/b5d330eb158447d998787c1e55a23e16/volumes/detail
Aug 04 16:23:45.538564 dv-cinder-789564-9-smb devstack@c-api.service[100076]: DEBUG cinder.api.openstack.wsgi [req-18b786f4-5bf7-490a-a2fb-386901c9ccfb req-be1c0206-ac91-4bb9-b249-d8db12f9e1d2 tempest-VolumesTestJSON-138012830 tempest-VolumesTestJSON-138012830-project] Empty body provided in request {{(pid=100076) get_body /opt/stack/cinder/cinder/api/openstack/wsgi.py:703}}
Aug 04 16:23:45.539092 dv-cinder-789564-9-smb devstack@c-api.service[100076]: DEBUG cinder.api.openstack.wsgi [req-18b786f4-5bf7-490a-a2fb-386901c9ccfb req-be1c0206-ac91-4bb9-b249-d8db12f9e1d2 tempest-VolumesTestJSON-138012830 tempest-VolumesTestJSON-138012830-project] Calling method 'detail' {{(pid=100076) _process_stack /opt/stack/cinder/cinder/api/openstack/wsgi.py:856}}
Aug 04 16:23:45.539764 dv-cinder-789564-9-smb devstack@c-api.service[100076]: DEBUG cinder.api.api_utils [req-18b786f4-5bf7-490a-a2fb-386901c9ccfb req-be1c0206-ac91-4bb9-b249-d8db12f9e1d2 tempest-VolumesTestJSON-138012830 tempest-VolumesTestJSON-138012830-project] Removing options '' from query. {{(pid=100076) remove_invalid_filter_options /opt/stack/cinder/cinder/api/api_utils.py:73}}
Aug 04 16:23:45.541898 dv-cinder-789564-9-smb devstack@c-api.service[100076]: DEBUG cinder.volume.api [req-18b786f4-5bf7-490a-a2fb-386901c9ccfb req-be1c0206-ac91-4bb9-b249-d8db12f9e1d2 tempest-VolumesTestJSON-138012830 tempest-VolumesTestJSON-138012830-project] Searching by: MultiDict([('no_migration_targets', True)]). {{(pid=100076) get_all /opt/stack/cinder/cinder/volume/api.py:617}}
Aug 04 16:23:45.552026 dv-cinder-789564-9-smb devstack@c-api.service[100077]: /usr/local/lib/python3.8/dist-packages/oslo_context/context.py:105: DeprecationWarning: Policy enforcement is depending on the value of is_admin. This key is deprecated. Please update your policy file to use the standard policy values.
Aug 04 16:23:45.552026 dv-cinder-789564-9-smb devstack@c-api.service[100077]: warnings.warn('Policy enforcement is depending on the value of '
Aug 04 16:23:45.553668 dv-cinder-789564-9-smb devstack@c-api.service[100077]: INFO cinder.volume.api [None req-8793cafb-79b5-4cba-a518-b77a7de05659 tempest-VolumeRetypeWithoutMigrationTest-398470612 tempest-VolumeRetypeWithoutMigrationTest-398470612-project] Volume info retrieved successfully.
Aug 04 16:23:45.607466 dv-cinder-789564-9-smb devstack@c-api.service[100076]: INFO cinder.volume.api [req-18b786f4-5bf7-490a-a2fb-386901c9ccfb req-be1c0206-ac91-4bb9-b249-d8db12f9e1d2 tempest-VolumesTestJSON-138012830 tempest-VolumesTestJSON-138012830-project] Get all volumes completed successfully.
Aug 04 16:23:45.609905 dv-cinder-789564-9-smb devstack@c-api.service[100076]: /usr/local/lib/python3.8/dist-packages/oslo_context/context.py:105: DeprecationWarning: Policy enforcement is depending on the value of is_admin. This key is deprecated. Please update your policy file to use the standard policy values.
Aug 04 16:23:45.609905 dv-cinder-789564-9-smb devstack@c-api.service[100076]: warnings.warn('Policy enforcement is depending on the value of '
Aug 04 16:23:45.625340 dv-cinder-789564-9-smb devstack@c-api.service[100076]: INFO cinder.api.openstack.wsgi [req-18b786f4-5bf7-490a-a2fb-386901c9ccfb req-be1c0206-ac91-4bb9-b249-d8db12f9e1d2 tempest-VolumesTestJSON-138012830 tempest-VolumesTestJSON-138012830-project] http://10.222.0.66/volume/v3/b5d330eb158447d998787c1e55a23e16/volumes/detail returned with HTTP 200
Aug 04 16:23:45.626639 dv-cinder-789564-9-smb devstack@c-api.service[100076]: [pid: 100076|app: 0|req: 52/107] 10.222.0.66 () {60 vars in 1489 bytes} [Wed Aug 4 16:23:45 2021] GET /volume/v3/b5d330eb158447d998787c1e55a23e16/volumes/detail => generated 2748 bytes in 103 msecs (HTTP/1.1 200) 7 headers in 286 bytes (1 switches on core 0)
Aug 04 16:23:45.631254 dv-cinder-789564-9-smb devstack@c-api.service[100076]: INFO cinder.api.openstack.wsgi [None req-c4f328b5-a14d-4cd9-b0c1-f2658e929f58 tempest-GroupsTest-1969912467 tempest-GroupsTest-1969912467-project] GET http://10.222.0.66/volume/v3/64e93202e78a48a6a6089aa0d314ebf6/volumes/detail
Aug 04 16:23:45.631760 dv-cinder-789564-9-smb devstack@c-api.service[100076]: DEBUG cinder.api.openstack.wsgi [None req-c4f328b5-a14d-4cd9-b0c1-f2658e929f58 tempest-GroupsTest-1969912467 tempest-GroupsTest-1969912467-project] Empty body provided in request {{(pid=100076) get_body /opt/stack/cinder/cinder/api/openstack/wsgi.py:703}}
Aug 04 16:23:45.631932 dv-cinder-789564-9-smb devstack@c-api.service[100076]: /usr/local/lib/python3.8/dist-packages/webob/acceptparse.py:1047: DeprecationWarning: The behavior of AcceptValidHeader.best_match is currently being maintained for backward compatibility, but it will be deprecated in the future, as it does not conform to the RFC.
Aug 04 16:23:45.631932 dv-cinder-789564-9-smb devstack@c-api.service[100076]: warnings.warn(
Aug 04 16:23:45.632259 dv-cinder-789564-9-smb devstack@c-api.service[100076]: DEBUG cinder.api.openstack.wsgi [None req-c4f328b5-a14d-4cd9-b0c1-f2658e929f58 tempest-GroupsTest-1969912467 tempest-GroupsTest-1969912467-project] Calling method 'detail' {{(pid=100076) _process_stack /opt/stack/cinder/cinder/api/openstack/wsgi.py:856}}
Aug 04 16:23:45.632805 dv-cinder-789564-9-smb devstack@c-api.service[100076]: DEBUG cinder.api.api_utils [None req-c4f328b5-a14d-4cd9-b0c1-f2658e929f58 tempest-GroupsTest-1969912467 tempest-GroupsTest-1969912467-project] Removing options '' from query. {{(pid=100076) remove_invalid_filter_options /opt/stack/cinder/cinder/api/api_utils.py:73}}
Aug 04 16:23:45.636128 dv-cinder-789564-9-smb devstack@c-api.service[100076]: DEBUG cinder.volume.api [None req-c4f328b5-a14d-4cd9-b0c1-f2658e929f58 tempest-GroupsTest-1969912467 tempest-GroupsTest-1969912467-project] Searching by: MultiDict([('no_migration_targets', True)]). {{(pid=100076) get_all /opt/stack/cinder/cinder/volume/api.py:617}}
Aug 04 16:23:45.647314 dv-cinder-789564-9-smb devstack@c-api.service[100077]: WARNING cinder.quota [None req-8793cafb-79b5-4cba-a518-b77a7de05659 tempest-VolumeRetypeWithoutMigrationTest-398470612 tempest-VolumeRetypeWithoutMigrationTest-398470612-project] Deprecated: Default quota for resource: volumes_volume-type-2 is set by the default quota flag: quota_volumes_volume-type-2, it is now deprecated. Please use the default quota class for default quota.
Aug 04 16:23:45.648410 dv-cinder-789564-9-smb devstack@c-api.service[100077]: WARNING cinder.quota [None req-8793cafb-79b5-4cba-a518-b77a7de05659 tempest-VolumeRetypeWithoutMigrationTest-398470612 tempest-VolumeRetypeWithoutMigrationTest-398470612-project] Deprecated: Default quota for resource: gigabytes_volume-type-2 is set by the default quota flag: quota_gigabytes_volume-type-2, it is now deprecated. Please use the default quota class for default quota.
Aug 04 16:23:45.744609 dv-cinder-789564-9-smb devstack@c-api.service[100076]: INFO cinder.volume.api [None req-c4f328b5-a14d-4cd9-b0c1-f2658e929f58 tempest-GroupsTest-1969912467 tempest-GroupsTest-1969912467-project] Get all volumes completed successfully.
Aug 04 16:23:45.746127 dv-cinder-789564-9-smb devstack@c-api.service[100076]: WARNING stevedore.named [None req-c4f328b5-a14d-4cd9-b0c1-f2658e929f58 tempest-GroupsTest-1969912467 tempest-GroupsTest-1969912467-project] Could not load cinder.keymgr.conf_key_mgr.ConfKeyManager
Aug 04 16:23:45.746560 dv-cinder-789564-9-smb devstack@c-api.service[100076]: WARNING castellan.key_manager [None req-c4f328b5-a14d-4cd9-b0c1-f2658e929f58 tempest-GroupsTest-1969912467 tempest-GroupsTest-1969912467-project] Deprecation Warning : cinder.keymgr.conf_key_mgr.ConfKeyManager is not a stevedore based driver, trying to load it as a class: stevedore.exception.NoMatches: No 'castellan.drivers' driver found, looking for 'cinder.keymgr.conf_key_mgr.ConfKeyManager'
Aug 04 16:23:45.755612 dv-cinder-789564-9-smb devstack@c-api.service[100076]: DEBUG oslo_db.sqlalchemy.engines [None req-c4f328b5-a14d-4cd9-b0c1-f2658e929f58 tempest-GroupsTest-1969912467 tempest-GroupsTest-1969912467-project] MySQL server mode set to STRICT_TRANS_TABLES,STRICT_ALL_TABLES,NO_ZERO_IN_DATE,NO_ZERO_DATE,ERROR_FOR_DIVISION_BY_ZERO,TRADITIONAL,NO_ENGINE_SUBSTITUTION {{(pid=100076) _check_effective_sql_mode /usr/local/lib/python3.8/dist-packages/oslo_db/sqlalchemy/engines.py:314}}
Aug 04 16:23:45.770191 dv-cinder-789564-9-smb devstack@c-api.service[100076]: /usr/local/lib/python3.8/dist-packages/oslo_context/context.py:105: DeprecationWarning: Policy enforcement is depending on the value of is_admin. This key is deprecated. Please update your policy file to use the standard policy values.
Aug 04 16:23:45.770191 dv-cinder-789564-9-smb devstack@c-api.service[100076]: warnings.warn('Policy enforcement is depending on the value of '
Aug 04 16:23:45.791014 dv-cinder-789564-9-smb devstack@c-api.service[100077]: DEBUG cinder.quota [None req-8793cafb-79b5-4cba-a518-b77a7de05659 tempest-VolumeRetypeWithoutMigrationTest-398470612 tempest-VolumeRetypeWithoutMigrationTest-398470612-project] Created reservations ['278dd230-1e47-4499-a1c3-53a0dd2f9c16', '83784a1d-187c-45ef-ad6e-225b12046f06'] {{(pid=100077) reserve /opt/stack/cinder/cinder/quota.py:755}}
Aug 04 16:23:45.793818 dv-cinder-789564-9-smb devstack@c-api.service[100076]: INFO cinder.api.openstack.wsgi [None req-c4f328b5-a14d-4cd9-b0c1-f2658e929f58 tempest-GroupsTest-1969912467 tempest-GroupsTest-1969912467-project] http://10.222.0.66/volume/v3/64e93202e78a48a6a6089aa0d314ebf6/volumes/detail returned with HTTP 200
Aug 04 16:23:45.794931 dv-cinder-789564-9-smb devstack@c-api.service[100076]: [pid: 100076|app: 0|req: 53/108] 10.222.0.66 () {60 vars in 1276 bytes} [Wed Aug 4 16:23:45 2021] GET /volume/v3/64e93202e78a48a6a6089aa0d314ebf6/volumes/detail => generated 975 bytes in 168 msecs (HTTP/1.1 200) 7 headers in 286 bytes (1 switches on core 0)
Aug 04 16:23:45.802710 dv-cinder-789564-9-smb devstack@c-api.service[100076]: INFO cinder.api.openstack.wsgi [None req-adbfa789-6dd7-45e8-b01e-16574a193ded tempest-ExtraSpecsNegativeTest-960337926 tempest-ExtraSpecsNegativeTest-960337926-project-admin] GET http://10.222.0.66/volume/v3/d866b58787714adba482655a505dfe2c/types/7387f09d-2180-412a-9424-0e8d4ea4d06e/extra_specs/nonexistent_extra_spec_name
Aug 04 16:23:45.803364 dv-cinder-789564-9-smb devstack@c-api.service[100076]: DEBUG cinder.api.openstack.wsgi [None req-adbfa789-6dd7-45e8-b01e-16574a193ded tempest-ExtraSpecsNegativeTest-960337926 tempest-ExtraSpecsNegativeTest-960337926-project-admin] Empty body provided in request {{(pid=100076) get_body /opt/stack/cinder/cinder/api/openstack/wsgi.py:703}}
Aug 04 16:23:45.803544 dv-cinder-789564-9-smb devstack@c-api.service[100076]: /usr/local/lib/python3.8/dist-packages/webob/acceptparse.py:1047: DeprecationWarning: The behavior of AcceptValidHeader.best_match is currently being maintained for backward compatibility, but it will be deprecated in the future, as it does not conform to the RFC.
Aug 04 16:23:45.803544 dv-cinder-789564-9-smb devstack@c-api.service[100076]: warnings.warn(
Aug 04 16:23:45.803848 dv-cinder-789564-9-smb devstack@c-api.service[100076]: DEBUG cinder.api.openstack.wsgi [None req-adbfa789-6dd7-45e8-b01e-16574a193ded tempest-ExtraSpecsNegativeTest-960337926 tempest-ExtraSpecsNegativeTest-960337926-project-admin] Calling method 'show' {{(pid=100076) _process_stack /opt/stack/cinder/cinder/api/openstack/wsgi.py:856}}
Aug 04 16:23:45.818245 dv-cinder-789564-9-smb devstack@c-api.service[100076]: INFO cinder.api.openstack.wsgi [None req-adbfa789-6dd7-45e8-b01e-16574a193ded tempest-ExtraSpecsNegativeTest-960337926 tempest-ExtraSpecsNegativeTest-960337926-project-admin] http://10.222.0.66/volume/v3/d866b58787714adba482655a505dfe2c/types/7387f09d-2180-412a-9424-0e8d4ea4d06e/extra_specs/nonexistent_extra_spec_name returned with HTTP 404
Aug 04 16:23:45.818970 dv-cinder-789564-9-smb devstack@c-api.service[100076]: [pid: 100076|app: 0|req: 54/109] 10.222.0.66 () {58 vars in 1439 bytes} [Wed Aug 4 16:23:45 2021] GET /volume/v3/d866b58787714adba482655a505dfe2c/types/7387f09d-2180-412a-9424-0e8d4ea4d06e/extra_specs/nonexistent_extra_spec_name => generated 151 bytes in 23 msecs (HTTP/1.1 404) 7 headers in 292 bytes (1 switches on core 0)
Aug 04 16:23:45.835421 dv-cinder-789564-9-smb devstack@c-api.service[100076]: INFO cinder.api.openstack.wsgi [None req-4e2721e2-481c-481a-8ed0-6031240b80e2 tempest-GroupsTest-1969912467 tempest-GroupsTest-1969912467-project] POST http://10.222.0.66/volume/v3/64e93202e78a48a6a6089aa0d314ebf6/groups/a70e8189-65e8-4cfe-94c4-3d90b702466f/action
Aug 04 16:23:45.839114 dv-cinder-789564-9-smb devstack@c-api.service[100076]: DEBUG cinder.api.openstack.wsgi [None req-4e2721e2-481c-481a-8ed0-6031240b80e2 tempest-GroupsTest-1969912467 tempest-GroupsTest-1969912467-project] Action body: b'{"delete": {"delete-volumes": true}}' {{(pid=100076) get_method /opt/stack/cinder/cinder/api/openstack/wsgi.py:971}}
Aug 04 16:23:45.839615 dv-cinder-789564-9-smb devstack@c-api.service[100076]: DEBUG cinder.api.openstack.wsgi [None req-4e2721e2-481c-481a-8ed0-6031240b80e2 tempest-GroupsTest-1969912467 tempest-GroupsTest-1969912467-project] Action: 'action', calling method: delete_group, body: {"delete": {"delete-volumes": true}} {{(pid=100076) _process_stack /opt/stack/cinder/cinder/api/openstack/wsgi.py:854}}
Aug 04 16:23:45.840667 dv-cinder-789564-9-smb devstack@c-api.service[100076]: DEBUG cinder.api.v3.groups [None req-4e2721e2-481c-481a-8ed0-6031240b80e2 tempest-GroupsTest-1969912467 tempest-GroupsTest-1969912467-project] delete called for group a70e8189-65e8-4cfe-94c4-3d90b702466f {{(pid=100076) _delete /opt/stack/cinder/cinder/api/v3/groups.py:117}}
Aug 04 16:23:45.840831 dv-cinder-789564-9-smb devstack@c-api.service[100076]: INFO cinder.api.v3.groups [None req-4e2721e2-481c-481a-8ed0-6031240b80e2 tempest-GroupsTest-1969912467 tempest-GroupsTest-1969912467-project] Delete group with id: a70e8189-65e8-4cfe-94c4-3d90b702466f
Aug 04 16:23:45.847295 dv-cinder-789564-9-smb devstack@c-api.service[100077]: WARNING cinder.quota [None req-8793cafb-79b5-4cba-a518-b77a7de05659 tempest-VolumeRetypeWithoutMigrationTest-398470612 tempest-VolumeRetypeWithoutMigrationTest-398470612-project] Deprecated: Default quota for resource: volumes_volume-type-1 is set by the default quota flag: quota_volumes_volume-type-1, it is now deprecated. Please use the default quota class for default quota.
Aug 04 16:23:45.850822 dv-cinder-789564-9-smb devstack@c-api.service[100077]: WARNING cinder.quota [None req-8793cafb-79b5-4cba-a518-b77a7de05659 tempest-VolumeRetypeWithoutMigrationTest-398470612 tempest-VolumeRetypeWithoutMigrationTest-398470612-project] Deprecated: Default quota for resource: gigabytes_volume-type-1 is set by the default quota flag: quota_gigabytes_volume-type-1, it is now deprecated. Please use the default quota class for default quota.
Aug 04 16:23:45.853030 dv-cinder-789564-9-smb devstack@c-api.service[100076]: /usr/local/lib/python3.8/dist-packages/oslo_context/context.py:105: DeprecationWarning: Policy enforcement is depending on the value of is_admin. This key is deprecated. Please update your policy file to use the standard policy values.
Aug 04 16:23:45.853030 dv-cinder-789564-9-smb devstack@c-api.service[100076]: warnings.warn('Policy enforcement is depending on the value of '
Aug 04 16:23:45.884846 dv-cinder-789564-9-smb devstack@c-api.service[100077]: DEBUG cinder.quota [None req-8793cafb-79b5-4cba-a518-b77a7de05659 tempest-VolumeRetypeWithoutMigrationTest-398470612 tempest-VolumeRetypeWithoutMigrationTest-398470612-project] Created reservations ['0810ed09-51de-41f6-ae6c-c00ba47ce80d', 'a06adbbb-319e-40cc-8ab2-3e1f94235c63'] {{(pid=100077) reserve /opt/stack/cinder/cinder/quota.py:755}}
Aug 04 16:23:45.890458 dv-cinder-789564-9-smb devstack@c-api.service[100077]: /opt/stack/cinder/cinder/db/sqlalchemy/api.py:2715: SADeprecationWarning: The SelectBase.as_scalar() method is deprecated and will be removed in a future release. Please refer to SelectBase.scalar_subquery(). (deprecated since: 1.4)
Aug 04 16:23:45.890458 dv-cinder-789564-9-smb devstack@c-api.service[100077]: models.VolumeType.qos_specs_id == q.as_scalar())),
Aug 04 16:23:46.003375 dv-cinder-789564-9-smb devstack@c-api.service[100077]: INFO cinder.volume.api [None req-8793cafb-79b5-4cba-a518-b77a7de05659 tempest-VolumeRetypeWithoutMigrationTest-398470612 tempest-VolumeRetypeWithoutMigrationTest-398470612-project] Retype volume request issued successfully.
Aug 04 16:23:46.004096 dv-cinder-789564-9-smb devstack@c-api.service[100077]: INFO cinder.api.openstack.wsgi [None req-8793cafb-79b5-4cba-a518-b77a7de05659 tempest-VolumeRetypeWithoutMigrationTest-398470612 tempest-VolumeRetypeWithoutMigrationTest-398470612-project] http://10.222.0.66/volume/v3/bd727eaabc90405faf07864b8350bffd/volumes/0d1da6be-e0e4-4b2b-9fd2-4bd4e0ba4ba8/action returned with HTTP 202
Aug 04 16:23:46.005062 dv-cinder-789564-9-smb devstack@c-api.service[100077]: [pid: 100077|app: 0|req: 56/110] 10.222.0.66 () {60 vars in 1367 bytes} [Wed Aug 4 16:23:45 2021] POST /volume/v3/bd727eaabc90405faf07864b8350bffd/volumes/0d1da6be-e0e4-4b2b-9fd2-4bd4e0ba4ba8/action => generated 0 bytes in 596 msecs (HTTP/1.1 202) 7 headers in 289 bytes (1 switches on core 0)
Aug 04 16:23:46.011992 dv-cinder-789564-9-smb devstack@c-api.service[100077]: INFO cinder.api.openstack.wsgi [None req-2f8b6919-2425-4a9f-9c92-4e77a22dbb97 tempest-ExtraSpecsNegativeTest-960337926 tempest-ExtraSpecsNegativeTest-960337926-project-admin] GET http://10.222.0.66/volume/v3/d866b58787714adba482655a505dfe2c/types/282683fe-27ef-46db-b25b-f316bda28dbf/extra_specs/spec1
Aug 04 16:23:46.012608 dv-cinder-789564-9-smb devstack@c-api.service[100077]: DEBUG cinder.api.openstack.wsgi [None req-2f8b6919-2425-4a9f-9c92-4e77a22dbb97 tempest-ExtraSpecsNegativeTest-960337926 tempest-ExtraSpecsNegativeTest-960337926-project-admin] Empty body provided in request {{(pid=100077) get_body /opt/stack/cinder/cinder/api/openstack/wsgi.py:703}}
Aug 04 16:23:46.012929 dv-cinder-789564-9-smb devstack@c-api.service[100077]: /usr/local/lib/python3.8/dist-packages/webob/acceptparse.py:1047: DeprecationWarning: The behavior of AcceptValidHeader.best_match is currently being maintained for backward compatibility, but it will be deprecated in the future, as it does not conform to the RFC.
Aug 04 16:23:46.012929 dv-cinder-789564-9-smb devstack@c-api.service[100077]: warnings.warn(
Aug 04 16:23:46.013551 dv-cinder-789564-9-smb devstack@c-api.service[100077]: DEBUG cinder.api.openstack.wsgi [None req-2f8b6919-2425-4a9f-9c92-4e77a22dbb97 tempest-ExtraSpecsNegativeTest-960337926 tempest-ExtraSpecsNegativeTest-960337926-project-admin] Calling method 'show' {{(pid=100077) _process_stack /opt/stack/cinder/cinder/api/openstack/wsgi.py:856}}
Aug 04 16:23:46.014382 dv-cinder-789564-9-smb devstack@c-api.service[100077]: /usr/local/lib/python3.8/dist-packages/oslo_context/context.py:105: DeprecationWarning: Policy enforcement is depending on the value of is_admin. This key is deprecated. Please update your policy file to use the standard policy values.
Aug 04 16:23:46.014382 dv-cinder-789564-9-smb devstack@c-api.service[100077]: warnings.warn('Policy enforcement is depending on the value of '
Aug 04 16:23:46.022180 dv-cinder-789564-9-smb devstack@c-api.service[100077]: INFO cinder.api.openstack.wsgi [None req-2f8b6919-2425-4a9f-9c92-4e77a22dbb97 tempest-ExtraSpecsNegativeTest-960337926 tempest-ExtraSpecsNegativeTest-960337926-project-admin] http://10.222.0.66/volume/v3/d866b58787714adba482655a505dfe2c/types/282683fe-27ef-46db-b25b-f316bda28dbf/extra_specs/spec1 returned with HTTP 404
Aug 04 16:23:46.024538 dv-cinder-789564-9-smb devstack@c-api.service[100077]: [pid: 100077|app: 0|req: 57/111] 10.222.0.66 () {58 vars in 1373 bytes} [Wed Aug 4 16:23:46 2021] GET /volume/v3/d866b58787714adba482655a505dfe2c/types/282683fe-27ef-46db-b25b-f316bda28dbf/extra_specs/spec1 => generated 114 bytes in 19 msecs (HTTP/1.1 404) 7 headers in 292 bytes (1 switches on core 0)
Aug 04 16:23:46.030100 dv-cinder-789564-9-smb devstack@c-api.service[100077]: INFO cinder.api.openstack.wsgi [req-db8ad108-5c18-4e28-a19c-74f7ef8a0416 req-83b68c2a-2ea7-4090-8fe3-ded1c93c868a tempest-VolumesTestJSON-138012830 tempest-VolumesTestJSON-138012830-project] GET http://10.222.0.66/volume/v3/b5d330eb158447d998787c1e55a23e16/volumes/detail
Aug 04 16:23:46.031069 dv-cinder-789564-9-smb devstack@c-api.service[100077]: DEBUG cinder.api.openstack.wsgi [req-db8ad108-5c18-4e28-a19c-74f7ef8a0416 req-83b68c2a-2ea7-4090-8fe3-ded1c93c868a tempest-VolumesTestJSON-138012830 tempest-VolumesTestJSON-138012830-project] Empty body provided in request {{(pid=100077) get_body /opt/stack/cinder/cinder/api/openstack/wsgi.py:703}}
Aug 04 16:23:46.036818 dv-cinder-789564-9-smb devstack@c-api.service[100077]: DEBUG cinder.api.openstack.wsgi [req-db8ad108-5c18-4e28-a19c-74f7ef8a0416 req-83b68c2a-2ea7-4090-8fe3-ded1c93c868a tempest-VolumesTestJSON-138012830 tempest-VolumesTestJSON-138012830-project] Calling method 'detail' {{(pid=100077) _process_stack /opt/stack/cinder/cinder/api/openstack/wsgi.py:856}}
Aug 04 16:23:46.040012 dv-cinder-789564-9-smb devstack@c-api.service[100077]: DEBUG cinder.api.api_utils [req-db8ad108-5c18-4e28-a19c-74f7ef8a0416 req-83b68c2a-2ea7-4090-8fe3-ded1c93c868a tempest-VolumesTestJSON-138012830 tempest-VolumesTestJSON-138012830-project] Removing options '' from query. {{(pid=100077) remove_invalid_filter_options /opt/stack/cinder/cinder/api/api_utils.py:73}}
Aug 04 16:23:46.045836 dv-cinder-789564-9-smb devstack@c-api.service[100077]: DEBUG cinder.volume.api [req-db8ad108-5c18-4e28-a19c-74f7ef8a0416 req-83b68c2a-2ea7-4090-8fe3-ded1c93c868a tempest-VolumesTestJSON-138012830 tempest-VolumesTestJSON-138012830-project] Searching by: MultiDict([('no_migration_targets', True)]). {{(pid=100077) get_all /opt/stack/cinder/cinder/volume/api.py:617}}
Aug 04 16:23:46.095319 dv-cinder-789564-9-smb devstack@c-api.service[100076]: INFO cinder.api.openstack.wsgi [None req-4e2721e2-481c-481a-8ed0-6031240b80e2 tempest-GroupsTest-1969912467 tempest-GroupsTest-1969912467-project] http://10.222.0.66/volume/v3/64e93202e78a48a6a6089aa0d314ebf6/groups/a70e8189-65e8-4cfe-94c4-3d90b702466f/action returned with HTTP 202
Aug 04 16:23:46.097111 dv-cinder-789564-9-smb devstack@c-api.service[100076]: [pid: 100076|app: 0|req: 55/112] 10.222.0.66 () {62 vars in 1405 bytes} [Wed Aug 4 16:23:45 2021] POST /volume/v3/64e93202e78a48a6a6089aa0d314ebf6/groups/a70e8189-65e8-4cfe-94c4-3d90b702466f/action => generated 0 bytes in 277 msecs (HTTP/1.1 202) 6 headers in 234 bytes (1 switches on core 0)
Aug 04 16:23:46.105733 dv-cinder-789564-9-smb devstack@c-api.service[100076]: INFO cinder.api.openstack.wsgi [None req-84d51767-711e-4a86-a46b-9c6677d2bcbd tempest-VolumeRetypeWithoutMigrationTest-398470612 tempest-VolumeRetypeWithoutMigrationTest-398470612-project] GET http://10.222.0.66/volume/v3/bd727eaabc90405faf07864b8350bffd/volumes/0d1da6be-e0e4-4b2b-9fd2-4bd4e0ba4ba8
Aug 04 16:23:46.112957 dv-cinder-789564-9-smb devstack@c-api.service[100076]: DEBUG cinder.api.openstack.wsgi [None req-84d51767-711e-4a86-a46b-9c6677d2bcbd tempest-VolumeRetypeWithoutMigrationTest-398470612 tempest-VolumeRetypeWithoutMigrationTest-398470612-project] Empty body provided in request {{(pid=100076) get_body /opt/stack/cinder/cinder/api/openstack/wsgi.py:703}}
Aug 04 16:23:46.114035 dv-cinder-789564-9-smb devstack@c-api.service[100076]: /usr/local/lib/python3.8/dist-packages/webob/acceptparse.py:1047: DeprecationWarning: The behavior of AcceptValidHeader.best_match is currently being maintained for backward compatibility, but it will be deprecated in the future, as it does not conform to the RFC.
Aug 04 16:23:46.114035 dv-cinder-789564-9-smb devstack@c-api.service[100076]: warnings.warn(
Aug 04 16:23:46.115490 dv-cinder-789564-9-smb devstack@c-api.service[100076]: DEBUG cinder.api.openstack.wsgi [None req-84d51767-711e-4a86-a46b-9c6677d2bcbd tempest-VolumeRetypeWithoutMigrationTest-398470612 tempest-VolumeRetypeWithoutMigrationTest-398470612-project] Calling method 'show' {{(pid=100076) _process_stack /opt/stack/cinder/cinder/api/openstack/wsgi.py:856}}
Aug 04 16:23:46.147881 dv-cinder-789564-9-smb devstack@c-api.service[100077]: INFO cinder.volume.api [req-db8ad108-5c18-4e28-a19c-74f7ef8a0416 req-83b68c2a-2ea7-4090-8fe3-ded1c93c868a tempest-VolumesTestJSON-138012830 tempest-VolumesTestJSON-138012830-project] Get all volumes completed successfully.
Aug 04 16:23:46.151546 dv-cinder-789564-9-smb devstack@c-api.service[100077]: /usr/local/lib/python3.8/dist-packages/oslo_context/context.py:105: DeprecationWarning: Policy enforcement is depending on the value of is_admin. This key is deprecated. Please update your policy file to use the standard policy values.
Aug 04 16:23:46.151546 dv-cinder-789564-9-smb devstack@c-api.service[100077]: warnings.warn('Policy enforcement is depending on the value of '
Aug 04 16:23:46.167826 dv-cinder-789564-9-smb devstack@c-api.service[100076]: /usr/local/lib/python3.8/dist-packages/oslo_context/context.py:105: DeprecationWarning: Policy enforcement is depending on the value of is_admin. This key is deprecated. Please update your policy file to use the standard policy values.
Aug 04 16:23:46.167826 dv-cinder-789564-9-smb devstack@c-api.service[100076]: warnings.warn('Policy enforcement is depending on the value of '
Aug 04 16:23:46.194151 dv-cinder-789564-9-smb devstack@c-api.service[100076]: INFO cinder.volume.api [None req-84d51767-711e-4a86-a46b-9c6677d2bcbd tempest-VolumeRetypeWithoutMigrationTest-398470612 tempest-VolumeRetypeWithoutMigrationTest-398470612-project] Volume info retrieved successfully.
Aug 04 16:23:46.200400 dv-cinder-789564-9-smb devstack@c-api.service[100077]: INFO cinder.api.openstack.wsgi [req-db8ad108-5c18-4e28-a19c-74f7ef8a0416 req-83b68c2a-2ea7-4090-8fe3-ded1c93c868a tempest-VolumesTestJSON-138012830 tempest-VolumesTestJSON-138012830-project] http://10.222.0.66/volume/v3/b5d330eb158447d998787c1e55a23e16/volumes/detail returned with HTTP 200
Aug 04 16:23:46.205364 dv-cinder-789564-9-smb devstack@c-api.service[100077]: [pid: 100077|app: 0|req: 58/113] 10.222.0.66 () {60 vars in 1489 bytes} [Wed Aug 4 16:23:46 2021] GET /volume/v3/b5d330eb158447d998787c1e55a23e16/volumes/detail => generated 2748 bytes in 180 msecs (HTTP/1.1 200) 7 headers in 286 bytes (1 switches on core 0)
Aug 04 16:23:46.226312 dv-cinder-789564-9-smb devstack@c-api.service[100077]: INFO cinder.api.openstack.wsgi [None req-db419cf1-149d-43a0-b5ba-3bc51ffd5410 tempest-ExtraSpecsNegativeTest-960337926 tempest-ExtraSpecsNegativeTest-960337926-project-admin] GET http://10.222.0.66/volume/v3/d866b58787714adba482655a505dfe2c/types/572197c5-2b5f-4ae9-bfa8-fd356516f138/extra_specs
Aug 04 16:23:46.230038 dv-cinder-789564-9-smb devstack@c-api.service[100077]: DEBUG cinder.api.openstack.wsgi [None req-db419cf1-149d-43a0-b5ba-3bc51ffd5410 tempest-ExtraSpecsNegativeTest-960337926 tempest-ExtraSpecsNegativeTest-960337926-project-admin] Empty body provided in request {{(pid=100077) get_body /opt/stack/cinder/cinder/api/openstack/wsgi.py:703}}
Aug 04 16:23:46.237699 dv-cinder-789564-9-smb devstack@c-api.service[100077]: /usr/local/lib/python3.8/dist-packages/webob/acceptparse.py:1047: DeprecationWarning: The behavior of AcceptValidHeader.best_match is currently being maintained for backward compatibility, but it will be deprecated in the future, as it does not conform to the RFC.
Aug 04 16:23:46.237699 dv-cinder-789564-9-smb devstack@c-api.service[100077]: warnings.warn(
Aug 04 16:23:46.239018 dv-cinder-789564-9-smb devstack@c-api.service[100077]: DEBUG cinder.api.openstack.wsgi [None req-db419cf1-149d-43a0-b5ba-3bc51ffd5410 tempest-ExtraSpecsNegativeTest-960337926 tempest-ExtraSpecsNegativeTest-960337926-project-admin] Calling method 'index' {{(pid=100077) _process_stack /opt/stack/cinder/cinder/api/openstack/wsgi.py:856}}
Aug 04 16:23:46.257172 dv-cinder-789564-9-smb devstack@c-api.service[100077]: INFO cinder.api.openstack.wsgi [None req-db419cf1-149d-43a0-b5ba-3bc51ffd5410 tempest-ExtraSpecsNegativeTest-960337926 tempest-ExtraSpecsNegativeTest-960337926-project-admin] http://10.222.0.66/volume/v3/d866b58787714adba482655a505dfe2c/types/572197c5-2b5f-4ae9-bfa8-fd356516f138/extra_specs returned with HTTP 404
Aug 04 16:23:46.265890 dv-cinder-789564-9-smb devstack@c-api.service[100077]: [pid: 100077|app: 0|req: 59/114] 10.222.0.66 () {58 vars in 1355 bytes} [Wed Aug 4 16:23:46 2021] GET /volume/v3/d866b58787714adba482655a505dfe2c/types/572197c5-2b5f-4ae9-bfa8-fd356516f138/extra_specs => generated 114 bytes in 58 msecs (HTTP/1.1 404) 7 headers in 292 bytes (1 switches on core 0)
Aug 04 16:23:46.279372 dv-cinder-789564-9-smb devstack@c-api.service[100076]: INFO cinder.api.openstack.wsgi [None req-84d51767-711e-4a86-a46b-9c6677d2bcbd tempest-VolumeRetypeWithoutMigrationTest-398470612 tempest-VolumeRetypeWithoutMigrationTest-398470612-project] http://10.222.0.66/volume/v3/bd727eaabc90405faf07864b8350bffd/volumes/0d1da6be-e0e4-4b2b-9fd2-4bd4e0ba4ba8 returned with HTTP 200
Aug 04 16:23:46.280119 dv-cinder-789564-9-smb devstack@c-api.service[100077]: INFO cinder.api.openstack.wsgi [None req-12a26f08-4ab5-4451-baa7-d07db6c54cae tempest-GroupsTest-1969912467 tempest-GroupsTest-1969912467-project] GET http://10.222.0.66/volume/v3/64e93202e78a48a6a6089aa0d314ebf6/volumes/aa1506e3-ba47-4251-8e43-29eec535a3e8
Aug 04 16:23:46.280838 dv-cinder-789564-9-smb devstack@c-api.service[100077]: DEBUG cinder.api.openstack.wsgi [None req-12a26f08-4ab5-4451-baa7-d07db6c54cae tempest-GroupsTest-1969912467 tempest-GroupsTest-1969912467-project] Empty body provided in request {{(pid=100077) get_body /opt/stack/cinder/cinder/api/openstack/wsgi.py:703}}
