Aug 04 16:24:53.989321 dv-cinder-789564-9-iscsi devstack@c-api.service[100147]: DEBUG oslo_db.sqlalchemy.engines [None req-399d72db-8515-40fb-aede-d9204515ec94 tempest-GroupsTest-1193162076 tempest-GroupsTest-1193162076-project] MySQL server mode set to STRICT_TRANS_TABLES,STRICT_ALL_TABLES,NO_ZERO_IN_DATE,NO_ZERO_DATE,ERROR_FOR_DIVISION_BY_ZERO,TRADITIONAL,NO_ENGINE_SUBSTITUTION {{(pid=100147) _check_effective_sql_mode /usr/local/lib/python3.8/dist-packages/oslo_db/sqlalchemy/engines.py:314}}
Aug 04 16:24:53.994425 dv-cinder-789564-9-iscsi devstack@c-api.service[100147]: /usr/local/lib/python3.8/dist-packages/oslo_context/context.py:105: DeprecationWarning: Policy enforcement is depending on the value of is_admin. This key is deprecated. Please update your policy file to use the standard policy values.
Aug 04 16:24:53.994425 dv-cinder-789564-9-iscsi devstack@c-api.service[100147]: warnings.warn('Policy enforcement is depending on the value of '
Aug 04 16:24:54.016593 dv-cinder-789564-9-iscsi devstack@c-api.service[100147]: INFO cinder.api.openstack.wsgi [None req-399d72db-8515-40fb-aede-d9204515ec94 tempest-GroupsTest-1193162076 tempest-GroupsTest-1193162076-project] http://10.222.0.77/volume/v3/af8585ce404143119a859f2fdec35c42/volumes/7b4eded6-5bb2-4324-9fc7-e63b2528a730 returned with HTTP 200
Aug 04 16:24:54.016593 dv-cinder-789564-9-iscsi devstack@c-api.service[100147]: [pid: 100147|app: 0|req: 160/336] 10.222.0.77 () {60 vars in 1366 bytes} [Wed Aug 4 16:24:53 2021] GET /volume/v3/af8585ce404143119a859f2fdec35c42/volumes/7b4eded6-5bb2-4324-9fc7-e63b2528a730 => generated 984 bytes in 62 msecs (HTTP/1.1 200) 7 headers in 286 bytes (1 switches on core 0)
Aug 04 16:24:54.120099 dv-cinder-789564-9-iscsi devstack@c-api.service[100148]: INFO cinder.api.openstack.wsgi [None req-4aedbe7d-92b9-45a8-9b1b-966f7f2f3385 tempest-VolumeQuotaClassesTest-1656503310 tempest-VolumeQuotaClassesTest-1656503310-project-admin] GET http://10.222.0.77/volume/v3/0d0c353628384f3bb5586e740337973e/os-quota-class-sets/default
Aug 04 16:24:54.120771 dv-cinder-789564-9-iscsi devstack@c-api.service[100148]: DEBUG cinder.api.openstack.wsgi [None req-4aedbe7d-92b9-45a8-9b1b-966f7f2f3385 tempest-VolumeQuotaClassesTest-1656503310 tempest-VolumeQuotaClassesTest-1656503310-project-admin] Empty body provided in request {{(pid=100148) get_body /opt/stack/cinder/cinder/api/openstack/wsgi.py:703}}
Aug 04 16:24:54.121041 dv-cinder-789564-9-iscsi devstack@c-api.service[100148]: /usr/local/lib/python3.8/dist-packages/webob/acceptparse.py:1047: DeprecationWarning: The behavior of AcceptValidHeader.best_match is currently being maintained for backward compatibility, but it will be deprecated in the future, as it does not conform to the RFC.
Aug 04 16:24:54.121041 dv-cinder-789564-9-iscsi devstack@c-api.service[100148]: warnings.warn(
Aug 04 16:24:54.121601 dv-cinder-789564-9-iscsi devstack@c-api.service[100148]: DEBUG cinder.api.openstack.wsgi [None req-4aedbe7d-92b9-45a8-9b1b-966f7f2f3385 tempest-VolumeQuotaClassesTest-1656503310 tempest-VolumeQuotaClassesTest-1656503310-project-admin] Calling method 'show' {{(pid=100148) _process_stack /opt/stack/cinder/cinder/api/openstack/wsgi.py:856}}
Aug 04 16:24:54.146199 dv-cinder-789564-9-iscsi devstack@c-api.service[100148]: INFO cinder.api.openstack.wsgi [None req-4aedbe7d-92b9-45a8-9b1b-966f7f2f3385 tempest-VolumeQuotaClassesTest-1656503310 tempest-VolumeQuotaClassesTest-1656503310-project-admin] http://10.222.0.77/volume/v3/0d0c353628384f3bb5586e740337973e/os-quota-class-sets/default returned with HTTP 200
Aug 04 16:24:54.146940 dv-cinder-789564-9-iscsi devstack@c-api.service[100148]: [pid: 100148|app: 0|req: 177/337] 10.222.0.77 () {58 vars in 1274 bytes} [Wed Aug 4 16:24:54 2021] GET /volume/v3/0d0c353628384f3bb5586e740337973e/os-quota-class-sets/default => generated 689 bytes in 129 msecs (HTTP/1.1 200) 7 headers in 285 bytes (1 switches on core 0)
Aug 04 16:24:54.163619 dv-cinder-789564-9-iscsi devstack@c-api.service[100147]: INFO cinder.api.openstack.wsgi [None req-bea2b60a-0b8e-4783-abe1-b25b6f94380c tempest-VolumeQuotaClassesTest-1656503310 tempest-VolumeQuotaClassesTest-1656503310-project-admin] GET http://10.222.0.77/volume/v3/0d0c353628384f3bb5586e740337973e/os-quota-class-sets/default
Aug 04 16:24:54.164203 dv-cinder-789564-9-iscsi devstack@c-api.service[100147]: DEBUG cinder.api.openstack.wsgi [None req-bea2b60a-0b8e-4783-abe1-b25b6f94380c tempest-VolumeQuotaClassesTest-1656503310 tempest-VolumeQuotaClassesTest-1656503310-project-admin] Empty body provided in request {{(pid=100147) get_body /opt/stack/cinder/cinder/api/openstack/wsgi.py:703}}
Aug 04 16:24:54.164398 dv-cinder-789564-9-iscsi devstack@c-api.service[100147]: /usr/local/lib/python3.8/dist-packages/webob/acceptparse.py:1047: DeprecationWarning: The behavior of AcceptValidHeader.best_match is currently being maintained for backward compatibility, but it will be deprecated in the future, as it does not conform to the RFC.
Aug 04 16:24:54.164398 dv-cinder-789564-9-iscsi devstack@c-api.service[100147]: warnings.warn(
Aug 04 16:24:54.164810 dv-cinder-789564-9-iscsi devstack@c-api.service[100147]: DEBUG cinder.api.openstack.wsgi [None req-bea2b60a-0b8e-4783-abe1-b25b6f94380c tempest-VolumeQuotaClassesTest-1656503310 tempest-VolumeQuotaClassesTest-1656503310-project-admin] Calling method 'show' {{(pid=100147) _process_stack /opt/stack/cinder/cinder/api/openstack/wsgi.py:856}}
Aug 04 16:24:54.190178 dv-cinder-789564-9-iscsi devstack@c-api.service[100147]: INFO cinder.api.openstack.wsgi [None req-bea2b60a-0b8e-4783-abe1-b25b6f94380c tempest-VolumeQuotaClassesTest-1656503310 tempest-VolumeQuotaClassesTest-1656503310-project-admin] http://10.222.0.77/volume/v3/0d0c353628384f3bb5586e740337973e/os-quota-class-sets/default returned with HTTP 200
Aug 04 16:24:54.192088 dv-cinder-789564-9-iscsi devstack@c-api.service[100147]: [pid: 100147|app: 0|req: 161/338] 10.222.0.77 () {58 vars in 1274 bytes} [Wed Aug 4 16:24:54 2021] GET /volume/v3/0d0c353628384f3bb5586e740337973e/os-quota-class-sets/default => generated 689 bytes in 36 msecs (HTTP/1.1 200) 7 headers in 285 bytes (1 switches on core 0)
Aug 04 16:24:54.200502 dv-cinder-789564-9-iscsi devstack@c-api.service[100148]: INFO cinder.api.openstack.wsgi [None req-e8a45ae8-6cfa-4d1b-9c5f-1896317d5bb0 tempest-VolumeQuotaClassesTest-1656503310 tempest-VolumeQuotaClassesTest-1656503310-project-admin] POST http://10.222.0.77/volume/v3/0d0c353628384f3bb5586e740337973e/types
Aug 04 16:24:54.201353 dv-cinder-789564-9-iscsi devstack@c-api.service[100148]: DEBUG cinder.api.openstack.wsgi [None req-e8a45ae8-6cfa-4d1b-9c5f-1896317d5bb0 tempest-VolumeQuotaClassesTest-1656503310 tempest-VolumeQuotaClassesTest-1656503310-project-admin] Action: 'create', calling method: _create, body: {"volume_type": {"name": "tempest-VolumeQuotaClassesTest-volume-type-386471028"}} {{(pid=100148) _process_stack /opt/stack/cinder/cinder/api/openstack/wsgi.py:854}}
Aug 04 16:24:54.226952 dv-cinder-789564-9-iscsi devstack@c-api.service[100148]: INFO cinder.api.openstack.wsgi [None req-e8a45ae8-6cfa-4d1b-9c5f-1896317d5bb0 tempest-VolumeQuotaClassesTest-1656503310 tempest-VolumeQuotaClassesTest-1656503310-project-admin] http://10.222.0.77/volume/v3/0d0c353628384f3bb5586e740337973e/types returned with HTTP 200
Aug 04 16:24:54.227696 dv-cinder-789564-9-iscsi devstack@c-api.service[100148]: [pid: 100148|app: 0|req: 178/339] 10.222.0.77 () {60 vars in 1229 bytes} [Wed Aug 4 16:24:54 2021] POST /volume/v3/0d0c353628384f3bb5586e740337973e/types => generated 227 bytes in 31 msecs (HTTP/1.1 200) 7 headers in 285 bytes (1 switches on core 0)
Aug 04 16:24:54.239122 dv-cinder-789564-9-iscsi devstack@c-api.service[100147]: INFO cinder.api.openstack.wsgi [None req-2dc9a23f-f4c9-457b-86f2-eaab8c74f2b1 tempest-VolumeQuotaClassesTest-1656503310 tempest-VolumeQuotaClassesTest-1656503310-project-admin] PUT http://10.222.0.77/volume/v3/0d0c353628384f3bb5586e740337973e/os-quota-class-sets/default
Aug 04 16:24:54.240047 dv-cinder-789564-9-iscsi devstack@c-api.service[100147]: DEBUG cinder.api.openstack.wsgi [None req-2dc9a23f-f4c9-457b-86f2-eaab8c74f2b1 tempest-VolumeQuotaClassesTest-1656503310 tempest-VolumeQuotaClassesTest-1656503310-project-admin] Action: 'update', calling method: update, body: {"quota_class_set": {"volumes": 11, "per_volume_gigabytes": -1, "snapshots": 11, "gigabytes": 1001, "backups": 11, "backup_gigabytes": 1001, "volumes_tempest-VolumeQuotaClassesTest-volume-type-386471028": 9, "snapshots_tempest-VolumeQuotaClassesTest-volume-type-386471028": 3, "gigabytes_tempest-VolumeQuotaClassesTest-volume-type-386471028": 8}} {{(pid=100147) _process_stack /opt/stack/cinder/cinder/api/openstack/wsgi.py:854}}
Aug 04 16:24:54.263570 dv-cinder-789564-9-iscsi devstack@c-api.service[100148]: INFO cinder.api.openstack.wsgi [None req-07ffd41a-ccca-4461-b4c4-234d5229cba9 tempest-DeleteServersTestJSON-2093615247 tempest-DeleteServersTestJSON-2093615247-project] GET http://10.222.0.77/volume/v3/3850dad1624c4086936f0a56a723b980/volumes/e4ebcc79-4409-4016-a420-eee6fa661fbb
Aug 04 16:24:54.264269 dv-cinder-789564-9-iscsi devstack@c-api.service[100148]: DEBUG cinder.api.openstack.wsgi [None req-07ffd41a-ccca-4461-b4c4-234d5229cba9 tempest-DeleteServersTestJSON-2093615247 tempest-DeleteServersTestJSON-2093615247-project] Empty body provided in request {{(pid=100148) get_body /opt/stack/cinder/cinder/api/openstack/wsgi.py:703}}
Aug 04 16:24:54.268045 dv-cinder-789564-9-iscsi devstack@c-api.service[100148]: DEBUG cinder.api.openstack.wsgi [None req-07ffd41a-ccca-4461-b4c4-234d5229cba9 tempest-DeleteServersTestJSON-2093615247 tempest-DeleteServersTestJSON-2093615247-project] Calling method 'show' {{(pid=100148) _process_stack /opt/stack/cinder/cinder/api/openstack/wsgi.py:856}}
Aug 04 16:24:54.283147 dv-cinder-789564-9-iscsi devstack@c-api.service[100148]: /usr/local/lib/python3.8/dist-packages/oslo_context/context.py:105: DeprecationWarning: Policy enforcement is depending on the value of is_admin. This key is deprecated. Please update your policy file to use the standard policy values.
Aug 04 16:24:54.283147 dv-cinder-789564-9-iscsi devstack@c-api.service[100148]: warnings.warn('Policy enforcement is depending on the value of '
Aug 04 16:24:54.298797 dv-cinder-789564-9-iscsi devstack@c-api.service[100148]: INFO cinder.volume.api [None req-07ffd41a-ccca-4461-b4c4-234d5229cba9 tempest-DeleteServersTestJSON-2093615247 tempest-DeleteServersTestJSON-2093615247-project] Volume info retrieved successfully.
Aug 04 16:24:54.310200 dv-cinder-789564-9-iscsi devstack@c-api.service[100148]: /usr/local/lib/python3.8/dist-packages/oslo_context/context.py:105: DeprecationWarning: Policy enforcement is depending on the value of is_admin. This key is deprecated. Please update your policy file to use the standard policy values.
Aug 04 16:24:54.310200 dv-cinder-789564-9-iscsi devstack@c-api.service[100148]: warnings.warn('Policy enforcement is depending on the value of '
Aug 04 16:24:54.331095 dv-cinder-789564-9-iscsi devstack@c-api.service[100148]: INFO cinder.api.openstack.wsgi [None req-07ffd41a-ccca-4461-b4c4-234d5229cba9 tempest-DeleteServersTestJSON-2093615247 tempest-DeleteServersTestJSON-2093615247-project] http://10.222.0.77/volume/v3/3850dad1624c4086936f0a56a723b980/volumes/e4ebcc79-4409-4016-a420-eee6fa661fbb returned with HTTP 200
Aug 04 16:24:54.340412 dv-cinder-789564-9-iscsi devstack@c-api.service[100148]: [pid: 100148|app: 0|req: 179/340] 10.222.0.77 () {58 vars in 1325 bytes} [Wed Aug 4 16:24:54 2021] GET /volume/v3/3850dad1624c4086936f0a56a723b980/volumes/e4ebcc79-4409-4016-a420-eee6fa661fbb => generated 913 bytes in 81 msecs (HTTP/1.1 200) 7 headers in 285 bytes (1 switches on core 0)
Aug 04 16:24:54.423709 dv-cinder-789564-9-iscsi devstack@c-api.service[100147]: INFO cinder.api.openstack.wsgi [None req-2dc9a23f-f4c9-457b-86f2-eaab8c74f2b1 tempest-VolumeQuotaClassesTest-1656503310 tempest-VolumeQuotaClassesTest-1656503310-project-admin] http://10.222.0.77/volume/v3/0d0c353628384f3bb5586e740337973e/os-quota-class-sets/default returned with HTTP 200
Aug 04 16:24:54.429848 dv-cinder-789564-9-iscsi devstack@c-api.service[100147]: [pid: 100147|app: 0|req: 162/341] 10.222.0.77 () {60 vars in 1295 bytes} [Wed Aug 4 16:24:54 2021] PUT /volume/v3/0d0c353628384f3bb5586e740337973e/os-quota-class-sets/default => generated 877 bytes in 192 msecs (HTTP/1.1 200) 7 headers in 285 bytes (1 switches on core 0)
Aug 04 16:24:54.436105 dv-cinder-789564-9-iscsi devstack@c-api.service[100148]: INFO cinder.api.openstack.wsgi [None req-1b2593d7-c4ff-4dde-b0e4-ef932e8bba97 tempest-VolumeQuotaClassesTest-1656503310 tempest-VolumeQuotaClassesTest-1656503310-project-admin] GET http://10.222.0.77/volume/v3/0d0c353628384f3bb5586e740337973e/os-quota-sets/0d0c353628384f3bb5586e740337973e/defaults
Aug 04 16:24:54.436722 dv-cinder-789564-9-iscsi devstack@c-api.service[100148]: DEBUG cinder.api.openstack.wsgi [None req-1b2593d7-c4ff-4dde-b0e4-ef932e8bba97 tempest-VolumeQuotaClassesTest-1656503310 tempest-VolumeQuotaClassesTest-1656503310-project-admin] Empty body provided in request {{(pid=100148) get_body /opt/stack/cinder/cinder/api/openstack/wsgi.py:703}}
Aug 04 16:24:54.437085 dv-cinder-789564-9-iscsi devstack@c-api.service[100148]: /usr/local/lib/python3.8/dist-packages/webob/acceptparse.py:1047: DeprecationWarning: The behavior of AcceptValidHeader.best_match is currently being maintained for backward compatibility, but it will be deprecated in the future, as it does not conform to the RFC.
Aug 04 16:24:54.437085 dv-cinder-789564-9-iscsi devstack@c-api.service[100148]: warnings.warn(
Aug 04 16:24:54.437936 dv-cinder-789564-9-iscsi devstack@c-api.service[100148]: DEBUG cinder.api.openstack.wsgi [None req-1b2593d7-c4ff-4dde-b0e4-ef932e8bba97 tempest-VolumeQuotaClassesTest-1656503310 tempest-VolumeQuotaClassesTest-1656503310-project-admin] Calling method 'defaults' {{(pid=100148) _process_stack /opt/stack/cinder/cinder/api/openstack/wsgi.py:856}}
Aug 04 16:24:54.460468 dv-cinder-789564-9-iscsi devstack@c-api.service[100148]: WARNING cinder.quota [None req-1b2593d7-c4ff-4dde-b0e4-ef932e8bba97 tempest-VolumeQuotaClassesTest-1656503310 tempest-VolumeQuotaClassesTest-1656503310-project-admin] Deprecated: Default quota for resource: snapshots_tempest-GroupsTest-volume-type-1161216792 is set by the default quota flag: quota_snapshots_tempest-GroupsTest-volume-type-1161216792, it is now deprecated. Please use the default quota class for default quota.
Aug 04 16:24:54.462035 dv-cinder-789564-9-iscsi devstack@c-api.service[100148]: WARNING cinder.quota [None req-1b2593d7-c4ff-4dde-b0e4-ef932e8bba97 tempest-VolumeQuotaClassesTest-1656503310 tempest-VolumeQuotaClassesTest-1656503310-project-admin] Deprecated: Default quota for resource: volumes_tempest-GroupsTest-volume-type-591572031 is set by the default quota flag: quota_volumes_tempest-GroupsTest-volume-type-591572031, it is now deprecated. Please use the default quota class for default quota.
Aug 04 16:24:54.463520 dv-cinder-789564-9-iscsi devstack@c-api.service[100148]: WARNING cinder.quota [None req-1b2593d7-c4ff-4dde-b0e4-ef932e8bba97 tempest-VolumeQuotaClassesTest-1656503310 tempest-VolumeQuotaClassesTest-1656503310-project-admin] Deprecated: Default quota for resource: gigabytes_tempest-GroupsTest-volume-type-591572031 is set by the default quota flag: quota_gigabytes_tempest-GroupsTest-volume-type-591572031, it is now deprecated. Please use the default quota class for default quota.
Aug 04 16:24:54.465082 dv-cinder-789564-9-iscsi devstack@c-api.service[100148]: WARNING cinder.quota [None req-1b2593d7-c4ff-4dde-b0e4-ef932e8bba97 tempest-VolumeQuotaClassesTest-1656503310 tempest-VolumeQuotaClassesTest-1656503310-project-admin] Deprecated: Default quota for resource: snapshots_tempest-GroupsTest-volume-type-591572031 is set by the default quota flag: quota_snapshots_tempest-GroupsTest-volume-type-591572031, it is now deprecated. Please use the default quota class for default quota.
Aug 04 16:24:54.466609 dv-cinder-789564-9-iscsi devstack@c-api.service[100148]: WARNING cinder.quota [None req-1b2593d7-c4ff-4dde-b0e4-ef932e8bba97 tempest-VolumeQuotaClassesTest-1656503310 tempest-VolumeQuotaClassesTest-1656503310-project-admin] Deprecated: Default quota for resource: volumes_lvmdriver-1 is set by the default quota flag: quota_volumes_lvmdriver-1, it is now deprecated. Please use the default quota class for default quota.
Aug 04 16:24:54.468493 dv-cinder-789564-9-iscsi devstack@c-api.service[100148]: WARNING cinder.quota [None req-1b2593d7-c4ff-4dde-b0e4-ef932e8bba97 tempest-VolumeQuotaClassesTest-1656503310 tempest-VolumeQuotaClassesTest-1656503310-project-admin] Deprecated: Default quota for resource: gigabytes_lvmdriver-1 is set by the default quota flag: quota_gigabytes_lvmdriver-1, it is now deprecated. Please use the default quota class for default quota.
Aug 04 16:24:54.469617 dv-cinder-789564-9-iscsi devstack@c-api.service[100148]: WARNING cinder.quota [None req-1b2593d7-c4ff-4dde-b0e4-ef932e8bba97 tempest-VolumeQuotaClassesTest-1656503310 tempest-VolumeQuotaClassesTest-1656503310-project-admin] Deprecated: Default quota for resource: snapshots_lvmdriver-1 is set by the default quota flag: quota_snapshots_lvmdriver-1, it is now deprecated. Please use the default quota class for default quota.
Aug 04 16:24:54.478903 dv-cinder-789564-9-iscsi devstack@c-api.service[100148]: INFO cinder.api.openstack.wsgi [None req-1b2593d7-c4ff-4dde-b0e4-ef932e8bba97 tempest-VolumeQuotaClassesTest-1656503310 tempest-VolumeQuotaClassesTest-1656503310-project-admin] http://10.222.0.77/volume/v3/0d0c353628384f3bb5586e740337973e/os-quota-sets/0d0c353628384f3bb5586e740337973e/defaults returned with HTTP 200
Aug 04 16:24:54.479584 dv-cinder-789564-9-iscsi devstack@c-api.service[100148]: [pid: 100148|app: 0|req: 180/342] 10.222.0.77 () {58 vars in 1358 bytes} [Wed Aug 4 16:24:54 2021] GET /volume/v3/0d0c353628384f3bb5586e740337973e/os-quota-sets/0d0c353628384f3bb5586e740337973e/defaults => generated 913 bytes in 49 msecs (HTTP/1.1 200) 7 headers in 285 bytes (1 switches on core 0)
Aug 04 16:24:54.690754 dv-cinder-789564-9-iscsi devstack@c-api.service[100147]: INFO cinder.api.openstack.wsgi [None req-863315b8-635c-4454-b057-5ad671ef7e56 tempest-VolumeQuotaClassesTest-1656503310 tempest-VolumeQuotaClassesTest-1656503310-project-admin] GET http://10.222.0.77/volume/v3/0d0c353628384f3bb5586e740337973e/os-quota-sets/fcef8272cbda4cdba38ad3865d40867f/defaults
Aug 04 16:24:54.691293 dv-cinder-789564-9-iscsi devstack@c-api.service[100148]: INFO cinder.api.openstack.wsgi [None req-76899141-5cc9-4629-8222-56443f903e7b tempest-AttachVolumeNegativeTest-1739549815 tempest-AttachVolumeNegativeTest-1739549815-project] GET http://10.222.0.77/volume/v3/814ea84104dd4ee1b125cc8688bffd7b/volumes/dbb51ea9-50dc-4f17-acdd-11b374c91a8c
Aug 04 16:24:54.691918 dv-cinder-789564-9-iscsi devstack@c-api.service[100147]: DEBUG cinder.api.openstack.wsgi [None req-863315b8-635c-4454-b057-5ad671ef7e56 tempest-VolumeQuotaClassesTest-1656503310 tempest-VolumeQuotaClassesTest-1656503310-project-admin] Empty body provided in request {{(pid=100147) get_body /opt/stack/cinder/cinder/api/openstack/wsgi.py:703}}
Aug 04 16:24:54.692035 dv-cinder-789564-9-iscsi devstack@c-api.service[100148]: DEBUG cinder.api.openstack.wsgi [None req-76899141-5cc9-4629-8222-56443f903e7b tempest-AttachVolumeNegativeTest-1739549815 tempest-AttachVolumeNegativeTest-1739549815-project] Empty body provided in request {{(pid=100148) get_body /opt/stack/cinder/cinder/api/openstack/wsgi.py:703}}
Aug 04 16:24:54.692575 dv-cinder-789564-9-iscsi devstack@c-api.service[100148]: DEBUG cinder.api.openstack.wsgi [None req-76899141-5cc9-4629-8222-56443f903e7b tempest-AttachVolumeNegativeTest-1739549815 tempest-AttachVolumeNegativeTest-1739549815-project] Calling method 'show' {{(pid=100148) _process_stack /opt/stack/cinder/cinder/api/openstack/wsgi.py:856}}
Aug 04 16:24:54.692768 dv-cinder-789564-9-iscsi devstack@c-api.service[100147]: DEBUG cinder.api.openstack.wsgi [None req-863315b8-635c-4454-b057-5ad671ef7e56 tempest-VolumeQuotaClassesTest-1656503310 tempest-VolumeQuotaClassesTest-1656503310-project-admin] Calling method 'defaults' {{(pid=100147) _process_stack /opt/stack/cinder/cinder/api/openstack/wsgi.py:856}}
Aug 04 16:24:54.707106 dv-cinder-789564-9-iscsi devstack@c-api.service[100147]: WARNING cinder.quota [None req-863315b8-635c-4454-b057-5ad671ef7e56 tempest-VolumeQuotaClassesTest-1656503310 tempest-VolumeQuotaClassesTest-1656503310-project-admin] Deprecated: Default quota for resource: snapshots_tempest-GroupsTest-volume-type-1161216792 is set by the default quota flag: quota_snapshots_tempest-GroupsTest-volume-type-1161216792, it is now deprecated. Please use the default quota class for default quota.
Aug 04 16:24:54.708696 dv-cinder-789564-9-iscsi devstack@c-api.service[100148]: /usr/local/lib/python3.8/dist-packages/oslo_context/context.py:105: DeprecationWarning: Policy enforcement is depending on the value of is_admin. This key is deprecated. Please update your policy file to use the standard policy values.
Aug 04 16:24:54.708696 dv-cinder-789564-9-iscsi devstack@c-api.service[100148]: warnings.warn('Policy enforcement is depending on the value of '
Aug 04 16:24:54.709220 dv-cinder-789564-9-iscsi devstack@c-api.service[100147]: WARNING cinder.quota [None req-863315b8-635c-4454-b057-5ad671ef7e56 tempest-VolumeQuotaClassesTest-1656503310 tempest-VolumeQuotaClassesTest-1656503310-project-admin] Deprecated: Default quota for resource: snapshots_tempest-GroupsTest-volume-type-591572031 is set by the default quota flag: quota_snapshots_tempest-GroupsTest-volume-type-591572031, it is now deprecated. Please use the default quota class for default quota.
Aug 04 16:24:54.710619 dv-cinder-789564-9-iscsi devstack@c-api.service[100147]: WARNING cinder.quota [None req-863315b8-635c-4454-b057-5ad671ef7e56 tempest-VolumeQuotaClassesTest-1656503310 tempest-VolumeQuotaClassesTest-1656503310-project-admin] Deprecated: Default quota for resource: volumes_lvmdriver-1 is set by the default quota flag: quota_volumes_lvmdriver-1, it is now deprecated. Please use the default quota class for default quota.
Aug 04 16:24:54.711646 dv-cinder-789564-9-iscsi devstack@c-api.service[100147]: WARNING cinder.quota [None req-863315b8-635c-4454-b057-5ad671ef7e56 tempest-VolumeQuotaClassesTest-1656503310 tempest-VolumeQuotaClassesTest-1656503310-project-admin] Deprecated: Default quota for resource: gigabytes_lvmdriver-1 is set by the default quota flag: quota_gigabytes_lvmdriver-1, it is now deprecated. Please use the default quota class for default quota.
Aug 04 16:24:54.712642 dv-cinder-789564-9-iscsi devstack@c-api.service[100147]: WARNING cinder.quota [None req-863315b8-635c-4454-b057-5ad671ef7e56 tempest-VolumeQuotaClassesTest-1656503310 tempest-VolumeQuotaClassesTest-1656503310-project-admin] Deprecated: Default quota for resource: snapshots_lvmdriver-1 is set by the default quota flag: quota_snapshots_lvmdriver-1, it is now deprecated. Please use the default quota class for default quota.
Aug 04 16:24:54.718381 dv-cinder-789564-9-iscsi devstack@c-api.service[100148]: INFO cinder.volume.api [None req-76899141-5cc9-4629-8222-56443f903e7b tempest-AttachVolumeNegativeTest-1739549815 tempest-AttachVolumeNegativeTest-1739549815-project] Volume info retrieved successfully.
Aug 04 16:24:54.720260 dv-cinder-789564-9-iscsi devstack@c-api.service[100147]: INFO cinder.api.openstack.wsgi [None req-863315b8-635c-4454-b057-5ad671ef7e56 tempest-VolumeQuotaClassesTest-1656503310 tempest-VolumeQuotaClassesTest-1656503310-project-admin] http://10.222.0.77/volume/v3/0d0c353628384f3bb5586e740337973e/os-quota-sets/fcef8272cbda4cdba38ad3865d40867f/defaults returned with HTTP 200
Aug 04 16:24:54.725733 dv-cinder-789564-9-iscsi devstack@c-api.service[100147]: [pid: 100147|app: 0|req: 163/343] 10.222.0.77 () {58 vars in 1358 bytes} [Wed Aug 4 16:24:54 2021] GET /volume/v3/0d0c353628384f3bb5586e740337973e/os-quota-sets/fcef8272cbda4cdba38ad3865d40867f/defaults => generated 913 bytes in 36 msecs (HTTP/1.1 200) 7 headers in 285 bytes (1 switches on core 0)
Aug 04 16:24:54.732382 dv-cinder-789564-9-iscsi devstack@c-api.service[100148]: /usr/local/lib/python3.8/dist-packages/oslo_context/context.py:105: DeprecationWarning: Policy enforcement is depending on the value of is_admin. This key is deprecated. Please update your policy file to use the standard policy values.
Aug 04 16:24:54.732382 dv-cinder-789564-9-iscsi devstack@c-api.service[100148]: warnings.warn('Policy enforcement is depending on the value of '
Aug 04 16:24:54.741871 dv-cinder-789564-9-iscsi devstack@c-api.service[100148]: INFO cinder.api.openstack.wsgi [None req-76899141-5cc9-4629-8222-56443f903e7b tempest-AttachVolumeNegativeTest-1739549815 tempest-AttachVolumeNegativeTest-1739549815-project] http://10.222.0.77/volume/v3/814ea84104dd4ee1b125cc8688bffd7b/volumes/dbb51ea9-50dc-4f17-acdd-11b374c91a8c returned with HTTP 200
Aug 04 16:24:54.743272 dv-cinder-789564-9-iscsi devstack@c-api.service[100148]: [pid: 100148|app: 0|req: 181/344] 10.222.0.77 () {58 vars in 1325 bytes} [Wed Aug 4 16:24:54 2021] GET /volume/v3/814ea84104dd4ee1b125cc8688bffd7b/volumes/dbb51ea9-50dc-4f17-acdd-11b374c91a8c => generated 916 bytes in 57 msecs (HTTP/1.1 200) 7 headers in 285 bytes (1 switches on core 0)
Aug 04 16:24:54.853821 dv-cinder-789564-9-iscsi devstack@c-api.service[100147]: INFO cinder.api.openstack.wsgi [None req-7e7399df-31f7-4a26-b095-783f29b5170d tempest-VolumeQuotaClassesTest-1656503310 tempest-VolumeQuotaClassesTest-1656503310-project-admin] PUT http://10.222.0.77/volume/v3/0d0c353628384f3bb5586e740337973e/os-quota-class-sets/default
Aug 04 16:24:54.854813 dv-cinder-789564-9-iscsi devstack@c-api.service[100147]: DEBUG cinder.api.openstack.wsgi [None req-7e7399df-31f7-4a26-b095-783f29b5170d tempest-VolumeQuotaClassesTest-1656503310 tempest-VolumeQuotaClassesTest-1656503310-project-admin] Action: 'update', calling method: update, body: {"quota_class_set": {"volumes": 10, "per_volume_gigabytes": -1, "snapshots": 10, "gigabytes": 1000, "backups": 10, "backup_gigabytes": 1000}} {{(pid=100147) _process_stack /opt/stack/cinder/cinder/api/openstack/wsgi.py:854}}
Aug 04 16:24:54.926131 dv-cinder-789564-9-iscsi devstack@c-api.service[100148]: INFO cinder.api.openstack.wsgi [None req-8db9c4ef-1295-435b-a1fd-c25d7dcf9c2a tempest-SnapshotMetadataTestJSON-795785193 tempest-SnapshotMetadataTestJSON-795785193-project] GET http://10.222.0.77/volume/v3/f6fb9f25bea24782bc002a02c607e64a/snapshots/0d5ddde5-e411-4740-9aed-f05036d89d3e
Aug 04 16:24:54.926901 dv-cinder-789564-9-iscsi devstack@c-api.service[100148]: DEBUG cinder.api.openstack.wsgi [None req-8db9c4ef-1295-435b-a1fd-c25d7dcf9c2a tempest-SnapshotMetadataTestJSON-795785193 tempest-SnapshotMetadataTestJSON-795785193-project] Empty body provided in request {{(pid=100148) get_body /opt/stack/cinder/cinder/api/openstack/wsgi.py:703}}
Aug 04 16:24:54.926901 dv-cinder-789564-9-iscsi devstack@c-api.service[100148]: /usr/local/lib/python3.8/dist-packages/webob/acceptparse.py:1047: DeprecationWarning: The behavior of AcceptValidHeader.best_match is currently being maintained for backward compatibility, but it will be deprecated in the future, as it does not conform to the RFC.
Aug 04 16:24:54.926901 dv-cinder-789564-9-iscsi devstack@c-api.service[100148]: warnings.warn(
Aug 04 16:24:54.927212 dv-cinder-789564-9-iscsi devstack@c-api.service[100148]: DEBUG cinder.api.openstack.wsgi [None req-8db9c4ef-1295-435b-a1fd-c25d7dcf9c2a tempest-SnapshotMetadataTestJSON-795785193 tempest-SnapshotMetadataTestJSON-795785193-project] Calling method 'show' {{(pid=100148) _process_stack /opt/stack/cinder/cinder/api/openstack/wsgi.py:856}}
Aug 04 16:24:54.938613 dv-cinder-789564-9-iscsi devstack@c-api.service[100148]: /usr/local/lib/python3.8/dist-packages/oslo_context/context.py:105: DeprecationWarning: Policy enforcement is depending on the value of is_admin. This key is deprecated. Please update your policy file to use the standard policy values.
Aug 04 16:24:54.938613 dv-cinder-789564-9-iscsi devstack@c-api.service[100148]: warnings.warn('Policy enforcement is depending on the value of '
Aug 04 16:24:54.939940 dv-cinder-789564-9-iscsi devstack@c-api.service[100148]: INFO cinder.volume.api [None req-8db9c4ef-1295-435b-a1fd-c25d7dcf9c2a tempest-SnapshotMetadataTestJSON-795785193 tempest-SnapshotMetadataTestJSON-795785193-project] Snapshot retrieved successfully.
Aug 04 16:24:54.942133 dv-cinder-789564-9-iscsi devstack@c-api.service[100148]: INFO cinder.api.openstack.wsgi [None req-8db9c4ef-1295-435b-a1fd-c25d7dcf9c2a tempest-SnapshotMetadataTestJSON-795785193 tempest-SnapshotMetadataTestJSON-795785193-project] http://10.222.0.77/volume/v3/f6fb9f25bea24782bc002a02c607e64a/snapshots/0d5ddde5-e411-4740-9aed-f05036d89d3e returned with HTTP 200
Aug 04 16:24:54.943340 dv-cinder-789564-9-iscsi devstack@c-api.service[100148]: [pid: 100148|app: 0|req: 182/345] 10.222.0.77 () {58 vars in 1331 bytes} [Wed Aug 4 16:24:54 2021] GET /volume/v3/f6fb9f25bea24782bc002a02c607e64a/snapshots/0d5ddde5-e411-4740-9aed-f05036d89d3e => generated 469 bytes in 22 msecs (HTTP/1.1 200) 7 headers in 285 bytes (2 switches on core 0)
Aug 04 16:24:54.965939 dv-cinder-789564-9-iscsi devstack@c-api.service[100148]: INFO cinder.api.openstack.wsgi [None req-f17f31c7-e002-4ae8-8faf-f630991fc5c1 tempest-SnapshotMetadataTestJSON-795785193 tempest-SnapshotMetadataTestJSON-795785193-project] POST http://10.222.0.77/volume/v3/f6fb9f25bea24782bc002a02c607e64a/snapshots/0d5ddde5-e411-4740-9aed-f05036d89d3e/metadata
Aug 04 16:24:54.967204 dv-cinder-789564-9-iscsi devstack@c-api.service[100148]: /usr/local/lib/python3.8/dist-packages/webob/acceptparse.py:1047: DeprecationWarning: The behavior of AcceptValidHeader.best_match is currently being maintained for backward compatibility, but it will be deprecated in the future, as it does not conform to the RFC.
Aug 04 16:24:54.967204 dv-cinder-789564-9-iscsi devstack@c-api.service[100148]: warnings.warn(
Aug 04 16:24:54.967635 dv-cinder-789564-9-iscsi devstack@c-api.service[100148]: DEBUG cinder.api.openstack.wsgi [None req-f17f31c7-e002-4ae8-8faf-f630991fc5c1 tempest-SnapshotMetadataTestJSON-795785193 tempest-SnapshotMetadataTestJSON-795785193-project] Action: 'create', calling method: create, body: {"metadata": {"key1": "value1", "key2": "value2", "key3": "value3"}} {{(pid=100148) _process_stack /opt/stack/cinder/cinder/api/openstack/wsgi.py:854}}
Aug 04 16:24:54.981788 dv-cinder-789564-9-iscsi devstack@c-api.service[100148]: /usr/local/lib/python3.8/dist-packages/oslo_context/context.py:105: DeprecationWarning: Policy enforcement is depending on the value of is_admin. This key is deprecated. Please update your policy file to use the standard policy values.
Aug 04 16:24:54.981788 dv-cinder-789564-9-iscsi devstack@c-api.service[100148]: warnings.warn('Policy enforcement is depending on the value of '
Aug 04 16:24:54.983048 dv-cinder-789564-9-iscsi devstack@c-api.service[100148]: INFO cinder.volume.api [None req-f17f31c7-e002-4ae8-8faf-f630991fc5c1 tempest-SnapshotMetadataTestJSON-795785193 tempest-SnapshotMetadataTestJSON-795785193-project] Snapshot retrieved successfully.
Aug 04 16:24:55.026265 dv-cinder-789564-9-iscsi devstack@c-api.service[100147]: INFO cinder.api.openstack.wsgi [None req-7e7399df-31f7-4a26-b095-783f29b5170d tempest-VolumeQuotaClassesTest-1656503310 tempest-VolumeQuotaClassesTest-1656503310-project-admin] http://10.222.0.77/volume/v3/0d0c353628384f3bb5586e740337973e/os-quota-class-sets/default returned with HTTP 200
Aug 04 16:24:55.034226 dv-cinder-789564-9-iscsi devstack@c-api.service[100147]: [pid: 100147|app: 0|req: 164/346] 10.222.0.77 () {60 vars in 1295 bytes} [Wed Aug 4 16:24:54 2021] PUT /volume/v3/0d0c353628384f3bb5586e740337973e/os-quota-class-sets/default => generated 877 bytes in 183 msecs (HTTP/1.1 200) 7 headers in 285 bytes (1 switches on core 0)
Aug 04 16:24:55.037622 dv-cinder-789564-9-iscsi devstack@c-api.service[100147]: INFO cinder.api.openstack.wsgi [None req-72221b71-eff0-4671-91f3-42355dd88a87 tempest-GroupsTest-1193162076 tempest-GroupsTest-1193162076-project] GET http://10.222.0.77/volume/v3/af8585ce404143119a859f2fdec35c42/volumes/7b4eded6-5bb2-4324-9fc7-e63b2528a730
Aug 04 16:24:55.039694 dv-cinder-789564-9-iscsi devstack@c-api.service[100147]: DEBUG cinder.api.openstack.wsgi [None req-72221b71-eff0-4671-91f3-42355dd88a87 tempest-GroupsTest-1193162076 tempest-GroupsTest-1193162076-project] Empty body provided in request {{(pid=100147) get_body /opt/stack/cinder/cinder/api/openstack/wsgi.py:703}}
Aug 04 16:24:55.040198 dv-cinder-789564-9-iscsi devstack@c-api.service[100147]: DEBUG cinder.api.openstack.wsgi [None req-72221b71-eff0-4671-91f3-42355dd88a87 tempest-GroupsTest-1193162076 tempest-GroupsTest-1193162076-project] Calling method 'show' {{(pid=100147) _process_stack /opt/stack/cinder/cinder/api/openstack/wsgi.py:856}}
Aug 04 16:24:55.041255 dv-cinder-789564-9-iscsi devstack@c-api.service[100148]: INFO cinder.volume.api [None req-f17f31c7-e002-4ae8-8faf-f630991fc5c1 tempest-SnapshotMetadataTestJSON-795785193 tempest-SnapshotMetadataTestJSON-795785193-project] Update snapshot metadata completed successfully.
Aug 04 16:24:55.041907 dv-cinder-789564-9-iscsi devstack@c-api.service[100148]: INFO cinder.api.openstack.wsgi [None req-f17f31c7-e002-4ae8-8faf-f630991fc5c1 tempest-SnapshotMetadataTestJSON-795785193 tempest-SnapshotMetadataTestJSON-795785193-project] http://10.222.0.77/volume/v3/f6fb9f25bea24782bc002a02c607e64a/snapshots/0d5ddde5-e411-4740-9aed-f05036d89d3e/metadata returned with HTTP 200
Aug 04 16:24:55.042794 dv-cinder-789564-9-iscsi devstack@c-api.service[100148]: [pid: 100148|app: 0|req: 183/347] 10.222.0.77 () {60 vars in 1379 bytes} [Wed Aug 4 16:24:54 2021] POST /volume/v3/f6fb9f25bea24782bc002a02c607e64a/snapshots/0d5ddde5-e411-4740-9aed-f05036d89d3e/metadata => generated 68 bytes in 82 msecs (HTTP/1.1 200) 7 headers in 284 bytes (1 switches on core 0)
Aug 04 16:24:55.050103 dv-cinder-789564-9-iscsi devstack@c-api.service[100148]: INFO cinder.api.openstack.wsgi [None req-3bc4f501-e565-4742-b69e-593c576f0e98 tempest-VolumeQuotaClassesTest-1656503310 tempest-VolumeQuotaClassesTest-1656503310-project-admin] DELETE http://10.222.0.77/volume/v3/0d0c353628384f3bb5586e740337973e/types/b79481b7-e426-4ff7-832e-e0f3999ba922
Aug 04 16:24:55.050794 dv-cinder-789564-9-iscsi devstack@c-api.service[100148]: DEBUG cinder.api.openstack.wsgi [None req-3bc4f501-e565-4742-b69e-593c576f0e98 tempest-VolumeQuotaClassesTest-1656503310 tempest-VolumeQuotaClassesTest-1656503310-project-admin] Empty body provided in request {{(pid=100148) get_body /opt/stack/cinder/cinder/api/openstack/wsgi.py:703}}
Aug 04 16:24:55.051106 dv-cinder-789564-9-iscsi devstack@c-api.service[100148]: /usr/local/lib/python3.8/dist-packages/webob/acceptparse.py:1047: DeprecationWarning: The behavior of AcceptValidHeader.best_match is currently being maintained for backward compatibility, but it will be deprecated in the future, as it does not conform to the RFC.
Aug 04 16:24:55.051106 dv-cinder-789564-9-iscsi devstack@c-api.service[100148]: warnings.warn(
Aug 04 16:24:55.052225 dv-cinder-789564-9-iscsi devstack@c-api.service[100148]: DEBUG cinder.api.openstack.wsgi [None req-3bc4f501-e565-4742-b69e-593c576f0e98 tempest-VolumeQuotaClassesTest-1656503310 tempest-VolumeQuotaClassesTest-1656503310-project-admin] Calling method '_delete' {{(pid=100148) _process_stack /opt/stack/cinder/cinder/api/openstack/wsgi.py:856}}
Aug 04 16:24:55.063371 dv-cinder-789564-9-iscsi devstack@c-api.service[100147]: INFO cinder.api.openstack.wsgi [None req-72221b71-eff0-4671-91f3-42355dd88a87 tempest-GroupsTest-1193162076 tempest-GroupsTest-1193162076-project] http://10.222.0.77/volume/v3/af8585ce404143119a859f2fdec35c42/volumes/7b4eded6-5bb2-4324-9fc7-e63b2528a730 returned with HTTP 404
Aug 04 16:24:55.064536 dv-cinder-789564-9-iscsi devstack@c-api.service[100147]: [pid: 100147|app: 0|req: 165/348] 10.222.0.77 () {60 vars in 1366 bytes} [Wed Aug 4 16:24:55 2021] GET /volume/v3/af8585ce404143119a859f2fdec35c42/volumes/7b4eded6-5bb2-4324-9fc7-e63b2528a730 => generated 109 bytes in 32 msecs (HTTP/1.1 404) 7 headers in 293 bytes (1 switches on core 0)
Aug 04 16:24:55.071882 dv-cinder-789564-9-iscsi devstack@c-api.service[100147]: INFO cinder.api.openstack.wsgi [None req-cb4e1140-c832-4b50-a1cd-783f21f410e9 tempest-SnapshotMetadataTestJSON-795785193 tempest-SnapshotMetadataTestJSON-795785193-project] GET http://10.222.0.77/volume/v3/f6fb9f25bea24782bc002a02c607e64a/snapshots/0d5ddde5-e411-4740-9aed-f05036d89d3e/metadata
Aug 04 16:24:55.072625 dv-cinder-789564-9-iscsi devstack@c-api.service[100147]: DEBUG cinder.api.openstack.wsgi [None req-cb4e1140-c832-4b50-a1cd-783f21f410e9 tempest-SnapshotMetadataTestJSON-795785193 tempest-SnapshotMetadataTestJSON-795785193-project] Empty body provided in request {{(pid=100147) get_body /opt/stack/cinder/cinder/api/openstack/wsgi.py:703}}
Aug 04 16:24:55.073184 dv-cinder-789564-9-iscsi devstack@c-api.service[100147]: DEBUG cinder.api.openstack.wsgi [None req-cb4e1140-c832-4b50-a1cd-783f21f410e9 tempest-SnapshotMetadataTestJSON-795785193 tempest-SnapshotMetadataTestJSON-795785193-project] Calling method 'index' {{(pid=100147) _process_stack /opt/stack/cinder/cinder/api/openstack/wsgi.py:856}}
Aug 04 16:24:55.087831 dv-cinder-789564-9-iscsi devstack@c-api.service[100147]: /usr/local/lib/python3.8/dist-packages/oslo_context/context.py:105: DeprecationWarning: Policy enforcement is depending on the value of is_admin. This key is deprecated. Please update your policy file to use the standard policy values.
Aug 04 16:24:55.087831 dv-cinder-789564-9-iscsi devstack@c-api.service[100147]: warnings.warn('Policy enforcement is depending on the value of '
Aug 04 16:24:55.089329 dv-cinder-789564-9-iscsi devstack@c-api.service[100147]: INFO cinder.volume.api [None req-cb4e1140-c832-4b50-a1cd-783f21f410e9 tempest-SnapshotMetadataTestJSON-795785193 tempest-SnapshotMetadataTestJSON-795785193-project] Snapshot retrieved successfully.
Aug 04 16:24:55.092325 dv-cinder-789564-9-iscsi devstack@c-api.service[100147]: INFO cinder.volume.api [None req-cb4e1140-c832-4b50-a1cd-783f21f410e9 tempest-SnapshotMetadataTestJSON-795785193 tempest-SnapshotMetadataTestJSON-795785193-project] Get snapshot metadata completed successfully.
Aug 04 16:24:55.093642 dv-cinder-789564-9-iscsi devstack@c-api.service[100147]: INFO cinder.api.openstack.wsgi [None req-cb4e1140-c832-4b50-a1cd-783f21f410e9 tempest-SnapshotMetadataTestJSON-795785193 tempest-SnapshotMetadataTestJSON-795785193-project] http://10.222.0.77/volume/v3/f6fb9f25bea24782bc002a02c607e64a/snapshots/0d5ddde5-e411-4740-9aed-f05036d89d3e/metadata returned with HTTP 200
Aug 04 16:24:55.095098 dv-cinder-789564-9-iscsi devstack@c-api.service[100147]: [pid: 100147|app: 0|req: 166/349] 10.222.0.77 () {58 vars in 1358 bytes} [Wed Aug 4 16:24:55 2021] GET /volume/v3/f6fb9f25bea24782bc002a02c607e64a/snapshots/0d5ddde5-e411-4740-9aed-f05036d89d3e/metadata => generated 68 bytes in 30 msecs (HTTP/1.1 200) 7 headers in 284 bytes (1 switches on core 0)
Aug 04 16:24:55.103404 dv-cinder-789564-9-iscsi devstack@c-api.service[100147]: INFO cinder.api.openstack.wsgi [None req-10d33b07-eead-4021-bfdb-3dc955ac2858 tempest-GroupsTest-1193162076 tempest-GroupsTest-1193162076-project] GET http://10.222.0.77/volume/v3/af8585ce404143119a859f2fdec35c42/volumes/860ef007-ff8f-4272-aecc-503a23f8101a
Aug 04 16:24:55.104103 dv-cinder-789564-9-iscsi devstack@c-api.service[100147]: DEBUG cinder.api.openstack.wsgi [None req-10d33b07-eead-4021-bfdb-3dc955ac2858 tempest-GroupsTest-1193162076 tempest-GroupsTest-1193162076-project] Empty body provided in request {{(pid=100147) get_body /opt/stack/cinder/cinder/api/openstack/wsgi.py:703}}
Aug 04 16:24:55.104414 dv-cinder-789564-9-iscsi devstack@c-api.service[100147]: /usr/local/lib/python3.8/dist-packages/webob/acceptparse.py:1047: DeprecationWarning: The behavior of AcceptValidHeader.best_match is currently being maintained for backward compatibility, but it will be deprecated in the future, as it does not conform to the RFC.
Aug 04 16:24:55.104414 dv-cinder-789564-9-iscsi devstack@c-api.service[100147]: warnings.warn(
Aug 04 16:24:55.105127 dv-cinder-789564-9-iscsi devstack@c-api.service[100147]: DEBUG cinder.api.openstack.wsgi [None req-10d33b07-eead-4021-bfdb-3dc955ac2858 tempest-GroupsTest-1193162076 tempest-GroupsTest-1193162076-project] Calling method 'show' {{(pid=100147) _process_stack /opt/stack/cinder/cinder/api/openstack/wsgi.py:856}}
Aug 04 16:24:55.117701 dv-cinder-789564-9-iscsi devstack@c-api.service[100148]: INFO cinder.api.openstack.wsgi [None req-3bc4f501-e565-4742-b69e-593c576f0e98 tempest-VolumeQuotaClassesTest-1656503310 tempest-VolumeQuotaClassesTest-1656503310-project-admin] http://10.222.0.77/volume/v3/0d0c353628384f3bb5586e740337973e/types/b79481b7-e426-4ff7-832e-e0f3999ba922 returned with HTTP 202
Aug 04 16:24:55.118903 dv-cinder-789564-9-iscsi devstack@c-api.service[100148]: [pid: 100148|app: 0|req: 184/350] 10.222.0.77 () {58 vars in 1322 bytes} [Wed Aug 4 16:24:55 2021] DELETE /volume/v3/0d0c353628384f3bb5586e740337973e/types/b79481b7-e426-4ff7-832e-e0f3999ba922 => generated 0 bytes in 75 msecs (HTTP/1.1 202) 6 headers in 233 bytes (1 switches on core 0)
Aug 04 16:24:55.119037 dv-cinder-789564-9-iscsi devstack@c-api.service[100147]: INFO cinder.api.openstack.wsgi [None req-10d33b07-eead-4021-bfdb-3dc955ac2858 tempest-GroupsTest-1193162076 tempest-GroupsTest-1193162076-project] http://10.222.0.77/volume/v3/af8585ce404143119a859f2fdec35c42/volumes/860ef007-ff8f-4272-aecc-503a23f8101a returned with HTTP 404
Aug 04 16:24:55.123143 dv-cinder-789564-9-iscsi devstack@c-api.service[100147]: [pid: 100147|app: 0|req: 167/351] 10.222.0.77 () {60 vars in 1366 bytes} [Wed Aug 4 16:24:55 2021] GET /volume/v3/af8585ce404143119a859f2fdec35c42/volumes/860ef007-ff8f-4272-aecc-503a23f8101a => generated 109 bytes in 22 msecs (HTTP/1.1 404) 7 headers in 293 bytes (1 switches on core 0)
Aug 04 16:24:55.125713 dv-cinder-789564-9-iscsi devstack@c-api.service[100148]: INFO cinder.api.openstack.wsgi [None req-adaed88e-d1cb-4e39-97f1-8de24f7aec8c tempest-SnapshotMetadataTestJSON-795785193 tempest-SnapshotMetadataTestJSON-795785193-project] PUT http://10.222.0.77/volume/v3/f6fb9f25bea24782bc002a02c607e64a/snapshots/0d5ddde5-e411-4740-9aed-f05036d89d3e/metadata
Aug 04 16:24:55.126545 dv-cinder-789564-9-iscsi devstack@c-api.service[100148]: DEBUG cinder.api.openstack.wsgi [None req-adaed88e-d1cb-4e39-97f1-8de24f7aec8c tempest-SnapshotMetadataTestJSON-795785193 tempest-SnapshotMetadataTestJSON-795785193-project] Action: 'update_all', calling method: update_all, body: {"metadata": {"key3": "value3_update", "key4": "value4"}} {{(pid=100148) _process_stack /opt/stack/cinder/cinder/api/openstack/wsgi.py:854}}
Aug 04 16:24:55.126869 dv-cinder-789564-9-iscsi devstack@c-api.service[100147]: INFO cinder.api.openstack.wsgi [None req-bf922e22-468c-4daf-b49d-6051eba3b615 tempest-VolumeQuotaClassesTest-1656503310 tempest-VolumeQuotaClassesTest-1656503310-project-admin] GET http://10.222.0.77/volume/v3/0d0c353628384f3bb5586e740337973e/types/b79481b7-e426-4ff7-832e-e0f3999ba922
Aug 04 16:24:55.127401 dv-cinder-789564-9-iscsi devstack@c-api.service[100147]: DEBUG cinder.api.openstack.wsgi [None req-bf922e22-468c-4daf-b49d-6051eba3b615 tempest-VolumeQuotaClassesTest-1656503310 tempest-VolumeQuotaClassesTest-1656503310-project-admin] Empty body provided in request {{(pid=100147) get_body /opt/stack/cinder/cinder/api/openstack/wsgi.py:703}}
Aug 04 16:24:55.127899 dv-cinder-789564-9-iscsi devstack@c-api.service[100147]: DEBUG cinder.api.openstack.wsgi [None req-bf922e22-468c-4daf-b49d-6051eba3b615 tempest-VolumeQuotaClassesTest-1656503310 tempest-VolumeQuotaClassesTest-1656503310-project-admin] Calling method 'show' {{(pid=100147) _process_stack /opt/stack/cinder/cinder/api/openstack/wsgi.py:856}}
Aug 04 16:24:55.133428 dv-cinder-789564-9-iscsi devstack@c-api.service[100147]: INFO cinder.api.openstack.wsgi [None req-bf922e22-468c-4daf-b49d-6051eba3b615 tempest-VolumeQuotaClassesTest-1656503310 tempest-VolumeQuotaClassesTest-1656503310-project-admin] http://10.222.0.77/volume/v3/0d0c353628384f3bb5586e740337973e/types/b79481b7-e426-4ff7-832e-e0f3999ba922 returned with HTTP 404
Aug 04 16:24:55.134476 dv-cinder-789564-9-iscsi devstack@c-api.service[100147]: [pid: 100147|app: 0|req: 168/352] 10.222.0.77 () {58 vars in 1319 bytes} [Wed Aug 4 16:24:55 2021] GET /volume/v3/0d0c353628384f3bb5586e740337973e/types/b79481b7-e426-4ff7-832e-e0f3999ba922 => generated 114 bytes in 12 msecs (HTTP/1.1 404) 7 headers in 292 bytes (1 switches on core 0)
Aug 04 16:24:55.138238 dv-cinder-789564-9-iscsi devstack@c-api.service[100148]: /usr/local/lib/python3.8/dist-packages/oslo_context/context.py:105: DeprecationWarning: Policy enforcement is depending on the value of is_admin. This key is deprecated. Please update your policy file to use the standard policy values.
Aug 04 16:24:55.138238 dv-cinder-789564-9-iscsi devstack@c-api.service[100148]: warnings.warn('Policy enforcement is depending on the value of '
Aug 04 16:24:55.139237 dv-cinder-789564-9-iscsi devstack@c-api.service[100148]: INFO cinder.volume.api [None req-adaed88e-d1cb-4e39-97f1-8de24f7aec8c tempest-SnapshotMetadataTestJSON-795785193 tempest-SnapshotMetadataTestJSON-795785193-project] Snapshot retrieved successfully.
Aug 04 16:24:55.141035 dv-cinder-789564-9-iscsi devstack@c-api.service[100147]: INFO cinder.api.openstack.wsgi [None req-11cf5e58-8399-4b46-a7d3-bebaa21c19fb tempest-GroupsTest-1193162076 tempest-GroupsTest-1193162076-project] GET http://10.222.0.77/volume/v3/af8585ce404143119a859f2fdec35c42/groups/f7f40910-8251-4517-8694-a7d2b4619126
Aug 04 16:24:55.141644 dv-cinder-789564-9-iscsi devstack@c-api.service[100147]: DEBUG cinder.api.openstack.wsgi [None req-11cf5e58-8399-4b46-a7d3-bebaa21c19fb tempest-GroupsTest-1193162076 tempest-GroupsTest-1193162076-project] Empty body provided in request {{(pid=100147) get_body /opt/stack/cinder/cinder/api/openstack/wsgi.py:703}}
Aug 04 16:24:55.142146 dv-cinder-789564-9-iscsi devstack@c-api.service[100147]: DEBUG cinder.api.openstack.wsgi [None req-11cf5e58-8399-4b46-a7d3-bebaa21c19fb tempest-GroupsTest-1193162076 tempest-GroupsTest-1193162076-project] Calling method 'version_select' {{(pid=100147) _process_stack /opt/stack/cinder/cinder/api/openstack/wsgi.py:856}}
Aug 04 16:24:55.142550 dv-cinder-789564-9-iscsi devstack@c-api.service[100147]: DEBUG cinder.api.v3.groups [None req-11cf5e58-8399-4b46-a7d3-bebaa21c19fb tempest-GroupsTest-1193162076 tempest-GroupsTest-1193162076-project] show called for member f7f40910-8251-4517-8694-a7d2b4619126 {{(pid=100147) show /opt/stack/cinder/cinder/api/v3/groups.py:58}}
Aug 04 16:24:55.147438 dv-cinder-789564-9-iscsi devstack@c-api.service[100147]: INFO cinder.api.openstack.wsgi [None req-11cf5e58-8399-4b46-a7d3-bebaa21c19fb tempest-GroupsTest-1193162076 tempest-GroupsTest-1193162076-project] http://10.222.0.77/volume/v3/af8585ce404143119a859f2fdec35c42/groups/f7f40910-8251-4517-8694-a7d2b4619126 returned with HTTP 404
Aug 04 16:24:55.148683 dv-cinder-789564-9-iscsi devstack@c-api.service[100147]: [pid: 100147|app: 0|req: 169/353] 10.222.0.77 () {60 vars in 1363 bytes} [Wed Aug 4 16:24:55 2021] GET /volume/v3/af8585ce404143119a859f2fdec35c42/groups/f7f40910-8251-4517-8694-a7d2b4619126 => generated 108 bytes in 13 msecs (HTTP/1.1 404) 7 headers in 293 bytes (1 switches on core 0)
Aug 04 16:24:55.156318 dv-cinder-789564-9-iscsi devstack@c-api.service[100147]: INFO cinder.api.openstack.wsgi [None req-15d26f17-6600-481c-8370-e648d008fc0e tempest-GroupsTest-98332780 tempest-GroupsTest-98332780-project-admin] DELETE http://10.222.0.77/volume/v3/ff96725121dd4dbc9e6bdaadf41a978f/group_types/c5847460-93f4-4937-9e3b-311612e1dacc
Aug 04 16:24:55.156947 dv-cinder-789564-9-iscsi devstack@c-api.service[100147]: DEBUG cinder.api.openstack.wsgi [None req-15d26f17-6600-481c-8370-e648d008fc0e tempest-GroupsTest-98332780 tempest-GroupsTest-98332780-project-admin] Empty body provided in request {{(pid=100147) get_body /opt/stack/cinder/cinder/api/openstack/wsgi.py:703}}
Aug 04 16:24:55.157531 dv-cinder-789564-9-iscsi devstack@c-api.service[100147]: DEBUG cinder.api.openstack.wsgi [None req-15d26f17-6600-481c-8370-e648d008fc0e tempest-GroupsTest-98332780 tempest-GroupsTest-98332780-project-admin] Calling method 'version_select' {{(pid=100147) _process_stack /opt/stack/cinder/cinder/api/openstack/wsgi.py:856}}
Aug 04 16:24:55.182405 dv-cinder-789564-9-iscsi devstack@c-api.service[100148]: INFO cinder.volume.api [None req-adaed88e-d1cb-4e39-97f1-8de24f7aec8c tempest-SnapshotMetadataTestJSON-795785193 tempest-SnapshotMetadataTestJSON-795785193-project] Update snapshot metadata completed successfully.
Aug 04 16:24:55.183040 dv-cinder-789564-9-iscsi devstack@c-api.service[100148]: INFO cinder.api.openstack.wsgi [None req-adaed88e-d1cb-4e39-97f1-8de24f7aec8c tempest-SnapshotMetadataTestJSON-795785193 tempest-SnapshotMetadataTestJSON-795785193-project] http://10.222.0.77/volume/v3/f6fb9f25bea24782bc002a02c607e64a/snapshots/0d5ddde5-e411-4740-9aed-f05036d89d3e/metadata returned with HTTP 200
Aug 04 16:24:55.188293 dv-cinder-789564-9-iscsi devstack@c-api.service[100148]: [pid: 100148|app: 0|req: 185/354] 10.222.0.77 () {60 vars in 1378 bytes} [Wed Aug 4 16:24:55 2021] PUT /volume/v3/f6fb9f25bea24782bc002a02c607e64a/snapshots/0d5ddde5-e411-4740-9aed-f05036d89d3e/metadata => generated 57 bytes in 65 msecs (HTTP/1.1 200) 7 headers in 284 bytes (1 switches on core 0)
