Jul 29 15:28:10.847198 dv-cinder-789564-8-iscsi neutron-server[93121]: DEBUG neutron_lib.callbacks.manager [None req-dd8d6eb5-334b-42ce-9c63-59b4526b9f19 admin admin] Notify callbacks ['neutron.services.segments.plugin.SegmentHostRoutes.host_routes_before_create-33260792'] for subnet, before_create {{(pid=93121) _notify_loop /usr/local/lib/python3.8/dist-packages/neutron_lib/callbacks/manager.py:192}}
Jul 29 15:28:10.907851 dv-cinder-789564-8-iscsi neutron-server[93122]: DEBUG neutron.pecan_wsgi.hooks.policy_enforcement [req-72f6523b-087c-41b6-b4ce-512001f05cb0 req-61248fde-65a8-476f-8a1a-74dcd24757c9 tempest-ServerRescueNegativeTestJSON-2080672489 tempest-ServerRescueNegativeTestJSON-2080672489-project] Attributes excluded by policy engine: ['standard_attr_id', 'binding:profile', 'binding:host_id', 'binding:vif_type', 'binding:vif_details'] {{(pid=93122) _exclude_attributes_by_policy /opt/stack/neutron/neutron/pecan_wsgi/hooks/policy_enforcement.py:255}}
Jul 29 15:28:10.908982 dv-cinder-789564-8-iscsi neutron-server[93122]: INFO neutron.wsgi [req-72f6523b-087c-41b6-b4ce-512001f05cb0 req-61248fde-65a8-476f-8a1a-74dcd24757c9 tempest-ServerRescueNegativeTestJSON-2080672489 tempest-ServerRescueNegativeTestJSON-2080672489-project] 10.222.0.10 "GET /v2.0/ports?device_id=96585e58-a7fa-416f-9438-f1f316744a1c HTTP/1.1" status: 200 len: 945 time: 0.0680177
Jul 29 15:28:10.977247 dv-cinder-789564-8-iscsi neutron-server[93122]: DEBUG neutron_lib.callbacks.manager [None req-a4456337-be75-47ca-836b-3d00f13e9d8b admin admin] Notify callbacks [] for security_group, before_create {{(pid=93122) _notify_loop /usr/local/lib/python3.8/dist-packages/neutron_lib/callbacks/manager.py:192}}
Jul 29 15:28:11.007905 dv-cinder-789564-8-iscsi neutron-server[93122]: INFO neutron.wsgi [req-72f6523b-087c-41b6-b4ce-512001f05cb0 req-02c14701-7a55-4c9e-9a95-9dcc1df0b142 tempest-ServerRescueNegativeTestJSON-2080672489 tempest-ServerRescueNegativeTestJSON-2080672489-project] 10.222.0.10 "GET /v2.0/security-groups?id=3cd1633b-8122-453f-8ebc-994591fb9232&fields=id&fields=name HTTP/1.1" status: 200 len: 286 time: 0.0759761
Jul 29 15:28:11.110418 dv-cinder-789564-8-iscsi neutron-server[93121]: DEBUG neutron_lib.callbacks.manager [None req-dd8d6eb5-334b-42ce-9c63-59b4526b9f19 admin admin] Notify callbacks ['neutron.plugins.ml2.ovo_rpc._ObjectChangeHandler.handle_event-1584698', 'neutron.api.rpc.agentnotifiers.dhcp_rpc_agent_api.DhcpAgentNotifyAPI._native_event_send_dhcp_notification-2056633', 'neutron.services.segments.plugin.NovaSegmentNotifier._notify_subnet_created-33462920', 'neutron.services.segments.plugin.SegmentHostRoutes.host_routes_after_create-33260758'] for subnet, after_create {{(pid=93121) _notify_loop /usr/local/lib/python3.8/dist-packages/neutron_lib/callbacks/manager.py:192}}
Jul 29 15:28:11.136407 dv-cinder-789564-8-iscsi neutron-server[93122]: DEBUG neutron_lib.callbacks.manager [None req-a4456337-be75-47ca-836b-3d00f13e9d8b admin admin] Notify callbacks [] for security_group, precommit_create {{(pid=93122) _notify_loop /usr/local/lib/python3.8/dist-packages/neutron_lib/callbacks/manager.py:192}}
Jul 29 15:28:11.141388 dv-cinder-789564-8-iscsi neutron-server[93122]: DEBUG neutron_lib.callbacks.manager [None req-a4456337-be75-47ca-836b-3d00f13e9d8b admin admin] Notify callbacks ['neutron.plugins.ml2.ovo_rpc._ObjectChangeHandler.handle_event-1574616'] for security_group, after_create {{(pid=93122) _notify_loop /usr/local/lib/python3.8/dist-packages/neutron_lib/callbacks/manager.py:192}}
Jul 29 15:28:11.169550 dv-cinder-789564-8-iscsi neutron-server[93121]: DEBUG neutron.api.rpc.handlers.resources_rpc [None req-dd8d6eb5-334b-42ce-9c63-59b4526b9f19 admin admin] Pushing event updated for resources: {'Subnet': ['ID=c46ef1d1-e012-4c46-8921-e6c634ea9a4c,revision_number=0']} {{(pid=93121) push /opt/stack/neutron/neutron/api/rpc/handlers/resources_rpc.py:237}}
Jul 29 15:28:11.174289 dv-cinder-789564-8-iscsi neutron-server[93122]: DEBUG neutron.api.rpc.handlers.resources_rpc [None req-a4456337-be75-47ca-836b-3d00f13e9d8b admin admin] Pushing event updated for resources: {'SecurityGroup': ['ID=84586fef-06e3-4288-8de0-af8d030c46c3,revision_number=1']} {{(pid=93122) push /opt/stack/neutron/neutron/api/rpc/handlers/resources_rpc.py:237}}
Jul 29 15:28:11.204243 dv-cinder-789564-8-iscsi neutron-server[93122]: INFO neutron.wsgi [None req-a4456337-be75-47ca-836b-3d00f13e9d8b admin admin] 10.222.0.10 "GET /v2.0/security-groups?tenant_id=4f945fa3235e4c2bb503d62cef8c382b&name=default HTTP/1.1" status: 200 len: 2979 time: 0.3743598
Jul 29 15:28:11.206953 dv-cinder-789564-8-iscsi neutron-server[93121]: DEBUG neutron.wsgi [-] (93121) accepted ('10.222.0.10', 52852) {{(pid=93121) server /usr/local/lib/python3.8/dist-packages/eventlet/wsgi.py:982}}
Jul 29 15:28:11.237835 dv-cinder-789564-8-iscsi neutron-server[93121]: DEBUG neutron.plugins.ml2.drivers.mech_agent [None req-dd8d6eb5-334b-42ce-9c63-59b4526b9f19 admin admin] Checking segment: {'id': '36e222dc-de34-4f20-bd70-1956e48f7cdc', 'network_type': 'vlan', 'physical_network': 'physnet1', 'segmentation_id': 371, 'network_id': '4ca45ca6-0dc2-4089-aa60-7a2582b4a106'} for mappings: {'physnet1': 'br-data'} with network types: ['local', 'flat', 'vlan'] {{(pid=93121) check_segment_for_agent /opt/stack/neutron/neutron/plugins/ml2/drivers/mech_agent.py:352}}
Jul 29 15:28:11.238541 dv-cinder-789564-8-iscsi neutron-server[93121]: DEBUG neutron.scheduler.dhcp_agent_scheduler [None req-dd8d6eb5-334b-42ce-9c63-59b4526b9f19 admin admin] Network hostable DHCP agents. Network: 4ca45ca6-0dc2-4089-aa60-7a2582b4a106, hostable agents: ['6c4c4db1-9916-4830-a7c3-eb88c11f19de'], hosted agents: [] {{(pid=93121) _get_network_hostable_dhcp_agents /opt/stack/neutron/neutron/scheduler/dhcp_agent_scheduler.py:329}}
Jul 29 15:28:11.281949 dv-cinder-789564-8-iscsi neutron-server[93121]: DEBUG neutron.scheduler.dhcp_agent_scheduler [None req-dd8d6eb5-334b-42ce-9c63-59b4526b9f19 admin admin] Network 4ca45ca6-0dc2-4089-aa60-7a2582b4a106 is scheduled to be hosted by DHCP agent 6c4c4db1-9916-4830-a7c3-eb88c11f19de with binding_index 1 {{(pid=93121) bind /opt/stack/neutron/neutron/scheduler/dhcp_agent_scheduler.py:227}}
Jul 29 15:28:11.304851 dv-cinder-789564-8-iscsi neutron-server[93121]: DEBUG neutron.scheduler.base_scheduler [None req-dd8d6eb5-334b-42ce-9c63-59b4526b9f19 admin admin] Resources bound (agent type, host, resource id): (DHCP agent, dv-cinder-789564-8-iscsi, 4ca45ca6-0dc2-4089-aa60-7a2582b4a106) {{(pid=93121) schedule /opt/stack/neutron/neutron/scheduler/base_scheduler.py:57}}
Jul 29 15:28:11.318433 dv-cinder-789564-8-iscsi neutron-server[93121]: DEBUG neutron.pecan_wsgi.hooks.policy_enforcement [None req-dd8d6eb5-334b-42ce-9c63-59b4526b9f19 admin admin] Attributes excluded by policy engine: ['standard_attr_id', 'shared', 'segment_id', 'network'] {{(pid=93121) _exclude_attributes_by_policy /opt/stack/neutron/neutron/pecan_wsgi/hooks/policy_enforcement.py:255}}
Jul 29 15:28:11.318567 dv-cinder-789564-8-iscsi neutron-server[93123]: DEBUG neutron.api.rpc.handlers.dhcp_rpc [None req-e7530896-7c14-4f1d-b587-6984177c0e9b None None] Network 4ca45ca6-0dc2-4089-aa60-7a2582b4a106 requested from dv-cinder-789564-8-iscsi {{(pid=93123) get_network_info /opt/stack/neutron/neutron/api/rpc/handlers/dhcp_rpc.py:218}}
Jul 29 15:28:11.318650 dv-cinder-789564-8-iscsi neutron-server[93121]: DEBUG neutron_lib.callbacks.manager [None req-dd8d6eb5-334b-42ce-9c63-59b4526b9f19 admin admin] Notify callbacks [] for subnet, before_response {{(pid=93121) _notify_loop /usr/local/lib/python3.8/dist-packages/neutron_lib/callbacks/manager.py:192}}
Jul 29 15:28:11.322233 dv-cinder-789564-8-iscsi neutron-server[93121]: DEBUG neutron_lib.callbacks.manager [None req-638ff517-eeb1-4c05-959d-7c31f56a91e8 admin admin] Notify callbacks [] for security_group, before_delete {{(pid=93121) _notify_loop /usr/local/lib/python3.8/dist-packages/neutron_lib/callbacks/manager.py:192}}
Jul 29 15:28:11.369551 dv-cinder-789564-8-iscsi neutron-server[93121]: DEBUG neutron_lib.callbacks.manager [None req-638ff517-eeb1-4c05-959d-7c31f56a91e8 admin admin] Notify callbacks [] for security_group, precommit_delete {{(pid=93121) _notify_loop /usr/local/lib/python3.8/dist-packages/neutron_lib/callbacks/manager.py:192}}
Jul 29 15:28:11.373978 dv-cinder-789564-8-iscsi neutron-server[93121]: INFO neutron.wsgi [None req-dd8d6eb5-334b-42ce-9c63-59b4526b9f19 admin admin] 10.222.0.10 "POST /v2.0/subnets HTTP/1.1" status: 201 len: 852 time: 0.5996785
Jul 29 15:28:11.376515 dv-cinder-789564-8-iscsi neutron-server[93122]: DEBUG neutron.wsgi [-] (93122) accepted ('10.222.0.10', 52866) {{(pid=93122) server /usr/local/lib/python3.8/dist-packages/eventlet/wsgi.py:982}}
Jul 29 15:28:11.382430 dv-cinder-789564-8-iscsi neutron-server[93122]: DEBUG neutron.api.v2.base [None req-11613a83-cf00-4b67-a9e1-5a09f5c841fe admin admin] Request body: {'router': {'name': 'tempest-AttachVolumeShelveTestJSON-193536500-router', 'tenant_id': '6f69db43d60a47ebbf8b489917813763', 'external_gateway_info': {'network_id': 'c23813b6-c80e-47f1-bc2a-e286cd843c9f'}}} {{(pid=93122) prepare_request_body /opt/stack/neutron/neutron/api/v2/base.py:729}}
Jul 29 15:28:11.430070 dv-cinder-789564-8-iscsi neutron-server[93122]: DEBUG neutron_lib.callbacks.manager [None req-11613a83-cf00-4b67-a9e1-5a09f5c841fe admin admin] Notify callbacks ['neutron.services.l3_router.l3_router_plugin.L3_HA_NAT_db_mixin._before_router_create-1613401', 'neutron.services.l3_router.service_providers.driver_controller.DriverController._check_router_request-711'] for router, before_create {{(pid=93122) _notify_loop /usr/local/lib/python3.8/dist-packages/neutron_lib/callbacks/manager.py:192}}
Jul 29 15:28:11.431697 dv-cinder-789564-8-iscsi neutron-server[93122]: DEBUG neutron_lib.callbacks.manager [None req-11613a83-cf00-4b67-a9e1-5a09f5c841fe admin admin] Notify callbacks ['neutron.services.l3_router.l3_router_plugin.L3_HA_NAT_db_mixin._precommit_router_create-1613566', 'neutron.services.l3_router.l3_router_plugin.DVRResourceOperationHandler._set_distributed_flag-1724979', 'neutron.services.l3_router.l3_router_plugin.RouterAvailabilityZoneMixin._process_az_request-2096901', 'neutron.services.l3_router.service_providers.driver_controller.DriverController._set_router_provider-702'] for router, precommit_create {{(pid=93122) _notify_loop /usr/local/lib/python3.8/dist-packages/neutron_lib/callbacks/manager.py:192}}
Jul 29 15:28:11.460486 dv-cinder-789564-8-iscsi neutron-server[93121]: DEBUG neutron_lib.callbacks.manager [None req-638ff517-eeb1-4c05-959d-7c31f56a91e8 admin admin] Notify callbacks ['neutron.plugins.ml2.ovo_rpc._ObjectChangeHandler.handle_event-1574616'] for security_group, after_delete {{(pid=93121) _notify_loop /usr/local/lib/python3.8/dist-packages/neutron_lib/callbacks/manager.py:192}}
Jul 29 15:28:11.466212 dv-cinder-789564-8-iscsi neutron-server[93121]: DEBUG neutron_lib.callbacks.manager [None req-638ff517-eeb1-4c05-959d-7c31f56a91e8 admin admin] Notify callbacks [] for security_group, before_response {{(pid=93121) _notify_loop /usr/local/lib/python3.8/dist-packages/neutron_lib/callbacks/manager.py:192}}
Jul 29 15:28:11.475129 dv-cinder-789564-8-iscsi neutron-server[93121]: INFO neutron.wsgi [None req-638ff517-eeb1-4c05-959d-7c31f56a91e8 admin admin] 10.222.0.10 "DELETE /v2.0/security-groups/84586fef-06e3-4288-8de0-af8d030c46c3 HTTP/1.1" status: 204 len: 168 time: 0.2660632
Jul 29 15:28:11.488391 dv-cinder-789564-8-iscsi neutron-server[93121]: DEBUG neutron.api.rpc.handlers.resources_rpc [None req-638ff517-eeb1-4c05-959d-7c31f56a91e8 admin admin] Pushing event deleted for resources: {'SecurityGroup': ['ID=84586fef-06e3-4288-8de0-af8d030c46c3,revision_number=None']} {{(pid=93121) push /opt/stack/neutron/neutron/api/rpc/handlers/resources_rpc.py:237}}
Jul 29 15:28:11.544619 dv-cinder-789564-8-iscsi neutron-server[93122]: DEBUG neutron_lib.callbacks.manager [None req-11613a83-cf00-4b67-a9e1-5a09f5c841fe admin admin] Notify callbacks [] for router_controller, precommit_add_association {{(pid=93122) _notify_loop /usr/local/lib/python3.8/dist-packages/neutron_lib/callbacks/manager.py:192}}
Jul 29 15:28:11.612333 dv-cinder-789564-8-iscsi neutron-server[93123]: DEBUG neutron_lib.callbacks.manager [None req-2544f7d8-acc6-4fdc-81b4-6e7456fecc80 None None] Notify callbacks ['neutron.services.segments.db._update_segment_host_mapping_for_agent-8750510556703', 'neutron.plugins.ml2.plugin.Ml2Plugin._retry_binding_revived_agents-852371'] for agent, after_update {{(pid=93123) _notify_loop /usr/local/lib/python3.8/dist-packages/neutron_lib/callbacks/manager.py:192}}
Jul 29 15:28:11.756485 dv-cinder-789564-8-iscsi neutron-server[93123]: DEBUG neutron.api.rpc.handlers.dhcp_rpc [None req-4c99455e-2111-43cf-bd6a-b4a7b7b18699 None None] Create dhcp port {'port': {'name': '', 'admin_state_up': True, 'device_id': 'dhcpd2d1dd9d-3b1f-58ab-83f9-583c34997fd8-4ca45ca6-0dc2-4089-aa60-7a2582b4a106', 'network_id': '4ca45ca6-0dc2-4089-aa60-7a2582b4a106', 'tenant_id': '6f69db43d60a47ebbf8b489917813763', 'fixed_ips': [{'subnet_id': 'c46ef1d1-e012-4c46-8921-e6c634ea9a4c'}]}} from dv-cinder-789564-8-iscsi. {{(pid=93123) create_dhcp_port /opt/stack/neutron/neutron/api/rpc/handlers/dhcp_rpc.py:285}}
Jul 29 15:28:11.757634 dv-cinder-789564-8-iscsi neutron-server[93123]: DEBUG neutron_lib.callbacks.manager [None req-4c99455e-2111-43cf-bd6a-b4a7b7b18699 None None] Notify callbacks ['neutron.plugins.ml2.plugin.SecurityGroupDbMixin._ensure_default_security_group_handler-1027678'] for port, before_create {{(pid=93123) _notify_loop /usr/local/lib/python3.8/dist-packages/neutron_lib/callbacks/manager.py:192}}
Jul 29 15:28:11.801289 dv-cinder-789564-8-iscsi neutron-server[93122]: DEBUG neutron_lib.callbacks.manager [None req-11613a83-cf00-4b67-a9e1-5a09f5c841fe admin admin] Notify callbacks ['neutron.services.l3_router.l3_router_plugin.DVRResourceOperationHandler._handle_distributed_migration-2092233', 'neutron.services.l3_router.l3_router_plugin.L3_HA_NAT_db_mixin._validate_migration-1613419', 'neutron.services.l3_router.service_providers.driver_controller.DriverController._update_router_provider-680'] for router, precommit_update {{(pid=93122) _notify_loop /usr/local/lib/python3.8/dist-packages/neutron_lib/callbacks/manager.py:192}}
Jul 29 15:28:11.909254 dv-cinder-789564-8-iscsi neutron-server[93123]: DEBUG neutron.db.db_base_plugin_common [None req-4c99455e-2111-43cf-bd6a-b4a7b7b18699 None None] Allocated IP 172.20.0.2 (4ca45ca6-0dc2-4089-aa60-7a2582b4a106/c46ef1d1-e012-4c46-8921-e6c634ea9a4c/2e946ecc-cb30-4bb6-9f83-6d2f612f6bfc) {{(pid=93123) _store_ip_allocation /opt/stack/neutron/neutron/db/db_base_plugin_common.py:131}}
Jul 29 15:28:12.003106 dv-cinder-789564-8-iscsi neutron-server[93121]: DEBUG neutron.wsgi [-] (93121) accepted ('10.222.0.10', 52882) {{(pid=93121) server /usr/local/lib/python3.8/dist-packages/eventlet/wsgi.py:982}}
Jul 29 15:28:12.018547 dv-cinder-789564-8-iscsi neutron-server[93121]: DEBUG neutron_lib.callbacks.manager [None req-7ec18f11-bb62-4c4e-91a4-fe6ce0b0ce75 admin admin] Notify callbacks [] for security_group, before_create {{(pid=93121) _notify_loop /usr/local/lib/python3.8/dist-packages/neutron_lib/callbacks/manager.py:192}}
Jul 29 15:28:12.063878 dv-cinder-789564-8-iscsi neutron-server[93123]: DEBUG neutron_lib.callbacks.manager [None req-4c99455e-2111-43cf-bd6a-b4a7b7b18699 None None] Notify callbacks [] for port, precommit_create {{(pid=93123) _notify_loop /usr/local/lib/python3.8/dist-packages/neutron_lib/callbacks/manager.py:192}}
Jul 29 15:28:12.072739 dv-cinder-789564-8-iscsi neutron-server[93123]: DEBUG neutron.db.provisioning_blocks [None req-4c99455e-2111-43cf-bd6a-b4a7b7b18699 None None] Transition to ACTIVE for port object 2e946ecc-cb30-4bb6-9f83-6d2f612f6bfc will not be triggered until provisioned by entity L2. {{(pid=93123) add_provisioning_component /opt/stack/neutron/neutron/db/provisioning_blocks.py:73}}
Jul 29 15:28:12.088323 dv-cinder-789564-8-iscsi neutron-server[93123]: DEBUG neutron.db.provisioning_blocks [None req-4c99455e-2111-43cf-bd6a-b4a7b7b18699 None None] Transition to ACTIVE for port object 2e946ecc-cb30-4bb6-9f83-6d2f612f6bfc will not be triggered until provisioned by entity DHCP. {{(pid=93123) add_provisioning_component /opt/stack/neutron/neutron/db/provisioning_blocks.py:73}}
Jul 29 15:28:12.097088 dv-cinder-789564-8-iscsi neutron-server[93123]: DEBUG neutron_lib.callbacks.manager [None req-4c99455e-2111-43cf-bd6a-b4a7b7b18699 None None] Notify callbacks ['neutron.plugins.ml2.plugin.SecurityGroupServerNotifierRpcMixin._notify_sg_on_port_change-1027219', 'neutron.plugins.ml2.ovo_rpc._ObjectChangeHandler.handle_event-362084', 'neutron.api.rpc.agentnotifiers.dhcp_rpc_agent_api.DhcpAgentNotifyAPI._native_event_send_dhcp_notification-2056633', 'neutron.db.l3_dvrscheduler_db._notify_l3_agent_new_port-8750510090725'] for port, after_create {{(pid=93123) _notify_loop /usr/local/lib/python3.8/dist-packages/neutron_lib/callbacks/manager.py:192}}
Jul 29 15:28:12.112896 dv-cinder-789564-8-iscsi neutron-server[93122]: DEBUG neutron_lib.callbacks.manager [None req-11613a83-cf00-4b67-a9e1-5a09f5c841fe admin admin] Notify callbacks [] for router_gateway, before_create {{(pid=93122) _notify_loop /usr/local/lib/python3.8/dist-packages/neutron_lib/callbacks/manager.py:192}}
Jul 29 15:28:12.127873 dv-cinder-789564-8-iscsi neutron-server[93121]: DEBUG neutron_lib.callbacks.manager [None req-7ec18f11-bb62-4c4e-91a4-fe6ce0b0ce75 admin admin] Notify callbacks [] for security_group, precommit_create {{(pid=93121) _notify_loop /usr/local/lib/python3.8/dist-packages/neutron_lib/callbacks/manager.py:192}}
Jul 29 15:28:12.137784 dv-cinder-789564-8-iscsi neutron-server[93122]: DEBUG neutron_lib.callbacks.manager [None req-11613a83-cf00-4b67-a9e1-5a09f5c841fe admin admin] Notify callbacks ['neutron.plugins.ml2.plugin.SecurityGroupDbMixin._ensure_default_security_group_handler-1027678'] for port, before_create {{(pid=93122) _notify_loop /usr/local/lib/python3.8/dist-packages/neutron_lib/callbacks/manager.py:192}}
Jul 29 15:28:12.138014 dv-cinder-789564-8-iscsi neutron-server[93123]: DEBUG neutron.scheduler.dhcp_agent_scheduler [None req-4c99455e-2111-43cf-bd6a-b4a7b7b18699 None None] Network 4ca45ca6-0dc2-4089-aa60-7a2582b4a106 is already hosted by enough agents. {{(pid=93123) _get_dhcp_agents_hosting_network /opt/stack/neutron/neutron/scheduler/dhcp_agent_scheduler.py:275}}
Jul 29 15:28:12.139425 dv-cinder-789564-8-iscsi neutron-server[93121]: DEBUG neutron_lib.callbacks.manager [None req-7ec18f11-bb62-4c4e-91a4-fe6ce0b0ce75 admin admin] Notify callbacks ['neutron.plugins.ml2.ovo_rpc._ObjectChangeHandler.handle_event-1574616'] for security_group, after_create {{(pid=93121) _notify_loop /usr/local/lib/python3.8/dist-packages/neutron_lib/callbacks/manager.py:192}}
Jul 29 15:28:12.143771 dv-cinder-789564-8-iscsi neutron-server[93123]: DEBUG neutron.scheduler.base_scheduler [None req-4c99455e-2111-43cf-bd6a-b4a7b7b18699 None None] Resources bound (agent type, host, resource id): {{(pid=93123) schedule /opt/stack/neutron/neutron/scheduler/base_scheduler.py:57}}
Jul 29 15:28:12.152028 dv-cinder-789564-8-iscsi neutron-server[93123]: DEBUG neutron.db.l3_dvrscheduler_db [None req-4c99455e-2111-43cf-bd6a-b4a7b7b18699 None None] Received port after_create {{(pid=93123) _notify_l3_agent_new_port /opt/stack/neutron/neutron/db/l3_dvrscheduler_db.py:535}}
Jul 29 15:28:12.162881 dv-cinder-789564-8-iscsi neutron-server[93123]: DEBUG neutron.api.rpc.handlers.resources_rpc [None req-4c99455e-2111-43cf-bd6a-b4a7b7b18699 None None] Pushing event updated for resources: {'Port': ['ID=2e946ecc-cb30-4bb6-9f83-6d2f612f6bfc,revision_number=1']} {{(pid=93123) push /opt/stack/neutron/neutron/api/rpc/handlers/resources_rpc.py:237}}
Jul 29 15:28:12.211452 dv-cinder-789564-8-iscsi neutron-server[93121]: INFO neutron.wsgi [None req-7ec18f11-bb62-4c4e-91a4-fe6ce0b0ce75 admin admin] 10.222.0.10 "GET /v2.0/security-groups?tenant_id=bb6030b14a3649ed8d7a1bd78af9a88d&name=default HTTP/1.1" status: 200 len: 2979 time: 0.2065508
Jul 29 15:28:12.217943 dv-cinder-789564-8-iscsi neutron-server[93121]: DEBUG neutron.wsgi [-] (93121) accepted ('10.222.0.10', 52886) {{(pid=93121) server /usr/local/lib/python3.8/dist-packages/eventlet/wsgi.py:982}}
Jul 29 15:28:12.218567 dv-cinder-789564-8-iscsi neutron-server[93121]: DEBUG neutron.api.rpc.handlers.resources_rpc [None req-7ec18f11-bb62-4c4e-91a4-fe6ce0b0ce75 admin admin] Pushing event updated for resources: {'SecurityGroup': ['ID=698c6abe-5b95-4790-9507-54d49cc2b5af,revision_number=1']} {{(pid=93121) push /opt/stack/neutron/neutron/api/rpc/handlers/resources_rpc.py:237}}
Jul 29 15:28:12.219422 dv-cinder-789564-8-iscsi neutron-server[93123]: DEBUG neutron.plugins.ml2.managers [None req-4c99455e-2111-43cf-bd6a-b4a7b7b18699 None None] Attempting to bind port 2e946ecc-cb30-4bb6-9f83-6d2f612f6bfc on host dv-cinder-789564-8-iscsi for vnic_type normal with profile {{(pid=93123) bind_port /opt/stack/neutron/neutron/plugins/ml2/managers.py:790}}
Jul 29 15:28:12.219895 dv-cinder-789564-8-iscsi neutron-server[93123]: DEBUG neutron.plugins.ml2.managers [None req-4c99455e-2111-43cf-bd6a-b4a7b7b18699 None None] Attempting to bind port 2e946ecc-cb30-4bb6-9f83-6d2f612f6bfc by drivers openvswitch,hyperv on host dv-cinder-789564-8-iscsi at level 0 using segments [{'id': '36e222dc-de34-4f20-bd70-1956e48f7cdc', 'network_type': 'vlan', 'physical_network': 'physnet1', 'segmentation_id': 371, 'network_id': '4ca45ca6-0dc2-4089-aa60-7a2582b4a106'}] {{(pid=93123) _bind_port_level /opt/stack/neutron/neutron/plugins/ml2/managers.py:815}}
Jul 29 15:28:12.220318 dv-cinder-789564-8-iscsi neutron-server[93123]: DEBUG neutron.plugins.ml2.drivers.mech_agent [None req-4c99455e-2111-43cf-bd6a-b4a7b7b18699 None None] Attempting to bind port 2e946ecc-cb30-4bb6-9f83-6d2f612f6bfc on network 4ca45ca6-0dc2-4089-aa60-7a2582b4a106 {{(pid=93123) bind_port /opt/stack/neutron/neutron/plugins/ml2/drivers/mech_agent.py:85}}
Jul 29 15:28:12.226073 dv-cinder-789564-8-iscsi neutron-server[93123]: DEBUG neutron.plugins.ml2.drivers.mech_agent [None req-4c99455e-2111-43cf-bd6a-b4a7b7b18699 None None] Checking agent: {'id': 'fbffcbc0-1b0c-441f-ab4a-4f45a526ecdf', 'agent_type': 'Open vSwitch agent', 'binary': 'neutron-openvswitch-agent', 'topic': 'N/A', 'host': 'dv-cinder-789564-8-iscsi', 'admin_state_up': True, 'created_at': datetime.datetime(2021, 7, 29, 15, 19, 31), 'started_at': datetime.datetime(2021, 7, 29, 15, 20, 1), 'heartbeat_timestamp': datetime.datetime(2021, 7, 29, 15, 28, 1), 'description': None, 'resources_synced': None, 'availability_zone': None, 'alive': True, 'configurations': {'arp_responder_enabled': False, 'baremetal_smartnic': False, 'bridge_mappings': {'physnet1': 'br-data'}, 'datapath_type': 'system', 'devices': 0, 'enable_distributed_routing': False, 'extensions': [], 'in_distributed_mode': False, 'integration_bridge': 'br-int', 'l2_population': False, 'log_agent_heartbeats': False, 'ovs_capabilities': {'datapath_types': ['netdev', 'system'], 'iface_types': ['erspan', 'geneve', 'gre', 'internal', 'ip6erspan', 'ip6gre', 'lisp', 'patch', 'stt', 'system', 'tap', 'vxlan']}, 'ovs_hybrid_plug': False, 'resource_provider_bandwidths': {}, 'resource_provider_hypervisors': {'br-data': 'dv-cinder-789564-8-iscsi'}, 'resource_provider_inventory_defaults': {'allocation_ratio': 1.0, 'min_unit': 1, 'step_size': 1, 'reserved': 0}, 'tunnel_types': [], 'tunneling_ip': None, 'vhostuser_socket_dir': '/var/run/openvswitch'}, 'resource_versions': {'AddressGroup': '1.2', 'ConntrackHelper': '1.0', 'Log': '1.0', 'Network': '1.1', 'Port': '1.7', 'PortForwarding': '1.2', 'QosPolicy': '1.8', 'SecurityGroup': '1.4', 'SecurityGroupRule': '1.2', 'SubPort': '1.0', 'Subnet': '1.1', 'Trunk': '1.1'}} {{(pid=93123) bind_port /opt/stack/neutron/neutron/plugins/ml2/drivers/mech_agent.py:104}}
Jul 29 15:28:12.226463 dv-cinder-789564-8-iscsi neutron-server[93123]: DEBUG neutron.plugins.ml2.drivers.mech_agent [None req-4c99455e-2111-43cf-bd6a-b4a7b7b18699 None None] Checking segment: {'id': '36e222dc-de34-4f20-bd70-1956e48f7cdc', 'network_type': 'vlan', 'physical_network': 'physnet1', 'segmentation_id': 371, 'network_id': '4ca45ca6-0dc2-4089-aa60-7a2582b4a106'} for mappings: {'physnet1': 'br-data'} with network types: ['local', 'flat', 'vlan'] {{(pid=93123) check_segment_for_agent /opt/stack/neutron/neutron/plugins/ml2/drivers/mech_agent.py:352}}
Jul 29 15:28:12.226863 dv-cinder-789564-8-iscsi neutron-server[93123]: DEBUG neutron_lib.callbacks.manager [None req-4c99455e-2111-43cf-bd6a-b4a7b7b18699 None None] Notify callbacks [] for ovs_bridge_name, before_read {{(pid=93123) _notify_loop /usr/local/lib/python3.8/dist-packages/neutron_lib/callbacks/manager.py:192}}
Jul 29 15:28:12.227249 dv-cinder-789564-8-iscsi neutron-server[93123]: DEBUG neutron.plugins.ml2.drivers.mech_agent [None req-4c99455e-2111-43cf-bd6a-b4a7b7b18699 None None] Bound using segment: {'id': '36e222dc-de34-4f20-bd70-1956e48f7cdc', 'network_type': 'vlan', 'physical_network': 'physnet1', 'segmentation_id': 371, 'network_id': '4ca45ca6-0dc2-4089-aa60-7a2582b4a106'} {{(pid=93123) bind_port /opt/stack/neutron/neutron/plugins/ml2/drivers/mech_agent.py:114}}
Jul 29 15:28:12.227719 dv-cinder-789564-8-iscsi neutron-server[93123]: DEBUG neutron.plugins.ml2.managers [None req-4c99455e-2111-43cf-bd6a-b4a7b7b18699 None None] Bound port: 2e946ecc-cb30-4bb6-9f83-6d2f612f6bfc, host: dv-cinder-789564-8-iscsi, vif_type: ovs, vif_details: {"connectivity": "l2", "port_filter": true, "ovs_hybrid_plug": false, "datapath_type": "system", "bridge_name": "br-int"}, binding_levels: [{'bound_driver': 'openvswitch', 'bound_segment': {'id': '36e222dc-de34-4f20-bd70-1956e48f7cdc', 'network_type': 'vlan', 'physical_network': 'physnet1', 'segmentation_id': 371, 'network_id': '4ca45ca6-0dc2-4089-aa60-7a2582b4a106'}}] {{(pid=93123) _bind_port_level /opt/stack/neutron/neutron/plugins/ml2/managers.py:928}}
Jul 29 15:28:12.228100 dv-cinder-789564-8-iscsi neutron-server[93123]: DEBUG neutron_lib.callbacks.manager [None req-4c99455e-2111-43cf-bd6a-b4a7b7b18699 None None] Notify callbacks ['neutron.plugins.ml2.plugin.SecurityGroupDbMixin._ensure_default_security_group_handler-1027678'] for port, before_update {{(pid=93123) _notify_loop /usr/local/lib/python3.8/dist-packages/neutron_lib/callbacks/manager.py:192}}
Jul 29 15:28:12.253003 dv-cinder-789564-8-iscsi neutron-server[93121]: DEBUG neutron.pecan_wsgi.hooks.policy_enforcement [req-bfbb0069-0875-4e87-aca2-09e39bef86a5 req-bb2d994a-fb7a-4983-8bb8-de30cb98a4e2 tempest-ServerRescueNegativeTestJSON-2080672489 tempest-ServerRescueNegativeTestJSON-2080672489-project] Attributes excluded by policy engine: ['standard_attr_id', 'binding:profile', 'binding:host_id', 'binding:vif_type', 'binding:vif_details'] {{(pid=93121) _exclude_attributes_by_policy /opt/stack/neutron/neutron/pecan_wsgi/hooks/policy_enforcement.py:255}}
Jul 29 15:28:12.254486 dv-cinder-789564-8-iscsi neutron-server[93121]: INFO neutron.wsgi [req-bfbb0069-0875-4e87-aca2-09e39bef86a5 req-bb2d994a-fb7a-4983-8bb8-de30cb98a4e2 tempest-ServerRescueNegativeTestJSON-2080672489 tempest-ServerRescueNegativeTestJSON-2080672489-project] 10.222.0.10 "GET /v2.0/ports?device_id=96585e58-a7fa-416f-9438-f1f316744a1c HTTP/1.1" status: 200 len: 945 time: 0.1322534
Jul 29 15:28:12.256802 dv-cinder-789564-8-iscsi neutron-server[93122]: DEBUG neutron.db.db_base_plugin_common [None req-11613a83-cf00-4b67-a9e1-5a09f5c841fe admin admin] Allocated IP 172.27.0.213 (c23813b6-c80e-47f1-bc2a-e286cd843c9f/8daf4e0e-7210-4a48-af4f-11d80b90a63b/523d3d33-fb8a-4564-a54a-56726a305814) {{(pid=93122) _store_ip_allocation /opt/stack/neutron/neutron/db/db_base_plugin_common.py:131}}
Jul 29 15:28:12.312315 dv-cinder-789564-8-iscsi neutron-server[93123]: DEBUG neutron.plugins.ml2.db [None req-4c99455e-2111-43cf-bd6a-b4a7b7b18699 None None] For port 2e946ecc-cb30-4bb6-9f83-6d2f612f6bfc, host dv-cinder-789564-8-iscsi, cleared binding levels {{(pid=93123) clear_binding_levels /opt/stack/neutron/neutron/plugins/ml2/db.py:87}}
Jul 29 15:28:12.312557 dv-cinder-789564-8-iscsi neutron-server[93121]: DEBUG neutron_lib.callbacks.manager [None req-84923101-b0c6-4ae8-8df5-6c6867e3bd4f admin admin] Notify callbacks [] for security_group, before_delete {{(pid=93121) _notify_loop /usr/local/lib/python3.8/dist-packages/neutron_lib/callbacks/manager.py:192}}
Jul 29 15:28:12.315932 dv-cinder-789564-8-iscsi neutron-server[93123]: DEBUG neutron.plugins.ml2.db [None req-4c99455e-2111-43cf-bd6a-b4a7b7b18699 None None] For port 2e946ecc-cb30-4bb6-9f83-6d2f612f6bfc, host dv-cinder-789564-8-iscsi, set binding levels [PortBindingLevel(driver='openvswitch',host='dv-cinder-789564-8-iscsi',level=0,port_id=2e946ecc-cb30-4bb6-9f83-6d2f612f6bfc,segment=NetworkSegment(36e222dc-de34-4f20-bd70-1956e48f7cdc),segment_id=36e222dc-de34-4f20-bd70-1956e48f7cdc)] {{(pid=93123) set_binding_levels /opt/stack/neutron/neutron/plugins/ml2/db.py:59}}
Jul 29 15:28:12.321591 dv-cinder-789564-8-iscsi neutron-server[93121]: INFO neutron.wsgi [req-bfbb0069-0875-4e87-aca2-09e39bef86a5 req-ebefc917-cea2-4624-bb15-f9b16e0d67ae tempest-ServerRescueNegativeTestJSON-2080672489 tempest-ServerRescueNegativeTestJSON-2080672489-project] 10.222.0.10 "GET /v2.0/security-groups?id=3cd1633b-8122-453f-8ebc-994591fb9232&fields=id&fields=name HTTP/1.1" status: 200 len: 286 time: 0.0560741
Jul 29 15:28:12.336364 dv-cinder-789564-8-iscsi neutron-server[93123]: DEBUG neutron_lib.callbacks.manager [None req-4c99455e-2111-43cf-bd6a-b4a7b7b18699 None None] Notify callbacks ['neutron.plugins.ml2.plugin.SecurityGroupServerNotifierRpcMixin._notify_sg_on_port_change-1027219', 'neutron.plugins.ml2.ovo_rpc._ObjectChangeHandler.handle_event-362084', 'neutron.api.rpc.agentnotifiers.dhcp_rpc_agent_api.DhcpAgentNotifyAPI._native_event_send_dhcp_notification-2056633', 'neutron.db.l3_db.L3RpcNotifierMixin._notify_gateway_port_ip_changed-8750510481457', 'neutron.db.l3_dvrscheduler_db._notify_l3_agent_port_update-8750510090743', 'neutron.db.l3_hascheduler_db._notify_l3_agent_ha_port_update-8750510094093'] for port, after_update {{(pid=93123) _notify_loop /usr/local/lib/python3.8/dist-packages/neutron_lib/callbacks/manager.py:192}}
Jul 29 15:28:12.349219 dv-cinder-789564-8-iscsi neutron-server[93121]: DEBUG neutron_lib.callbacks.manager [None req-84923101-b0c6-4ae8-8df5-6c6867e3bd4f admin admin] Notify callbacks [] for security_group, precommit_delete {{(pid=93121) _notify_loop /usr/local/lib/python3.8/dist-packages/neutron_lib/callbacks/manager.py:192}}
Jul 29 15:28:12.371187 dv-cinder-789564-8-iscsi neutron-server[93122]: DEBUG neutron_lib.callbacks.manager [None req-11613a83-cf00-4b67-a9e1-5a09f5c841fe admin admin] Notify callbacks [] for port, precommit_create {{(pid=93122) _notify_loop /usr/local/lib/python3.8/dist-packages/neutron_lib/callbacks/manager.py:192}}
Jul 29 15:28:12.414424 dv-cinder-789564-8-iscsi neutron-server[93123]: DEBUG neutron.api.rpc.handlers.resources_rpc [None req-4c99455e-2111-43cf-bd6a-b4a7b7b18699 None None] Pushing event updated for resources: {'Port': ['ID=2e946ecc-cb30-4bb6-9f83-6d2f612f6bfc,revision_number=2']} {{(pid=93123) push /opt/stack/neutron/neutron/api/rpc/handlers/resources_rpc.py:237}}
Jul 29 15:28:12.451525 dv-cinder-789564-8-iscsi neutron-server[93122]: DEBUG neutron_lib.callbacks.manager [None req-11613a83-cf00-4b67-a9e1-5a09f5c841fe admin admin] Notify callbacks ['neutron.plugins.ml2.plugin.SecurityGroupServerNotifierRpcMixin._notify_sg_on_port_change-1027219', 'neutron.plugins.ml2.ovo_rpc._ObjectChangeHandler.handle_event-362084', 'neutron.api.rpc.agentnotifiers.dhcp_rpc_agent_api.DhcpAgentNotifyAPI._native_event_send_dhcp_notification-2056633', 'neutron.db.l3_dvrscheduler_db._notify_l3_agent_new_port-8750510090725'] for port, after_create {{(pid=93122) _notify_loop /usr/local/lib/python3.8/dist-packages/neutron_lib/callbacks/manager.py:192}}
Jul 29 15:28:12.462239 dv-cinder-789564-8-iscsi neutron-server[93121]: DEBUG neutron_lib.callbacks.manager [None req-84923101-b0c6-4ae8-8df5-6c6867e3bd4f admin admin] Notify callbacks ['neutron.plugins.ml2.ovo_rpc._ObjectChangeHandler.handle_event-1574616'] for security_group, after_delete {{(pid=93121) _notify_loop /usr/local/lib/python3.8/dist-packages/neutron_lib/callbacks/manager.py:192}}
Jul 29 15:28:12.465430 dv-cinder-789564-8-iscsi neutron-server[93121]: DEBUG neutron_lib.callbacks.manager [None req-84923101-b0c6-4ae8-8df5-6c6867e3bd4f admin admin] Notify callbacks [] for security_group, before_response {{(pid=93121) _notify_loop /usr/local/lib/python3.8/dist-packages/neutron_lib/callbacks/manager.py:192}}
Jul 29 15:28:12.466933 dv-cinder-789564-8-iscsi neutron-server[93121]: INFO neutron.wsgi [None req-84923101-b0c6-4ae8-8df5-6c6867e3bd4f admin admin] 10.222.0.10 "DELETE /v2.0/security-groups/698c6abe-5b95-4790-9507-54d49cc2b5af HTTP/1.1" status: 204 len: 168 time: 0.2443347
Jul 29 15:28:12.477551 dv-cinder-789564-8-iscsi neutron-server[93121]: DEBUG neutron.api.rpc.handlers.resources_rpc [None req-84923101-b0c6-4ae8-8df5-6c6867e3bd4f admin admin] Pushing event deleted for resources: {'SecurityGroup': ['ID=698c6abe-5b95-4790-9507-54d49cc2b5af,revision_number=None']} {{(pid=93121) push /opt/stack/neutron/neutron/api/rpc/handlers/resources_rpc.py:237}}
Jul 29 15:28:12.545793 dv-cinder-789564-8-iscsi neutron-server[93122]: DEBUG neutron.scheduler.dhcp_agent_scheduler [None req-11613a83-cf00-4b67-a9e1-5a09f5c841fe admin admin] Network c23813b6-c80e-47f1-bc2a-e286cd843c9f is already hosted by enough agents. {{(pid=93122) _get_dhcp_agents_hosting_network /opt/stack/neutron/neutron/scheduler/dhcp_agent_scheduler.py:275}}
Jul 29 15:28:12.555059 dv-cinder-789564-8-iscsi neutron-server[93122]: DEBUG neutron.scheduler.base_scheduler [None req-11613a83-cf00-4b67-a9e1-5a09f5c841fe admin admin] Resources bound (agent type, host, resource id): {{(pid=93122) schedule /opt/stack/neutron/neutron/scheduler/base_scheduler.py:57}}
Jul 29 15:28:12.558751 dv-cinder-789564-8-iscsi neutron-server[93122]: DEBUG neutron.db.l3_dvrscheduler_db [None req-11613a83-cf00-4b67-a9e1-5a09f5c841fe admin admin] Received port after_create {{(pid=93122) _notify_l3_agent_new_port /opt/stack/neutron/neutron/db/l3_dvrscheduler_db.py:535}}
Jul 29 15:28:12.562213 dv-cinder-789564-8-iscsi neutron-server[93122]: DEBUG neutron.api.rpc.handlers.resources_rpc [None req-11613a83-cf00-4b67-a9e1-5a09f5c841fe admin admin] Pushing event updated for resources: {'Port': ['ID=523d3d33-fb8a-4564-a54a-56726a305814,revision_number=1']} {{(pid=93122) push /opt/stack/neutron/neutron/api/rpc/handlers/resources_rpc.py:237}}
Jul 29 15:28:12.957963 dv-cinder-789564-8-iscsi neutron-server[93122]: DEBUG neutron_lib.callbacks.manager [None req-11613a83-cf00-4b67-a9e1-5a09f5c841fe admin admin] Notify callbacks [] for router_gateway, after_create {{(pid=93122) _notify_loop /usr/local/lib/python3.8/dist-packages/neutron_lib/callbacks/manager.py:192}}
Jul 29 15:28:13.186933 dv-cinder-789564-8-iscsi neutron-server[93121]: DEBUG neutron.wsgi [-] (93121) accepted ('10.222.0.10', 52938) {{(pid=93121) server /usr/local/lib/python3.8/dist-packages/eventlet/wsgi.py:982}}
Jul 29 15:28:13.212109 dv-cinder-789564-8-iscsi neutron-server[93121]: DEBUG neutron.wsgi [-] (93121) accepted ('10.222.0.10', 52942) {{(pid=93121) server /usr/local/lib/python3.8/dist-packages/eventlet/wsgi.py:982}}
Jul 29 15:28:13.236343 dv-cinder-789564-8-iscsi neutron-server[93121]: DEBUG neutron_lib.callbacks.manager [None req-40e48e11-1366-4163-b559-329ccd88bd9e admin admin] Notify callbacks [] for security_group, before_create {{(pid=93121) _notify_loop /usr/local/lib/python3.8/dist-packages/neutron_lib/callbacks/manager.py:192}}
Jul 29 15:28:13.448775 dv-cinder-789564-8-iscsi neutron-server[93122]: DEBUG neutron_lib.callbacks.manager [None req-11613a83-cf00-4b67-a9e1-5a09f5c841fe admin admin] Notify callbacks ['neutron.services.l3_router.l3_router_plugin.L3_HA_NAT_db_mixin._after_router_create-1613410', 'neutron.services.l3_router.l3_router_plugin.DVRResourceOperationHandler._create_snat_interfaces_after_change-2092268'] for router, after_create {{(pid=93122) _notify_loop /usr/local/lib/python3.8/dist-packages/neutron_lib/callbacks/manager.py:192}}
Jul 29 15:28:13.475685 dv-cinder-789564-8-iscsi neutron-server[93121]: DEBUG neutron_lib.callbacks.manager [None req-40e48e11-1366-4163-b559-329ccd88bd9e admin admin] Notify callbacks [] for security_group, precommit_create {{(pid=93121) _notify_loop /usr/local/lib/python3.8/dist-packages/neutron_lib/callbacks/manager.py:192}}
Jul 29 15:28:13.482652 dv-cinder-789564-8-iscsi neutron-server[93121]: DEBUG neutron_lib.callbacks.manager [None req-40e48e11-1366-4163-b559-329ccd88bd9e admin admin] Notify callbacks ['neutron.plugins.ml2.ovo_rpc._ObjectChangeHandler.handle_event-1574616'] for security_group, after_create {{(pid=93121) _notify_loop /usr/local/lib/python3.8/dist-packages/neutron_lib/callbacks/manager.py:192}}
Jul 29 15:28:13.553820 dv-cinder-789564-8-iscsi neutron-server[93121]: INFO neutron.wsgi [None req-40e48e11-1366-4163-b559-329ccd88bd9e admin admin] 10.222.0.10 "GET /v2.0/security-groups?tenant_id=04026bdcfa9244bda1f42415bc5306b7&name=default HTTP/1.1" status: 200 len: 2979 time: 0.3393698
Jul 29 15:28:13.554887 dv-cinder-789564-8-iscsi neutron-server[93121]: DEBUG neutron.api.rpc.handlers.resources_rpc [None req-40e48e11-1366-4163-b559-329ccd88bd9e admin admin] Pushing event updated for resources: {'SecurityGroup': ['ID=400c8403-fdf8-4a48-bfb7-0a5594054196,revision_number=1']} {{(pid=93121) push /opt/stack/neutron/neutron/api/rpc/handlers/resources_rpc.py:237}}
Jul 29 15:28:13.559242 dv-cinder-789564-8-iscsi neutron-server[93121]: DEBUG neutron.wsgi [-] (93121) accepted ('10.222.0.10', 52956) {{(pid=93121) server /usr/local/lib/python3.8/dist-packages/eventlet/wsgi.py:982}}
Jul 29 15:28:13.644906 dv-cinder-789564-8-iscsi neutron-server[93121]: DEBUG neutron_lib.callbacks.manager [None req-4fa85995-7d74-477d-ad6f-020dfd0f3d87 admin admin] Notify callbacks [] for security_group, before_delete {{(pid=93121) _notify_loop /usr/local/lib/python3.8/dist-packages/neutron_lib/callbacks/manager.py:192}}
Jul 29 15:28:13.696578 dv-cinder-789564-8-iscsi neutron-server[93121]: DEBUG neutron_lib.callbacks.manager [None req-4fa85995-7d74-477d-ad6f-020dfd0f3d87 admin admin] Notify callbacks [] for security_group, precommit_delete {{(pid=93121) _notify_loop /usr/local/lib/python3.8/dist-packages/neutron_lib/callbacks/manager.py:192}}
Jul 29 15:28:13.699274 dv-cinder-789564-8-iscsi neutron-server[93121]: DEBUG neutron_lib.callbacks.manager [None req-3ab6eec7-6709-44d0-81a2-c9592ce4e10e admin admin] Notify callbacks [] for security_group, before_create {{(pid=93121) _notify_loop /usr/local/lib/python3.8/dist-packages/neutron_lib/callbacks/manager.py:192}}
Jul 29 15:28:13.736332 dv-cinder-789564-8-iscsi neutron-server[93122]: DEBUG neutron.pecan_wsgi.hooks.policy_enforcement [req-c1213d76-6f80-4666-be4e-c87f8e67686a req-7b6cf928-aa59-4ebd-ba84-241083941d97 tempest-ServerRescueNegativeTestJSON-2080672489 tempest-ServerRescueNegativeTestJSON-2080672489-project] Attributes excluded by policy engine: ['standard_attr_id', 'binding:profile', 'binding:host_id', 'binding:vif_type', 'binding:vif_details'] {{(pid=93122) _exclude_attributes_by_policy /opt/stack/neutron/neutron/pecan_wsgi/hooks/policy_enforcement.py:255}}
Jul 29 15:28:13.749194 dv-cinder-789564-8-iscsi neutron-server[93122]: INFO neutron.wsgi [req-c1213d76-6f80-4666-be4e-c87f8e67686a req-7b6cf928-aa59-4ebd-ba84-241083941d97 tempest-ServerRescueNegativeTestJSON-2080672489 tempest-ServerRescueNegativeTestJSON-2080672489-project] 10.222.0.10 "GET /v2.0/ports?device_id=96585e58-a7fa-416f-9438-f1f316744a1c HTTP/1.1" status: 200 len: 945 time: 0.2842216
Jul 29 15:28:13.756553 dv-cinder-789564-8-iscsi neutron-server[93123]: DEBUG neutron.plugins.ml2.rpc [None req-a903dea3-953c-423c-80a1-bae3f99885e4 None None] Device 2e946ecc-cb30-4bb6-9f83-6d2f612f6bfc up at agent ovs-agent-dv-cinder-789564-8-iscsi {{(pid=93123) update_device_up /opt/stack/neutron/neutron/plugins/ml2/rpc.py:296}}
Jul 29 15:28:13.809639 dv-cinder-789564-8-iscsi neutron-server[93121]: DEBUG neutron_lib.callbacks.manager [None req-4fa85995-7d74-477d-ad6f-020dfd0f3d87 admin admin] Notify callbacks ['neutron.plugins.ml2.ovo_rpc._ObjectChangeHandler.handle_event-1574616'] for security_group, after_delete {{(pid=93121) _notify_loop /usr/local/lib/python3.8/dist-packages/neutron_lib/callbacks/manager.py:192}}
Jul 29 15:28:13.813807 dv-cinder-789564-8-iscsi neutron-server[93121]: DEBUG neutron_lib.callbacks.manager [None req-4fa85995-7d74-477d-ad6f-020dfd0f3d87 admin admin] Notify callbacks [] for security_group, before_response {{(pid=93121) _notify_loop /usr/local/lib/python3.8/dist-packages/neutron_lib/callbacks/manager.py:192}}
Jul 29 15:28:13.815233 dv-cinder-789564-8-iscsi neutron-server[93121]: INFO neutron.wsgi [None req-4fa85995-7d74-477d-ad6f-020dfd0f3d87 admin admin] 10.222.0.10 "DELETE /v2.0/security-groups/400c8403-fdf8-4a48-bfb7-0a5594054196 HTTP/1.1" status: 204 len: 168 time: 0.2544069
Jul 29 15:28:13.837802 dv-cinder-789564-8-iscsi neutron-server[93121]: DEBUG neutron.api.rpc.handlers.resources_rpc [None req-4fa85995-7d74-477d-ad6f-020dfd0f3d87 admin admin] Pushing event deleted for resources: {'SecurityGroup': ['ID=400c8403-fdf8-4a48-bfb7-0a5594054196,revision_number=None']} {{(pid=93121) push /opt/stack/neutron/neutron/api/rpc/handlers/resources_rpc.py:237}}
Jul 29 15:28:13.858166 dv-cinder-789564-8-iscsi neutron-server[93123]: DEBUG neutron.db.provisioning_blocks [None req-a903dea3-953c-423c-80a1-bae3f99885e4 None None] Provisioning for port 2e946ecc-cb30-4bb6-9f83-6d2f612f6bfc completed by entity L2. {{(pid=93123) provisioning_complete /opt/stack/neutron/neutron/db/provisioning_blocks.py:133}}
Jul 29 15:28:13.880372 dv-cinder-789564-8-iscsi neutron-server[93122]: INFO neutron.wsgi [req-c1213d76-6f80-4666-be4e-c87f8e67686a req-3d061f23-e5a8-440d-bc3b-3e18f2d06892 tempest-ServerRescueNegativeTestJSON-2080672489 tempest-ServerRescueNegativeTestJSON-2080672489-project] 10.222.0.10 "GET /v2.0/security-groups?id=3cd1633b-8122-453f-8ebc-994591fb9232&fields=id&fields=name HTTP/1.1" status: 200 len: 286 time: 0.1219158
Jul 29 15:28:13.919222 dv-cinder-789564-8-iscsi neutron-server[93122]: DEBUG neutron.scheduler.l3_agent_scheduler [None req-11613a83-cf00-4b67-a9e1-5a09f5c841fe admin admin] Router 330cfaee-1ae0-45ce-8f64-069449e2a214 is scheduled to L3 agent 44a2a7b9-5d37-4830-94e4-1a4e855b6549 with binding_index 1 {{(pid=93122) bind_router /opt/stack/neutron/neutron/scheduler/l3_agent_scheduler.py:210}}
Jul 29 15:28:13.922679 dv-cinder-789564-8-iscsi neutron-server[93121]: DEBUG neutron_lib.callbacks.manager [None req-3ab6eec7-6709-44d0-81a2-c9592ce4e10e admin admin] Notify callbacks [] for security_group, precommit_create {{(pid=93121) _notify_loop /usr/local/lib/python3.8/dist-packages/neutron_lib/callbacks/manager.py:192}}
Jul 29 15:28:13.929442 dv-cinder-789564-8-iscsi neutron-server[93121]: DEBUG neutron_lib.callbacks.manager [None req-3ab6eec7-6709-44d0-81a2-c9592ce4e10e admin admin] Notify callbacks ['neutron.plugins.ml2.ovo_rpc._ObjectChangeHandler.handle_event-1574616'] for security_group, after_create {{(pid=93121) _notify_loop /usr/local/lib/python3.8/dist-packages/neutron_lib/callbacks/manager.py:192}}
Jul 29 15:28:13.955491 dv-cinder-789564-8-iscsi neutron-server[93123]: DEBUG neutron.api.rpc.handlers.dhcp_rpc [None req-4460917d-dbfa-484b-9d98-ed7e28916b94 None None] Network 4ca45ca6-0dc2-4089-aa60-7a2582b4a106 requested from dv-cinder-789564-8-iscsi {{(pid=93123) get_network_info /opt/stack/neutron/neutron/api/rpc/handlers/dhcp_rpc.py:218}}
Jul 29 15:28:13.971410 dv-cinder-789564-8-iscsi neutron-server[93124]: DEBUG neutron.db.agents_db [None req-3f1c5d93-76f4-4d15-b598-4a68e6454402 None None] Agent healthcheck: found 6 active agents {{(pid=93124) agent_health_check /opt/stack/neutron/neutron/db/agents_db.py:317}}
Jul 29 15:28:13.981194 dv-cinder-789564-8-iscsi neutron-server[93121]: INFO neutron.wsgi [None req-3ab6eec7-6709-44d0-81a2-c9592ce4e10e admin admin] 10.222.0.10 "GET /v2.0/security-groups?tenant_id=e681b0c64f6c44e5a228d5ed2b00bdf2&name=default HTTP/1.1" status: 200 len: 2979 time: 0.7904241
Jul 29 15:28:13.982270 dv-cinder-789564-8-iscsi neutron-server[93122]: DEBUG neutron.wsgi [-] (93122) accepted ('10.222.0.10', 52966) {{(pid=93122) server /usr/local/lib/python3.8/dist-packages/eventlet/wsgi.py:982}}
Jul 29 15:28:13.984681 dv-cinder-789564-8-iscsi neutron-server[93121]: DEBUG neutron.api.rpc.handlers.resources_rpc [None req-3ab6eec7-6709-44d0-81a2-c9592ce4e10e admin admin] Pushing event updated for resources: {'SecurityGroup': ['ID=b7064301-f78e-43b8-8f25-9969e4ad72e3,revision_number=1']} {{(pid=93121) push /opt/stack/neutron/neutron/api/rpc/handlers/resources_rpc.py:237}}
Jul 29 15:28:14.065127 dv-cinder-789564-8-iscsi neutron-server[93123]: DEBUG neutron.db.provisioning_blocks [None req-d996d05d-0df1-4a2b-b37d-ff2398df8638 None None] Provisioning for port 2e946ecc-cb30-4bb6-9f83-6d2f612f6bfc completed by entity DHCP. {{(pid=93123) provisioning_complete /opt/stack/neutron/neutron/db/provisioning_blocks.py:133}}
Jul 29 15:28:14.097384 dv-cinder-789564-8-iscsi neutron-server[93123]: DEBUG neutron.db.provisioning_blocks [None req-d996d05d-0df1-4a2b-b37d-ff2398df8638 None None] Provisioning complete for port 2e946ecc-cb30-4bb6-9f83-6d2f612f6bfc triggered by entity DHCP. {{(pid=93123) provisioning_complete /opt/stack/neutron/neutron/db/provisioning_blocks.py:139}}
Jul 29 15:28:14.097744 dv-cinder-789564-8-iscsi neutron-server[93123]: DEBUG neutron_lib.callbacks.manager [None req-d996d05d-0df1-4a2b-b37d-ff2398df8638 None None] Notify callbacks ['neutron.plugins.ml2.plugin.Ml2Plugin._port_provisioned-852584'] for port, provisioning_complete {{(pid=93123) _notify_loop /usr/local/lib/python3.8/dist-packages/neutron_lib/callbacks/manager.py:192}}
Jul 29 15:28:14.101769 dv-cinder-789564-8-iscsi neutron-server[93122]: DEBUG neutron.api.rpc.agentnotifiers.l3_rpc_agent_api [None req-11613a83-cf00-4b67-a9e1-5a09f5c841fe admin admin] Notify agent at l3_agent.dv-cinder-789564-8-iscsi the message routers_updated {{(pid=93122) _agent_notification /opt/stack/neutron/neutron/api/rpc/agentnotifiers/l3_rpc_agent_api.py:65}}
Jul 29 15:28:14.114564 dv-cinder-789564-8-iscsi neutron-server[93122]: DEBUG neutron_lib.callbacks.manager [None req-f1abb7f1-8be9-4ffd-a73c-4a1a2afb3632 admin admin] Notify callbacks [] for security_group, before_delete {{(pid=93122) _notify_loop /usr/local/lib/python3.8/dist-packages/neutron_lib/callbacks/manager.py:192}}
Jul 29 15:28:14.156721 dv-cinder-789564-8-iscsi neutron-server[93122]: DEBUG neutron_lib.callbacks.manager [None req-11613a83-cf00-4b67-a9e1-5a09f5c841fe admin admin] Notify callbacks [] for router, before_response {{(pid=93122) _notify_loop /usr/local/lib/python3.8/dist-packages/neutron_lib/callbacks/manager.py:192}}
Jul 29 15:28:14.157378 dv-cinder-789564-8-iscsi neutron-server[93122]: INFO neutron.wsgi [None req-11613a83-cf00-4b67-a9e1-5a09f5c841fe admin admin] 10.222.0.10 "POST /v2.0/routers HTTP/1.1" status: 201 len: 928 time: 2.7798133
Jul 29 15:28:14.159897 dv-cinder-789564-8-iscsi neutron-server[93121]: DEBUG neutron.wsgi [-] (93121) accepted ('10.222.0.10', 52976) {{(pid=93121) server /usr/local/lib/python3.8/dist-packages/eventlet/wsgi.py:982}}
Jul 29 15:28:14.162956 dv-cinder-789564-8-iscsi neutron-server[93122]: DEBUG neutron_lib.callbacks.manager [None req-f1abb7f1-8be9-4ffd-a73c-4a1a2afb3632 admin admin] Notify callbacks [] for security_group, precommit_delete {{(pid=93122) _notify_loop /usr/local/lib/python3.8/dist-packages/neutron_lib/callbacks/manager.py:192}}
Jul 29 15:28:14.183606 dv-cinder-789564-8-iscsi neutron-server[93124]: DEBUG neutron.api.rpc.handlers.l3_rpc [None req-2d309031-250b-4807-821d-7b304d52f5ed None None] Sync routers for ids ['330cfaee-1ae0-45ce-8f64-069449e2a214'] in dv-cinder-789564-8-iscsi {{(pid=93124) sync_routers /opt/stack/neutron/neutron/api/rpc/handlers/l3_rpc.py:125}}
Jul 29 15:28:14.210202 dv-cinder-789564-8-iscsi neutron-server[93124]: DEBUG neutron.db.l3_dvrscheduler_db [None req-2d309031-250b-4807-821d-7b304d52f5ed None None] Routers {'330cfaee-1ae0-45ce-8f64-069449e2a214'} bound to L3 agent in host dv-cinder-789564-8-iscsi {{(pid=93124) _get_router_ids_for_agent /opt/stack/neutron/neutron/db/l3_dvrscheduler_db.py:420}}
Jul 29 15:28:14.210827 dv-cinder-789564-8-iscsi neutron-server[93124]: DEBUG neutron.db.l3_hamode_db [None req-2d309031-250b-4807-821d-7b304d52f5ed None None] neutron.services.l3_router.l3_router_plugin.L3RouterPlugin method get_ha_sync_data_for_host called with arguments (, 'dv-cinder-789564-8-iscsi', Agent(admin_state_up=True,agent_type='L3 agent',availability_zone='nova',binary='neutron-l3-agent',configurations={"agent_mode": "legacy", "ex_gw_ports": 2, "extensions": [], "floating_ips": 0, "handle_internal_only_routers": true, "interface_driver": "openvswitch", "interfaces": 2, "log_agent_heartbeats": false, "routers": 2},created_at=2021-07-29T15:19:31Z,description=,heartbeat_timestamp=2021-07-29T15:28:01Z,host='dv-cinder-789564-8-iscsi',id=44a2a7b9-5d37-4830-94e4-1a4e855b6549,load=0,resource_versions=,resources_synced=,started_at=2021-07-29T15:19:31Z,topic='l3_agent')) {'router_ids': ['330cfaee-1ae0-45ce-8f64-069449e2a214'], 'active': True} {{(pid=93124) wrapper /usr/local/lib/python3.8/dist-packages/oslo_log/helpers.py:65}}
