Jul 29 15:28:37.526907 dv-cinder-789564-8-iscsi neutron-server[93121]: DEBUG neutron.pecan_wsgi.hooks.policy_enforcement [req-aeac873a-e012-4a8e-8505-ca3776cc7ab5 req-4adf29e5-a7ac-43f6-9523-774f49b3b782 tempest-AttachVolumeShelveTestJSON-302732364 tempest-AttachVolumeShelveTestJSON-302732364-project] Attributes excluded by policy engine: ['standard_attr_id', 'binding:profile', 'binding:host_id', 'binding:vif_type', 'binding:vif_details'] {{(pid=93121) _exclude_attributes_by_policy /opt/stack/neutron/neutron/pecan_wsgi/hooks/policy_enforcement.py:255}}
Jul 29 15:28:37.549442 dv-cinder-789564-8-iscsi neutron-server[93121]: INFO neutron.wsgi [req-aeac873a-e012-4a8e-8505-ca3776cc7ab5 req-4adf29e5-a7ac-43f6-9523-774f49b3b782 tempest-AttachVolumeShelveTestJSON-302732364 tempest-AttachVolumeShelveTestJSON-302732364-project] 10.222.0.10 "GET /v2.0/ports?device_id=abf4f686-4033-48f1-b206-ce5a3462d331 HTTP/1.1" status: 200 len: 945 time: 0.1201565
Jul 29 15:28:37.609173 dv-cinder-789564-8-iscsi neutron-server[93121]: INFO neutron.wsgi [req-aeac873a-e012-4a8e-8505-ca3776cc7ab5 req-2e789c47-cbd8-4134-a921-54c478ec64bb tempest-AttachVolumeShelveTestJSON-302732364 tempest-AttachVolumeShelveTestJSON-302732364-project] 10.222.0.10 "GET /v2.0/security-groups?id=c53df25e-c0c2-482a-b671-c1cad4e95e5d&fields=id&fields=name HTTP/1.1" status: 200 len: 313 time: 0.0587678
Jul 29 15:28:37.631097 dv-cinder-789564-8-iscsi neutron-server[93124]: DEBUG neutron.api.rpc.handlers.resources_rpc [None req-12fa04a4-8f12-4c30-a11b-a32f7bf78e0b None None] Pushing event updated for resources: {'Port': ['ID=27320f99-129e-4e9b-9094-dee3068d070d,revision_number=3']} {{(pid=93124) push /opt/stack/neutron/neutron/api/rpc/handlers/resources_rpc.py:237}}
Jul 29 15:28:37.719561 dv-cinder-789564-8-iscsi neutron-server[93123]: DEBUG neutron.plugins.ml2.rpc [None req-a903dea3-953c-423c-80a1-bae3f99885e4 None None] Device 169d341a-6853-4952-8030-c418ca4bf712 up at agent ovs-agent-dv-cinder-789564-8-iscsi {{(pid=93123) update_device_up /opt/stack/neutron/neutron/plugins/ml2/rpc.py:296}}
Jul 29 15:28:37.723319 dv-cinder-789564-8-iscsi neutron-server[93124]: DEBUG neutron.db.l3_dvr_db [None req-5d930e1a-4db9-4057-9e70-c7255bb01fd9 None None] Set router eb23d752-a518-423f-9534-13f78f3440d8 gateway port host: dv-cinder-789564-8-iscsi {{(pid=93124) _build_routers_list /opt/stack/neutron/neutron/db/l3_dvr_db.py:894}}
Jul 29 15:28:37.771114 dv-cinder-789564-8-iscsi neutron-server[93122]: INFO neutron.wsgi [req-abb18c4b-3f1b-457b-a87e-c5e8a4c51605 req-66a901e8-afaf-4389-953d-1873d9e3605a tempest-ServerRescueNegativeTestJSON-2080672489 tempest-ServerRescueNegativeTestJSON-2080672489-project] 10.222.0.10 "GET /v2.0/security-groups?id=3cd1633b-8122-453f-8ebc-994591fb9232&fields=id&fields=name HTTP/1.1" status: 200 len: 286 time: 0.2627902
Jul 29 15:28:37.908651 dv-cinder-789564-8-iscsi neutron-server[93121]: DEBUG neutron.wsgi [-] (93121) accepted ('10.222.0.10', 53896) {{(pid=93121) server /usr/local/lib/python3.8/dist-packages/eventlet/wsgi.py:982}}
Jul 29 15:28:37.927899 dv-cinder-789564-8-iscsi neutron-server[93121]: DEBUG neutron_lib.callbacks.manager [None req-3f51be53-70f0-4899-af8a-404466868299 admin admin] Notify callbacks [] for security_group, before_create {{(pid=93121) _notify_loop /usr/local/lib/python3.8/dist-packages/neutron_lib/callbacks/manager.py:192}}
Jul 29 15:28:38.026571 dv-cinder-789564-8-iscsi neutron-server[93122]: DEBUG neutron.db.db_base_plugin_common [None req-942766c8-e93e-4cf7-aaad-c60ffe652210 admin admin] Allocated IP 172.20.0.1 (1c07a205-ef0c-4d59-a21e-9f5b6d03d3ec/b8e69d8f-f5f8-48f5-8d37-7d239c31f5f3/3b55e417-2451-4d73-bda4-cfa172e1db53) {{(pid=93122) _store_ip_allocation /opt/stack/neutron/neutron/db/db_base_plugin_common.py:131}}
Jul 29 15:28:38.040744 dv-cinder-789564-8-iscsi neutron-server[93123]: DEBUG neutron.db.provisioning_blocks [None req-a903dea3-953c-423c-80a1-bae3f99885e4 None None] Provisioning complete for port 169d341a-6853-4952-8030-c418ca4bf712 triggered by entity L2. {{(pid=93123) provisioning_complete /opt/stack/neutron/neutron/db/provisioning_blocks.py:139}}
Jul 29 15:28:38.041380 dv-cinder-789564-8-iscsi neutron-server[93123]: DEBUG neutron_lib.callbacks.manager [None req-a903dea3-953c-423c-80a1-bae3f99885e4 None None] Notify callbacks ['neutron.plugins.ml2.plugin.Ml2Plugin._port_provisioned-852584'] for port, provisioning_complete {{(pid=93123) _notify_loop /usr/local/lib/python3.8/dist-packages/neutron_lib/callbacks/manager.py:192}}
Jul 29 15:28:38.047718 dv-cinder-789564-8-iscsi neutron-server[93122]: DEBUG neutron.pecan_wsgi.hooks.policy_enforcement [req-67c428c1-5c9f-4e47-93fc-33c7112f8972 req-c71717cf-7ba0-41c8-9d5b-fb7c3ed46d86 service neutron] Attributes excluded by policy engine: ['standard_attr_id'] {{(pid=93122) _exclude_attributes_by_policy /opt/stack/neutron/neutron/pecan_wsgi/hooks/policy_enforcement.py:255}}
Jul 29 15:28:38.049237 dv-cinder-789564-8-iscsi neutron-server[93122]: INFO neutron.wsgi [req-67c428c1-5c9f-4e47-93fc-33c7112f8972 req-c71717cf-7ba0-41c8-9d5b-fb7c3ed46d86 service neutron] 10.222.0.59 "GET /v2.0/ports?device_id=abf4f686-4033-48f1-b206-ce5a3462d331 HTTP/1.1" status: 200 len: 1098 time: 0.4775395
Jul 29 15:28:38.078001 dv-cinder-789564-8-iscsi neutron-server[93124]: DEBUG neutron.db.l3_hamode_db [None req-5d930e1a-4db9-4057-9e70-c7255bb01fd9 None None] neutron.services.l3_router.l3_router_plugin.L3RouterPlugin method _process_sync_ha_data called with arguments (, [{'id': 'eb23d752-a518-423f-9534-13f78f3440d8', 'name': 'tempest-TestVolumeBootPattern-114242425-router', 'tenant_id': '413a6d27ec1b417084cad8efdf51e9a1', 'admin_state_up': True, 'status': 'ACTIVE', 'external_gateway_info': {'network_id': 'c23813b6-c80e-47f1-bc2a-e286cd843c9f', 'external_fixed_ips': [{'subnet_id': '8daf4e0e-7210-4a48-af4f-11d80b90a63b', 'ip_address': '172.27.0.128'}], 'enable_snat': True}, 'gw_port_id': '27320f99-129e-4e9b-9094-dee3068d070d', 'description': '', 'availability_zones': ['nova'], 'distributed': False, 'ha': False, 'ha_vr_id': 0, 'availability_zone_hints': [], 'routes': [], 'flavor_id': None, 'tags': [], 'created_at': '2021-07-29T15:28:31Z', 'updated_at': '2021-07-29T15:28:34Z', 'revision_number': 3, 'project_id': '413a6d27ec1b417084cad8efdf51e9a1', 'gw_port': {'id': '27320f99-129e-4e9b-9094-dee3068d070d', 'name': '', 'network_id': 'c23813b6-c80e-47f1-bc2a-e286cd843c9f', 'tenant_id': '', 'mac_address': 'fa:16:3e:4c:c3:f5', 'admin_state_up': True, 'status': 'DOWN', 'device_id': 'eb23d752-a518-423f-9534-13f78f3440d8', 'device_owner': 'network:router_gateway', 'standard_attr_id': 397, 'fixed_ips': [{'subnet_id': '8daf4e0e-7210-4a48-af4f-11d80b90a63b', 'ip_address': '172.27.0.128', 'prefixlen': 24}], 'allowed_address_pairs': [], 'extra_dhcp_opts': [], 'security_groups': [], 'description': '', 'binding:vnic_type': 'normal', 'binding:profile': {}, 'binding:host_id': 'dv-cinder-789564-8-iscsi', 'binding:vif_type': 'ovs', 'binding:vif_details': {'connectivity': 'l2', 'port_filter': True, 'ovs_hybrid_plug': False, 'datapath_type': 'system', 'bridge_name': 'br-int'}, 'port_security_enabled': False, 'tags': [], 'created_at': '2021-07-29T15:28:32Z', 'updated_at': '2021-07-29T15:28:37Z', 'revision_number': 3, 'project_id': '', 'subnets': [{'id': '8daf4e0e-7210-4a48-af4f-11d80b90a63b', 'cidr': '172.27.0.0/24', 'gateway_ip': '172.27.0.1', 'dns_nameservers': [], 'ipv6_ra_mode': None, 'subnetpool_id': None}], 'extra_subnets': [], 'address_scopes': {4: None, 6: None}, 'mtu': 1500}, 'enable_snat': True, 'gw_port_host': 'dv-cinder-789564-8-iscsi'}], 'dv-cinder-789564-8-iscsi', False) {} {{(pid=93124) wrapper /usr/local/lib/python3.8/dist-packages/oslo_log/helpers.py:65}}
Jul 29 15:28:38.115668 dv-cinder-789564-8-iscsi neutron-server[93124]: DEBUG neutron.api.rpc.handlers.l3_rpc [None req-5d930e1a-4db9-4057-9e70-c7255bb01fd9 None None] The sync data for ids ['eb23d752-a518-423f-9534-13f78f3440d8'] in dv-cinder-789564-8-iscsi is: [{'id': 'eb23d752-a518-423f-9534-13f78f3440d8', 'name': 'tempest-TestVolumeBootPattern-114242425-router', 'tenant_id': '413a6d27ec1b417084cad8efdf51e9a1', 'admin_state_up': True, 'status': 'ACTIVE', 'external_gateway_info': {'network_id': 'c23813b6-c80e-47f1-bc2a-e286cd843c9f', 'external_fixed_ips': [{'subnet_id': '8daf4e0e-7210-4a48-af4f-11d80b90a63b', 'ip_address': '172.27.0.128'}], 'enable_snat': True}, 'gw_port_id': '27320f99-129e-4e9b-9094-dee3068d070d', 'description': '', 'availability_zones': ['nova'], 'distributed': False, 'ha': False, 'ha_vr_id': 0, 'availability_zone_hints': [], 'routes': [], 'flavor_id': None, 'tags': [], 'created_at': '2021-07-29T15:28:31Z', 'updated_at': '2021-07-29T15:28:34Z', 'revision_number': 3, 'project_id': '413a6d27ec1b417084cad8efdf51e9a1', 'gw_port': {'id': '27320f99-129e-4e9b-9094-dee3068d070d', 'name': '', 'network_id': 'c23813b6-c80e-47f1-bc2a-e286cd843c9f', 'tenant_id': '', 'mac_address': 'fa:16:3e:4c:c3:f5', 'admin_state_up': True, 'status': 'DOWN', 'device_id': 'eb23d752-a518-423f-9534-13f78f3440d8', 'device_owner': 'network:router_gateway', 'standard_attr_id': 397, 'fixed_ips': [{'subnet_id': '8daf4e0e-7210-4a48-af4f-11d80b90a63b', 'ip_address': '172.27.0.128', 'prefixlen': 24}], 'allowed_address_pairs': [], 'extra_dhcp_opts': [], 'security_groups': [], 'description': '', 'binding:vnic_type': 'normal', 'binding:profile': {}, 'binding:host_id': 'dv-cinder-789564-8-iscsi', 'binding:vif_type': 'ovs', 'binding:vif_details': {'connectivity': 'l2', 'port_filter': True, 'ovs_hybrid_plug': False, 'datapath_type': 'system', 'bridge_name': 'br-int'}, 'port_security_enabled': False, 'tags': [], 'created_at': '2021-07-29T15:28:32Z', 'updated_at': '2021-07-29T15:28:37Z', 'revision_number': 3, 'project_id': '', 'subnets': [{'id': '8daf4e0e-7210-4a48-af4f-11d80b90a63b', 'cidr': '172.27.0.0/24', 'gateway_ip': '172.27.0.1', 'dns_nameservers': [], 'ipv6_ra_mode': None, 'subnetpool_id': None}], 'extra_subnets': [], 'address_scopes': {4: None, 6: None}, 'mtu': 1500}, 'enable_snat': True, 'gw_port_host': 'dv-cinder-789564-8-iscsi'}] {{(pid=93124) sync_routers /opt/stack/neutron/neutron/api/rpc/handlers/l3_rpc.py:137}}
Jul 29 15:28:38.119798 dv-cinder-789564-8-iscsi neutron-server[93121]: DEBUG neutron_lib.callbacks.manager [None req-3f51be53-70f0-4899-af8a-404466868299 admin admin] Notify callbacks [] for security_group, precommit_create {{(pid=93121) _notify_loop /usr/local/lib/python3.8/dist-packages/neutron_lib/callbacks/manager.py:192}}
Jul 29 15:28:38.126491 dv-cinder-789564-8-iscsi neutron-server[93121]: DEBUG neutron_lib.callbacks.manager [None req-3f51be53-70f0-4899-af8a-404466868299 admin admin] Notify callbacks ['neutron.plugins.ml2.ovo_rpc._ObjectChangeHandler.handle_event-1574616'] for security_group, after_create {{(pid=93121) _notify_loop /usr/local/lib/python3.8/dist-packages/neutron_lib/callbacks/manager.py:192}}
Jul 29 15:28:38.164617 dv-cinder-789564-8-iscsi neutron-server[93121]: DEBUG neutron.api.rpc.handlers.resources_rpc [None req-3f51be53-70f0-4899-af8a-404466868299 admin admin] Pushing event updated for resources: {'SecurityGroup': ['ID=cbd5bff2-02ca-4110-b81b-663ad5d206db,revision_number=1']} {{(pid=93121) push /opt/stack/neutron/neutron/api/rpc/handlers/resources_rpc.py:237}}
Jul 29 15:28:38.175942 dv-cinder-789564-8-iscsi neutron-server[93121]: INFO neutron.wsgi [None req-3f51be53-70f0-4899-af8a-404466868299 admin admin] 10.222.0.10 "GET /v2.0/security-groups?tenant_id=f50a2937a3c148b582bb9103aa50f93e&name=default HTTP/1.1" status: 200 len: 2979 time: 0.2661464
Jul 29 15:28:38.176994 dv-cinder-789564-8-iscsi neutron-server[93121]: DEBUG neutron.wsgi [-] (93121) accepted ('10.222.0.10', 53936) {{(pid=93121) server /usr/local/lib/python3.8/dist-packages/eventlet/wsgi.py:982}}
Jul 29 15:28:38.215002 dv-cinder-789564-8-iscsi neutron-server[93122]: DEBUG neutron.pecan_wsgi.hooks.policy_enforcement [req-df4b402b-7862-417d-87a3-2e62085f8126 req-19426d6e-457f-45e8-a4c1-3364b495975e service neutron] Attributes excluded by policy engine: ['standard_attr_id'] {{(pid=93122) _exclude_attributes_by_policy /opt/stack/neutron/neutron/pecan_wsgi/hooks/policy_enforcement.py:255}}
Jul 29 15:28:38.216797 dv-cinder-789564-8-iscsi neutron-server[93122]: INFO neutron.wsgi [req-df4b402b-7862-417d-87a3-2e62085f8126 req-19426d6e-457f-45e8-a4c1-3364b495975e service neutron] 10.222.0.59 "GET /v2.0/ports?tenant_id=bfcdeaa3d2bb4a9ab91ce3658c9e6b37&device_id=8c28e668-0672-480b-9a92-02d46f381e8e HTTP/1.1" status: 200 len: 1098 time: 0.4444299
Jul 29 15:28:38.218583 dv-cinder-789564-8-iscsi neutron-server[93122]: INFO neutron.wsgi [req-67c428c1-5c9f-4e47-93fc-33c7112f8972 req-93fc8adf-b99c-4743-897f-d8dcd41d3b2c service neutron] 10.222.0.59 "GET /v2.0/security-groups?id=c53df25e-c0c2-482a-b671-c1cad4e95e5d&fields=id&fields=name HTTP/1.1" status: 200 len: 313 time: 0.1485617
Jul 29 15:28:38.235156 dv-cinder-789564-8-iscsi neutron-server[93121]: DEBUG neutron_lib.callbacks.manager [None req-711ddc22-5559-4f19-b59c-b65566c1c65b admin admin] Notify callbacks [] for security_group, before_delete {{(pid=93121) _notify_loop /usr/local/lib/python3.8/dist-packages/neutron_lib/callbacks/manager.py:192}}
Jul 29 15:28:38.263426 dv-cinder-789564-8-iscsi neutron-server[93121]: DEBUG neutron_lib.callbacks.manager [None req-711ddc22-5559-4f19-b59c-b65566c1c65b admin admin] Notify callbacks [] for security_group, precommit_delete {{(pid=93121) _notify_loop /usr/local/lib/python3.8/dist-packages/neutron_lib/callbacks/manager.py:192}}
Jul 29 15:28:38.291197 dv-cinder-789564-8-iscsi neutron-server[93122]: DEBUG neutron_lib.callbacks.manager [None req-942766c8-e93e-4cf7-aaad-c60ffe652210 admin admin] Notify callbacks [] for port, precommit_create {{(pid=93122) _notify_loop /usr/local/lib/python3.8/dist-packages/neutron_lib/callbacks/manager.py:192}}
Jul 29 15:28:38.333088 dv-cinder-789564-8-iscsi neutron-server[93121]: DEBUG neutron_lib.callbacks.manager [None req-711ddc22-5559-4f19-b59c-b65566c1c65b admin admin] Notify callbacks ['neutron.plugins.ml2.ovo_rpc._ObjectChangeHandler.handle_event-1574616'] for security_group, after_delete {{(pid=93121) _notify_loop /usr/local/lib/python3.8/dist-packages/neutron_lib/callbacks/manager.py:192}}
Jul 29 15:28:38.337445 dv-cinder-789564-8-iscsi neutron-server[93121]: DEBUG neutron_lib.callbacks.manager [None req-711ddc22-5559-4f19-b59c-b65566c1c65b admin admin] Notify callbacks [] for security_group, before_response {{(pid=93121) _notify_loop /usr/local/lib/python3.8/dist-packages/neutron_lib/callbacks/manager.py:192}}
Jul 29 15:28:38.342445 dv-cinder-789564-8-iscsi neutron-server[93121]: INFO neutron.wsgi [None req-711ddc22-5559-4f19-b59c-b65566c1c65b admin admin] 10.222.0.10 "DELETE /v2.0/security-groups/cbd5bff2-02ca-4110-b81b-663ad5d206db HTTP/1.1" status: 204 len: 168 time: 0.1645947
Jul 29 15:28:38.351115 dv-cinder-789564-8-iscsi neutron-server[93121]: DEBUG neutron.api.rpc.handlers.resources_rpc [None req-711ddc22-5559-4f19-b59c-b65566c1c65b admin admin] Pushing event deleted for resources: {'SecurityGroup': ['ID=cbd5bff2-02ca-4110-b81b-663ad5d206db,revision_number=None']} {{(pid=93121) push /opt/stack/neutron/neutron/api/rpc/handlers/resources_rpc.py:237}}
Jul 29 15:28:38.365198 dv-cinder-789564-8-iscsi neutron-server[93122]: DEBUG neutron.db.provisioning_blocks [None req-942766c8-e93e-4cf7-aaad-c60ffe652210 admin admin] Transition to ACTIVE for port object 3b55e417-2451-4d73-bda4-cfa172e1db53 will not be triggered until provisioned by entity DHCP. {{(pid=93122) add_provisioning_component /opt/stack/neutron/neutron/db/provisioning_blocks.py:73}}
Jul 29 15:28:38.459759 dv-cinder-789564-8-iscsi neutron-server[93122]: DEBUG neutron.pecan_wsgi.hooks.policy_enforcement [req-df4b402b-7862-417d-87a3-2e62085f8126 req-3b9bea1f-1e16-4219-a4f8-d434b416e9e6 service neutron] Attributes excluded by policy engine: ['standard_attr_id', 'vlan_transparent'] {{(pid=93122) _exclude_attributes_by_policy /opt/stack/neutron/neutron/pecan_wsgi/hooks/policy_enforcement.py:255}}
Jul 29 15:28:38.461273 dv-cinder-789564-8-iscsi neutron-server[93122]: INFO neutron.wsgi [req-df4b402b-7862-417d-87a3-2e62085f8126 req-3b9bea1f-1e16-4219-a4f8-d434b416e9e6 service neutron] 10.222.0.59 "GET /v2.0/networks?id=c385e95e-5003-44fb-9b26-1f0375f4b434 HTTP/1.1" status: 200 len: 919 time: 0.1591640
Jul 29 15:28:38.467741 dv-cinder-789564-8-iscsi neutron-server[93122]: DEBUG neutron_lib.callbacks.manager [None req-942766c8-e93e-4cf7-aaad-c60ffe652210 admin admin] Notify callbacks ['neutron.plugins.ml2.plugin.SecurityGroupServerNotifierRpcMixin._notify_sg_on_port_change-1027219', 'neutron.plugins.ml2.ovo_rpc._ObjectChangeHandler.handle_event-362084', 'neutron.api.rpc.agentnotifiers.dhcp_rpc_agent_api.DhcpAgentNotifyAPI._native_event_send_dhcp_notification-2056633', 'neutron.db.l3_dvrscheduler_db._notify_l3_agent_new_port-8750510090725', 'neutron.services.segments.plugin.NovaSegmentNotifier._notify_port_created_or_deleted-30213477'] for port, after_create {{(pid=93122) _notify_loop /usr/local/lib/python3.8/dist-packages/neutron_lib/callbacks/manager.py:192}}
Jul 29 15:28:38.553575 dv-cinder-789564-8-iscsi neutron-server[93122]: DEBUG neutron.api.rpc.handlers.resources_rpc [None req-942766c8-e93e-4cf7-aaad-c60ffe652210 admin admin] Pushing event updated for resources: {'Port': ['ID=3b55e417-2451-4d73-bda4-cfa172e1db53,revision_number=1']} {{(pid=93122) push /opt/stack/neutron/neutron/api/rpc/handlers/resources_rpc.py:237}}
Jul 29 15:28:38.614803 dv-cinder-789564-8-iscsi neutron-server[93122]: INFO neutron.wsgi [req-df4b402b-7862-417d-87a3-2e62085f8126 req-c9b8c589-0a1a-401a-b420-1e1ee24f0c55 service neutron] 10.222.0.59 "GET /v2.0/floatingips?fixed_ip_address=172.20.0.5&port_id=dea517fa-c2bd-49b9-8ef7-c2b368fee08d HTTP/1.1" status: 200 len: 217 time: 0.1422133
Jul 29 15:28:38.641208 dv-cinder-789564-8-iscsi neutron-server[93122]: DEBUG neutron.scheduler.dhcp_agent_scheduler [None req-942766c8-e93e-4cf7-aaad-c60ffe652210 admin admin] Network 1c07a205-ef0c-4d59-a21e-9f5b6d03d3ec is already hosted by enough agents. {{(pid=93122) _get_dhcp_agents_hosting_network /opt/stack/neutron/neutron/scheduler/dhcp_agent_scheduler.py:275}}
Jul 29 15:28:38.687849 dv-cinder-789564-8-iscsi neutron-server[93122]: DEBUG neutron.scheduler.base_scheduler [None req-942766c8-e93e-4cf7-aaad-c60ffe652210 admin admin] Resources bound (agent type, host, resource id): {{(pid=93122) schedule /opt/stack/neutron/neutron/scheduler/base_scheduler.py:57}}
Jul 29 15:28:38.708515 dv-cinder-789564-8-iscsi neutron-server[93122]: DEBUG neutron.db.l3_dvrscheduler_db [None req-942766c8-e93e-4cf7-aaad-c60ffe652210 admin admin] Received port after_create {{(pid=93122) _notify_l3_agent_new_port /opt/stack/neutron/neutron/db/l3_dvrscheduler_db.py:535}}
Jul 29 15:28:38.795405 dv-cinder-789564-8-iscsi neutron-server[93122]: DEBUG neutron.pecan_wsgi.hooks.policy_enforcement [req-df4b402b-7862-417d-87a3-2e62085f8126 req-428cf5ac-b406-4b13-babc-c525655c1c58 service neutron] Attributes excluded by policy engine: ['standard_attr_id', 'shared', 'segment_id'] {{(pid=93122) _exclude_attributes_by_policy /opt/stack/neutron/neutron/pecan_wsgi/hooks/policy_enforcement.py:255}}
Jul 29 15:28:38.796903 dv-cinder-789564-8-iscsi neutron-server[93122]: INFO neutron.wsgi [req-df4b402b-7862-417d-87a3-2e62085f8126 req-428cf5ac-b406-4b13-babc-c525655c1c58 service neutron] 10.222.0.59 "GET /v2.0/subnets?id=dba78bb2-c0a0-46cf-830b-6ac38c036690 HTTP/1.1" status: 200 len: 858 time: 0.1673610
Jul 29 15:28:38.810031 dv-cinder-789564-8-iscsi neutron-server[93122]: DEBUG neutron_lib.callbacks.manager [None req-942766c8-e93e-4cf7-aaad-c60ffe652210 admin admin] Notify callbacks ['neutron.services.l3_router.l3_router_plugin.DVRResourceOperationHandler._add_csnat_on_interface_create-2092083'] for router_interface, before_create {{(pid=93122) _notify_loop /usr/local/lib/python3.8/dist-packages/neutron_lib/callbacks/manager.py:192}}
Jul 29 15:28:38.883920 dv-cinder-789564-8-iscsi neutron-server[93121]: DEBUG neutron.pecan_wsgi.hooks.policy_enforcement [req-e316a2fd-5312-45e3-b024-bd9b1383a9f8 req-13b0f762-8443-4a08-82a5-55ece2d7c886 tempest-AttachVolumeShelveTestJSON-302732364 tempest-AttachVolumeShelveTestJSON-302732364-project] Attributes excluded by policy engine: ['standard_attr_id', 'binding:profile', 'binding:host_id', 'binding:vif_type', 'binding:vif_details'] {{(pid=93121) _exclude_attributes_by_policy /opt/stack/neutron/neutron/pecan_wsgi/hooks/policy_enforcement.py:255}}
Jul 29 15:28:38.896107 dv-cinder-789564-8-iscsi neutron-server[93121]: INFO neutron.wsgi [req-e316a2fd-5312-45e3-b024-bd9b1383a9f8 req-13b0f762-8443-4a08-82a5-55ece2d7c886 tempest-AttachVolumeShelveTestJSON-302732364 tempest-AttachVolumeShelveTestJSON-302732364-project] 10.222.0.10 "GET /v2.0/ports?device_id=abf4f686-4033-48f1-b206-ce5a3462d331 HTTP/1.1" status: 200 len: 945 time: 0.1096048
Jul 29 15:28:38.955479 dv-cinder-789564-8-iscsi neutron-server[93121]: INFO neutron.wsgi [req-e316a2fd-5312-45e3-b024-bd9b1383a9f8 req-be9389b9-c08b-4291-8afd-b8635d316db7 tempest-AttachVolumeShelveTestJSON-302732364 tempest-AttachVolumeShelveTestJSON-302732364-project] 10.222.0.10 "GET /v2.0/security-groups?id=c53df25e-c0c2-482a-b671-c1cad4e95e5d&fields=id&fields=name HTTP/1.1" status: 200 len: 313 time: 0.0583184
Jul 29 15:28:39.046526 dv-cinder-789564-8-iscsi neutron-server[93122]: INFO neutron.wsgi [req-df4b402b-7862-417d-87a3-2e62085f8126 req-be24929f-cf7d-49df-98be-4eedaf43c383 service neutron] 10.222.0.59 "GET /v2.0/ports?network_id=c385e95e-5003-44fb-9b26-1f0375f4b434&device_owner=network%3Adhcp HTTP/1.1" status: 200 len: 210 time: 0.1523423
Jul 29 15:28:39.167271 dv-cinder-789564-8-iscsi neutron-server[93123]: DEBUG neutron.db.provisioning_blocks [None req-ef7493c4-2f4a-4042-8b83-92734e3e85ac None None] Provisioning for port 3b55e417-2451-4d73-bda4-cfa172e1db53 completed by entity DHCP. {{(pid=93123) provisioning_complete /opt/stack/neutron/neutron/db/provisioning_blocks.py:133}}
Jul 29 15:28:39.179402 dv-cinder-789564-8-iscsi neutron-server[93123]: DEBUG neutron.db.provisioning_blocks [None req-ef7493c4-2f4a-4042-8b83-92734e3e85ac None None] Provisioning complete for port 3b55e417-2451-4d73-bda4-cfa172e1db53 triggered by entity DHCP. {{(pid=93123) provisioning_complete /opt/stack/neutron/neutron/db/provisioning_blocks.py:139}}
Jul 29 15:28:39.180220 dv-cinder-789564-8-iscsi neutron-server[93123]: DEBUG neutron_lib.callbacks.manager [None req-ef7493c4-2f4a-4042-8b83-92734e3e85ac None None] Notify callbacks ['neutron.plugins.ml2.plugin.Ml2Plugin._port_provisioned-852584'] for port, provisioning_complete {{(pid=93123) _notify_loop /usr/local/lib/python3.8/dist-packages/neutron_lib/callbacks/manager.py:192}}
Jul 29 15:28:39.219644 dv-cinder-789564-8-iscsi neutron-server[93121]: DEBUG neutron.wsgi [-] (93121) accepted ('10.222.0.10', 53970) {{(pid=93121) server /usr/local/lib/python3.8/dist-packages/eventlet/wsgi.py:982}}
Jul 29 15:28:39.241445 dv-cinder-789564-8-iscsi neutron-server[93121]: DEBUG neutron_lib.callbacks.manager [None req-7102a46e-bbc3-48d9-a064-3a2d295ae9d8 admin admin] Notify callbacks [] for security_group, before_create {{(pid=93121) _notify_loop /usr/local/lib/python3.8/dist-packages/neutron_lib/callbacks/manager.py:192}}
Jul 29 15:28:39.253443 dv-cinder-789564-8-iscsi neutron-server[93122]: DEBUG neutron.pecan_wsgi.hooks.policy_enforcement [req-5314e1a8-11d6-4ff1-a796-c9e0b14ff01c req-08d3f683-af69-4cba-90e0-92f27bbde1b6 tempest-ServerRescueNegativeTestJSON-2080672489 tempest-ServerRescueNegativeTestJSON-2080672489-project] Attributes excluded by policy engine: ['standard_attr_id', 'binding:profile', 'binding:host_id', 'binding:vif_type', 'binding:vif_details'] {{(pid=93122) _exclude_attributes_by_policy /opt/stack/neutron/neutron/pecan_wsgi/hooks/policy_enforcement.py:255}}
Jul 29 15:28:39.262309 dv-cinder-789564-8-iscsi neutron-server[93122]: INFO neutron.wsgi [req-5314e1a8-11d6-4ff1-a796-c9e0b14ff01c req-08d3f683-af69-4cba-90e0-92f27bbde1b6 tempest-ServerRescueNegativeTestJSON-2080672489 tempest-ServerRescueNegativeTestJSON-2080672489-project] 10.222.0.10 "GET /v2.0/ports?device_id=8c28e668-0672-480b-9a92-02d46f381e8e HTTP/1.1" status: 200 len: 945 time: 0.3663955
Jul 29 15:28:39.268400 dv-cinder-789564-8-iscsi neutron-server[93123]: DEBUG neutron.plugins.ml2.plugin [None req-ef7493c4-2f4a-4042-8b83-92734e3e85ac None None] Port 3b55e417-2451-4d73-bda4-cfa172e1db53 cannot update to ACTIVE because it is not bound. {{(pid=93123) _port_provisioned /opt/stack/neutron/neutron/plugins/ml2/plugin.py:337}}
Jul 29 15:28:39.350164 dv-cinder-789564-8-iscsi neutron-server[93122]: INFO neutron.wsgi [req-df4b402b-7862-417d-87a3-2e62085f8126 req-52f3d28d-7a38-4b8f-8191-960c5b2f7275 service neutron] 10.222.0.59 "GET /v2.0/networks/c385e95e-5003-44fb-9b26-1f0375f4b434?fields=segments HTTP/1.1" status: 200 len: 212 time: 0.2715724
Jul 29 15:28:39.366726 dv-cinder-789564-8-iscsi neutron-server[93122]: INFO neutron.wsgi [req-5314e1a8-11d6-4ff1-a796-c9e0b14ff01c req-ad79383b-bec7-416c-adc3-03766a1444ed tempest-ServerRescueNegativeTestJSON-2080672489 tempest-ServerRescueNegativeTestJSON-2080672489-project] 10.222.0.10 "GET /v2.0/security-groups?id=3cd1633b-8122-453f-8ebc-994591fb9232&fields=id&fields=name HTTP/1.1" status: 200 len: 286 time: 0.0981302
Jul 29 15:28:39.378472 dv-cinder-789564-8-iscsi neutron-server[93122]: DEBUG neutron_lib.callbacks.manager [None req-942766c8-e93e-4cf7-aaad-c60ffe652210 admin admin] Notify callbacks ['neutron.plugins.ml2.plugin.SecurityGroupDbMixin._ensure_default_security_group_handler-1027678'] for port, before_update {{(pid=93122) _notify_loop /usr/local/lib/python3.8/dist-packages/neutron_lib/callbacks/manager.py:192}}
Jul 29 15:28:39.379831 dv-cinder-789564-8-iscsi neutron-server[93121]: DEBUG neutron_lib.callbacks.manager [None req-7102a46e-bbc3-48d9-a064-3a2d295ae9d8 admin admin] Notify callbacks [] for security_group, precommit_create {{(pid=93121) _notify_loop /usr/local/lib/python3.8/dist-packages/neutron_lib/callbacks/manager.py:192}}
Jul 29 15:28:39.384505 dv-cinder-789564-8-iscsi neutron-server[93121]: DEBUG neutron_lib.callbacks.manager [None req-7102a46e-bbc3-48d9-a064-3a2d295ae9d8 admin admin] Notify callbacks ['neutron.plugins.ml2.ovo_rpc._ObjectChangeHandler.handle_event-1574616'] for security_group, after_create {{(pid=93121) _notify_loop /usr/local/lib/python3.8/dist-packages/neutron_lib/callbacks/manager.py:192}}
Jul 29 15:28:39.421886 dv-cinder-789564-8-iscsi neutron-server[93121]: INFO neutron.wsgi [None req-7102a46e-bbc3-48d9-a064-3a2d295ae9d8 admin admin] 10.222.0.10 "GET /v2.0/security-groups?tenant_id=70ddce0d99dc4e25bec598575fc4fa5b&name=default HTTP/1.1" status: 200 len: 2979 time: 0.2000356
Jul 29 15:28:39.424978 dv-cinder-789564-8-iscsi neutron-server[93122]: DEBUG neutron.wsgi [-] (93122) accepted ('10.222.0.10', 53972) {{(pid=93122) server /usr/local/lib/python3.8/dist-packages/eventlet/wsgi.py:982}}
Jul 29 15:28:39.443153 dv-cinder-789564-8-iscsi neutron-server[93121]: DEBUG neutron.api.rpc.handlers.resources_rpc [None req-7102a46e-bbc3-48d9-a064-3a2d295ae9d8 admin admin] Pushing event updated for resources: {'SecurityGroup': ['ID=9ea890bc-0f85-4379-bd75-5a924f9abe9f,revision_number=1']} {{(pid=93121) push /opt/stack/neutron/neutron/api/rpc/handlers/resources_rpc.py:237}}
Jul 29 15:28:39.590436 dv-cinder-789564-8-iscsi neutron-server[93122]: INFO neutron.wsgi [req-df4b402b-7862-417d-87a3-2e62085f8126 req-0635b14f-58ee-403e-ad96-e1c9ffee493c service neutron] 10.222.0.59 "GET /v2.0/networks/c385e95e-5003-44fb-9b26-1f0375f4b434?fields=provider%3Aphysical_network&fields=provider%3Anetwork_type HTTP/1.1" status: 200 len: 281 time: 0.2208138
Jul 29 15:28:39.592791 dv-cinder-789564-8-iscsi neutron-server[93122]: DEBUG neutron_lib.callbacks.manager [None req-582960ff-d10d-4382-bfd5-853ac8a31b13 admin admin] Notify callbacks [] for security_group, before_delete {{(pid=93122) _notify_loop /usr/local/lib/python3.8/dist-packages/neutron_lib/callbacks/manager.py:192}}
Jul 29 15:28:39.626768 dv-cinder-789564-8-iscsi neutron-server[93122]: DEBUG neutron_lib.callbacks.manager [None req-582960ff-d10d-4382-bfd5-853ac8a31b13 admin admin] Notify callbacks [] for security_group, precommit_delete {{(pid=93122) _notify_loop /usr/local/lib/python3.8/dist-packages/neutron_lib/callbacks/manager.py:192}}
Jul 29 15:28:39.712499 dv-cinder-789564-8-iscsi neutron-server[93123]: DEBUG neutron.plugins.ml2.rpc [None req-a903dea3-953c-423c-80a1-bae3f99885e4 None None] Device 27320f99-129e-4e9b-9094-dee3068d070d up at agent ovs-agent-dv-cinder-789564-8-iscsi {{(pid=93123) update_device_up /opt/stack/neutron/neutron/plugins/ml2/rpc.py:296}}
Jul 29 15:28:39.714382 dv-cinder-789564-8-iscsi neutron-server[93122]: DEBUG neutron_lib.callbacks.manager [None req-942766c8-e93e-4cf7-aaad-c60ffe652210 admin admin] Notify callbacks [] for port, precommit_update {{(pid=93122) _notify_loop /usr/local/lib/python3.8/dist-packages/neutron_lib/callbacks/manager.py:192}}
Jul 29 15:28:39.720134 dv-cinder-789564-8-iscsi neutron-server[93122]: DEBUG neutron_lib.callbacks.manager [None req-942766c8-e93e-4cf7-aaad-c60ffe652210 admin admin] Notify callbacks ['neutron.plugins.ml2.plugin.SecurityGroupServerNotifierRpcMixin._notify_sg_on_port_change-1027219', 'neutron.plugins.ml2.ovo_rpc._ObjectChangeHandler.handle_event-362084', 'neutron.api.rpc.agentnotifiers.dhcp_rpc_agent_api.DhcpAgentNotifyAPI._native_event_send_dhcp_notification-2056633', 'neutron.db.l3_db.L3RpcNotifierMixin._notify_gateway_port_ip_changed-8750510481457', 'neutron.db.l3_dvrscheduler_db._notify_l3_agent_port_update-8750510090743', 'neutron.db.l3_hascheduler_db._notify_l3_agent_ha_port_update-8750510094093', 'neutron.services.segments.plugin.NovaSegmentNotifier._notify_port_updated-30213500'] for port, after_update {{(pid=93122) _notify_loop /usr/local/lib/python3.8/dist-packages/neutron_lib/callbacks/manager.py:192}}
Jul 29 15:28:39.741471 dv-cinder-789564-8-iscsi neutron-server[93122]: DEBUG neutron_lib.callbacks.manager [None req-582960ff-d10d-4382-bfd5-853ac8a31b13 admin admin] Notify callbacks ['neutron.plugins.ml2.ovo_rpc._ObjectChangeHandler.handle_event-1574616'] for security_group, after_delete {{(pid=93122) _notify_loop /usr/local/lib/python3.8/dist-packages/neutron_lib/callbacks/manager.py:192}}
Jul 29 15:28:39.744006 dv-cinder-789564-8-iscsi neutron-server[93122]: DEBUG neutron_lib.callbacks.manager [None req-582960ff-d10d-4382-bfd5-853ac8a31b13 admin admin] Notify callbacks [] for security_group, before_response {{(pid=93122) _notify_loop /usr/local/lib/python3.8/dist-packages/neutron_lib/callbacks/manager.py:192}}
Jul 29 15:28:39.745276 dv-cinder-789564-8-iscsi neutron-server[93122]: INFO neutron.wsgi [None req-582960ff-d10d-4382-bfd5-853ac8a31b13 admin admin] 10.222.0.10 "DELETE /v2.0/security-groups/9ea890bc-0f85-4379-bd75-5a924f9abe9f HTTP/1.1" status: 204 len: 168 time: 0.3179159
Jul 29 15:28:39.769202 dv-cinder-789564-8-iscsi neutron-server[93123]: DEBUG neutron.db.provisioning_blocks [None req-a903dea3-953c-423c-80a1-bae3f99885e4 None None] Provisioning for port 27320f99-129e-4e9b-9094-dee3068d070d completed by entity L2. {{(pid=93123) provisioning_complete /opt/stack/neutron/neutron/db/provisioning_blocks.py:133}}
Jul 29 15:28:39.773942 dv-cinder-789564-8-iscsi neutron-server[93123]: DEBUG neutron.db.provisioning_blocks [None req-a903dea3-953c-423c-80a1-bae3f99885e4 None None] Provisioning complete for port 27320f99-129e-4e9b-9094-dee3068d070d triggered by entity L2. {{(pid=93123) provisioning_complete /opt/stack/neutron/neutron/db/provisioning_blocks.py:139}}
Jul 29 15:28:39.774624 dv-cinder-789564-8-iscsi neutron-server[93123]: DEBUG neutron_lib.callbacks.manager [None req-a903dea3-953c-423c-80a1-bae3f99885e4 None None] Notify callbacks ['neutron.plugins.ml2.plugin.Ml2Plugin._port_provisioned-852584'] for port, provisioning_complete {{(pid=93123) _notify_loop /usr/local/lib/python3.8/dist-packages/neutron_lib/callbacks/manager.py:192}}
Jul 29 15:28:39.802547 dv-cinder-789564-8-iscsi neutron-server[93122]: DEBUG neutron.api.rpc.handlers.resources_rpc [None req-942766c8-e93e-4cf7-aaad-c60ffe652210 admin admin] Pushing event updated for resources: {'Port': ['ID=3b55e417-2451-4d73-bda4-cfa172e1db53,revision_number=2']} {{(pid=93122) push /opt/stack/neutron/neutron/api/rpc/handlers/resources_rpc.py:237}}
Jul 29 15:28:39.819782 dv-cinder-789564-8-iscsi neutron-server[93122]: DEBUG neutron.api.rpc.handlers.resources_rpc [None req-582960ff-d10d-4382-bfd5-853ac8a31b13 admin admin] Pushing event deleted for resources: {'SecurityGroup': ['ID=9ea890bc-0f85-4379-bd75-5a924f9abe9f,revision_number=None']} {{(pid=93122) push /opt/stack/neutron/neutron/api/rpc/handlers/resources_rpc.py:237}}
Jul 29 15:28:39.835802 dv-cinder-789564-8-iscsi neutron-server[93122]: DEBUG neutron_lib.callbacks.manager [None req-942766c8-e93e-4cf7-aaad-c60ffe652210 admin admin] Notify callbacks ['neutron.api.rpc.agentnotifiers.dhcp_rpc_agent_api.DhcpAgentNotifyAPI._after_router_interface_created-2056619', 'neutron.services.l3_router.l3_router_plugin.DVRResourceOperationHandler._update_snat_v6_addrs_after_intf_update-1724835'] for router_interface, after_create {{(pid=93122) _notify_loop /usr/local/lib/python3.8/dist-packages/neutron_lib/callbacks/manager.py:192}}
Jul 29 15:28:39.902841 dv-cinder-789564-8-iscsi neutron-server[93123]: DEBUG neutron_lib.callbacks.manager [None req-a903dea3-953c-423c-80a1-bae3f99885e4 None None] Notify callbacks ['neutron.plugins.ml2.plugin.SecurityGroupDbMixin._ensure_default_security_group_handler-1027678'] for port, before_update {{(pid=93123) _notify_loop /usr/local/lib/python3.8/dist-packages/neutron_lib/callbacks/manager.py:192}}
Jul 29 15:28:39.928806 dv-cinder-789564-8-iscsi neutron-server[93123]: DEBUG neutron.plugins.ml2.db [None req-a903dea3-953c-423c-80a1-bae3f99885e4 None None] For port 27320f99-129e-4e9b-9094-dee3068d070d, host dv-cinder-789564-8-iscsi, got binding levels [PortBindingLevel(driver='openvswitch',host='dv-cinder-789564-8-iscsi',level=0,port_id=27320f99-129e-4e9b-9094-dee3068d070d,segment=NetworkSegment(739f4ba2-be3a-4e0c-942f-2ea159a0dae6),segment_id=739f4ba2-be3a-4e0c-942f-2ea159a0dae6)] {{(pid=93123) get_binding_level_objs /opt/stack/neutron/neutron/plugins/ml2/db.py:74}}
Jul 29 15:28:39.933332 dv-cinder-789564-8-iscsi neutron-server[93123]: DEBUG neutron_lib.callbacks.manager [None req-a903dea3-953c-423c-80a1-bae3f99885e4 None None] Notify callbacks ['neutron.plugins.ml2.plugin.SecurityGroupServerNotifierRpcMixin._notify_sg_on_port_change-1027219', 'neutron.plugins.ml2.ovo_rpc._ObjectChangeHandler.handle_event-362084', 'neutron.api.rpc.agentnotifiers.dhcp_rpc_agent_api.DhcpAgentNotifyAPI._native_event_send_dhcp_notification-2056633', 'neutron.db.l3_db.L3RpcNotifierMixin._notify_gateway_port_ip_changed-8750510481457', 'neutron.db.l3_dvrscheduler_db._notify_l3_agent_port_update-8750510090743', 'neutron.db.l3_hascheduler_db._notify_l3_agent_ha_port_update-8750510094093'] for port, after_update {{(pid=93123) _notify_loop /usr/local/lib/python3.8/dist-packages/neutron_lib/callbacks/manager.py:192}}
Jul 29 15:28:39.935380 dv-cinder-789564-8-iscsi neutron-server[93122]: DEBUG neutron.scheduler.dhcp_agent_scheduler [None req-942766c8-e93e-4cf7-aaad-c60ffe652210 admin admin] Network 1c07a205-ef0c-4d59-a21e-9f5b6d03d3ec is already hosted by enough agents. {{(pid=93122) _get_dhcp_agents_hosting_network /opt/stack/neutron/neutron/scheduler/dhcp_agent_scheduler.py:275}}
Jul 29 15:28:39.937035 dv-cinder-789564-8-iscsi neutron-server[93122]: DEBUG neutron.scheduler.base_scheduler [None req-942766c8-e93e-4cf7-aaad-c60ffe652210 admin admin] Resources bound (agent type, host, resource id): {{(pid=93122) schedule /opt/stack/neutron/neutron/scheduler/base_scheduler.py:57}}
Jul 29 15:28:39.984915 dv-cinder-789564-8-iscsi neutron-server[93123]: DEBUG neutron.api.rpc.handlers.resources_rpc [None req-a903dea3-953c-423c-80a1-bae3f99885e4 None None] Pushing event updated for resources: {'Port': ['ID=27320f99-129e-4e9b-9094-dee3068d070d,revision_number=4']} {{(pid=93123) push /opt/stack/neutron/neutron/api/rpc/handlers/resources_rpc.py:237}}
Jul 29 15:28:40.126026 dv-cinder-789564-8-iscsi neutron-server[93121]: DEBUG neutron.pecan_wsgi.hooks.policy_enforcement [req-cff5f32d-b2fa-4de9-b9e0-3fe45a1d24b1 req-7f532ba8-d1f4-40f2-840a-6a6519150dcf tempest-AttachVolumeShelveTestJSON-302732364 tempest-AttachVolumeShelveTestJSON-302732364-project] Attributes excluded by policy engine: ['standard_attr_id', 'binding:profile', 'binding:host_id', 'binding:vif_type', 'binding:vif_details'] {{(pid=93121) _exclude_attributes_by_policy /opt/stack/neutron/neutron/pecan_wsgi/hooks/policy_enforcement.py:255}}
Jul 29 15:28:40.132101 dv-cinder-789564-8-iscsi neutron-server[93122]: DEBUG neutron.scheduler.l3_agent_scheduler [None req-942766c8-e93e-4cf7-aaad-c60ffe652210 admin admin] Router eb23d752-a518-423f-9534-13f78f3440d8 has already been hosted by L3 agent 44a2a7b9-5d37-4830-94e4-1a4e855b6549 {{(pid=93122) _get_candidates /opt/stack/neutron/neutron/scheduler/l3_agent_scheduler.py:127}}
Jul 29 15:28:40.140313 dv-cinder-789564-8-iscsi neutron-server[93121]: INFO neutron.wsgi [req-cff5f32d-b2fa-4de9-b9e0-3fe45a1d24b1 req-7f532ba8-d1f4-40f2-840a-6a6519150dcf tempest-AttachVolumeShelveTestJSON-302732364 tempest-AttachVolumeShelveTestJSON-302732364-project] 10.222.0.10 "GET /v2.0/ports?device_id=abf4f686-4033-48f1-b206-ce5a3462d331 HTTP/1.1" status: 200 len: 945 time: 0.0789723
Jul 29 15:28:40.205872 dv-cinder-789564-8-iscsi neutron-server[93123]: DEBUG neutron.db.provisioning_blocks [None req-190b360b-3e68-466a-840e-4e39359b5575 None None] Provisioning complete for port 3b55e417-2451-4d73-bda4-cfa172e1db53 triggered by entity DHCP. {{(pid=93123) provisioning_complete /opt/stack/neutron/neutron/db/provisioning_blocks.py:139}}
Jul 29 15:28:40.207125 dv-cinder-789564-8-iscsi neutron-server[93123]: DEBUG neutron_lib.callbacks.manager [None req-190b360b-3e68-466a-840e-4e39359b5575 None None] Notify callbacks ['neutron.plugins.ml2.plugin.Ml2Plugin._port_provisioned-852584'] for port, provisioning_complete {{(pid=93123) _notify_loop /usr/local/lib/python3.8/dist-packages/neutron_lib/callbacks/manager.py:192}}
Jul 29 15:28:40.211103 dv-cinder-789564-8-iscsi neutron-server[93121]: INFO neutron.wsgi [req-cff5f32d-b2fa-4de9-b9e0-3fe45a1d24b1 req-3775e5d5-f7c9-4d3b-8d36-bb21b0ba9719 tempest-AttachVolumeShelveTestJSON-302732364 tempest-AttachVolumeShelveTestJSON-302732364-project] 10.222.0.10 "GET /v2.0/security-groups?id=c53df25e-c0c2-482a-b671-c1cad4e95e5d&fields=id&fields=name HTTP/1.1" status: 200 len: 313 time: 0.0567403
Jul 29 15:28:40.276667 dv-cinder-789564-8-iscsi neutron-server[93123]: DEBUG neutron.plugins.ml2.plugin [None req-190b360b-3e68-466a-840e-4e39359b5575 None None] Port 3b55e417-2451-4d73-bda4-cfa172e1db53 cannot update to ACTIVE because it is not bound. {{(pid=93123) _port_provisioned /opt/stack/neutron/neutron/plugins/ml2/plugin.py:337}}
Jul 29 15:28:40.303719 dv-cinder-789564-8-iscsi neutron-server[93122]: DEBUG neutron.api.rpc.agentnotifiers.l3_rpc_agent_api [None req-942766c8-e93e-4cf7-aaad-c60ffe652210 admin admin] Notify agent at l3_agent.dv-cinder-789564-8-iscsi the message routers_updated {{(pid=93122) _agent_notification /opt/stack/neutron/neutron/api/rpc/agentnotifiers/l3_rpc_agent_api.py:65}}
Jul 29 15:28:40.310947 dv-cinder-789564-8-iscsi neutron-server[93122]: INFO neutron.wsgi [None req-942766c8-e93e-4cf7-aaad-c60ffe652210 admin admin] 10.222.0.10 "PUT /v2.0/routers/eb23d752-a518-423f-9534-13f78f3440d8/add_router_interface HTTP/1.1" status: 200 len: 503 time: 4.6479394
Jul 29 15:28:40.378486 dv-cinder-789564-8-iscsi neutron-server[93122]: DEBUG neutron.pecan_wsgi.hooks.policy_enforcement [req-7c2a2156-a795-4516-8cfc-3f01904f450c req-f7c0b198-c04e-4ba0-afb4-193c25c1130e tempest-AttachVolumeShelveTestJSON-302732364 tempest-AttachVolumeShelveTestJSON-302732364-project] Attributes excluded by policy engine: ['standard_attr_id', 'binding:profile', 'binding:host_id', 'binding:vif_type', 'binding:vif_details'] {{(pid=93122) _exclude_attributes_by_policy /opt/stack/neutron/neutron/pecan_wsgi/hooks/policy_enforcement.py:255}}
Jul 29 15:28:40.387559 dv-cinder-789564-8-iscsi neutron-server[93122]: INFO neutron.wsgi [req-7c2a2156-a795-4516-8cfc-3f01904f450c req-f7c0b198-c04e-4ba0-afb4-193c25c1130e tempest-AttachVolumeShelveTestJSON-302732364 tempest-AttachVolumeShelveTestJSON-302732364-project] 10.222.0.10 "GET /v2.0/ports?device_id=abf4f686-4033-48f1-b206-ce5a3462d331 HTTP/1.1" status: 200 len: 945 time: 0.0711696
Jul 29 15:28:40.400111 dv-cinder-789564-8-iscsi neutron-server[93122]: DEBUG neutron.wsgi [-] (93122) accepted ('10.222.0.10', 54004) {{(pid=93122) server /usr/local/lib/python3.8/dist-packages/eventlet/wsgi.py:982}}
Jul 29 15:28:40.409780 dv-cinder-789564-8-iscsi neutron-server[93122]: DEBUG neutron.api.v2.base [None req-86af97d4-46f8-47a3-aca8-1cc9c21627ef tempest-AttachVolumeShelveTestJSON-302732364 tempest-AttachVolumeShelveTestJSON-302732364-project] Request body: {'floatingip': {'port_id': '4781aba6-31ff-45d6-9fe8-470602d734a4'}} {{(pid=93122) prepare_request_body /opt/stack/neutron/neutron/api/v2/base.py:729}}
Jul 29 15:28:40.540707 dv-cinder-789564-8-iscsi neutron-server[93121]: DEBUG neutron.pecan_wsgi.hooks.policy_enforcement [req-8031a1b6-164d-4ae5-a73f-4db7ad1b93ec req-3446578a-ae23-4b7e-bf4c-77ce5d2980b8 tempest-ServerRescueNegativeTestJSON-2080672489 tempest-ServerRescueNegativeTestJSON-2080672489-project] Attributes excluded by policy engine: ['standard_attr_id', 'binding:profile', 'binding:host_id', 'binding:vif_type', 'binding:vif_details'] {{(pid=93121) _exclude_attributes_by_policy /opt/stack/neutron/neutron/pecan_wsgi/hooks/policy_enforcement.py:255}}
Jul 29 15:28:40.552134 dv-cinder-789564-8-iscsi neutron-server[93121]: INFO neutron.wsgi [req-8031a1b6-164d-4ae5-a73f-4db7ad1b93ec req-3446578a-ae23-4b7e-bf4c-77ce5d2980b8 tempest-ServerRescueNegativeTestJSON-2080672489 tempest-ServerRescueNegativeTestJSON-2080672489-project] 10.222.0.10 "GET /v2.0/ports?device_id=8c28e668-0672-480b-9a92-02d46f381e8e HTTP/1.1" status: 200 len: 945 time: 0.0901289
Jul 29 15:28:40.580520 dv-cinder-789564-8-iscsi neutron-server[93122]: DEBUG neutron_lib.callbacks.manager [None req-86af97d4-46f8-47a3-aca8-1cc9c21627ef tempest-AttachVolumeShelveTestJSON-302732364 tempest-AttachVolumeShelveTestJSON-302732364-project] Notify callbacks [] for floatingip, before_update {{(pid=93122) _notify_loop /usr/local/lib/python3.8/dist-packages/neutron_lib/callbacks/manager.py:192}}
Jul 29 15:28:40.642840 dv-cinder-789564-8-iscsi neutron-server[93121]: INFO neutron.wsgi [req-8031a1b6-164d-4ae5-a73f-4db7ad1b93ec req-d676e3d6-c7fc-421a-8c46-5e9f0c836f7e tempest-ServerRescueNegativeTestJSON-2080672489 tempest-ServerRescueNegativeTestJSON-2080672489-project] 10.222.0.10 "GET /v2.0/security-groups?id=3cd1633b-8122-453f-8ebc-994591fb9232&fields=id&fields=name HTTP/1.1" status: 200 len: 286 time: 0.0872264
Jul 29 15:28:40.768196 dv-cinder-789564-8-iscsi neutron-server[93123]: DEBUG neutron.api.rpc.handlers.l3_rpc [None req-40a54fe3-ab21-4296-8190-b9973f84ed12 None None] Sync routers for ids ['eb23d752-a518-423f-9534-13f78f3440d8'] in dv-cinder-789564-8-iscsi {{(pid=93123) sync_routers /opt/stack/neutron/neutron/api/rpc/handlers/l3_rpc.py:125}}
Jul 29 15:28:40.782951 dv-cinder-789564-8-iscsi neutron-server[93123]: DEBUG neutron.db.l3_dvrscheduler_db [None req-40a54fe3-ab21-4296-8190-b9973f84ed12 None None] Routers {'eb23d752-a518-423f-9534-13f78f3440d8'} bound to L3 agent in host dv-cinder-789564-8-iscsi {{(pid=93123) _get_router_ids_for_agent /opt/stack/neutron/neutron/db/l3_dvrscheduler_db.py:420}}
Jul 29 15:28:40.783762 dv-cinder-789564-8-iscsi neutron-server[93123]: DEBUG neutron.db.l3_hamode_db [None req-40a54fe3-ab21-4296-8190-b9973f84ed12 None None] neutron.services.l3_router.l3_router_plugin.L3RouterPlugin method get_ha_sync_data_for_host called with arguments (, 'dv-cinder-789564-8-iscsi', Agent(admin_state_up=True,agent_type='L3 agent',availability_zone='nova',binary='neutron-l3-agent',configurations={"agent_mode": "legacy", "ex_gw_ports": 4, "extensions": [], "floating_ips": 0, "handle_internal_only_routers": true, "interface_driver": "openvswitch", "interfaces": 3, "log_agent_heartbeats": false, "routers": 4},created_at=2021-07-29T15:19:31Z,description=,heartbeat_timestamp=2021-07-29T15:28:31Z,host='dv-cinder-789564-8-iscsi',id=44a2a7b9-5d37-4830-94e4-1a4e855b6549,load=0,resource_versions=,resources_synced=,started_at=2021-07-29T15:19:31Z,topic='l3_agent')) {'router_ids': ['eb23d752-a518-423f-9534-13f78f3440d8'], 'active': True} {{(pid=93123) wrapper /usr/local/lib/python3.8/dist-packages/oslo_log/helpers.py:65}}
Jul 29 15:28:40.981986 dv-cinder-789564-8-iscsi neutron-server[93123]: DEBUG neutron.db.l3_dvr_db [None req-40a54fe3-ab21-4296-8190-b9973f84ed12 None None] Set router eb23d752-a518-423f-9534-13f78f3440d8 gateway port host: dv-cinder-789564-8-iscsi {{(pid=93123) _build_routers_list /opt/stack/neutron/neutron/db/l3_dvr_db.py:894}}
Jul 29 15:28:41.259915 dv-cinder-789564-8-iscsi neutron-server[93123]: DEBUG neutron.db.l3_hamode_db [None req-40a54fe3-ab21-4296-8190-b9973f84ed12 None None] neutron.services.l3_router.l3_router_plugin.L3RouterPlugin method _process_sync_ha_data called with arguments (, [{'id': 'eb23d752-a518-423f-9534-13f78f3440d8', 'name': 'tempest-TestVolumeBootPattern-114242425-router', 'tenant_id': '413a6d27ec1b417084cad8efdf51e9a1', 'admin_state_up': True, 'status': 'ACTIVE', 'external_gateway_info': {'network_id': 'c23813b6-c80e-47f1-bc2a-e286cd843c9f', 'external_fixed_ips': [{'subnet_id': '8daf4e0e-7210-4a48-af4f-11d80b90a63b', 'ip_address': '172.27.0.128'}], 'enable_snat': True}, 'gw_port_id': '27320f99-129e-4e9b-9094-dee3068d070d', 'description': '', 'availability_zones': ['nova'], 'distributed': False, 'ha': False, 'ha_vr_id': 0, 'availability_zone_hints': [], 'routes': [], 'flavor_id': None, 'tags': [], 'created_at': '2021-07-29T15:28:31Z', 'updated_at': '2021-07-29T15:28:39Z', 'revision_number': 4, 'project_id': '413a6d27ec1b417084cad8efdf51e9a1', 'gw_port': {'id': '27320f99-129e-4e9b-9094-dee3068d070d', 'name': '', 'network_id': 'c23813b6-c80e-47f1-bc2a-e286cd843c9f', 'tenant_id': '', 'mac_address': 'fa:16:3e:4c:c3:f5', 'admin_state_up': True, 'status': 'ACTIVE', 'device_id': 'eb23d752-a518-423f-9534-13f78f3440d8', 'device_owner': 'network:router_gateway', 'standard_attr_id': 397, 'fixed_ips': [{'subnet_id': '8daf4e0e-7210-4a48-af4f-11d80b90a63b', 'ip_address': '172.27.0.128', 'prefixlen': 24}], 'allowed_address_pairs': [], 'extra_dhcp_opts': [], 'security_groups': [], 'description': '', 'binding:vnic_type': 'normal', 'binding:profile': {}, 'binding:host_id': 'dv-cinder-789564-8-iscsi', 'binding:vif_type': 'ovs', 'binding:vif_details': {'connectivity': 'l2', 'port_filter': True, 'ovs_hybrid_plug': False, 'datapath_type': 'system', 'bridge_name': 'br-int'}, 'port_security_enabled': False, 'tags': [], 'created_at': '2021-07-29T15:28:32Z', 'updated_at': '2021-07-29T15:28:39Z', 'revision_number': 4, 'project_id': '', 'subnets': [{'id': '8daf4e0e-7210-4a48-af4f-11d80b90a63b', 'cidr': '172.27.0.0/24', 'gateway_ip': '172.27.0.1', 'dns_nameservers': [], 'ipv6_ra_mode': None, 'subnetpool_id': None}], 'extra_subnets': [], 'address_scopes': {4: None, 6: None}, 'mtu': 1500}, 'enable_snat': True, 'gw_port_host': 'dv-cinder-789564-8-iscsi', '_interfaces': [{'id': '3b55e417-2451-4d73-bda4-cfa172e1db53', 'name': '', 'network_id': '1c07a205-ef0c-4d59-a21e-9f5b6d03d3ec', 'tenant_id': '413a6d27ec1b417084cad8efdf51e9a1', 'mac_address': 'fa:16:3e:15:37:64', 'admin_state_up': True, 'status': 'DOWN', 'device_id': 'eb23d752-a518-423f-9534-13f78f3440d8', 'device_owner': 'network:router_interface', 'standard_attr_id': 418, 'fixed_ips': [{'subnet_id': 'b8e69d8f-f5f8-48f5-8d37-7d239c31f5f3', 'ip_address': '172.20.0.1', 'prefixlen': 28}], 'allowed_address_pairs': [], 'extra_dhcp_opts': [], 'security_groups': [], 'description': '', 'binding:vnic_type': 'normal', 'binding:profile': {}, 'binding:host_id': '', 'binding:vif_type': 'unbound', 'binding:vif_details': {}, 'port_security_enabled': False, 'tags': [], 'created_at': '2021-07-29T15:28:37Z', 'updated_at': '2021-07-29T15:28:39Z', 'revision_number': 2, 'project_id': '413a6d27ec1b417084cad8efdf51e9a1', 'subnets': [{'id': 'b8e69d8f-f5f8-48f5-8d37-7d239c31f5f3', 'cidr': '172.20.0.0/28', 'gateway_ip': '172.20.0.1', 'dns_nameservers': [], 'ipv6_ra_mode': None, 'subnetpool_id': None}], 'extra_subnets': [], 'address_scopes': {4: None, 6: None}, 'mtu': 1500}]}], 'dv-cinder-789564-8-iscsi', False) {} {{(pid=93123) wrapper /usr/local/lib/python3.8/dist-packages/oslo_log/helpers.py:65}}
Jul 29 15:28:41.280598 dv-cinder-789564-8-iscsi neutron-server[93121]: DEBUG neutron.wsgi [-] (93121) accepted ('10.222.0.10', 54036) {{(pid=93121) server /usr/local/lib/python3.8/dist-packages/eventlet/wsgi.py:982}}
Jul 29 15:28:41.285736 dv-cinder-789564-8-iscsi neutron-server[93121]: DEBUG neutron.api.v2.base [None req-6f77f245-0bb4-4394-b3dd-cac19c1f2c5f tempest-TestVolumeBootPattern-771786629 tempest-TestVolumeBootPattern-771786629-project] Request body: {'security_group': {'name': 'tempest-secgroup-smoke-909790815', 'description': 'tempest-secgroup-smoke-909790815 description', 'project_id': '7a54b5401a0441c7b4aeaf5286bff35a'}} {{(pid=93121) prepare_request_body /opt/stack/neutron/neutron/api/v2/base.py:729}}
Jul 29 15:28:41.293923 dv-cinder-789564-8-iscsi neutron-server[93123]: DEBUG neutron.api.rpc.handlers.l3_rpc [None req-40a54fe3-ab21-4296-8190-b9973f84ed12 None None] Checking router: eb23d752-a518-423f-9534-13f78f3440d8 for host: dv-cinder-789564-8-iscsi {{(pid=93123) _ensure_host_set_on_ports /opt/stack/neutron/neutron/api/rpc/handlers/l3_rpc.py:155}}
