Jul 27 19:24:13.371102 dv-cinder-789564-7-smb neutron-server[93037]: DEBUG neutron_lib.callbacks.manager [None req-a7cfa365-a128-4d45-8533-36c8f7f6cb2a admin admin] Subscribe: > subnet before_update 55550000 {{(pid=93037) subscribe /usr/local/lib/python3.8/dist-packages/neutron_lib/callbacks/manager.py:45}}
Jul 27 19:24:13.371592 dv-cinder-789564-7-smb neutron-server[93037]: DEBUG neutron.services.segments.db [None req-a7cfa365-a128-4d45-8533-36c8f7f6cb2a admin admin] neutron.services.segments.plugin.Plugin method get_segments called with arguments (,) {'filters': {'network_id': ['a55e35ca-bd91-4317-ba3a-be741d61c1a7']}} {{(pid=93037) wrapper /usr/local/lib/python3.8/dist-packages/oslo_log/helpers.py:65}}
Jul 27 19:24:13.397045 dv-cinder-789564-7-smb neutron-server[93037]: DEBUG neutron.services.segments.db [None req-a7cfa365-a128-4d45-8533-36c8f7f6cb2a admin admin] neutron.services.segments.plugin.Plugin method delete_segment called with arguments (, '17ecf344-2f56-469f-82f1-274fc0d20dac') {'for_net_delete': True} {{(pid=93037) wrapper /usr/local/lib/python3.8/dist-packages/oslo_log/helpers.py:65}}
Jul 27 19:24:13.397632 dv-cinder-789564-7-smb neutron-server[93037]: DEBUG neutron.services.segments.db [None req-a7cfa365-a128-4d45-8533-36c8f7f6cb2a admin admin] neutron.services.segments.plugin.Plugin method get_segment called with arguments (, '17ecf344-2f56-469f-82f1-274fc0d20dac') {} {{(pid=93037) wrapper /usr/local/lib/python3.8/dist-packages/oslo_log/helpers.py:65}}
Jul 27 19:24:13.418747 dv-cinder-789564-7-smb neutron-server[93037]: DEBUG neutron_lib.callbacks.manager [None req-a7cfa365-a128-4d45-8533-36c8f7f6cb2a admin admin] Notify callbacks ['neutron.plugins.ml2.db._prevent_segment_delete_with_port_bound-8750642850856', 'neutron.services.segments.plugin.Plugin._prevent_segment_delete_with_subnet_associated-3594053'] for segment, before_delete {{(pid=93037) _notify_loop /usr/local/lib/python3.8/dist-packages/neutron_lib/callbacks/manager.py:192}}
Jul 27 19:24:13.443290 dv-cinder-789564-7-smb neutron-server[93037]: DEBUG neutron_lib.callbacks.manager [None req-a7cfa365-a128-4d45-8533-36c8f7f6cb2a admin admin] Notify callbacks ['neutron.plugins.ml2.plugin.Ml2Plugin._handle_segment_change-770489'] for segment, precommit_delete {{(pid=93037) _notify_loop /usr/local/lib/python3.8/dist-packages/neutron_lib/callbacks/manager.py:192}}
Jul 27 19:24:13.462638 dv-cinder-789564-7-smb neutron-server[93037]: INFO neutron.wsgi [req-f59b80e7-4669-421f-9803-8b4e02bebdbf req-eb8c10c5-cf23-4e61-8fee-9b74cf953c4b tempest-AttachVolumeShelveTestJSON-1017525752 tempest-AttachVolumeShelveTestJSON-1017525752-project] 10.222.0.11 "GET /v2.0/security-groups?id=95ad4b50-b1b1-4add-8383-ab192a910735&fields=id&fields=name HTTP/1.1" status: 200 len: 313 time: 0.4367890
Jul 27 19:24:13.473481 dv-cinder-789564-7-smb neutron-server[93037]: DEBUG neutron.plugins.ml2.drivers.type_vlan [None req-a7cfa365-a128-4d45-8533-36c8f7f6cb2a admin admin] Releasing vlan 581 on physical network physnet1 to pool {{(pid=93037) release_segment /opt/stack/neutron/neutron/plugins/ml2/drivers/type_vlan.py:304}}
Jul 27 19:24:13.474236 dv-cinder-789564-7-smb neutron-server[93037]: DEBUG neutron_lib.callbacks.manager [None req-a7cfa365-a128-4d45-8533-36c8f7f6cb2a admin admin] Notify callbacks ['neutron.plugins.ml2.plugin.Ml2Plugin._handle_segment_change-770489', 'neutron.services.segments.plugin.NovaSegmentNotifier._notify_segment_deleted-3593365'] for segment, after_delete {{(pid=93037) _notify_loop /usr/local/lib/python3.8/dist-packages/neutron_lib/callbacks/manager.py:192}}
Jul 27 19:24:13.478487 dv-cinder-789564-7-smb neutron-server[93037]: /usr/lib/python3/dist-packages/secretstorage/dhcrypto.py:15: CryptographyDeprecationWarning: int_from_bytes is deprecated, use int.from_bytes instead
Jul 27 19:24:13.478487 dv-cinder-789564-7-smb neutron-server[93037]: from cryptography.utils import int_from_bytes
Jul 27 19:24:13.478487 dv-cinder-789564-7-smb neutron-server[93037]: /usr/lib/python3/dist-packages/secretstorage/util.py:19: CryptographyDeprecationWarning: int_from_bytes is deprecated, use int.from_bytes instead
Jul 27 19:24:13.478487 dv-cinder-789564-7-smb neutron-server[93037]: from cryptography.utils import int_from_bytes
Jul 27 19:24:13.478487 dv-cinder-789564-7-smb neutron-server[93037]: Traceback (most recent call last):
Jul 27 19:24:13.478487 dv-cinder-789564-7-smb neutron-server[93037]: File "/usr/local/lib/python3.8/dist-packages/eventlet/hubs/hub.py", line 476, in fire_timers
Jul 27 19:24:13.478487 dv-cinder-789564-7-smb neutron-server[93037]: timer()
Jul 27 19:24:13.478487 dv-cinder-789564-7-smb neutron-server[93037]: File "/usr/local/lib/python3.8/dist-packages/eventlet/hubs/timer.py", line 59, in __call__
Jul 27 19:24:13.478487 dv-cinder-789564-7-smb neutron-server[93037]: cb(*args, **kw)
Jul 27 19:24:13.478487 dv-cinder-789564-7-smb neutron-server[93037]: File "/opt/stack/neutron/neutron/common/utils.py", line 905, in wrapper
Jul 27 19:24:13.478487 dv-cinder-789564-7-smb neutron-server[93037]: return func(*args, **kwargs)
Jul 27 19:24:13.478487 dv-cinder-789564-7-smb neutron-server[93037]: File "/opt/stack/neutron/neutron/notifiers/batch_notifier.py", line 58, in synced_send
Jul 27 19:24:13.478487 dv-cinder-789564-7-smb neutron-server[93037]: self._notify()
Jul 27 19:24:13.478487 dv-cinder-789564-7-smb neutron-server[93037]: File "/opt/stack/neutron/neutron/notifiers/batch_notifier.py", line 69, in _notify
Jul 27 19:24:13.478487 dv-cinder-789564-7-smb neutron-server[93037]: self.callback(batched_events)
Jul 27 19:24:13.478487 dv-cinder-789564-7-smb neutron-server[93037]: File "/opt/stack/neutron/neutron/services/segments/plugin.py", line 211, in _send_notifications
Jul 27 19:24:13.478487 dv-cinder-789564-7-smb neutron-server[93037]: event.method(event)
Jul 27 19:24:13.478487 dv-cinder-789564-7-smb neutron-server[93037]: File "/opt/stack/neutron/neutron/services/segments/plugin.py", line 383, in _delete_nova_inventory
Jul 27 19:24:13.478487 dv-cinder-789564-7-smb neutron-server[93037]: aggregate_id = self._get_aggregate_id(event.segment_id)
Jul 27 19:24:13.478487 dv-cinder-789564-7-smb neutron-server[93037]: File "/opt/stack/neutron/neutron/services/segments/plugin.py", line 370, in _get_aggregate_id
Jul 27 19:24:13.478487 dv-cinder-789564-7-smb neutron-server[93037]: aggregate_uuid = self.p_client.list_aggregates(
Jul 27 19:24:13.478487 dv-cinder-789564-7-smb neutron-server[93037]: File "/usr/local/lib/python3.8/dist-packages/neutron_lib/placement/client.py", line 57, in wrapper
Jul 27 19:24:13.478487 dv-cinder-789564-7-smb neutron-server[93037]: return f(self, *a, **k)
Jul 27 19:24:13.478487 dv-cinder-789564-7-smb neutron-server[93037]: File "/usr/local/lib/python3.8/dist-packages/neutron_lib/placement/client.py", line 553, in list_aggregates
Jul 27 19:24:13.478487 dv-cinder-789564-7-smb neutron-server[93037]: return self._get(url).json()
Jul 27 19:24:13.478487 dv-cinder-789564-7-smb neutron-server[93037]: File "/usr/local/lib/python3.8/dist-packages/neutron_lib/placement/client.py", line 189, in _get
Jul 27 19:24:13.478487 dv-cinder-789564-7-smb neutron-server[93037]: return self._client.get(url, endpoint_filter=self._ks_filter,
Jul 27 19:24:13.478487 dv-cinder-789564-7-smb neutron-server[93037]: File "/usr/local/lib/python3.8/dist-packages/keystoneauth1/session.py", line 1141, in get
Jul 27 19:24:13.478487 dv-cinder-789564-7-smb neutron-server[93037]: return self.request(url, 'GET', **kwargs)
Jul 27 19:24:13.478487 dv-cinder-789564-7-smb neutron-server[93037]: File "/usr/local/lib/python3.8/dist-packages/keystoneauth1/session.py", line 811, in request
Jul 27 19:24:13.478487 dv-cinder-789564-7-smb neutron-server[93037]: base_url = self.get_endpoint(auth, allow=allow,
Jul 27 19:24:13.478487 dv-cinder-789564-7-smb neutron-server[93037]: File "/usr/local/lib/python3.8/dist-packages/keystoneauth1/session.py", line 1241, in get_endpoint
Jul 27 19:24:13.478487 dv-cinder-789564-7-smb neutron-server[93037]: auth = self._auth_required(auth, 'determine endpoint URL')
Jul 27 19:24:13.478487 dv-cinder-789564-7-smb neutron-server[93037]: File "/usr/local/lib/python3.8/dist-packages/keystoneauth1/session.py", line 1181, in _auth_required
Jul 27 19:24:13.478487 dv-cinder-789564-7-smb neutron-server[93037]: raise exceptions.MissingAuthPlugin(msg_fmt % msg)
Jul 27 19:24:13.478487 dv-cinder-789564-7-smb neutron-server[93037]: keystoneauth1.exceptions.auth_plugins.MissingAuthPlugin: An auth plugin is required to determine endpoint URL
Jul 27 19:24:13.662780 dv-cinder-789564-7-smb neutron-server[93038]: DEBUG neutron.pecan_wsgi.hooks.policy_enforcement [req-000e6899-7b78-4d21-990b-607b9279a043 req-8aaf8922-c795-4b50-b253-5c9639a56d74 tempest-AttachVolumeNegativeTest-828186272 tempest-AttachVolumeNegativeTest-828186272-project] Attributes excluded by policy engine: ['standard_attr_id', 'binding:profile', 'binding:host_id', 'binding:vif_type', 'binding:vif_details'] {{(pid=93038) _exclude_attributes_by_policy /opt/stack/neutron/neutron/pecan_wsgi/hooks/policy_enforcement.py:255}}
Jul 27 19:24:13.670853 dv-cinder-789564-7-smb neutron-server[93038]: INFO neutron.wsgi [req-000e6899-7b78-4d21-990b-607b9279a043 req-8aaf8922-c795-4b50-b253-5c9639a56d74 tempest-AttachVolumeNegativeTest-828186272 tempest-AttachVolumeNegativeTest-828186272-project] 10.222.0.11 "GET /v2.0/ports?device_id=5718d608-d695-410d-8467-feef63c48da2 HTTP/1.1" status: 200 len: 944 time: 0.1371071
Jul 27 19:24:13.722739 dv-cinder-789564-7-smb neutron-server[93038]: INFO neutron.wsgi [req-000e6899-7b78-4d21-990b-607b9279a043 req-f5b8f802-c26e-4836-9202-8c040ad734da tempest-AttachVolumeNegativeTest-828186272 tempest-AttachVolumeNegativeTest-828186272-project] 10.222.0.11 "GET /v2.0/security-groups?id=18bedb3d-03c5-4eb1-84dd-81d84f8617d2&fields=id&fields=name HTTP/1.1" status: 200 len: 286 time: 0.0490458
Jul 27 19:24:13.732895 dv-cinder-789564-7-smb neutron-server[93037]: DEBUG neutron_lib.callbacks.manager [None req-a7cfa365-a128-4d45-8533-36c8f7f6cb2a admin admin] Notify callbacks ['neutron.plugins.ml2.plugin.Ml2Plugin._network_delete_after_delete_handler-771185', 'neutron.plugins.ml2.ovo_rpc._ObjectChangeHandler.handle_event-1640465', 'neutron.api.rpc.agentnotifiers.dhcp_rpc_agent_api.DhcpAgentNotifyAPI._native_event_send_dhcp_notification-1647289', 'neutron.services.l3_router.l3_router_plugin.DVRResourceOperationHandler.delete_fip_namespaces_for_ext_net-1726965'] for network, after_delete {{(pid=93037) _notify_loop /usr/local/lib/python3.8/dist-packages/neutron_lib/callbacks/manager.py:192}}
Jul 27 19:24:13.771167 dv-cinder-789564-7-smb neutron-server[93037]: DEBUG neutron_lib.callbacks.manager [None req-a7cfa365-a128-4d45-8533-36c8f7f6cb2a admin admin] Notify callbacks ['neutron.api.rpc.agentnotifiers.dhcp_rpc_agent_api.DhcpAgentNotifyAPI._send_dhcp_notification-1647239'] for network, before_response {{(pid=93037) _notify_loop /usr/local/lib/python3.8/dist-packages/neutron_lib/callbacks/manager.py:192}}
Jul 27 19:24:13.772825 dv-cinder-789564-7-smb neutron-server[93037]: INFO neutron.wsgi [None req-a7cfa365-a128-4d45-8533-36c8f7f6cb2a admin admin] 10.222.0.11 "DELETE /v2.0/networks/a55e35ca-bd91-4317-ba3a-be741d61c1a7 HTTP/1.1" status: 204 len: 168 time: 1.0527763
Jul 27 19:24:13.777262 dv-cinder-789564-7-smb neutron-server[93037]: DEBUG neutron.wsgi [-] (93037) accepted ('10.222.0.11', 40794) {{(pid=93037) server /usr/local/lib/python3.8/dist-packages/eventlet/wsgi.py:982}}
Jul 27 19:24:13.778053 dv-cinder-789564-7-smb neutron-server[93037]: DEBUG neutron.api.rpc.handlers.resources_rpc [None req-a7cfa365-a128-4d45-8533-36c8f7f6cb2a admin admin] Pushing event deleted for resources: {'Network': ['ID=a55e35ca-bd91-4317-ba3a-be741d61c1a7,revision_number=None']} {{(pid=93037) push /opt/stack/neutron/neutron/api/rpc/handlers/resources_rpc.py:237}}
Jul 27 19:24:13.897655 dv-cinder-789564-7-smb neutron-server[93037]: DEBUG neutron.pecan_wsgi.hooks.policy_enforcement [req-36288a41-9d0f-4886-a204-d2436cad3a3b req-32094f05-52c8-4002-8433-61db7329b7a0 tempest-DeleteServersTestJSON-1366386165 tempest-DeleteServersTestJSON-1366386165-project] Attributes excluded by policy engine: ['standard_attr_id', 'binding:profile', 'binding:host_id', 'binding:vif_type', 'binding:vif_details'] {{(pid=93037) _exclude_attributes_by_policy /opt/stack/neutron/neutron/pecan_wsgi/hooks/policy_enforcement.py:255}}
Jul 27 19:24:13.899124 dv-cinder-789564-7-smb neutron-server[93037]: INFO neutron.wsgi [req-36288a41-9d0f-4886-a204-d2436cad3a3b req-32094f05-52c8-4002-8433-61db7329b7a0 tempest-DeleteServersTestJSON-1366386165 tempest-DeleteServersTestJSON-1366386165-project] 10.222.0.11 "GET /v2.0/ports?device_id=9c7a3163-1239-4915-aa50-453a0cead5a8 HTTP/1.1" status: 200 len: 943 time: 0.2328677
Jul 27 19:24:13.904001 dv-cinder-789564-7-smb neutron-server[93037]: DEBUG neutron.db.db_base_plugin_v2 [None req-939fac5b-10fa-4ac3-a952-4bafef989243 admin admin] Deleting subnet b6589452-6d8a-4205-bbdf-d84243a17c05 {{(pid=93037) delete_subnet /opt/stack/neutron/neutron/db/db_base_plugin_v2.py:1055}}
Jul 27 19:24:13.909327 dv-cinder-789564-7-smb neutron-server[93037]: DEBUG neutron_lib.callbacks.manager [None req-939fac5b-10fa-4ac3-a952-4bafef989243 admin admin] Notify callbacks [] for subnet, before_delete {{(pid=93037) _notify_loop /usr/local/lib/python3.8/dist-packages/neutron_lib/callbacks/manager.py:192}}
Jul 27 19:24:14.116032 dv-cinder-789564-7-smb neutron-server[93039]: DEBUG neutron.plugins.ml2.rpc [None req-12a09cf7-d117-4c3f-b7f0-7596d25e2dcd None None] Device 262de0fa-e133-463f-8d3d-7575cbe7088b details requested by agent hyperv_hv-cinder-78956 with host hv-cinder-78956 {{(pid=93039) get_device_details /opt/stack/neutron/neutron/plugins/ml2/rpc.py:102}}
Jul 27 19:24:14.175503 dv-cinder-789564-7-smb neutron-server[93037]: DEBUG neutron_lib.callbacks.manager [None req-939fac5b-10fa-4ac3-a952-4bafef989243 admin admin] Notify callbacks ['neutron.services.segments.plugin.Plugin._validate_auto_address_subnet_delete-3593398'] for subnet, precommit_delete_associations {{(pid=93037) _notify_loop /usr/local/lib/python3.8/dist-packages/neutron_lib/callbacks/manager.py:192}}
Jul 27 19:24:14.220699 dv-cinder-789564-7-smb neutron-server[93037]: INFO neutron.wsgi [req-36288a41-9d0f-4886-a204-d2436cad3a3b req-41b04ead-214f-452c-b296-ad1f9e618211 tempest-DeleteServersTestJSON-1366386165 tempest-DeleteServersTestJSON-1366386165-project] 10.222.0.11 "GET /v2.0/security-groups?id=4304bfd6-3e9c-4def-aa2e-f8d2394a0a4e&fields=id&fields=name HTTP/1.1" status: 200 len: 286 time: 0.3121645
Jul 27 19:24:14.222651 dv-cinder-789564-7-smb neutron-server[93037]: DEBUG neutron.notifiers.nova [req-6247dcec-3cb8-48fb-838e-477a25688ee9 req-c0a47e4a-2920-49ad-9be7-b3db7b20a157 service neutron] Ignoring state change previous_port_status: DOWN current_port_status: DOWN port_id 0dcdea2e-548f-43ac-b6de-e8c4d172d2c9 {{(pid=93037) record_port_status_changed /opt/stack/neutron/neutron/notifiers/nova.py:224}}
Jul 27 19:24:14.235340 dv-cinder-789564-7-smb neutron-server[93037]: DEBUG neutron_lib.callbacks.manager [req-6247dcec-3cb8-48fb-838e-477a25688ee9 req-c0a47e4a-2920-49ad-9be7-b3db7b20a157 service neutron] Notify callbacks [] for port, precommit_update {{(pid=93037) _notify_loop /usr/local/lib/python3.8/dist-packages/neutron_lib/callbacks/manager.py:192}}
Jul 27 19:24:14.244554 dv-cinder-789564-7-smb neutron-server[93039]: DEBUG neutron.plugins.ml2.db [None req-12a09cf7-d117-4c3f-b7f0-7596d25e2dcd None None] For port 262de0fa-e133-463f-8d3d-7575cbe7088b, host hv-cinder-78956, got binding levels [PortBindingLevel(driver='hyperv',host='hv-cinder-78956',level=0,port_id=262de0fa-e133-463f-8d3d-7575cbe7088b,segment=NetworkSegment(d3614a79-a6b2-4292-95d5-4f8c7e1ed2df),segment_id=d3614a79-a6b2-4292-95d5-4f8c7e1ed2df)] {{(pid=93039) get_binding_level_objs /opt/stack/neutron/neutron/plugins/ml2/db.py:74}}
Jul 27 19:24:14.255016 dv-cinder-789564-7-smb neutron-server[93037]: DEBUG neutron_lib.callbacks.manager [None req-939fac5b-10fa-4ac3-a952-4bafef989243 admin admin] Notify callbacks ['neutron.plugins.ml2.plugin.Ml2Plugin._subnet_delete_precommit_handler-777463'] for subnet, precommit_delete {{(pid=93037) _notify_loop /usr/local/lib/python3.8/dist-packages/neutron_lib/callbacks/manager.py:192}}
Jul 27 19:24:14.271233 dv-cinder-789564-7-smb neutron-server[93039]: DEBUG neutron.plugins.ml2.rpc [None req-12a09cf7-d117-4c3f-b7f0-7596d25e2dcd None None] Returning: {'device': '262de0fa-e133-463f-8d3d-7575cbe7088b', 'network_id': '54aeccaf-9fdf-4082-a78e-b819287cd992', 'port_id': '262de0fa-e133-463f-8d3d-7575cbe7088b', 'mac_address': 'fa:16:3e:1f:e6:c0', 'admin_state_up': True, 'network_type': 'vlan', 'segmentation_id': 590, 'physical_network': 'physnet1', 'mtu': 1500, 'fixed_ips': [{'subnet_id': 'c5ad8b52-c00b-412b-8d8f-7003f7ce9dc2', 'ip_address': '172.20.0.10'}], 'device_owner': 'compute:nova', 'allowed_address_pairs': [], 'port_security_enabled': True, 'qos_policy_id': None, 'network_qos_policy_id': None, 'profile': {}, 'propagate_uplink_status': False} {{(pid=93039) _get_device_details /opt/stack/neutron/neutron/plugins/ml2/rpc.py:184}}
Jul 27 19:24:14.289974 dv-cinder-789564-7-smb neutron-server[93037]: DEBUG neutron.db.provisioning_blocks [req-6247dcec-3cb8-48fb-838e-477a25688ee9 req-c0a47e4a-2920-49ad-9be7-b3db7b20a157 service neutron] Transition to ACTIVE for port object 0dcdea2e-548f-43ac-b6de-e8c4d172d2c9 will not be triggered until provisioned by entity L2. {{(pid=93037) add_provisioning_component /opt/stack/neutron/neutron/db/provisioning_blocks.py:73}}
Jul 27 19:24:14.296357 dv-cinder-789564-7-smb neutron-server[93037]: DEBUG neutron_lib.callbacks.manager [req-6247dcec-3cb8-48fb-838e-477a25688ee9 req-c0a47e4a-2920-49ad-9be7-b3db7b20a157 service neutron] Notify callbacks ['neutron.plugins.ml2.plugin.SecurityGroupServerNotifierRpcMixin._notify_sg_on_port_change-664274', 'neutron.plugins.ml2.ovo_rpc._ObjectChangeHandler.handle_event-176311', 'neutron.api.rpc.agentnotifiers.dhcp_rpc_agent_api.DhcpAgentNotifyAPI._native_event_send_dhcp_notification-1647289', 'neutron.db.l3_db.L3RpcNotifierMixin._notify_gateway_port_ip_changed-8750642774510', 'neutron.db.l3_dvrscheduler_db._notify_l3_agent_port_update-8750642383117', 'neutron.db.l3_hascheduler_db._notify_l3_agent_ha_port_update-8750642383135', 'neutron.services.segments.plugin.NovaSegmentNotifier._notify_port_updated-3593393'] for port, after_update {{(pid=93037) _notify_loop /usr/local/lib/python3.8/dist-packages/neutron_lib/callbacks/manager.py:192}}
Jul 27 19:24:14.328018 dv-cinder-789564-7-smb neutron-server[93039]: DEBUG neutron_lib.callbacks.manager [None req-12a09cf7-d117-4c3f-b7f0-7596d25e2dcd None None] Notify callbacks ['neutron.plugins.ml2.plugin.SecurityGroupDbMixin._ensure_default_security_group_handler-550943'] for port, before_update {{(pid=93039) _notify_loop /usr/local/lib/python3.8/dist-packages/neutron_lib/callbacks/manager.py:192}}
Jul 27 19:24:14.357050 dv-cinder-789564-7-smb neutron-server[93039]: DEBUG neutron.notifiers.nova [None req-12a09cf7-d117-4c3f-b7f0-7596d25e2dcd None None] Ignoring state change previous_port_status: DOWN current_port_status: BUILD port_id 262de0fa-e133-463f-8d3d-7575cbe7088b {{(pid=93039) record_port_status_changed /opt/stack/neutron/neutron/notifiers/nova.py:224}}
Jul 27 19:24:14.367029 dv-cinder-789564-7-smb neutron-server[93037]: DEBUG neutron.api.rpc.handlers.resources_rpc [None req-c0a47e4a-2920-49ad-9be7-b3db7b20a157 service neutron] Pushing event updated for resources: {'Port': ['ID=0dcdea2e-548f-43ac-b6de-e8c4d172d2c9,revision_number=2']} {{(pid=93037) push /opt/stack/neutron/neutron/api/rpc/handlers/resources_rpc.py:237}}
Jul 27 19:24:14.400536 dv-cinder-789564-7-smb neutron-server[93039]: DEBUG neutron.plugins.ml2.db [None req-12a09cf7-d117-4c3f-b7f0-7596d25e2dcd None None] For port 262de0fa-e133-463f-8d3d-7575cbe7088b, host hv-cinder-78956, got binding levels [PortBindingLevel(driver='hyperv',host='hv-cinder-78956',level=0,port_id=262de0fa-e133-463f-8d3d-7575cbe7088b,segment=NetworkSegment(d3614a79-a6b2-4292-95d5-4f8c7e1ed2df),segment_id=d3614a79-a6b2-4292-95d5-4f8c7e1ed2df)] {{(pid=93039) get_binding_level_objs /opt/stack/neutron/neutron/plugins/ml2/db.py:74}}
Jul 27 19:24:14.405959 dv-cinder-789564-7-smb neutron-server[93039]: DEBUG neutron_lib.callbacks.manager [None req-12a09cf7-d117-4c3f-b7f0-7596d25e2dcd None None] Notify callbacks ['neutron.plugins.ml2.plugin.SecurityGroupServerNotifierRpcMixin._notify_sg_on_port_change-664274', 'neutron.plugins.ml2.ovo_rpc._ObjectChangeHandler.handle_event-176311', 'neutron.api.rpc.agentnotifiers.dhcp_rpc_agent_api.DhcpAgentNotifyAPI._native_event_send_dhcp_notification-1647289', 'neutron.db.l3_db.L3RpcNotifierMixin._notify_gateway_port_ip_changed-8750642774510', 'neutron.db.l3_dvrscheduler_db._notify_l3_agent_port_update-8750642383117', 'neutron.db.l3_hascheduler_db._notify_l3_agent_ha_port_update-8750642383135'] for port, after_update {{(pid=93039) _notify_loop /usr/local/lib/python3.8/dist-packages/neutron_lib/callbacks/manager.py:192}}
Jul 27 19:24:14.407193 dv-cinder-789564-7-smb neutron-server[93039]: DEBUG neutron.plugins.ml2.rpc [None req-12a09cf7-d117-4c3f-b7f0-7596d25e2dcd None None] Device 4c1514f7-3a1f-4fab-8dc5-abfbda02a4f2 details requested by agent hyperv_hv-cinder-78956 with host hv-cinder-78956 {{(pid=93039) get_device_details /opt/stack/neutron/neutron/plugins/ml2/rpc.py:102}}
Jul 27 19:24:14.407480 dv-cinder-789564-7-smb neutron-server[93037]: DEBUG neutron_lib.callbacks.manager [None req-939fac5b-10fa-4ac3-a952-4bafef989243 admin admin] Notify callbacks ['neutron.plugins.ml2.plugin.Ml2Plugin._subnet_delete_after_delete_handler-777452', 'neutron.plugins.ml2.ovo_rpc._ObjectChangeHandler.handle_event-1701692', 'neutron.api.rpc.agentnotifiers.dhcp_rpc_agent_api.DhcpAgentNotifyAPI._native_event_send_dhcp_notification-1647289', 'neutron.services.segments.plugin.NovaSegmentNotifier._notify_subnet_deleted-3593467', 'neutron.services.segments.plugin.SegmentHostRoutes.host_routes_after_delete-8914780'] for subnet, after_delete {{(pid=93037) _notify_loop /usr/local/lib/python3.8/dist-packages/neutron_lib/callbacks/manager.py:192}}
Jul 27 19:24:14.471447 dv-cinder-789564-7-smb neutron-server[93037]: DEBUG neutron.api.rpc.handlers.resources_rpc [None req-939fac5b-10fa-4ac3-a952-4bafef989243 admin admin] Pushing event deleted for resources: {'Subnet': ['ID=b6589452-6d8a-4205-bbdf-d84243a17c05,revision_number=None']} {{(pid=93037) push /opt/stack/neutron/neutron/api/rpc/handlers/resources_rpc.py:237}}
Jul 27 19:24:14.487284 dv-cinder-789564-7-smb neutron-server[93037]: DEBUG neutron_lib.callbacks.manager [None req-939fac5b-10fa-4ac3-a952-4bafef989243 admin admin] Notify callbacks ['neutron.api.rpc.agentnotifiers.dhcp_rpc_agent_api.DhcpAgentNotifyAPI._send_dhcp_notification-1647239'] for subnet, before_response {{(pid=93037) _notify_loop /usr/local/lib/python3.8/dist-packages/neutron_lib/callbacks/manager.py:192}}
Jul 27 19:24:14.490041 dv-cinder-789564-7-smb neutron-server[93037]: INFO neutron.wsgi [None req-939fac5b-10fa-4ac3-a952-4bafef989243 admin admin] 10.222.0.11 "DELETE /v2.0/subnets/b6589452-6d8a-4205-bbdf-d84243a17c05 HTTP/1.1" status: 204 len: 168 time: 0.7090018
Jul 27 19:24:14.492813 dv-cinder-789564-7-smb neutron-server[93038]: DEBUG neutron.wsgi [-] (93038) accepted ('10.222.0.11', 40822) {{(pid=93038) server /usr/local/lib/python3.8/dist-packages/eventlet/wsgi.py:982}}
Jul 27 19:24:14.520009 dv-cinder-789564-7-smb neutron-server[93037]: DEBUG neutron.plugins.ml2.managers [req-6247dcec-3cb8-48fb-838e-477a25688ee9 req-c0a47e4a-2920-49ad-9be7-b3db7b20a157 service neutron] Attempting to bind port 0dcdea2e-548f-43ac-b6de-e8c4d172d2c9 on host hv-cinder-78956 for vnic_type normal with profile {{(pid=93037) bind_port /opt/stack/neutron/neutron/plugins/ml2/managers.py:790}}
Jul 27 19:24:14.520490 dv-cinder-789564-7-smb neutron-server[93037]: DEBUG neutron.plugins.ml2.managers [req-6247dcec-3cb8-48fb-838e-477a25688ee9 req-c0a47e4a-2920-49ad-9be7-b3db7b20a157 service neutron] Attempting to bind port 0dcdea2e-548f-43ac-b6de-e8c4d172d2c9 by drivers openvswitch,hyperv on host hv-cinder-78956 at level 0 using segments [{'id': '08848eeb-26e8-4ad0-b85e-7e0687880b92', 'network_type': 'vlan', 'physical_network': 'physnet1', 'segmentation_id': 552, 'network_id': '7069635d-2875-4309-9e27-d7b472e04918'}] {{(pid=93037) _bind_port_level /opt/stack/neutron/neutron/plugins/ml2/managers.py:815}}
Jul 27 19:24:14.520858 dv-cinder-789564-7-smb neutron-server[93037]: DEBUG neutron.plugins.ml2.drivers.mech_agent [req-6247dcec-3cb8-48fb-838e-477a25688ee9 req-c0a47e4a-2920-49ad-9be7-b3db7b20a157 service neutron] Attempting to bind port 0dcdea2e-548f-43ac-b6de-e8c4d172d2c9 on network 7069635d-2875-4309-9e27-d7b472e04918 {{(pid=93037) bind_port /opt/stack/neutron/neutron/plugins/ml2/drivers/mech_agent.py:85}}
Jul 27 19:24:14.536237 dv-cinder-789564-7-smb neutron-server[93037]: DEBUG neutron.plugins.ml2.drivers.mech_agent [req-6247dcec-3cb8-48fb-838e-477a25688ee9 req-c0a47e4a-2920-49ad-9be7-b3db7b20a157 service neutron] Port 0dcdea2e-548f-43ac-b6de-e8c4d172d2c9 on network 7069635d-2875-4309-9e27-d7b472e04918 not bound, no agent of type Open vSwitch agent registered on host hv-cinder-78956 {{(pid=93037) bind_port /opt/stack/neutron/neutron/plugins/ml2/drivers/mech_agent.py:97}}
Jul 27 19:24:14.536564 dv-cinder-789564-7-smb neutron-server[93037]: DEBUG neutron.plugins.ml2.drivers.mech_agent [req-6247dcec-3cb8-48fb-838e-477a25688ee9 req-c0a47e4a-2920-49ad-9be7-b3db7b20a157 service neutron] Attempting to bind port 0dcdea2e-548f-43ac-b6de-e8c4d172d2c9 on network 7069635d-2875-4309-9e27-d7b472e04918 {{(pid=93037) bind_port /opt/stack/neutron/neutron/plugins/ml2/drivers/mech_agent.py:85}}
Jul 27 19:24:14.546579 dv-cinder-789564-7-smb neutron-server[93037]: DEBUG neutron.plugins.ml2.drivers.mech_agent [req-6247dcec-3cb8-48fb-838e-477a25688ee9 req-c0a47e4a-2920-49ad-9be7-b3db7b20a157 service neutron] Checking agent: {'id': '5dfe3992-609a-48f6-bafb-7e8c7db50407', 'agent_type': 'HyperV agent', 'binary': 'neutron-hyperv-agent', 'topic': 'N/A', 'host': 'hv-cinder-78956', 'admin_state_up': True, 'created_at': datetime.datetime(2021, 7, 27, 19, 21, 37), 'started_at': datetime.datetime(2021, 7, 27, 19, 21, 37), 'heartbeat_timestamp': datetime.datetime(2021, 7, 27, 19, 24, 7), 'description': None, 'resources_synced': None, 'availability_zone': None, 'alive': True, 'configurations': {'vswitch_mappings': {'physnet1$': 'br-data'}}, 'resource_versions': {}} {{(pid=93037) bind_port /opt/stack/neutron/neutron/plugins/ml2/drivers/mech_agent.py:104}}
Jul 27 19:24:14.546923 dv-cinder-789564-7-smb neutron-server[93037]: DEBUG neutron.plugins.ml2.drivers.mech_agent [req-6247dcec-3cb8-48fb-838e-477a25688ee9 req-c0a47e4a-2920-49ad-9be7-b3db7b20a157 service neutron] Checking segment: {'id': '08848eeb-26e8-4ad0-b85e-7e0687880b92', 'network_type': 'vlan', 'physical_network': 'physnet1', 'segmentation_id': 552, 'network_id': '7069635d-2875-4309-9e27-d7b472e04918'} for mappings: {'physnet1$': 'br-data'} with network types: ['local', 'flat', 'vlan'] {{(pid=93037) check_segment_for_agent /opt/stack/neutron/neutron/plugins/ml2/drivers/mech_agent.py:352}}
Jul 27 19:24:14.547342 dv-cinder-789564-7-smb neutron-server[93037]: DEBUG neutron.plugins.ml2.drivers.mech_agent [req-6247dcec-3cb8-48fb-838e-477a25688ee9 req-c0a47e4a-2920-49ad-9be7-b3db7b20a157 service neutron] Bound using segment: {'id': '08848eeb-26e8-4ad0-b85e-7e0687880b92', 'network_type': 'vlan', 'physical_network': 'physnet1', 'segmentation_id': 552, 'network_id': '7069635d-2875-4309-9e27-d7b472e04918'} {{(pid=93037) bind_port /opt/stack/neutron/neutron/plugins/ml2/drivers/mech_agent.py:114}}
Jul 27 19:24:14.547861 dv-cinder-789564-7-smb neutron-server[93037]: DEBUG neutron.plugins.ml2.managers [req-6247dcec-3cb8-48fb-838e-477a25688ee9 req-c0a47e4a-2920-49ad-9be7-b3db7b20a157 service neutron] Bound port: 0dcdea2e-548f-43ac-b6de-e8c4d172d2c9, host: hv-cinder-78956, vif_type: hyperv, vif_details: {"connectivity": "legacy", "port_filter": false}, binding_levels: [{'bound_driver': 'hyperv', 'bound_segment': {'id': '08848eeb-26e8-4ad0-b85e-7e0687880b92', 'network_type': 'vlan', 'physical_network': 'physnet1', 'segmentation_id': 552, 'network_id': '7069635d-2875-4309-9e27-d7b472e04918'}}] {{(pid=93037) _bind_port_level /opt/stack/neutron/neutron/plugins/ml2/managers.py:928}}
Jul 27 19:24:14.548230 dv-cinder-789564-7-smb neutron-server[93037]: DEBUG neutron_lib.callbacks.manager [req-6247dcec-3cb8-48fb-838e-477a25688ee9 req-c0a47e4a-2920-49ad-9be7-b3db7b20a157 service neutron] Notify callbacks ['neutron.plugins.ml2.plugin.SecurityGroupDbMixin._ensure_default_security_group_handler-550943'] for port, before_update {{(pid=93037) _notify_loop /usr/local/lib/python3.8/dist-packages/neutron_lib/callbacks/manager.py:192}}
Jul 27 19:24:14.696379 dv-cinder-789564-7-smb neutron-server[93038]: DEBUG neutron_lib.callbacks.manager [None req-f4b14462-59fa-499e-98d9-8e79a49f2630 admin admin] Notify callbacks ['neutron.plugins.ml2.plugin.External_net_db_mixin._before_network_delete_handler-584991'] for network, before_delete {{(pid=93038) _notify_loop /usr/local/lib/python3.8/dist-packages/neutron_lib/callbacks/manager.py:192}}
Jul 27 19:24:14.742885 dv-cinder-789564-7-smb neutron-server[93037]: DEBUG neutron.plugins.ml2.db [req-6247dcec-3cb8-48fb-838e-477a25688ee9 req-c0a47e4a-2920-49ad-9be7-b3db7b20a157 service neutron] For port 0dcdea2e-548f-43ac-b6de-e8c4d172d2c9, host hv-cinder-78956, cleared binding levels {{(pid=93037) clear_binding_levels /opt/stack/neutron/neutron/plugins/ml2/db.py:87}}
Jul 27 19:24:14.750533 dv-cinder-789564-7-smb neutron-server[93037]: DEBUG neutron.plugins.ml2.db [req-6247dcec-3cb8-48fb-838e-477a25688ee9 req-c0a47e4a-2920-49ad-9be7-b3db7b20a157 service neutron] For port 0dcdea2e-548f-43ac-b6de-e8c4d172d2c9, host hv-cinder-78956, set binding levels [PortBindingLevel(driver='hyperv',host='hv-cinder-78956',level=0,port_id=0dcdea2e-548f-43ac-b6de-e8c4d172d2c9,segment=NetworkSegment(08848eeb-26e8-4ad0-b85e-7e0687880b92),segment_id=08848eeb-26e8-4ad0-b85e-7e0687880b92)] {{(pid=93037) set_binding_levels /opt/stack/neutron/neutron/plugins/ml2/db.py:59}}
Jul 27 19:24:14.760601 dv-cinder-789564-7-smb neutron-server[93037]: DEBUG neutron_lib.callbacks.manager [req-6247dcec-3cb8-48fb-838e-477a25688ee9 req-c0a47e4a-2920-49ad-9be7-b3db7b20a157 service neutron] Notify callbacks ['neutron.plugins.ml2.plugin.SecurityGroupServerNotifierRpcMixin._notify_sg_on_port_change-664274', 'neutron.plugins.ml2.ovo_rpc._ObjectChangeHandler.handle_event-176311', 'neutron.api.rpc.agentnotifiers.dhcp_rpc_agent_api.DhcpAgentNotifyAPI._native_event_send_dhcp_notification-1647289', 'neutron.db.l3_db.L3RpcNotifierMixin._notify_gateway_port_ip_changed-8750642774510', 'neutron.db.l3_dvrscheduler_db._notify_l3_agent_port_update-8750642383117', 'neutron.db.l3_hascheduler_db._notify_l3_agent_ha_port_update-8750642383135', 'neutron.services.segments.plugin.NovaSegmentNotifier._notify_port_updated-3593393'] for port, after_update {{(pid=93037) _notify_loop /usr/local/lib/python3.8/dist-packages/neutron_lib/callbacks/manager.py:192}}
Jul 27 19:24:14.784681 dv-cinder-789564-7-smb neutron-server[93038]: DEBUG neutron.pecan_wsgi.hooks.policy_enforcement [req-6e2f415b-fe5a-4b7a-a9f2-2b4bab385cf6 req-29bb47b3-6805-4e47-8d90-0324e7349d66 tempest-AttachVolumeShelveTestJSON-1017525752 tempest-AttachVolumeShelveTestJSON-1017525752-project] Attributes excluded by policy engine: ['standard_attr_id', 'binding:profile', 'binding:host_id', 'binding:vif_type', 'binding:vif_details'] {{(pid=93038) _exclude_attributes_by_policy /opt/stack/neutron/neutron/pecan_wsgi/hooks/policy_enforcement.py:255}}
Jul 27 19:24:14.796505 dv-cinder-789564-7-smb neutron-server[93038]: INFO neutron.wsgi [req-6e2f415b-fe5a-4b7a-a9f2-2b4bab385cf6 req-29bb47b3-6805-4e47-8d90-0324e7349d66 tempest-AttachVolumeShelveTestJSON-1017525752 tempest-AttachVolumeShelveTestJSON-1017525752-project] 10.222.0.11 "GET /v2.0/ports?device_id=24dbf507-7c8b-4332-9ec9-fb50e8cb65e9 HTTP/1.1" status: 200 len: 943 time: 0.1928570
Jul 27 19:24:14.865959 dv-cinder-789564-7-smb neutron-server[93039]: DEBUG neutron.api.rpc.handlers.resources_rpc [None req-12a09cf7-d117-4c3f-b7f0-7596d25e2dcd None None] Pushing event updated for resources: {'Port': ['ID=262de0fa-e133-463f-8d3d-7575cbe7088b,revision_number=4']} {{(pid=93039) push /opt/stack/neutron/neutron/api/rpc/handlers/resources_rpc.py:237}}
Jul 27 19:24:14.927535 dv-cinder-789564-7-smb neutron-server[93038]: INFO neutron.wsgi [req-6e2f415b-fe5a-4b7a-a9f2-2b4bab385cf6 req-2792204c-6657-4291-92e9-c45357e7c2f8 tempest-AttachVolumeShelveTestJSON-1017525752 tempest-AttachVolumeShelveTestJSON-1017525752-project] 10.222.0.11 "GET /v2.0/security-groups?id=95ad4b50-b1b1-4add-8383-ab192a910735&fields=id&fields=name HTTP/1.1" status: 200 len: 313 time: 0.1297534
Jul 27 19:24:14.948753 dv-cinder-789564-7-smb neutron-server[93039]: DEBUG neutron.plugins.ml2.db [None req-12a09cf7-d117-4c3f-b7f0-7596d25e2dcd None None] For port 4c1514f7-3a1f-4fab-8dc5-abfbda02a4f2, host hv-cinder-78956, got binding levels [PortBindingLevel(driver='hyperv',host='hv-cinder-78956',level=0,port_id=4c1514f7-3a1f-4fab-8dc5-abfbda02a4f2,segment=NetworkSegment(4dbe8439-8df5-4298-ae66-b3f7c2d1f44c),segment_id=4dbe8439-8df5-4298-ae66-b3f7c2d1f44c)] {{(pid=93039) get_binding_level_objs /opt/stack/neutron/neutron/plugins/ml2/db.py:74}}
Jul 27 19:24:14.976657 dv-cinder-789564-7-smb neutron-server[93038]: DEBUG neutron_lib.callbacks.manager [None req-f4b14462-59fa-499e-98d9-8e79a49f2630 admin admin] Notify callbacks ['neutron.plugins.ml2.plugin.Ml2Plugin._network_delete_precommit_handler-771192', 'neutron.services.segments.db._delete_segments_for_network-8750642850335'] for network, precommit_delete {{(pid=93038) _notify_loop /usr/local/lib/python3.8/dist-packages/neutron_lib/callbacks/manager.py:192}}
Jul 27 19:24:14.997195 dv-cinder-789564-7-smb neutron-server[93037]: DEBUG neutron.pecan_wsgi.hooks.policy_enforcement [req-6247dcec-3cb8-48fb-838e-477a25688ee9 req-c0a47e4a-2920-49ad-9be7-b3db7b20a157 service neutron] Attributes excluded by policy engine: ['standard_attr_id'] {{(pid=93037) _exclude_attributes_by_policy /opt/stack/neutron/neutron/pecan_wsgi/hooks/policy_enforcement.py:255}}
Jul 27 19:24:14.999021 dv-cinder-789564-7-smb neutron-server[93037]: DEBUG neutron_lib.callbacks.manager [req-6247dcec-3cb8-48fb-838e-477a25688ee9 req-c0a47e4a-2920-49ad-9be7-b3db7b20a157 service neutron] Notify callbacks ['neutron.notifiers.nova.Notifier._send_nova_notification-514969', 'neutron.api.rpc.agentnotifiers.dhcp_rpc_agent_api.DhcpAgentNotifyAPI._send_dhcp_notification-1647239'] for port, before_response {{(pid=93037) _notify_loop /usr/local/lib/python3.8/dist-packages/neutron_lib/callbacks/manager.py:192}}
Jul 27 19:24:15.002239 dv-cinder-789564-7-smb neutron-server[93037]: INFO neutron.wsgi [req-6247dcec-3cb8-48fb-838e-477a25688ee9 req-c0a47e4a-2920-49ad-9be7-b3db7b20a157 service neutron] 10.222.0.58 "PUT /v2.0/ports/0dcdea2e-548f-43ac-b6de-e8c4d172d2c9 HTTP/1.1" status: 200 len: 1093 time: 2.3728681
Jul 27 19:24:15.005541 dv-cinder-789564-7-smb neutron-server[93037]: DEBUG neutron.notifiers.nova [-] Sending events: [{'name': 'network-changed', 'server_uuid': '24dbf507-7c8b-4332-9ec9-fb50e8cb65e9', 'tag': '0dcdea2e-548f-43ac-b6de-e8c4d172d2c9'}] {{(pid=93037) send_events /opt/stack/neutron/neutron/notifiers/nova.py:262}}
Jul 27 19:24:15.012680 dv-cinder-789564-7-smb neutron-server[93037]: DEBUG novaclient.v2.client [-] REQ: curl -g -i --cacert "/opt/stack/data/ca-bundle.pem" -X POST http://10.222.0.11/compute/v2.1/os-server-external-events -H "Accept: application/json" -H "Content-Type: application/json" -H "User-Agent: python-novaclient" -H "X-Auth-Token: {SHA256}a62ceeaf00df2bd8f9148db82b81d1c3a17df75adb6f3d2ba44a7ebaa28ee432" -H "X-OpenStack-Nova-API-Version: 2.1" -H "X-OpenStack-Request-ID: req-9f8a271b-84ea-44bf-873b-635420901173" -d '{"events": [{"name": "network-changed", "server_uuid": "24dbf507-7c8b-4332-9ec9-fb50e8cb65e9", "tag": "0dcdea2e-548f-43ac-b6de-e8c4d172d2c9"}]}' {{(pid=93037) _http_log_request /usr/local/lib/python3.8/dist-packages/keystoneauth1/session.py:519}}
Jul 27 19:24:15.018083 dv-cinder-789564-7-smb neutron-server[93039]: DEBUG neutron.plugins.ml2.rpc [None req-12a09cf7-d117-4c3f-b7f0-7596d25e2dcd None None] Returning: {'device': '4c1514f7-3a1f-4fab-8dc5-abfbda02a4f2', 'network_id': '8938ccaa-c529-4a48-8a55-32a37c16dffb', 'port_id': '4c1514f7-3a1f-4fab-8dc5-abfbda02a4f2', 'mac_address': 'fa:16:3e:74:dd:7a', 'admin_state_up': True, 'network_type': 'vlan', 'segmentation_id': 566, 'physical_network': 'physnet1', 'mtu': 1500, 'fixed_ips': [{'subnet_id': '90163629-6cb0-4e8c-a1e1-001e9a74f839', 'ip_address': '172.20.0.3'}], 'device_owner': 'compute:nova', 'allowed_address_pairs': [], 'port_security_enabled': True, 'qos_policy_id': None, 'network_qos_policy_id': None, 'profile': {}, 'propagate_uplink_status': False} {{(pid=93039) _get_device_details /opt/stack/neutron/neutron/plugins/ml2/rpc.py:184}}
Jul 27 19:24:15.028015 dv-cinder-789564-7-smb neutron-server[93038]: DEBUG neutron_lib.callbacks.manager [None req-f4b14462-59fa-499e-98d9-8e79a49f2630 admin admin] Subscribe: > segment before_delete 55550000 {{(pid=93038) subscribe /usr/local/lib/python3.8/dist-packages/neutron_lib/callbacks/manager.py:45}}
Jul 27 19:24:15.030775 dv-cinder-789564-7-smb neutron-server[93038]: DEBUG neutron_lib.callbacks.manager [None req-f4b14462-59fa-499e-98d9-8e79a49f2630 admin admin] Subscribe: > subnet precommit_delete_associations 55550000 {{(pid=93038) subscribe /usr/local/lib/python3.8/dist-packages/neutron_lib/callbacks/manager.py:45}}
Jul 27 19:24:15.032808 dv-cinder-789564-7-smb neutron-server[93038]: DEBUG neutron_lib.callbacks.manager [None req-f4b14462-59fa-499e-98d9-8e79a49f2630 admin admin] Subscribe: > segment_host_mapping after_create 55550000 {{(pid=93038) subscribe /usr/local/lib/python3.8/dist-packages/neutron_lib/callbacks/manager.py:45}}
Jul 27 19:24:15.034876 dv-cinder-789564-7-smb neutron-server[93038]: DEBUG neutron_lib.callbacks.manager [None req-f4b14462-59fa-499e-98d9-8e79a49f2630 admin admin] Subscribe: > port after_create 55550000 {{(pid=93038) subscribe /usr/local/lib/python3.8/dist-packages/neutron_lib/callbacks/manager.py:45}}
Jul 27 19:24:15.039205 dv-cinder-789564-7-smb neutron-server[93038]: DEBUG neutron_lib.callbacks.manager [None req-f4b14462-59fa-499e-98d9-8e79a49f2630 admin admin] Subscribe: > port after_delete 55550000 {{(pid=93038) subscribe /usr/local/lib/python3.8/dist-packages/neutron_lib/callbacks/manager.py:45}}
Jul 27 19:24:15.042536 dv-cinder-789564-7-smb neutron-server[93038]: DEBUG neutron_lib.callbacks.manager [None req-f4b14462-59fa-499e-98d9-8e79a49f2630 admin admin] Subscribe: > port after_update 55550000 {{(pid=93038) subscribe /usr/local/lib/python3.8/dist-packages/neutron_lib/callbacks/manager.py:45}}
Jul 27 19:24:15.043739 dv-cinder-789564-7-smb neutron-server[93038]: DEBUG neutron_lib.callbacks.manager [None req-f4b14462-59fa-499e-98d9-8e79a49f2630 admin admin] Subscribe: > segment after_delete 55550000 {{(pid=93038) subscribe /usr/local/lib/python3.8/dist-packages/neutron_lib/callbacks/manager.py:45}}
Jul 27 19:24:15.044737 dv-cinder-789564-7-smb neutron-server[93038]: DEBUG neutron_lib.callbacks.manager [None req-f4b14462-59fa-499e-98d9-8e79a49f2630 admin admin] Subscribe: > subnet after_create 55550000 {{(pid=93038) subscribe /usr/local/lib/python3.8/dist-packages/neutron_lib/callbacks/manager.py:45}}
Jul 27 19:24:15.045983 dv-cinder-789564-7-smb neutron-server[93038]: DEBUG neutron_lib.callbacks.manager [None req-f4b14462-59fa-499e-98d9-8e79a49f2630 admin admin] Subscribe: > subnet after_delete 55550000 {{(pid=93038) subscribe /usr/local/lib/python3.8/dist-packages/neutron_lib/callbacks/manager.py:45}}
Jul 27 19:24:15.050820 dv-cinder-789564-7-smb neutron-server[93038]: DEBUG neutron_lib.callbacks.manager [None req-f4b14462-59fa-499e-98d9-8e79a49f2630 admin admin] Subscribe: > subnet after_update 55550000 {{(pid=93038) subscribe /usr/local/lib/python3.8/dist-packages/neutron_lib/callbacks/manager.py:45}}
Jul 27 19:24:15.187200 dv-cinder-789564-7-smb neutron-server[93037]: DEBUG neutron.wsgi [-] (93037) accepted ('10.222.0.11', 40846) {{(pid=93037) server /usr/local/lib/python3.8/dist-packages/eventlet/wsgi.py:982}}
Jul 27 19:24:15.232340 dv-cinder-789564-7-smb neutron-server[93039]: DEBUG neutron_lib.callbacks.manager [None req-12a09cf7-d117-4c3f-b7f0-7596d25e2dcd None None] Notify callbacks ['neutron.plugins.ml2.plugin.SecurityGroupDbMixin._ensure_default_security_group_handler-550943'] for port, before_update {{(pid=93039) _notify_loop /usr/local/lib/python3.8/dist-packages/neutron_lib/callbacks/manager.py:192}}
Jul 27 19:24:15.259157 dv-cinder-789564-7-smb neutron-server[93037]: DEBUG neutron.api.rpc.handlers.resources_rpc [None req-c0a47e4a-2920-49ad-9be7-b3db7b20a157 service neutron] Pushing event updated for resources: {'Port': ['ID=0dcdea2e-548f-43ac-b6de-e8c4d172d2c9,revision_number=3']} {{(pid=93037) push /opt/stack/neutron/neutron/api/rpc/handlers/resources_rpc.py:237}}
Jul 27 19:24:15.273152 dv-cinder-789564-7-smb neutron-server[93037]: DEBUG novaclient.v2.client [-] RESP: [200] Connection: close Content-Length: 179 Content-Type: application/json Date: Tue, 27 Jul 2021 19:24:15 GMT OpenStack-API-Version: compute 2.1 Server: Apache/2.4.41 (Ubuntu) Vary: OpenStack-API-Version,X-OpenStack-Nova-API-Version X-OpenStack-Nova-API-Version: 2.1 x-compute-request-id: req-b1502d47-00e2-4e67-b4ae-54013ed6d4fd x-openstack-request-id: req-b1502d47-00e2-4e67-b4ae-54013ed6d4fd {{(pid=93037) _http_log_response /usr/local/lib/python3.8/dist-packages/keystoneauth1/session.py:550}}
Jul 27 19:24:15.274892 dv-cinder-789564-7-smb neutron-server[93037]: DEBUG novaclient.v2.client [-] RESP BODY: {"events": [{"name": "network-changed", "server_uuid": "24dbf507-7c8b-4332-9ec9-fb50e8cb65e9", "tag": "0dcdea2e-548f-43ac-b6de-e8c4d172d2c9", "status": "completed", "code": 200}]} {{(pid=93037) _http_log_response /usr/local/lib/python3.8/dist-packages/keystoneauth1/session.py:582}}
Jul 27 19:24:15.276259 dv-cinder-789564-7-smb neutron-server[93037]: DEBUG novaclient.v2.client [-] POST call to compute for http://10.222.0.11/compute/v2.1/os-server-external-events used request id req-b1502d47-00e2-4e67-b4ae-54013ed6d4fd {{(pid=93037) request /usr/local/lib/python3.8/dist-packages/keystoneauth1/session.py:954}}
Jul 27 19:24:15.277051 dv-cinder-789564-7-smb neutron-server[93037]: INFO neutron.notifiers.nova [-] Nova event response: {'name': 'network-changed', 'server_uuid': '24dbf507-7c8b-4332-9ec9-fb50e8cb65e9', 'tag': '0dcdea2e-548f-43ac-b6de-e8c4d172d2c9', 'status': 'completed', 'code': 200}
Jul 27 19:24:15.313787 dv-cinder-789564-7-smb neutron-server[93039]: DEBUG neutron.notifiers.nova [None req-12a09cf7-d117-4c3f-b7f0-7596d25e2dcd None None] Ignoring state change previous_port_status: DOWN current_port_status: BUILD port_id 4c1514f7-3a1f-4fab-8dc5-abfbda02a4f2 {{(pid=93039) record_port_status_changed /opt/stack/neutron/neutron/notifiers/nova.py:224}}
Jul 27 19:24:15.337549 dv-cinder-789564-7-smb neutron-server[93038]: DEBUG neutron_lib.callbacks.manager [None req-f4b14462-59fa-499e-98d9-8e79a49f2630 admin admin] Subscribe: > subnet after_create 55550000 {{(pid=93038) subscribe /usr/local/lib/python3.8/dist-packages/neutron_lib/callbacks/manager.py:45}}
Jul 27 19:24:15.344257 dv-cinder-789564-7-smb neutron-server[93038]: DEBUG neutron_lib.callbacks.manager [None req-f4b14462-59fa-499e-98d9-8e79a49f2630 admin admin] Subscribe: > subnet after_delete 55550000 {{(pid=93038) subscribe /usr/local/lib/python3.8/dist-packages/neutron_lib/callbacks/manager.py:45}}
Jul 27 19:24:15.353131 dv-cinder-789564-7-smb neutron-server[93038]: DEBUG neutron_lib.callbacks.manager [None req-f4b14462-59fa-499e-98d9-8e79a49f2630 admin admin] Subscribe: > subnet before_create 55550000 {{(pid=93038) subscribe /usr/local/lib/python3.8/dist-packages/neutron_lib/callbacks/manager.py:45}}
Jul 27 19:24:15.353829 dv-cinder-789564-7-smb neutron-server[93038]: DEBUG neutron_lib.callbacks.manager [None req-f4b14462-59fa-499e-98d9-8e79a49f2630 admin admin] Subscribe: > subnet before_update 55550000 {{(pid=93038) subscribe /usr/local/lib/python3.8/dist-packages/neutron_lib/callbacks/manager.py:45}}
Jul 27 19:24:15.354486 dv-cinder-789564-7-smb neutron-server[93038]: DEBUG neutron.services.segments.db [None req-f4b14462-59fa-499e-98d9-8e79a49f2630 admin admin] neutron.services.segments.plugin.Plugin method get_segments called with arguments (,) {'filters': {'network_id': ['7c59c8aa-8084-492a-8d9e-f35e05e14de2']}} {{(pid=93038) wrapper /usr/local/lib/python3.8/dist-packages/oslo_log/helpers.py:65}}
Jul 27 19:24:15.402167 dv-cinder-789564-7-smb neutron-server[93038]: DEBUG neutron.services.segments.db [None req-f4b14462-59fa-499e-98d9-8e79a49f2630 admin admin] neutron.services.segments.plugin.Plugin method delete_segment called with arguments (, '38aa4b34-de39-481e-a7c8-9a8eb0370656') {'for_net_delete': True} {{(pid=93038) wrapper /usr/local/lib/python3.8/dist-packages/oslo_log/helpers.py:65}}
Jul 27 19:24:15.402602 dv-cinder-789564-7-smb neutron-server[93038]: DEBUG neutron.services.segments.db [None req-f4b14462-59fa-499e-98d9-8e79a49f2630 admin admin] neutron.services.segments.plugin.Plugin method get_segment called with arguments (, '38aa4b34-de39-481e-a7c8-9a8eb0370656') {} {{(pid=93038) wrapper /usr/local/lib/python3.8/dist-packages/oslo_log/helpers.py:65}}
Jul 27 19:24:15.410993 dv-cinder-789564-7-smb neutron-server[93037]: DEBUG neutron.pecan_wsgi.hooks.policy_enforcement [req-ca3873c0-731d-49f5-a1ee-215e0afbb08c req-babed327-cbb4-479a-a59e-394cfd7caad5 tempest-AttachVolumeNegativeTest-828186272 tempest-AttachVolumeNegativeTest-828186272-project] Attributes excluded by policy engine: ['standard_attr_id', 'binding:profile', 'binding:host_id', 'binding:vif_type', 'binding:vif_details'] {{(pid=93037) _exclude_attributes_by_policy /opt/stack/neutron/neutron/pecan_wsgi/hooks/policy_enforcement.py:255}}
Jul 27 19:24:15.418518 dv-cinder-789564-7-smb neutron-server[93037]: INFO neutron.wsgi [req-ca3873c0-731d-49f5-a1ee-215e0afbb08c req-babed327-cbb4-479a-a59e-394cfd7caad5 tempest-AttachVolumeNegativeTest-828186272 tempest-AttachVolumeNegativeTest-828186272-project] 10.222.0.11 "GET /v2.0/ports?device_id=5718d608-d695-410d-8467-feef63c48da2 HTTP/1.1" status: 200 len: 945 time: 0.4489253
Jul 27 19:24:15.428720 dv-cinder-789564-7-smb neutron-server[93037]: DEBUG neutron.pecan_wsgi.hooks.policy_enforcement [req-6247dcec-3cb8-48fb-838e-477a25688ee9 req-60fe9ec8-f20e-4c94-946d-fa69f0ec8c3f service neutron] Attributes excluded by policy engine: ['standard_attr_id'] {{(pid=93037) _exclude_attributes_by_policy /opt/stack/neutron/neutron/pecan_wsgi/hooks/policy_enforcement.py:255}}
Jul 27 19:24:15.430311 dv-cinder-789564-7-smb neutron-server[93037]: INFO neutron.wsgi [req-6247dcec-3cb8-48fb-838e-477a25688ee9 req-60fe9ec8-f20e-4c94-946d-fa69f0ec8c3f service neutron] 10.222.0.58 "GET /v2.0/ports?tenant_id=d7ca60a8f6494b06ae2444836d160381&device_id=24dbf507-7c8b-4332-9ec9-fb50e8cb65e9 HTTP/1.1" status: 200 len: 1096 time: 0.2291973
Jul 27 19:24:15.447931 dv-cinder-789564-7-smb neutron-server[93038]: DEBUG neutron_lib.callbacks.manager [None req-f4b14462-59fa-499e-98d9-8e79a49f2630 admin admin] Notify callbacks ['neutron.plugins.ml2.db._prevent_segment_delete_with_port_bound-8750642850856', 'neutron.services.segments.plugin.Plugin._prevent_segment_delete_with_subnet_associated-3437552'] for segment, before_delete {{(pid=93038) _notify_loop /usr/local/lib/python3.8/dist-packages/neutron_lib/callbacks/manager.py:192}}
Jul 27 19:24:15.507880 dv-cinder-789564-7-smb neutron-server[93039]: DEBUG neutron.plugins.ml2.db [None req-12a09cf7-d117-4c3f-b7f0-7596d25e2dcd None None] For port 4c1514f7-3a1f-4fab-8dc5-abfbda02a4f2, host hv-cinder-78956, got binding levels [PortBindingLevel(driver='hyperv',host='hv-cinder-78956',level=0,port_id=4c1514f7-3a1f-4fab-8dc5-abfbda02a4f2,segment=NetworkSegment(4dbe8439-8df5-4298-ae66-b3f7c2d1f44c),segment_id=4dbe8439-8df5-4298-ae66-b3f7c2d1f44c)] {{(pid=93039) get_binding_level_objs /opt/stack/neutron/neutron/plugins/ml2/db.py:74}}
Jul 27 19:24:15.529526 dv-cinder-789564-7-smb neutron-server[93039]: DEBUG neutron_lib.callbacks.manager [None req-12a09cf7-d117-4c3f-b7f0-7596d25e2dcd None None] Notify callbacks ['neutron.plugins.ml2.plugin.SecurityGroupServerNotifierRpcMixin._notify_sg_on_port_change-664274', 'neutron.plugins.ml2.ovo_rpc._ObjectChangeHandler.handle_event-176311', 'neutron.api.rpc.agentnotifiers.dhcp_rpc_agent_api.DhcpAgentNotifyAPI._native_event_send_dhcp_notification-1647289', 'neutron.db.l3_db.L3RpcNotifierMixin._notify_gateway_port_ip_changed-8750642774510', 'neutron.db.l3_dvrscheduler_db._notify_l3_agent_port_update-8750642383117', 'neutron.db.l3_hascheduler_db._notify_l3_agent_ha_port_update-8750642383135'] for port, after_update {{(pid=93039) _notify_loop /usr/local/lib/python3.8/dist-packages/neutron_lib/callbacks/manager.py:192}}
Jul 27 19:24:15.548369 dv-cinder-789564-7-smb neutron-server[93038]: DEBUG neutron_lib.callbacks.manager [None req-f4b14462-59fa-499e-98d9-8e79a49f2630 admin admin] Notify callbacks ['neutron.plugins.ml2.plugin.Ml2Plugin._handle_segment_change-770489'] for segment, precommit_delete {{(pid=93038) _notify_loop /usr/local/lib/python3.8/dist-packages/neutron_lib/callbacks/manager.py:192}}
