Jul 27 19:24:37.663533 dv-cinder-789564-7-smb neutron-server[93038]: DEBUG neutron_lib.callbacks.manager [None req-57d2fce9-49c7-4749-aa12-455cd6c58172 admin admin] Notify callbacks ['neutron.services.segments.plugin.Plugin._validate_auto_address_subnet_delete-3436547'] for subnet, precommit_delete_associations {{(pid=93038) _notify_loop /usr/local/lib/python3.8/dist-packages/neutron_lib/callbacks/manager.py:192}}
Jul 27 19:24:37.672186 dv-cinder-789564-7-smb neutron-server[93037]: DEBUG neutron.pecan_wsgi.hooks.quota_enforcement [None req-563aedd5-9995-45a8-9944-02ae9b2d272d admin admin] Made reservation on behalf of b1c7019f59e54cc6a391d12dc8ada476 for: {'network': 1} {{(pid=93037) before /opt/stack/neutron/neutron/pecan_wsgi/hooks/quota_enforcement.py:53}}
Jul 27 19:24:37.674761 dv-cinder-789564-7-smb neutron-server[93037]: DEBUG neutron_lib.callbacks.manager [None req-563aedd5-9995-45a8-9944-02ae9b2d272d admin admin] Notify callbacks ['neutron.plugins.ml2.plugin.SecurityGroupDbMixin._ensure_default_security_group_handler-550943'] for network, before_create {{(pid=93037) _notify_loop /usr/local/lib/python3.8/dist-packages/neutron_lib/callbacks/manager.py:192}}
Jul 27 19:24:37.721555 dv-cinder-789564-7-smb neutron-server[93037]: DEBUG neutron_lib.callbacks.manager [None req-563aedd5-9995-45a8-9944-02ae9b2d272d admin admin] Notify callbacks [] for security_group, before_create {{(pid=93037) _notify_loop /usr/local/lib/python3.8/dist-packages/neutron_lib/callbacks/manager.py:192}}
Jul 27 19:24:37.732944 dv-cinder-789564-7-smb neutron-server[93037]: INFO neutron.wsgi [req-55639650-0f44-4789-ac9f-1cc29f282cfa req-3caa4fde-d5fc-4ce6-97d2-7d25009683e9 service neutron] 10.222.0.58 "GET /v2.0/floatingips?fixed_ip_address=172.20.0.2&port_id=634bdac6-0dab-4493-99f1-202506cd11c7 HTTP/1.1" status: 200 len: 217 time: 0.0740569
Jul 27 19:24:37.775349 dv-cinder-789564-7-smb neutron-server[93038]: DEBUG neutron_lib.callbacks.manager [None req-57d2fce9-49c7-4749-aa12-455cd6c58172 admin admin] Notify callbacks ['neutron.plugins.ml2.plugin.Ml2Plugin._subnet_delete_precommit_handler-777463'] for subnet, precommit_delete {{(pid=93038) _notify_loop /usr/local/lib/python3.8/dist-packages/neutron_lib/callbacks/manager.py:192}}
Jul 27 19:24:37.877281 dv-cinder-789564-7-smb neutron-server[93037]: DEBUG neutron.pecan_wsgi.hooks.policy_enforcement [req-55639650-0f44-4789-ac9f-1cc29f282cfa req-1570bc21-9239-49b5-9eab-e8d5eb256582 service neutron] Attributes excluded by policy engine: ['standard_attr_id', 'shared', 'segment_id'] {{(pid=93037) _exclude_attributes_by_policy /opt/stack/neutron/neutron/pecan_wsgi/hooks/policy_enforcement.py:255}}
Jul 27 19:24:37.879043 dv-cinder-789564-7-smb neutron-server[93037]: INFO neutron.wsgi [req-55639650-0f44-4789-ac9f-1cc29f282cfa req-1570bc21-9239-49b5-9eab-e8d5eb256582 service neutron] 10.222.0.58 "GET /v2.0/subnets?id=c5ad8b52-c00b-412b-8d8f-7003f7ce9dc2 HTTP/1.1" status: 200 len: 855 time: 0.1105773
Jul 27 19:24:37.900085 dv-cinder-789564-7-smb neutron-server[93038]: DEBUG neutron_lib.callbacks.manager [None req-57d2fce9-49c7-4749-aa12-455cd6c58172 admin admin] Notify callbacks ['neutron.plugins.ml2.plugin.Ml2Plugin._subnet_delete_after_delete_handler-777452', 'neutron.plugins.ml2.ovo_rpc._ObjectChangeHandler.handle_event-1701692', 'neutron.api.rpc.agentnotifiers.dhcp_rpc_agent_api.DhcpAgentNotifyAPI._native_event_send_dhcp_notification-1647289', 'neutron.services.segments.plugin.NovaSegmentNotifier._notify_subnet_deleted-3436699', 'neutron.services.segments.plugin.SegmentHostRoutes.host_routes_after_delete-3618862'] for subnet, after_delete {{(pid=93038) _notify_loop /usr/local/lib/python3.8/dist-packages/neutron_lib/callbacks/manager.py:192}}
Jul 27 19:24:37.926117 dv-cinder-789564-7-smb neutron-server[93037]: INFO neutron.wsgi [req-55639650-0f44-4789-ac9f-1cc29f282cfa req-353fc969-4abb-4653-a06e-2c9f89f13932 service neutron] 10.222.0.58 "GET /v2.0/ports?network_id=54aeccaf-9fdf-4082-a78e-b819287cd992&device_owner=network%3Adhcp HTTP/1.1" status: 200 len: 210 time: 0.0306654
Jul 27 19:24:37.939740 dv-cinder-789564-7-smb neutron-server[93038]: DEBUG neutron.api.rpc.handlers.resources_rpc [None req-57d2fce9-49c7-4749-aa12-455cd6c58172 admin admin] Pushing event deleted for resources: {'Subnet': ['ID=90163629-6cb0-4e8c-a1e1-001e9a74f839,revision_number=None']} {{(pid=93038) push /opt/stack/neutron/neutron/api/rpc/handlers/resources_rpc.py:237}}
Jul 27 19:24:37.950603 dv-cinder-789564-7-smb neutron-server[93037]: DEBUG neutron.pecan_wsgi.hooks.policy_enforcement [req-652ab707-3add-4cb7-80ee-ce4e10e8e314 req-343ceaa7-24c6-490c-b6cc-53baa484229c tempest-AttachVolumeNegativeTest-828186272 tempest-AttachVolumeNegativeTest-828186272-project] Attributes excluded by policy engine: ['standard_attr_id', 'binding:profile', 'binding:host_id', 'binding:vif_type', 'binding:vif_details'] {{(pid=93037) _exclude_attributes_by_policy /opt/stack/neutron/neutron/pecan_wsgi/hooks/policy_enforcement.py:255}}
Jul 27 19:24:37.952185 dv-cinder-789564-7-smb neutron-server[93037]: INFO neutron.wsgi [req-652ab707-3add-4cb7-80ee-ce4e10e8e314 req-343ceaa7-24c6-490c-b6cc-53baa484229c tempest-AttachVolumeNegativeTest-828186272 tempest-AttachVolumeNegativeTest-828186272-project] 10.222.0.11 "GET /v2.0/ports?device_id=ac7c740f-eaa7-479c-a1da-18a0bacc77be HTTP/1.1" status: 200 len: 943 time: 0.2038629
Jul 27 19:24:37.982502 dv-cinder-789564-7-smb neutron-server[93038]: DEBUG neutron_lib.callbacks.manager [None req-57d2fce9-49c7-4749-aa12-455cd6c58172 admin admin] Notify callbacks [] for subnet, before_response {{(pid=93038) _notify_loop /usr/local/lib/python3.8/dist-packages/neutron_lib/callbacks/manager.py:192}}
Jul 27 19:24:37.984444 dv-cinder-789564-7-smb neutron-server[93038]: INFO neutron.wsgi [None req-57d2fce9-49c7-4749-aa12-455cd6c58172 admin admin] 10.222.0.11 "DELETE /v2.0/subnets/90163629-6cb0-4e8c-a1e1-001e9a74f839 HTTP/1.1" status: 204 len: 168 time: 0.4411328
Jul 27 19:24:37.987783 dv-cinder-789564-7-smb neutron-server[93038]: DEBUG neutron.wsgi [-] (93038) accepted ('10.222.0.11', 42046) {{(pid=93038) server /usr/local/lib/python3.8/dist-packages/eventlet/wsgi.py:982}}
Jul 27 19:24:38.103176 dv-cinder-789564-7-smb neutron-server[93037]: INFO neutron.wsgi [req-652ab707-3add-4cb7-80ee-ce4e10e8e314 req-52ec5e0d-617e-45bc-82d0-02f6f33f561d tempest-AttachVolumeNegativeTest-828186272 tempest-AttachVolumeNegativeTest-828186272-project] 10.222.0.11 "GET /v2.0/security-groups?id=18bedb3d-03c5-4eb1-84dd-81d84f8617d2&fields=id&fields=name HTTP/1.1" status: 200 len: 286 time: 0.1366227
Jul 27 19:24:38.110394 dv-cinder-789564-7-smb neutron-server[93037]: DEBUG neutron_lib.callbacks.manager [None req-563aedd5-9995-45a8-9944-02ae9b2d272d admin admin] Notify callbacks [] for security_group, precommit_create {{(pid=93037) _notify_loop /usr/local/lib/python3.8/dist-packages/neutron_lib/callbacks/manager.py:192}}
Jul 27 19:24:38.116086 dv-cinder-789564-7-smb neutron-server[93037]: DEBUG neutron_lib.callbacks.manager [None req-563aedd5-9995-45a8-9944-02ae9b2d272d admin admin] Notify callbacks ['neutron.plugins.ml2.ovo_rpc._ObjectChangeHandler.handle_event-1640675'] for security_group, after_create {{(pid=93037) _notify_loop /usr/local/lib/python3.8/dist-packages/neutron_lib/callbacks/manager.py:192}}
Jul 27 19:24:38.151588 dv-cinder-789564-7-smb neutron-server[93037]: DEBUG neutron.api.rpc.handlers.resources_rpc [None req-563aedd5-9995-45a8-9944-02ae9b2d272d admin admin] Pushing event updated for resources: {'SecurityGroup': ['ID=0298b206-4b17-4e6c-a0db-e84318d52cd6,revision_number=1']} {{(pid=93037) push /opt/stack/neutron/neutron/api/rpc/handlers/resources_rpc.py:237}}
Jul 27 19:24:38.187440 dv-cinder-789564-7-smb neutron-server[93037]: DEBUG neutron.plugins.ml2.drivers.helpers [None req-563aedd5-9995-45a8-9944-02ae9b2d272d admin admin] vlan segment allocate from pool success with {'vlan_id': 589, 'physical_network': 'physnet1'} {{(pid=93037) allocate_partially_specified_segment /opt/stack/neutron/neutron/plugins/ml2/drivers/helpers.py:153}}
Jul 27 19:24:38.215215 dv-cinder-789564-7-smb neutron-server[93038]: DEBUG neutron_lib.callbacks.manager [None req-46592271-59ed-4db5-8cea-8167eb5397bb admin admin] Notify callbacks ['neutron.plugins.ml2.plugin.External_net_db_mixin._before_network_delete_handler-584991'] for network, before_delete {{(pid=93038) _notify_loop /usr/local/lib/python3.8/dist-packages/neutron_lib/callbacks/manager.py:192}}
Jul 27 19:24:38.218478 dv-cinder-789564-7-smb neutron-server[93037]: DEBUG neutron_lib.callbacks.manager [None req-563aedd5-9995-45a8-9944-02ae9b2d272d admin admin] Notify callbacks ['neutron.plugins.ml2.plugin.Ml2Plugin._handle_segment_change-770489'] for segment, precommit_create {{(pid=93037) _notify_loop /usr/local/lib/python3.8/dist-packages/neutron_lib/callbacks/manager.py:192}}
Jul 27 19:24:38.220209 dv-cinder-789564-7-smb neutron-server[93037]: INFO neutron.db.segments_db [None req-563aedd5-9995-45a8-9944-02ae9b2d272d admin admin] Added segment 90a04f08-d093-481f-beab-4fc3f8853c57 of type vlan for network 37d150c3-3e39-411a-9d16-b3401141da15
Jul 27 19:24:38.275282 dv-cinder-789564-7-smb neutron-server[93037]: DEBUG neutron_lib.callbacks.manager [None req-563aedd5-9995-45a8-9944-02ae9b2d272d admin admin] Notify callbacks ['neutron.services.auto_allocate.db._ensure_external_network_default_value_callback-8750642392926'] for network, precommit_create {{(pid=93037) _notify_loop /usr/local/lib/python3.8/dist-packages/neutron_lib/callbacks/manager.py:192}}
Jul 27 19:24:38.312825 dv-cinder-789564-7-smb neutron-server[93037]: INFO neutron.wsgi [req-55639650-0f44-4789-ac9f-1cc29f282cfa req-5bcfe643-b192-45fa-9a2f-8be9fd4d9046 service neutron] 10.222.0.58 "GET /v2.0/networks/54aeccaf-9fdf-4082-a78e-b819287cd992?fields=segments HTTP/1.1" status: 200 len: 212 time: 0.3590477
Jul 27 19:24:38.314020 dv-cinder-789564-7-smb neutron-server[93037]: DEBUG neutron_lib.callbacks.manager [None req-563aedd5-9995-45a8-9944-02ae9b2d272d admin admin] Notify callbacks ['neutron.plugins.ml2.ovo_rpc._ObjectChangeHandler.handle_event-1640465', 'neutron.api.rpc.agentnotifiers.dhcp_rpc_agent_api.DhcpAgentNotifyAPI._native_event_send_dhcp_notification-1647289'] for network, after_create {{(pid=93037) _notify_loop /usr/local/lib/python3.8/dist-packages/neutron_lib/callbacks/manager.py:192}}
Jul 27 19:24:38.315642 dv-cinder-789564-7-smb neutron-server[93037]: DEBUG neutron.pecan_wsgi.hooks.policy_enforcement [None req-563aedd5-9995-45a8-9944-02ae9b2d272d admin admin] Attributes excluded by policy engine: ['standard_attr_id', 'vlan_transparent'] {{(pid=93037) _exclude_attributes_by_policy /opt/stack/neutron/neutron/pecan_wsgi/hooks/policy_enforcement.py:255}}
Jul 27 19:24:38.316507 dv-cinder-789564-7-smb neutron-server[93037]: DEBUG neutron_lib.callbacks.manager [None req-563aedd5-9995-45a8-9944-02ae9b2d272d admin admin] Notify callbacks ['neutron.api.rpc.agentnotifiers.dhcp_rpc_agent_api.DhcpAgentNotifyAPI._send_dhcp_notification-1647239'] for network, before_response {{(pid=93037) _notify_loop /usr/local/lib/python3.8/dist-packages/neutron_lib/callbacks/manager.py:192}}
Jul 27 19:24:38.339503 dv-cinder-789564-7-smb neutron-server[93038]: DEBUG neutron_lib.callbacks.manager [None req-46592271-59ed-4db5-8cea-8167eb5397bb admin admin] Notify callbacks ['neutron.plugins.ml2.plugin.Ml2Plugin._network_delete_precommit_handler-771192', 'neutron.services.segments.db._delete_segments_for_network-8750642850335'] for network, precommit_delete {{(pid=93038) _notify_loop /usr/local/lib/python3.8/dist-packages/neutron_lib/callbacks/manager.py:192}}
Jul 27 19:24:38.355341 dv-cinder-789564-7-smb neutron-server[93038]: DEBUG neutron.services.segments.db [None req-46592271-59ed-4db5-8cea-8167eb5397bb admin admin] neutron.services.segments.plugin.Plugin method get_segments called with arguments (,) {'filters': {'network_id': ['8938ccaa-c529-4a48-8a55-32a37c16dffb']}} {{(pid=93038) wrapper /usr/local/lib/python3.8/dist-packages/oslo_log/helpers.py:65}}
Jul 27 19:24:38.366713 dv-cinder-789564-7-smb neutron-server[93038]: DEBUG neutron.services.segments.db [None req-46592271-59ed-4db5-8cea-8167eb5397bb admin admin] neutron.services.segments.plugin.Plugin method delete_segment called with arguments (, '4dbe8439-8df5-4298-ae66-b3f7c2d1f44c') {'for_net_delete': True} {{(pid=93038) wrapper /usr/local/lib/python3.8/dist-packages/oslo_log/helpers.py:65}}
Jul 27 19:24:38.367013 dv-cinder-789564-7-smb neutron-server[93038]: DEBUG neutron.services.segments.db [None req-46592271-59ed-4db5-8cea-8167eb5397bb admin admin] neutron.services.segments.plugin.Plugin method get_segment called with arguments (, '4dbe8439-8df5-4298-ae66-b3f7c2d1f44c') {} {{(pid=93038) wrapper /usr/local/lib/python3.8/dist-packages/oslo_log/helpers.py:65}}
Jul 27 19:24:38.376567 dv-cinder-789564-7-smb neutron-server[93038]: DEBUG neutron_lib.callbacks.manager [None req-46592271-59ed-4db5-8cea-8167eb5397bb admin admin] Notify callbacks ['neutron.plugins.ml2.db._prevent_segment_delete_with_port_bound-8750642850856', 'neutron.services.segments.plugin.Plugin._prevent_segment_delete_with_subnet_associated-3437552'] for segment, before_delete {{(pid=93038) _notify_loop /usr/local/lib/python3.8/dist-packages/neutron_lib/callbacks/manager.py:192}}
Jul 27 19:24:38.391652 dv-cinder-789564-7-smb neutron-server[93038]: DEBUG neutron_lib.callbacks.manager [None req-46592271-59ed-4db5-8cea-8167eb5397bb admin admin] Notify callbacks ['neutron.plugins.ml2.plugin.Ml2Plugin._handle_segment_change-770489'] for segment, precommit_delete {{(pid=93038) _notify_loop /usr/local/lib/python3.8/dist-packages/neutron_lib/callbacks/manager.py:192}}
Jul 27 19:24:38.403925 dv-cinder-789564-7-smb neutron-server[93038]: DEBUG neutron.plugins.ml2.drivers.type_vlan [None req-46592271-59ed-4db5-8cea-8167eb5397bb admin admin] Releasing vlan 566 on physical network physnet1 to pool {{(pid=93038) release_segment /opt/stack/neutron/neutron/plugins/ml2/drivers/type_vlan.py:304}}
Jul 27 19:24:38.404639 dv-cinder-789564-7-smb neutron-server[93038]: DEBUG neutron_lib.callbacks.manager [None req-46592271-59ed-4db5-8cea-8167eb5397bb admin admin] Notify callbacks ['neutron.plugins.ml2.plugin.Ml2Plugin._handle_segment_change-770489', 'neutron.services.segments.plugin.NovaSegmentNotifier._notify_segment_deleted-3436789'] for segment, after_delete {{(pid=93038) _notify_loop /usr/local/lib/python3.8/dist-packages/neutron_lib/callbacks/manager.py:192}}
Jul 27 19:24:38.406493 dv-cinder-789564-7-smb neutron-server[93038]: Traceback (most recent call last):
Jul 27 19:24:38.406493 dv-cinder-789564-7-smb neutron-server[93038]: File "/usr/local/lib/python3.8/dist-packages/eventlet/hubs/hub.py", line 476, in fire_timers
Jul 27 19:24:38.406493 dv-cinder-789564-7-smb neutron-server[93038]: timer()
Jul 27 19:24:38.406493 dv-cinder-789564-7-smb neutron-server[93038]: File "/usr/local/lib/python3.8/dist-packages/eventlet/hubs/timer.py", line 59, in __call__
Jul 27 19:24:38.406493 dv-cinder-789564-7-smb neutron-server[93038]: cb(*args, **kw)
Jul 27 19:24:38.406493 dv-cinder-789564-7-smb neutron-server[93038]: File "/opt/stack/neutron/neutron/common/utils.py", line 905, in wrapper
Jul 27 19:24:38.406493 dv-cinder-789564-7-smb neutron-server[93038]: return func(*args, **kwargs)
Jul 27 19:24:38.406493 dv-cinder-789564-7-smb neutron-server[93038]: File "/opt/stack/neutron/neutron/notifiers/batch_notifier.py", line 58, in synced_send
Jul 27 19:24:38.406493 dv-cinder-789564-7-smb neutron-server[93038]: self._notify()
Jul 27 19:24:38.406493 dv-cinder-789564-7-smb neutron-server[93038]: File "/opt/stack/neutron/neutron/notifiers/batch_notifier.py", line 69, in _notify
Jul 27 19:24:38.406493 dv-cinder-789564-7-smb neutron-server[93038]: self.callback(batched_events)
Jul 27 19:24:38.406493 dv-cinder-789564-7-smb neutron-server[93038]: File "/opt/stack/neutron/neutron/services/segments/plugin.py", line 211, in _send_notifications
Jul 27 19:24:38.406493 dv-cinder-789564-7-smb neutron-server[93038]: event.method(event)
Jul 27 19:24:38.406493 dv-cinder-789564-7-smb neutron-server[93038]: File "/opt/stack/neutron/neutron/services/segments/plugin.py", line 383, in _delete_nova_inventory
Jul 27 19:24:38.406493 dv-cinder-789564-7-smb neutron-server[93038]: aggregate_id = self._get_aggregate_id(event.segment_id)
Jul 27 19:24:38.406493 dv-cinder-789564-7-smb neutron-server[93038]: File "/opt/stack/neutron/neutron/services/segments/plugin.py", line 370, in _get_aggregate_id
Jul 27 19:24:38.406493 dv-cinder-789564-7-smb neutron-server[93038]: aggregate_uuid = self.p_client.list_aggregates(
Jul 27 19:24:38.406493 dv-cinder-789564-7-smb neutron-server[93038]: File "/usr/local/lib/python3.8/dist-packages/neutron_lib/placement/client.py", line 57, in wrapper
Jul 27 19:24:38.406493 dv-cinder-789564-7-smb neutron-server[93038]: return f(self, *a, **k)
Jul 27 19:24:38.406493 dv-cinder-789564-7-smb neutron-server[93038]: File "/usr/local/lib/python3.8/dist-packages/neutron_lib/placement/client.py", line 553, in list_aggregates
Jul 27 19:24:38.406493 dv-cinder-789564-7-smb neutron-server[93038]: return self._get(url).json()
Jul 27 19:24:38.406493 dv-cinder-789564-7-smb neutron-server[93038]: File "/usr/local/lib/python3.8/dist-packages/neutron_lib/placement/client.py", line 189, in _get
Jul 27 19:24:38.406493 dv-cinder-789564-7-smb neutron-server[93038]: return self._client.get(url, endpoint_filter=self._ks_filter,
Jul 27 19:24:38.406493 dv-cinder-789564-7-smb neutron-server[93038]: File "/usr/local/lib/python3.8/dist-packages/keystoneauth1/session.py", line 1141, in get
Jul 27 19:24:38.406493 dv-cinder-789564-7-smb neutron-server[93038]: return self.request(url, 'GET', **kwargs)
Jul 27 19:24:38.406493 dv-cinder-789564-7-smb neutron-server[93038]: File "/usr/local/lib/python3.8/dist-packages/keystoneauth1/session.py", line 811, in request
Jul 27 19:24:38.406493 dv-cinder-789564-7-smb neutron-server[93038]: base_url = self.get_endpoint(auth, allow=allow,
Jul 27 19:24:38.406493 dv-cinder-789564-7-smb neutron-server[93038]: File "/usr/local/lib/python3.8/dist-packages/keystoneauth1/session.py", line 1241, in get_endpoint
Jul 27 19:24:38.406493 dv-cinder-789564-7-smb neutron-server[93038]: auth = self._auth_required(auth, 'determine endpoint URL')
Jul 27 19:24:38.406493 dv-cinder-789564-7-smb neutron-server[93038]: File "/usr/local/lib/python3.8/dist-packages/keystoneauth1/session.py", line 1181, in _auth_required
Jul 27 19:24:38.406493 dv-cinder-789564-7-smb neutron-server[93038]: raise exceptions.MissingAuthPlugin(msg_fmt % msg)
Jul 27 19:24:38.406493 dv-cinder-789564-7-smb neutron-server[93038]: keystoneauth1.exceptions.auth_plugins.MissingAuthPlugin: An auth plugin is required to determine endpoint URL
Jul 27 19:24:38.479484 dv-cinder-789564-7-smb neutron-server[93037]: INFO neutron.wsgi [None req-563aedd5-9995-45a8-9944-02ae9b2d272d admin admin] 10.222.0.11 "POST /v2.0/networks HTTP/1.1" status: 201 len: 882 time: 0.9117706
Jul 27 19:24:38.481560 dv-cinder-789564-7-smb neutron-server[93038]: DEBUG neutron_lib.callbacks.manager [None req-46592271-59ed-4db5-8cea-8167eb5397bb admin admin] Notify callbacks ['neutron.plugins.ml2.plugin.Ml2Plugin._network_delete_after_delete_handler-771185', 'neutron.plugins.ml2.ovo_rpc._ObjectChangeHandler.handle_event-1640465', 'neutron.api.rpc.agentnotifiers.dhcp_rpc_agent_api.DhcpAgentNotifyAPI._native_event_send_dhcp_notification-1647289', 'neutron.services.l3_router.l3_router_plugin.DVRResourceOperationHandler.delete_fip_namespaces_for_ext_net-1726965'] for network, after_delete {{(pid=93038) _notify_loop /usr/local/lib/python3.8/dist-packages/neutron_lib/callbacks/manager.py:192}}
Jul 27 19:24:38.485056 dv-cinder-789564-7-smb neutron-server[93037]: DEBUG neutron.wsgi [-] (93037) accepted ('10.222.0.11', 42060) {{(pid=93037) server /usr/local/lib/python3.8/dist-packages/eventlet/wsgi.py:982}}
Jul 27 19:24:38.493997 dv-cinder-789564-7-smb neutron-server[93037]: DEBUG neutron.api.v2.base [None req-8e106be5-ab7c-485f-9256-a8aec8196a73 admin admin] Request body: {'subnet': {'network_id': '37d150c3-3e39-411a-9d16-b3401141da15', 'cidr': '172.20.0.0/28', 'name': 'tempest-VolumesActionsTest-1814542948-subnet', 'tenant_id': 'b1c7019f59e54cc6a391d12dc8ada476', 'enable_dhcp': False, 'ip_version': 4}} {{(pid=93037) prepare_request_body /opt/stack/neutron/neutron/api/v2/base.py:729}}
Jul 27 19:24:38.502944 dv-cinder-789564-7-smb neutron-server[93037]: DEBUG neutron.api.rpc.handlers.resources_rpc [None req-563aedd5-9995-45a8-9944-02ae9b2d272d admin admin] Pushing event updated for resources: {'Network': ['ID=37d150c3-3e39-411a-9d16-b3401141da15,revision_number=1']} {{(pid=93037) push /opt/stack/neutron/neutron/api/rpc/handlers/resources_rpc.py:237}}
Jul 27 19:24:38.503176 dv-cinder-789564-7-smb neutron-server[93038]: DEBUG neutron.api.rpc.handlers.resources_rpc [None req-46592271-59ed-4db5-8cea-8167eb5397bb admin admin] Pushing event deleted for resources: {'Network': ['ID=8938ccaa-c529-4a48-8a55-32a37c16dffb,revision_number=None']} {{(pid=93038) push /opt/stack/neutron/neutron/api/rpc/handlers/resources_rpc.py:237}}
Jul 27 19:24:38.508542 dv-cinder-789564-7-smb neutron-server[93038]: DEBUG neutron_lib.callbacks.manager [None req-46592271-59ed-4db5-8cea-8167eb5397bb admin admin] Notify callbacks ['neutron.api.rpc.agentnotifiers.dhcp_rpc_agent_api.DhcpAgentNotifyAPI._send_dhcp_notification-1647239'] for network, before_response {{(pid=93038) _notify_loop /usr/local/lib/python3.8/dist-packages/neutron_lib/callbacks/manager.py:192}}
Jul 27 19:24:38.513330 dv-cinder-789564-7-smb neutron-server[93038]: INFO neutron.wsgi [None req-46592271-59ed-4db5-8cea-8167eb5397bb admin admin] 10.222.0.11 "DELETE /v2.0/networks/8938ccaa-c529-4a48-8a55-32a37c16dffb HTTP/1.1" status: 204 len: 168 time: 0.5223572
Jul 27 19:24:38.520647 dv-cinder-789564-7-smb neutron-server[93039]: DEBUG neutron.plugins.ml2.rpc [None req-a043a81b-6086-410f-9273-1f288d6198bb None None] Network 37d150c3-3e39-411a-9d16-b3401141da15 details requested by agent ovs-agent-dv-cinder-789564-7-smb with host dv-cinder-789564-7-smb {{(pid=93039) get_network_details /opt/stack/neutron/neutron/plugins/ml2/rpc.py:248}}
Jul 27 19:24:38.536408 dv-cinder-789564-7-smb neutron-server[93037]: INFO neutron.wsgi [req-55639650-0f44-4789-ac9f-1cc29f282cfa req-ae0aea88-c336-43a1-8a77-88e0c28c37ea service neutron] 10.222.0.58 "GET /v2.0/networks/54aeccaf-9fdf-4082-a78e-b819287cd992?fields=provider%3Aphysical_network&fields=provider%3Anetwork_type HTTP/1.1" status: 200 len: 281 time: 0.1727996
Jul 27 19:24:38.559979 dv-cinder-789564-7-smb neutron-server[93037]: DEBUG neutron.pecan_wsgi.hooks.quota_enforcement [None req-8e106be5-ab7c-485f-9256-a8aec8196a73 admin admin] Made reservation on behalf of b1c7019f59e54cc6a391d12dc8ada476 for: {'subnet': 1} {{(pid=93037) before /opt/stack/neutron/neutron/pecan_wsgi/hooks/quota_enforcement.py:53}}
Jul 27 19:24:38.562633 dv-cinder-789564-7-smb neutron-server[93037]: DEBUG neutron_lib.callbacks.manager [None req-8e106be5-ab7c-485f-9256-a8aec8196a73 admin admin] Notify callbacks ['neutron.services.segments.plugin.SegmentHostRoutes.host_routes_before_create-8914743'] for subnet, before_create {{(pid=93037) _notify_loop /usr/local/lib/python3.8/dist-packages/neutron_lib/callbacks/manager.py:192}}
Jul 27 19:24:38.744954 dv-cinder-789564-7-smb neutron-server[93038]: DEBUG neutron.wsgi [-] (93038) accepted ('10.222.0.11', 42064) {{(pid=93038) server /usr/local/lib/python3.8/dist-packages/eventlet/wsgi.py:982}}
Jul 27 19:24:38.749991 dv-cinder-789564-7-smb neutron-server[93037]: DEBUG neutron_lib.callbacks.manager [None req-8e106be5-ab7c-485f-9256-a8aec8196a73 admin admin] Notify callbacks ['neutron.plugins.ml2.ovo_rpc._ObjectChangeHandler.handle_event-1701692', 'neutron.api.rpc.agentnotifiers.dhcp_rpc_agent_api.DhcpAgentNotifyAPI._native_event_send_dhcp_notification-1647289', 'neutron.services.segments.plugin.NovaSegmentNotifier._notify_subnet_created-3593276', 'neutron.services.segments.plugin.SegmentHostRoutes.host_routes_after_create-8914725'] for subnet, after_create {{(pid=93037) _notify_loop /usr/local/lib/python3.8/dist-packages/neutron_lib/callbacks/manager.py:192}}
Jul 27 19:24:38.804500 dv-cinder-789564-7-smb neutron-server[93038]: INFO neutron.wsgi [None req-83aabd95-337d-4a8c-bb37-719fe3a7bb95 admin admin] 10.222.0.11 "GET /v2.0/security-groups?tenant_id=7d4818c495a44c549b85e8bcd37bd5a9&name=default HTTP/1.1" status: 200 len: 2975 time: 0.0581810
Jul 27 19:24:38.806981 dv-cinder-789564-7-smb neutron-server[93038]: DEBUG neutron.wsgi [-] (93038) accepted ('10.222.0.11', 42068) {{(pid=93038) server /usr/local/lib/python3.8/dist-packages/eventlet/wsgi.py:982}}
Jul 27 19:24:38.814930 dv-cinder-789564-7-smb neutron-server[93037]: DEBUG neutron.api.rpc.handlers.resources_rpc [None req-8e106be5-ab7c-485f-9256-a8aec8196a73 admin admin] Pushing event updated for resources: {'Subnet': ['ID=e27e7d50-324d-43c9-9c7a-1a6e3bce2a5f,revision_number=0']} {{(pid=93037) push /opt/stack/neutron/neutron/api/rpc/handlers/resources_rpc.py:237}}
Jul 27 19:24:38.824836 dv-cinder-789564-7-smb neutron-server[93037]: DEBUG neutron.plugins.ml2.drivers.mech_agent [None req-8e106be5-ab7c-485f-9256-a8aec8196a73 admin admin] Checking segment: {'id': '90a04f08-d093-481f-beab-4fc3f8853c57', 'network_type': 'vlan', 'physical_network': 'physnet1', 'segmentation_id': 589, 'network_id': '37d150c3-3e39-411a-9d16-b3401141da15'} for mappings: {'physnet1': 'br-data'} with network types: ['local', 'flat', 'vlan'] {{(pid=93037) check_segment_for_agent /opt/stack/neutron/neutron/plugins/ml2/drivers/mech_agent.py:352}}
Jul 27 19:24:38.825203 dv-cinder-789564-7-smb neutron-server[93037]: DEBUG neutron.scheduler.dhcp_agent_scheduler [None req-8e106be5-ab7c-485f-9256-a8aec8196a73 admin admin] Network hostable DHCP agents. Network: 37d150c3-3e39-411a-9d16-b3401141da15, hostable agents: ['09a91795-5391-4a20-bb9a-bf46803fbb42'], hosted agents: [] {{(pid=93037) _get_network_hostable_dhcp_agents /opt/stack/neutron/neutron/scheduler/dhcp_agent_scheduler.py:329}}
Jul 27 19:24:38.842730 dv-cinder-789564-7-smb neutron-server[93037]: DEBUG neutron.scheduler.dhcp_agent_scheduler [None req-8e106be5-ab7c-485f-9256-a8aec8196a73 admin admin] Network 37d150c3-3e39-411a-9d16-b3401141da15 is scheduled to be hosted by DHCP agent 09a91795-5391-4a20-bb9a-bf46803fbb42 with binding_index 1 {{(pid=93037) bind /opt/stack/neutron/neutron/scheduler/dhcp_agent_scheduler.py:227}}
Jul 27 19:24:38.856520 dv-cinder-789564-7-smb neutron-server[93037]: DEBUG neutron.scheduler.base_scheduler [None req-8e106be5-ab7c-485f-9256-a8aec8196a73 admin admin] Resources bound (agent type, host, resource id): (DHCP agent, dv-cinder-789564-7-smb, 37d150c3-3e39-411a-9d16-b3401141da15) {{(pid=93037) schedule /opt/stack/neutron/neutron/scheduler/base_scheduler.py:57}}
Jul 27 19:24:38.860814 dv-cinder-789564-7-smb neutron-server[93037]: DEBUG neutron.pecan_wsgi.hooks.policy_enforcement [None req-8e106be5-ab7c-485f-9256-a8aec8196a73 admin admin] Attributes excluded by policy engine: ['standard_attr_id', 'shared', 'segment_id', 'network'] {{(pid=93037) _exclude_attributes_by_policy /opt/stack/neutron/neutron/pecan_wsgi/hooks/policy_enforcement.py:255}}
Jul 27 19:24:38.861415 dv-cinder-789564-7-smb neutron-server[93037]: DEBUG neutron_lib.callbacks.manager [None req-8e106be5-ab7c-485f-9256-a8aec8196a73 admin admin] Notify callbacks ['neutron.api.rpc.agentnotifiers.dhcp_rpc_agent_api.DhcpAgentNotifyAPI._send_dhcp_notification-1647239'] for subnet, before_response {{(pid=93037) _notify_loop /usr/local/lib/python3.8/dist-packages/neutron_lib/callbacks/manager.py:192}}
Jul 27 19:24:38.866857 dv-cinder-789564-7-smb neutron-server[93039]: DEBUG neutron.api.rpc.handlers.dhcp_rpc [None req-614852b4-218b-4911-b6f4-94c55a3002ff None None] Network 37d150c3-3e39-411a-9d16-b3401141da15 requested from dv-cinder-789564-7-smb {{(pid=93039) get_network_info /opt/stack/neutron/neutron/api/rpc/handlers/dhcp_rpc.py:218}}
Jul 27 19:24:38.877792 dv-cinder-789564-7-smb neutron-server[93038]: DEBUG neutron_lib.callbacks.manager [None req-d9b860fc-37a9-4a6e-9fb4-745de98f7772 admin admin] Notify callbacks [] for security_group, before_delete {{(pid=93038) _notify_loop /usr/local/lib/python3.8/dist-packages/neutron_lib/callbacks/manager.py:192}}
Jul 27 19:24:38.880135 dv-cinder-789564-7-smb neutron-server[93037]: INFO neutron.wsgi [None req-8e106be5-ab7c-485f-9256-a8aec8196a73 admin admin] 10.222.0.11 "POST /v2.0/subnets HTTP/1.1" status: 201 len: 846 time: 0.3910897
Jul 27 19:24:38.915896 dv-cinder-789564-7-smb neutron-server[93038]: DEBUG neutron_lib.callbacks.manager [None req-d9b860fc-37a9-4a6e-9fb4-745de98f7772 admin admin] Notify callbacks [] for security_group, precommit_delete {{(pid=93038) _notify_loop /usr/local/lib/python3.8/dist-packages/neutron_lib/callbacks/manager.py:192}}
Jul 27 19:24:38.977719 dv-cinder-789564-7-smb neutron-server[93038]: DEBUG neutron_lib.callbacks.manager [None req-d9b860fc-37a9-4a6e-9fb4-745de98f7772 admin admin] Notify callbacks ['neutron.plugins.ml2.ovo_rpc._ObjectChangeHandler.handle_event-1640675'] for security_group, after_delete {{(pid=93038) _notify_loop /usr/local/lib/python3.8/dist-packages/neutron_lib/callbacks/manager.py:192}}
Jul 27 19:24:38.980451 dv-cinder-789564-7-smb neutron-server[93038]: DEBUG neutron_lib.callbacks.manager [None req-d9b860fc-37a9-4a6e-9fb4-745de98f7772 admin admin] Notify callbacks [] for security_group, before_response {{(pid=93038) _notify_loop /usr/local/lib/python3.8/dist-packages/neutron_lib/callbacks/manager.py:192}}
Jul 27 19:24:38.984778 dv-cinder-789564-7-smb neutron-server[93038]: INFO neutron.wsgi [None req-d9b860fc-37a9-4a6e-9fb4-745de98f7772 admin admin] 10.222.0.11 "DELETE /v2.0/security-groups/4304bfd6-3e9c-4def-aa2e-f8d2394a0a4e HTTP/1.1" status: 204 len: 168 time: 0.1734316
Jul 27 19:24:38.990965 dv-cinder-789564-7-smb neutron-server[93038]: DEBUG neutron.api.rpc.handlers.resources_rpc [None req-d9b860fc-37a9-4a6e-9fb4-745de98f7772 admin admin] Pushing event deleted for resources: {'SecurityGroup': ['ID=4304bfd6-3e9c-4def-aa2e-f8d2394a0a4e,revision_number=None']} {{(pid=93038) push /opt/stack/neutron/neutron/api/rpc/handlers/resources_rpc.py:237}}
Jul 27 19:24:39.039989 dv-cinder-789564-7-smb neutron-server[93039]: DEBUG neutron.api.rpc.handlers.dhcp_rpc [None req-a3966d9c-4801-4f32-8089-42adaed28d7b None None] Network 37d150c3-3e39-411a-9d16-b3401141da15 requested from dv-cinder-789564-7-smb {{(pid=93039) get_network_info /opt/stack/neutron/neutron/api/rpc/handlers/dhcp_rpc.py:218}}
Jul 27 19:24:39.362766 dv-cinder-789564-7-smb neutron-server[93037]: DEBUG neutron.pecan_wsgi.hooks.policy_enforcement [req-6f0e084f-e7c3-49e8-a198-cc4c6b4b2848 req-7fa349fa-f534-44c2-ae85-d971f7cf6a89 tempest-AttachVolumeNegativeTest-828186272 tempest-AttachVolumeNegativeTest-828186272-project] Attributes excluded by policy engine: ['standard_attr_id', 'binding:profile', 'binding:host_id', 'binding:vif_type', 'binding:vif_details'] {{(pid=93037) _exclude_attributes_by_policy /opt/stack/neutron/neutron/pecan_wsgi/hooks/policy_enforcement.py:255}}
Jul 27 19:24:39.364489 dv-cinder-789564-7-smb neutron-server[93037]: INFO neutron.wsgi [req-6f0e084f-e7c3-49e8-a198-cc4c6b4b2848 req-7fa349fa-f534-44c2-ae85-d971f7cf6a89 tempest-AttachVolumeNegativeTest-828186272 tempest-AttachVolumeNegativeTest-828186272-project] 10.222.0.11 "GET /v2.0/ports?device_id=ac7c740f-eaa7-479c-a1da-18a0bacc77be HTTP/1.1" status: 200 len: 943 time: 0.1067030
Jul 27 19:24:39.432363 dv-cinder-789564-7-smb neutron-server[93037]: INFO neutron.wsgi [req-6f0e084f-e7c3-49e8-a198-cc4c6b4b2848 req-ccdf7b87-e634-4ac7-b557-b12f1a2f6248 tempest-AttachVolumeNegativeTest-828186272 tempest-AttachVolumeNegativeTest-828186272-project] 10.222.0.11 "GET /v2.0/security-groups?id=18bedb3d-03c5-4eb1-84dd-81d84f8617d2&fields=id&fields=name HTTP/1.1" status: 200 len: 286 time: 0.0572100
Jul 27 19:24:39.831099 dv-cinder-789564-7-smb neutron-server[93037]: DEBUG neutron.wsgi [-] (93037) accepted ('10.222.0.11', 42130) {{(pid=93037) server /usr/local/lib/python3.8/dist-packages/eventlet/wsgi.py:982}}
Jul 27 19:24:39.912927 dv-cinder-789564-7-smb neutron-server[93038]: DEBUG neutron.pecan_wsgi.hooks.policy_enforcement [req-b82a5e6f-4131-48ab-abd2-05f80af8a3a0 req-b521c770-85e3-4ae5-a40d-c1fae2862ccb tempest-VolumesActionsTest-1283465121 tempest-VolumesActionsTest-1283465121-project] Attributes excluded by policy engine: ['standard_attr_id', 'vlan_transparent', 'provider:network_type', 'provider:physical_network', 'provider:segmentation_id'] {{(pid=93038) _exclude_attributes_by_policy /opt/stack/neutron/neutron/pecan_wsgi/hooks/policy_enforcement.py:255}}
Jul 27 19:24:39.921958 dv-cinder-789564-7-smb neutron-server[93038]: INFO neutron.wsgi [req-b82a5e6f-4131-48ab-abd2-05f80af8a3a0 req-b521c770-85e3-4ae5-a40d-c1fae2862ccb tempest-VolumesActionsTest-1283465121 tempest-VolumesActionsTest-1283465121-project] 10.222.0.11 "GET /v2.0/networks?id=daadbdc5-9e46-4420-968f-eb360ea698f2 HTTP/1.1" status: 200 len: 809 time: 0.1770616
Jul 27 19:24:39.941856 dv-cinder-789564-7-smb neutron-server[93038]: INFO neutron.wsgi [req-b82a5e6f-4131-48ab-abd2-05f80af8a3a0 req-1209e6f4-5b3f-44e4-829a-10db3b74e5b0 tempest-VolumesActionsTest-1283465121 tempest-VolumesActionsTest-1283465121-project] 10.222.0.11 "GET /v2.0/quotas/815c93460364452f9c7d6b0cb9ff02c3 HTTP/1.1" status: 200 len: 375 time: 0.0182860
Jul 27 19:24:40.112583 dv-cinder-789564-7-smb neutron-server[93037]: DEBUG neutron_lib.callbacks.manager [None req-6755690a-bd64-4523-ae94-e389c1870c25 admin admin] Notify callbacks [] for security_group, before_create {{(pid=93037) _notify_loop /usr/local/lib/python3.8/dist-packages/neutron_lib/callbacks/manager.py:192}}
Jul 27 19:24:40.240125 dv-cinder-789564-7-smb neutron-server[93038]: INFO neutron.wsgi [req-b82a5e6f-4131-48ab-abd2-05f80af8a3a0 req-61531fd5-cfbd-4be4-bea9-f350c06bec7e tempest-VolumesActionsTest-1283465121 tempest-VolumesActionsTest-1283465121-project] 10.222.0.11 "GET /v2.0/ports?tenant_id=815c93460364452f9c7d6b0cb9ff02c3&fields=id HTTP/1.1" status: 200 len: 210 time: 0.2894282
Jul 27 19:24:40.273753 dv-cinder-789564-7-smb neutron-server[93037]: DEBUG neutron_lib.callbacks.manager [None req-6755690a-bd64-4523-ae94-e389c1870c25 admin admin] Notify callbacks [] for security_group, precommit_create {{(pid=93037) _notify_loop /usr/local/lib/python3.8/dist-packages/neutron_lib/callbacks/manager.py:192}}
Jul 27 19:24:40.280253 dv-cinder-789564-7-smb neutron-server[93037]: DEBUG neutron_lib.callbacks.manager [None req-6755690a-bd64-4523-ae94-e389c1870c25 admin admin] Notify callbacks ['neutron.plugins.ml2.ovo_rpc._ObjectChangeHandler.handle_event-1640675'] for security_group, after_create {{(pid=93037) _notify_loop /usr/local/lib/python3.8/dist-packages/neutron_lib/callbacks/manager.py:192}}
Jul 27 19:24:40.306828 dv-cinder-789564-7-smb neutron-server[93039]: DEBUG neutron.plugins.ml2.rpc [None req-12a09cf7-d117-4c3f-b7f0-7596d25e2dcd None None] Device 634bdac6-0dab-4493-99f1-202506cd11c7 details requested by agent hyperv_hv-cinder-78956 with host hv-cinder-78956 {{(pid=93039) get_device_details /opt/stack/neutron/neutron/plugins/ml2/rpc.py:102}}
Jul 27 19:24:40.354301 dv-cinder-789564-7-smb neutron-server[93037]: INFO neutron.wsgi [None req-6755690a-bd64-4523-ae94-e389c1870c25 admin admin] 10.222.0.11 "GET /v2.0/security-groups?tenant_id=bdbcfabef63e4117999f17e5851e426f&name=default HTTP/1.1" status: 200 len: 2979 time: 0.5218456
Jul 27 19:24:40.356096 dv-cinder-789564-7-smb neutron-server[93037]: DEBUG neutron.api.rpc.handlers.resources_rpc [None req-6755690a-bd64-4523-ae94-e389c1870c25 admin admin] Pushing event updated for resources: {'SecurityGroup': ['ID=a8c6eb85-3277-49f3-bada-280dcfe50208,revision_number=1']} {{(pid=93037) push /opt/stack/neutron/neutron/api/rpc/handlers/resources_rpc.py:237}}
Jul 27 19:24:40.361465 dv-cinder-789564-7-smb neutron-server[93038]: DEBUG neutron.wsgi [-] (93038) accepted ('10.222.0.11', 42158) {{(pid=93038) server /usr/local/lib/python3.8/dist-packages/eventlet/wsgi.py:982}}
Jul 27 19:24:40.362498 dv-cinder-789564-7-smb neutron-server[93038]: DEBUG neutron.wsgi [-] (93038) accepted ('10.222.0.11', 42160) {{(pid=93038) server /usr/local/lib/python3.8/dist-packages/eventlet/wsgi.py:982}}
Jul 27 19:24:40.457855 dv-cinder-789564-7-smb neutron-server[93038]: INFO neutron.wsgi [req-b82a5e6f-4131-48ab-abd2-05f80af8a3a0 req-49a10daf-f1a6-4dc1-acd4-4635b75e012d service neutron] 10.222.0.11 "GET /v2.0/networks/daadbdc5-9e46-4420-968f-eb360ea698f2?fields=segments HTTP/1.1" status: 200 len: 212 time: 0.2034361
Jul 27 19:24:40.472650 dv-cinder-789564-7-smb neutron-server[93039]: DEBUG neutron.plugins.ml2.db [None req-12a09cf7-d117-4c3f-b7f0-7596d25e2dcd None None] For port 634bdac6-0dab-4493-99f1-202506cd11c7, host hv-cinder-78956, got binding levels [PortBindingLevel(driver='hyperv',host='hv-cinder-78956',level=0,port_id=634bdac6-0dab-4493-99f1-202506cd11c7,segment=NetworkSegment(d3614a79-a6b2-4292-95d5-4f8c7e1ed2df),segment_id=d3614a79-a6b2-4292-95d5-4f8c7e1ed2df)] {{(pid=93039) get_binding_level_objs /opt/stack/neutron/neutron/plugins/ml2/db.py:74}}
Jul 27 19:24:40.498909 dv-cinder-789564-7-smb neutron-server[93039]: DEBUG neutron.plugins.ml2.rpc [None req-12a09cf7-d117-4c3f-b7f0-7596d25e2dcd None None] Returning: {'device': '634bdac6-0dab-4493-99f1-202506cd11c7', 'network_id': '54aeccaf-9fdf-4082-a78e-b819287cd992', 'port_id': '634bdac6-0dab-4493-99f1-202506cd11c7', 'mac_address': 'fa:16:3e:7b:1a:72', 'admin_state_up': True, 'network_type': 'vlan', 'segmentation_id': 590, 'physical_network': 'physnet1', 'mtu': 1500, 'fixed_ips': [{'subnet_id': 'c5ad8b52-c00b-412b-8d8f-7003f7ce9dc2', 'ip_address': '172.20.0.2'}], 'device_owner': 'compute:nova', 'allowed_address_pairs': [], 'port_security_enabled': True, 'qos_policy_id': None, 'network_qos_policy_id': None, 'profile': {}, 'propagate_uplink_status': False} {{(pid=93039) _get_device_details /opt/stack/neutron/neutron/plugins/ml2/rpc.py:184}}
Jul 27 19:24:40.536410 dv-cinder-789564-7-smb neutron-server[93038]: DEBUG neutron_lib.callbacks.manager [None req-054bd8bd-b5f4-4815-9c27-0dcf6501f551 admin admin] Notify callbacks [] for security_group, before_delete {{(pid=93038) _notify_loop /usr/local/lib/python3.8/dist-packages/neutron_lib/callbacks/manager.py:192}}
Jul 27 19:24:40.576571 dv-cinder-789564-7-smb neutron-server[93039]: DEBUG neutron_lib.callbacks.manager [None req-12a09cf7-d117-4c3f-b7f0-7596d25e2dcd None None] Notify callbacks ['neutron.plugins.ml2.plugin.SecurityGroupDbMixin._ensure_default_security_group_handler-550943'] for port, before_update {{(pid=93039) _notify_loop /usr/local/lib/python3.8/dist-packages/neutron_lib/callbacks/manager.py:192}}
Jul 27 19:24:40.591580 dv-cinder-789564-7-smb neutron-server[93038]: DEBUG neutron_lib.callbacks.manager [None req-054bd8bd-b5f4-4815-9c27-0dcf6501f551 admin admin] Notify callbacks [] for security_group, precommit_delete {{(pid=93038) _notify_loop /usr/local/lib/python3.8/dist-packages/neutron_lib/callbacks/manager.py:192}}
Jul 27 19:24:40.598031 dv-cinder-789564-7-smb neutron-server[93039]: DEBUG neutron.notifiers.nova [None req-12a09cf7-d117-4c3f-b7f0-7596d25e2dcd None None] Ignoring state change previous_port_status: DOWN current_port_status: BUILD port_id 634bdac6-0dab-4493-99f1-202506cd11c7 {{(pid=93039) record_port_status_changed /opt/stack/neutron/neutron/notifiers/nova.py:224}}
Jul 27 19:24:40.621241 dv-cinder-789564-7-smb neutron-server[93038]: DEBUG neutron.api.v2.base [None req-3fcd7346-aed1-4b60-a6ce-83386f1dd418 admin admin] Request body: {'network': {'name': 'tempest-ServerRescueNegativeTestJSON-291211806-network', 'tenant_id': '5b14d2a9b2e646cc8be87bd47e81090e'}} {{(pid=93038) prepare_request_body /opt/stack/neutron/neutron/api/v2/base.py:729}}
Jul 27 19:24:40.628922 dv-cinder-789564-7-smb neutron-server[93039]: DEBUG neutron.plugins.ml2.db [None req-12a09cf7-d117-4c3f-b7f0-7596d25e2dcd None None] For port 634bdac6-0dab-4493-99f1-202506cd11c7, host hv-cinder-78956, got binding levels [PortBindingLevel(driver='hyperv',host='hv-cinder-78956',level=0,port_id=634bdac6-0dab-4493-99f1-202506cd11c7,segment=NetworkSegment(d3614a79-a6b2-4292-95d5-4f8c7e1ed2df),segment_id=d3614a79-a6b2-4292-95d5-4f8c7e1ed2df)] {{(pid=93039) get_binding_level_objs /opt/stack/neutron/neutron/plugins/ml2/db.py:74}}
Jul 27 19:24:40.634714 dv-cinder-789564-7-smb neutron-server[93039]: DEBUG neutron_lib.callbacks.manager [None req-12a09cf7-d117-4c3f-b7f0-7596d25e2dcd None None] Notify callbacks ['neutron.plugins.ml2.plugin.SecurityGroupServerNotifierRpcMixin._notify_sg_on_port_change-664274', 'neutron.plugins.ml2.ovo_rpc._ObjectChangeHandler.handle_event-176311', 'neutron.api.rpc.agentnotifiers.dhcp_rpc_agent_api.DhcpAgentNotifyAPI._native_event_send_dhcp_notification-1647289', 'neutron.db.l3_db.L3RpcNotifierMixin._notify_gateway_port_ip_changed-8750642774510', 'neutron.db.l3_dvrscheduler_db._notify_l3_agent_port_update-8750642383117', 'neutron.db.l3_hascheduler_db._notify_l3_agent_ha_port_update-8750642383135'] for port, after_update {{(pid=93039) _notify_loop /usr/local/lib/python3.8/dist-packages/neutron_lib/callbacks/manager.py:192}}
Jul 27 19:24:40.642077 dv-cinder-789564-7-smb neutron-server[93037]: DEBUG neutron.pecan_wsgi.hooks.policy_enforcement [req-c99e0772-4735-4f51-8232-ef0f6b08a69c req-b9d7c3fa-ebf6-4dd2-bdcf-1311dc9b8a6f tempest-AttachVolumeNegativeTest-828186272 tempest-AttachVolumeNegativeTest-828186272-project] Attributes excluded by policy engine: ['standard_attr_id', 'binding:profile', 'binding:host_id', 'binding:vif_type', 'binding:vif_details'] {{(pid=93037) _exclude_attributes_by_policy /opt/stack/neutron/neutron/pecan_wsgi/hooks/policy_enforcement.py:255}}
Jul 27 19:24:40.644436 dv-cinder-789564-7-smb neutron-server[93037]: INFO neutron.wsgi [req-c99e0772-4735-4f51-8232-ef0f6b08a69c req-b9d7c3fa-ebf6-4dd2-bdcf-1311dc9b8a6f tempest-AttachVolumeNegativeTest-828186272 tempest-AttachVolumeNegativeTest-828186272-project] 10.222.0.11 "GET /v2.0/ports?device_id=ac7c740f-eaa7-479c-a1da-18a0bacc77be HTTP/1.1" status: 200 len: 943 time: 0.1112440
Jul 27 19:24:40.678909 dv-cinder-789564-7-smb neutron-server[93038]: INFO neutron.wsgi [req-b82a5e6f-4131-48ab-abd2-05f80af8a3a0 req-3fe8e4d5-2720-4296-b05d-2dba065bf7eb service neutron] 10.222.0.11 "GET /v2.0/networks/daadbdc5-9e46-4420-968f-eb360ea698f2?fields=provider%3Aphysical_network&fields=provider%3Anetwork_type HTTP/1.1" status: 200 len: 281 time: 0.2201629
Jul 27 19:24:40.687387 dv-cinder-789564-7-smb neutron-server[93038]: DEBUG neutron.pecan_wsgi.hooks.quota_enforcement [None req-3fcd7346-aed1-4b60-a6ce-83386f1dd418 admin admin] Made reservation on behalf of 5b14d2a9b2e646cc8be87bd47e81090e for: {'network': 1} {{(pid=93038) before /opt/stack/neutron/neutron/pecan_wsgi/hooks/quota_enforcement.py:53}}
Jul 27 19:24:40.689146 dv-cinder-789564-7-smb neutron-server[93038]: DEBUG neutron_lib.callbacks.manager [None req-3fcd7346-aed1-4b60-a6ce-83386f1dd418 admin admin] Notify callbacks ['neutron.plugins.ml2.plugin.SecurityGroupDbMixin._ensure_default_security_group_handler-550943'] for network, before_create {{(pid=93038) _notify_loop /usr/local/lib/python3.8/dist-packages/neutron_lib/callbacks/manager.py:192}}
Jul 27 19:24:40.700276 dv-cinder-789564-7-smb neutron-server[93038]: DEBUG neutron_lib.callbacks.manager [None req-3fcd7346-aed1-4b60-a6ce-83386f1dd418 admin admin] Notify callbacks [] for security_group, before_create {{(pid=93038) _notify_loop /usr/local/lib/python3.8/dist-packages/neutron_lib/callbacks/manager.py:192}}
Jul 27 19:24:40.703943 dv-cinder-789564-7-smb neutron-server[93037]: INFO neutron.wsgi [req-c99e0772-4735-4f51-8232-ef0f6b08a69c req-d8d512e3-4b45-4912-b080-9d0b8500829c tempest-AttachVolumeNegativeTest-828186272 tempest-AttachVolumeNegativeTest-828186272-project] 10.222.0.11 "GET /v2.0/security-groups?id=18bedb3d-03c5-4eb1-84dd-81d84f8617d2&fields=id&fields=name HTTP/1.1" status: 200 len: 286 time: 0.0526924
Jul 27 19:24:40.723448 dv-cinder-789564-7-smb neutron-server[93039]: DEBUG neutron.api.rpc.handlers.resources_rpc [None req-12a09cf7-d117-4c3f-b7f0-7596d25e2dcd None None] Pushing event updated for resources: {'Port': ['ID=634bdac6-0dab-4493-99f1-202506cd11c7,revision_number=4']} {{(pid=93039) push /opt/stack/neutron/neutron/api/rpc/handlers/resources_rpc.py:237}}
Jul 27 19:24:40.744280 dv-cinder-789564-7-smb neutron-server[93038]: DEBUG neutron_lib.callbacks.manager [None req-054bd8bd-b5f4-4815-9c27-0dcf6501f551 admin admin] Notify callbacks ['neutron.plugins.ml2.ovo_rpc._ObjectChangeHandler.handle_event-1640675'] for security_group, after_delete {{(pid=93038) _notify_loop /usr/local/lib/python3.8/dist-packages/neutron_lib/callbacks/manager.py:192}}
Jul 27 19:24:40.746753 dv-cinder-789564-7-smb neutron-server[93038]: DEBUG neutron_lib.callbacks.manager [None req-054bd8bd-b5f4-4815-9c27-0dcf6501f551 admin admin] Notify callbacks [] for security_group, before_response {{(pid=93038) _notify_loop /usr/local/lib/python3.8/dist-packages/neutron_lib/callbacks/manager.py:192}}
Jul 27 19:24:40.750258 dv-cinder-789564-7-smb neutron-server[93038]: INFO neutron.wsgi [None req-054bd8bd-b5f4-4815-9c27-0dcf6501f551 admin admin] 10.222.0.11 "DELETE /v2.0/security-groups/a8c6eb85-3277-49f3-bada-280dcfe50208 HTTP/1.1" status: 204 len: 168 time: 0.3877985
Jul 27 19:24:40.764360 dv-cinder-789564-7-smb neutron-server[93038]: DEBUG neutron.api.rpc.handlers.resources_rpc [None req-054bd8bd-b5f4-4815-9c27-0dcf6501f551 admin admin] Pushing event deleted for resources: {'SecurityGroup': ['ID=a8c6eb85-3277-49f3-bada-280dcfe50208,revision_number=None']} {{(pid=93038) push /opt/stack/neutron/neutron/api/rpc/handlers/resources_rpc.py:237}}
Jul 27 19:24:40.904664 dv-cinder-789564-7-smb neutron-server[93038]: DEBUG neutron_lib.callbacks.manager [None req-3fcd7346-aed1-4b60-a6ce-83386f1dd418 admin admin] Notify callbacks [] for security_group, precommit_create {{(pid=93038) _notify_loop /usr/local/lib/python3.8/dist-packages/neutron_lib/callbacks/manager.py:192}}
Jul 27 19:24:40.910060 dv-cinder-789564-7-smb neutron-server[93038]: DEBUG neutron_lib.callbacks.manager [None req-3fcd7346-aed1-4b60-a6ce-83386f1dd418 admin admin] Notify callbacks ['neutron.plugins.ml2.ovo_rpc._ObjectChangeHandler.handle_event-1640675'] for security_group, after_create {{(pid=93038) _notify_loop /usr/local/lib/python3.8/dist-packages/neutron_lib/callbacks/manager.py:192}}
Jul 27 19:24:40.913442 dv-cinder-789564-7-smb neutron-server[93037]: DEBUG neutron.wsgi [-] (93037) accepted ('10.222.0.11', 42184) {{(pid=93037) server /usr/local/lib/python3.8/dist-packages/eventlet/wsgi.py:982}}
Jul 27 19:24:40.947601 dv-cinder-789564-7-smb neutron-server[93038]: DEBUG neutron.plugins.ml2.drivers.helpers [None req-3fcd7346-aed1-4b60-a6ce-83386f1dd418 admin admin] vlan segment allocate from pool success with {'vlan_id': 585, 'physical_network': 'physnet1'} {{(pid=93038) allocate_partially_specified_segment /opt/stack/neutron/neutron/plugins/ml2/drivers/helpers.py:153}}
Jul 27 19:24:40.960191 dv-cinder-789564-7-smb neutron-server[93038]: DEBUG neutron.api.rpc.handlers.resources_rpc [None req-3fcd7346-aed1-4b60-a6ce-83386f1dd418 admin admin] Pushing event updated for resources: {'SecurityGroup': ['ID=2ef9f957-14c9-47c4-aa9a-05d09deb4471,revision_number=1']} {{(pid=93038) push /opt/stack/neutron/neutron/api/rpc/handlers/resources_rpc.py:237}}
Jul 27 19:24:40.970620 dv-cinder-789564-7-smb neutron-server[93038]: DEBUG neutron_lib.callbacks.manager [None req-3fcd7346-aed1-4b60-a6ce-83386f1dd418 admin admin] Notify callbacks ['neutron.plugins.ml2.plugin.Ml2Plugin._handle_segment_change-770489'] for segment, precommit_create {{(pid=93038) _notify_loop /usr/local/lib/python3.8/dist-packages/neutron_lib/callbacks/manager.py:192}}
Jul 27 19:24:40.971015 dv-cinder-789564-7-smb neutron-server[93038]: INFO neutron.db.segments_db [None req-3fcd7346-aed1-4b60-a6ce-83386f1dd418 admin admin] Added segment 2f6542de-9054-4bc2-bf57-559df924f5cd of type vlan for network a7c0c3b5-b98e-4eda-9ff1-157fbc1d8ea3
Jul 27 19:24:40.987937 dv-cinder-789564-7-smb neutron-server[93037]: INFO neutron.wsgi [req-166f2762-8e24-4155-966a-adb40147191c req-d7337e64-d12a-4773-a9f8-49c2a854f6ff tempest-VolumesActionsTest-1283465121 tempest-VolumesActionsTest-1283465121-project] 10.222.0.11 "GET /v2.0/ports?device_id=881c583b-1f88-4b96-b4f7-368bf71894e6 HTTP/1.1" status: 200 len: 210 time: 0.0379431
Jul 27 19:24:41.044068 dv-cinder-789564-7-smb neutron-server[93038]: DEBUG neutron_lib.callbacks.manager [None req-3fcd7346-aed1-4b60-a6ce-83386f1dd418 admin admin] Notify callbacks ['neutron.services.auto_allocate.db._ensure_external_network_default_value_callback-8750642392926'] for network, precommit_create {{(pid=93038) _notify_loop /usr/local/lib/python3.8/dist-packages/neutron_lib/callbacks/manager.py:192}}
Jul 27 19:24:41.116796 dv-cinder-789564-7-smb neutron-server[93038]: DEBUG neutron_lib.callbacks.manager [None req-3fcd7346-aed1-4b60-a6ce-83386f1dd418 admin admin] Notify callbacks ['neutron.plugins.ml2.ovo_rpc._ObjectChangeHandler.handle_event-1640465', 'neutron.api.rpc.agentnotifiers.dhcp_rpc_agent_api.DhcpAgentNotifyAPI._native_event_send_dhcp_notification-1647289'] for network, after_create {{(pid=93038) _notify_loop /usr/local/lib/python3.8/dist-packages/neutron_lib/callbacks/manager.py:192}}
Jul 27 19:24:41.117116 dv-cinder-789564-7-smb neutron-server[93038]: DEBUG neutron.pecan_wsgi.hooks.policy_enforcement [None req-3fcd7346-aed1-4b60-a6ce-83386f1dd418 admin admin] Attributes excluded by policy engine: ['standard_attr_id', 'vlan_transparent'] {{(pid=93038) _exclude_attributes_by_policy /opt/stack/neutron/neutron/pecan_wsgi/hooks/policy_enforcement.py:255}}
