Jul 27 19:23:46.814230 dv-cinder-789564-7-smb neutron-server[93038]: INFO neutron.wsgi [None req-9a2bb55d-16be-47ce-863f-b4beb966cf9d admin admin] 10.222.0.11 "DELETE /v2.0/security-groups/8a1009e4-4273-4876-8183-7ef9377aaa04 HTTP/1.1" status: 204 len: 168 time: 0.3059745
Jul 27 19:23:46.910988 dv-cinder-789564-7-smb neutron-server[93037]: DEBUG neutron_lib.callbacks.manager [None req-860fe91a-8de2-467d-92b1-487f0fe57724 admin admin] Notify callbacks ['neutron.services.l3_router.l3_router_plugin.L3_HA_NAT_db_mixin._after_router_create-1578915', 'neutron.services.l3_router.l3_router_plugin.DVRResourceOperationHandler._create_snat_interfaces_after_change-1728033'] for router, after_create {{(pid=93037) _notify_loop /usr/local/lib/python3.8/dist-packages/neutron_lib/callbacks/manager.py:192}}
Jul 27 19:23:47.023146 dv-cinder-789564-7-smb neutron-server[93037]: DEBUG neutron.wsgi [req-f7d208ef-c370-4a2e-b56e-296abfb3288f req-2c8a8beb-22a0-4a86-a589-3331bd09f7de service neutron] http://10.222.0.11:9696/v2.0/extensions returned with HTTP 200 {{(pid=93037) __call__ /opt/stack/neutron/neutron/wsgi.py:729}}
Jul 27 19:23:47.025474 dv-cinder-789564-7-smb neutron-server[93037]: INFO neutron.wsgi [req-f7d208ef-c370-4a2e-b56e-296abfb3288f req-2c8a8beb-22a0-4a86-a589-3331bd09f7de service neutron] 10.222.0.11 "GET /v2.0/extensions HTTP/1.1" status: 200 len: 13640 time: 0.1238208
Jul 27 19:23:47.115582 dv-cinder-789564-7-smb neutron-server[93039]: DEBUG neutron.api.rpc.handlers.dhcp_rpc [None req-4e799632-9357-4019-99bf-b18b0f368b7c None None] Network 7069635d-2875-4309-9e27-d7b472e04918 requested from dv-cinder-789564-7-smb {{(pid=93039) get_network_info /opt/stack/neutron/neutron/api/rpc/handlers/dhcp_rpc.py:218}}
Jul 27 19:23:47.116158 dv-cinder-789564-7-smb neutron-server[93038]: DEBUG neutron.api.rpc.handlers.resources_rpc [None req-9a2bb55d-16be-47ce-863f-b4beb966cf9d admin admin] Pushing event deleted for resources: {'SecurityGroup': ['ID=8a1009e4-4273-4876-8183-7ef9377aaa04,revision_number=None']} {{(pid=93038) push /opt/stack/neutron/neutron/api/rpc/handlers/resources_rpc.py:237}}
Jul 27 19:23:47.174978 dv-cinder-789564-7-smb neutron-server[93038]: INFO neutron.wsgi [req-aa86750e-54b3-4b6a-a19c-74962b069c91 req-0a2ff3ef-b5ac-4e44-ae55-51bacded034d service neutron] 10.222.0.11 "GET /v2.0/networks/8938ccaa-c529-4a48-8a55-32a37c16dffb?fields=provider%3Aphysical_network&fields=provider%3Anetwork_type HTTP/1.1" status: 200 len: 281 time: 0.3586404
Jul 27 19:23:47.191745 dv-cinder-789564-7-smb neutron-server[93037]: DEBUG neutron.scheduler.l3_agent_scheduler [None req-860fe91a-8de2-467d-92b1-487f0fe57724 admin admin] Router 59e06d6a-2d15-4248-833e-e45294f099fb is scheduled to L3 agent ed7c87f1-1c7a-4019-ab1f-6fc8a890b73c with binding_index 1 {{(pid=93037) bind_router /opt/stack/neutron/neutron/scheduler/l3_agent_scheduler.py:210}}
Jul 27 19:23:47.201559 dv-cinder-789564-7-smb neutron-server[93037]: INFO neutron.wsgi [req-f7d208ef-c370-4a2e-b56e-296abfb3288f req-5b216089-7fee-4cb9-a6bb-0798914b05ed service neutron] 10.222.0.11 "GET /v2.0/networks/54aeccaf-9fdf-4082-a78e-b819287cd992?fields=segments HTTP/1.1" status: 200 len: 212 time: 0.1646013
Jul 27 19:23:47.214924 dv-cinder-789564-7-smb neutron-server[93039]: DEBUG neutron.db.provisioning_blocks [None req-7f4a961e-688b-4243-8832-bcc7834d0043 None None] Provisioning for port 50e75c35-96b4-4fe3-b872-078cee716d6b completed by entity DHCP. {{(pid=93039) provisioning_complete /opt/stack/neutron/neutron/db/provisioning_blocks.py:133}}
Jul 27 19:23:47.311672 dv-cinder-789564-7-smb neutron-server[93040]: DEBUG neutron.db.agents_db [None req-fd08d24e-8426-40c7-a988-07815592c6fd None None] Agent healthcheck: found 6 active agents {{(pid=93040) agent_health_check /opt/stack/neutron/neutron/db/agents_db.py:317}}
Jul 27 19:23:47.337700 dv-cinder-789564-7-smb neutron-server[93038]: DEBUG neutron.wsgi [-] (93038) accepted ('10.222.0.11', 39744) {{(pid=93038) server /usr/local/lib/python3.8/dist-packages/eventlet/wsgi.py:982}}
Jul 27 19:23:47.357396 dv-cinder-789564-7-smb neutron-server[93038]: DEBUG neutron_lib.callbacks.manager [None req-eccd399b-f58e-4407-a8a4-854382e3a01a admin admin] Notify callbacks [] for security_group, before_create {{(pid=93038) _notify_loop /usr/local/lib/python3.8/dist-packages/neutron_lib/callbacks/manager.py:192}}
Jul 27 19:23:47.519804 dv-cinder-789564-7-smb neutron-server[93038]: DEBUG neutron_lib.callbacks.manager [None req-eccd399b-f58e-4407-a8a4-854382e3a01a admin admin] Notify callbacks [] for security_group, precommit_create {{(pid=93038) _notify_loop /usr/local/lib/python3.8/dist-packages/neutron_lib/callbacks/manager.py:192}}
Jul 27 19:23:47.529839 dv-cinder-789564-7-smb neutron-server[93038]: DEBUG neutron_lib.callbacks.manager [None req-eccd399b-f58e-4407-a8a4-854382e3a01a admin admin] Notify callbacks ['neutron.plugins.ml2.ovo_rpc._ObjectChangeHandler.handle_event-1640675'] for security_group, after_create {{(pid=93038) _notify_loop /usr/local/lib/python3.8/dist-packages/neutron_lib/callbacks/manager.py:192}}
Jul 27 19:23:47.569793 dv-cinder-789564-7-smb neutron-server[93037]: INFO neutron.wsgi [req-f7d208ef-c370-4a2e-b56e-296abfb3288f req-9c2dca86-6f34-4750-8fd2-0449ad79c44d service neutron] 10.222.0.11 "GET /v2.0/networks/54aeccaf-9fdf-4082-a78e-b819287cd992?fields=provider%3Aphysical_network&fields=provider%3Anetwork_type HTTP/1.1" status: 200 len: 281 time: 0.3591175
Jul 27 19:23:47.580619 dv-cinder-789564-7-smb neutron-server[93037]: DEBUG neutron.api.rpc.agentnotifiers.l3_rpc_agent_api [None req-860fe91a-8de2-467d-92b1-487f0fe57724 admin admin] Notify agent at l3_agent.dv-cinder-789564-7-smb the message routers_updated {{(pid=93037) _agent_notification /opt/stack/neutron/neutron/api/rpc/agentnotifiers/l3_rpc_agent_api.py:65}}
Jul 27 19:23:47.588033 dv-cinder-789564-7-smb neutron-server[93038]: INFO neutron.wsgi [None req-eccd399b-f58e-4407-a8a4-854382e3a01a admin admin] 10.222.0.11 "GET /v2.0/security-groups?tenant_id=4dbf2787f0a14ff0ba0d9ab65356c4e8&name=default HTTP/1.1" status: 200 len: 2975 time: 0.2454789
Jul 27 19:23:47.593585 dv-cinder-789564-7-smb neutron-server[93040]: DEBUG neutron.api.rpc.handlers.l3_rpc [None req-9fd27ba4-e046-4cd5-a83d-afeab8ccb7b1 None None] Sync routers for ids ['59e06d6a-2d15-4248-833e-e45294f099fb'] in dv-cinder-789564-7-smb {{(pid=93040) sync_routers /opt/stack/neutron/neutron/api/rpc/handlers/l3_rpc.py:125}}
Jul 27 19:23:47.597446 dv-cinder-789564-7-smb neutron-server[93037]: DEBUG neutron.wsgi [-] (93037) accepted ('10.222.0.11', 39770) {{(pid=93037) server /usr/local/lib/python3.8/dist-packages/eventlet/wsgi.py:982}}
Jul 27 19:23:47.612227 dv-cinder-789564-7-smb neutron-server[93038]: DEBUG neutron.api.rpc.handlers.resources_rpc [None req-eccd399b-f58e-4407-a8a4-854382e3a01a admin admin] Pushing event updated for resources: {'SecurityGroup': ['ID=ffe5c627-3f31-4550-82e2-8a911d234cb1,revision_number=1']} {{(pid=93038) push /opt/stack/neutron/neutron/api/rpc/handlers/resources_rpc.py:237}}
Jul 27 19:23:47.616326 dv-cinder-789564-7-smb neutron-server[93040]: DEBUG neutron.db.l3_dvrscheduler_db [None req-9fd27ba4-e046-4cd5-a83d-afeab8ccb7b1 None None] Routers {'59e06d6a-2d15-4248-833e-e45294f099fb'} bound to L3 agent in host dv-cinder-789564-7-smb {{(pid=93040) _get_router_ids_for_agent /opt/stack/neutron/neutron/db/l3_dvrscheduler_db.py:420}}
Jul 27 19:23:47.617157 dv-cinder-789564-7-smb neutron-server[93040]: DEBUG neutron.db.l3_hamode_db [None req-9fd27ba4-e046-4cd5-a83d-afeab8ccb7b1 None None] neutron.services.l3_router.l3_router_plugin.L3RouterPlugin method get_ha_sync_data_for_host called with arguments (, 'dv-cinder-789564-7-smb', Agent(admin_state_up=True,agent_type='L3 agent',availability_zone='nova',binary='neutron-l3-agent',configurations={"agent_mode": "legacy", "ex_gw_ports": 1, "extensions": [], "floating_ips": 0, "handle_internal_only_routers": true, "interface_driver": "openvswitch", "interfaces": 1, "log_agent_heartbeats": false, "routers": 1},created_at=2021-07-27T19:15:15Z,description=,heartbeat_timestamp=2021-07-27T19:23:45Z,host='dv-cinder-789564-7-smb',id=ed7c87f1-1c7a-4019-ab1f-6fc8a890b73c,load=0,resource_versions=,resources_synced=,started_at=2021-07-27T19:15:15Z,topic='l3_agent')) {'router_ids': ['59e06d6a-2d15-4248-833e-e45294f099fb'], 'active': True} {{(pid=93040) wrapper /usr/local/lib/python3.8/dist-packages/oslo_log/helpers.py:65}}
Jul 27 19:23:47.686860 dv-cinder-789564-7-smb neutron-server[93037]: DEBUG neutron_lib.callbacks.manager [None req-860fe91a-8de2-467d-92b1-487f0fe57724 admin admin] Notify callbacks [] for router, before_response {{(pid=93037) _notify_loop /usr/local/lib/python3.8/dist-packages/neutron_lib/callbacks/manager.py:192}}
Jul 27 19:23:47.692821 dv-cinder-789564-7-smb neutron-server[93037]: INFO neutron.wsgi [None req-860fe91a-8de2-467d-92b1-487f0fe57724 admin admin] 10.222.0.11 "POST /v2.0/routers HTTP/1.1" status: 201 len: 927 time: 3.4837549
Jul 27 19:23:47.695963 dv-cinder-789564-7-smb neutron-server[93038]: DEBUG neutron.wsgi [-] (93038) accepted ('10.222.0.11', 39778) {{(pid=93038) server /usr/local/lib/python3.8/dist-packages/eventlet/wsgi.py:982}}
Jul 27 19:23:47.759744 dv-cinder-789564-7-smb neutron-server[93037]: DEBUG neutron_lib.callbacks.manager [None req-e1f116db-6e4f-4ba4-a7fe-d3f82d67b427 admin admin] Notify callbacks [] for security_group, before_delete {{(pid=93037) _notify_loop /usr/local/lib/python3.8/dist-packages/neutron_lib/callbacks/manager.py:192}}
Jul 27 19:23:47.808824 dv-cinder-789564-7-smb neutron-server[93037]: DEBUG neutron_lib.callbacks.manager [None req-e1f116db-6e4f-4ba4-a7fe-d3f82d67b427 admin admin] Notify callbacks [] for security_group, precommit_delete {{(pid=93037) _notify_loop /usr/local/lib/python3.8/dist-packages/neutron_lib/callbacks/manager.py:192}}
Jul 27 19:23:47.936081 dv-cinder-789564-7-smb neutron-server[93037]: DEBUG neutron_lib.callbacks.manager [None req-e1f116db-6e4f-4ba4-a7fe-d3f82d67b427 admin admin] Notify callbacks ['neutron.plugins.ml2.ovo_rpc._ObjectChangeHandler.handle_event-1640675'] for security_group, after_delete {{(pid=93037) _notify_loop /usr/local/lib/python3.8/dist-packages/neutron_lib/callbacks/manager.py:192}}
Jul 27 19:23:47.940276 dv-cinder-789564-7-smb neutron-server[93037]: DEBUG neutron_lib.callbacks.manager [None req-e1f116db-6e4f-4ba4-a7fe-d3f82d67b427 admin admin] Notify callbacks [] for security_group, before_response {{(pid=93037) _notify_loop /usr/local/lib/python3.8/dist-packages/neutron_lib/callbacks/manager.py:192}}
Jul 27 19:23:47.942109 dv-cinder-789564-7-smb neutron-server[93037]: INFO neutron.wsgi [None req-e1f116db-6e4f-4ba4-a7fe-d3f82d67b427 admin admin] 10.222.0.11 "DELETE /v2.0/security-groups/ffe5c627-3f31-4550-82e2-8a911d234cb1 HTTP/1.1" status: 204 len: 168 time: 0.3427563
Jul 27 19:23:47.966080 dv-cinder-789564-7-smb neutron-server[93040]: DEBUG neutron.db.l3_dvr_db [None req-9fd27ba4-e046-4cd5-a83d-afeab8ccb7b1 None None] Set router 59e06d6a-2d15-4248-833e-e45294f099fb gateway port host: dv-cinder-789564-7-smb {{(pid=93040) _build_routers_list /opt/stack/neutron/neutron/db/l3_dvr_db.py:894}}
Jul 27 19:23:47.969504 dv-cinder-789564-7-smb neutron-server[93037]: DEBUG neutron.api.rpc.handlers.resources_rpc [None req-e1f116db-6e4f-4ba4-a7fe-d3f82d67b427 admin admin] Pushing event deleted for resources: {'SecurityGroup': ['ID=ffe5c627-3f31-4550-82e2-8a911d234cb1,revision_number=None']} {{(pid=93037) push /opt/stack/neutron/neutron/api/rpc/handlers/resources_rpc.py:237}}
Jul 27 19:23:48.334814 dv-cinder-789564-7-smb neutron-server[93039]: DEBUG neutron.plugins.ml2.rpc [None req-a043a81b-6086-410f-9273-1f288d6198bb None None] Device 50e75c35-96b4-4fe3-b872-078cee716d6b up at agent ovs-agent-dv-cinder-789564-7-smb {{(pid=93039) update_device_up /opt/stack/neutron/neutron/plugins/ml2/rpc.py:296}}
Jul 27 19:23:48.403174 dv-cinder-789564-7-smb neutron-server[93038]: INFO neutron.wsgi [req-40499e94-9321-4c2a-afee-8b0e45bd2991 req-33df611c-7f3f-410d-be49-7de9cc412a21 tempest-DeleteServersTestJSON-1366386165 tempest-DeleteServersTestJSON-1366386165-project] 10.222.0.11 "GET /v2.0/ports?device_id=9c7a3163-1239-4915-aa50-453a0cead5a8 HTTP/1.1" status: 200 len: 210 time: 0.5625949
Jul 27 19:23:48.648048 dv-cinder-789564-7-smb neutron-server[93039]: DEBUG neutron_lib.callbacks.manager [None req-b19cdf85-45ee-45a3-b9e8-a0babeb05350 None None] Notify callbacks ['neutron.services.segments.db._update_segment_host_mapping_for_agent-8750642850317', 'neutron.plugins.ml2.plugin.Ml2Plugin._retry_binding_revived_agents-772372'] for agent, after_update {{(pid=93039) _notify_loop /usr/local/lib/python3.8/dist-packages/neutron_lib/callbacks/manager.py:192}}
Jul 27 19:23:48.653325 dv-cinder-789564-7-smb neutron-server[93039]: DEBUG neutron.db.provisioning_blocks [None req-a043a81b-6086-410f-9273-1f288d6198bb None None] Provisioning for port 50e75c35-96b4-4fe3-b872-078cee716d6b completed by entity L2. {{(pid=93039) provisioning_complete /opt/stack/neutron/neutron/db/provisioning_blocks.py:133}}
Jul 27 19:23:48.677200 dv-cinder-789564-7-smb neutron-server[93039]: DEBUG neutron.db.provisioning_blocks [None req-a043a81b-6086-410f-9273-1f288d6198bb None None] Provisioning complete for port 50e75c35-96b4-4fe3-b872-078cee716d6b triggered by entity L2. {{(pid=93039) provisioning_complete /opt/stack/neutron/neutron/db/provisioning_blocks.py:139}}
Jul 27 19:23:48.677803 dv-cinder-789564-7-smb neutron-server[93039]: DEBUG neutron_lib.callbacks.manager [None req-a043a81b-6086-410f-9273-1f288d6198bb None None] Notify callbacks ['neutron.plugins.ml2.plugin.Ml2Plugin._port_provisioned-772455'] for port, provisioning_complete {{(pid=93039) _notify_loop /usr/local/lib/python3.8/dist-packages/neutron_lib/callbacks/manager.py:192}}
Jul 27 19:23:48.687728 dv-cinder-789564-7-smb neutron-server[93040]: DEBUG neutron.db.l3_hamode_db [None req-9fd27ba4-e046-4cd5-a83d-afeab8ccb7b1 None None] neutron.services.l3_router.l3_router_plugin.L3RouterPlugin method _process_sync_ha_data called with arguments (, [{'id': '59e06d6a-2d15-4248-833e-e45294f099fb', 'name': 'tempest-AttachVolumeShelveTestJSON-395959151-router', 'tenant_id': 'd7ca60a8f6494b06ae2444836d160381', 'admin_state_up': True, 'status': 'ACTIVE', 'external_gateway_info': {'network_id': '400f158c-cd31-462f-b100-b80014c1d624', 'external_fixed_ips': [{'subnet_id': 'e81e0562-a4b3-4b28-a269-86bf48752f85', 'ip_address': '172.28.1.17'}], 'enable_snat': True}, 'gw_port_id': 'ba0a2020-2ae5-47d1-8d5e-a4472f0d5369', 'description': '', 'availability_zones': ['nova'], 'distributed': False, 'ha': False, 'ha_vr_id': 0, 'availability_zone_hints': [], 'routes': [], 'flavor_id': None, 'tags': [], 'created_at': '2021-07-27T19:23:44Z', 'updated_at': '2021-07-27T19:23:45Z', 'revision_number': 3, 'project_id': 'd7ca60a8f6494b06ae2444836d160381', 'gw_port': {'id': 'ba0a2020-2ae5-47d1-8d5e-a4472f0d5369', 'name': '', 'network_id': '400f158c-cd31-462f-b100-b80014c1d624', 'tenant_id': '', 'mac_address': 'fa:16:3e:6f:9a:67', 'admin_state_up': True, 'status': 'DOWN', 'device_id': '59e06d6a-2d15-4248-833e-e45294f099fb', 'device_owner': 'network:router_gateway', 'standard_attr_id': 57, 'fixed_ips': [{'subnet_id': 'e81e0562-a4b3-4b28-a269-86bf48752f85', 'ip_address': '172.28.1.17', 'prefixlen': 24}], 'allowed_address_pairs': [], 'extra_dhcp_opts': [], 'security_groups': [], 'description': '', 'binding:vnic_type': 'normal', 'binding:profile': {}, 'binding:host_id': '', 'binding:vif_type': 'unbound', 'binding:vif_details': {}, 'port_security_enabled': False, 'tags': [], 'created_at': '2021-07-27T19:23:45Z', 'updated_at': '2021-07-27T19:23:45Z', 'revision_number': 1, 'project_id': '', 'subnets': [{'id': 'e81e0562-a4b3-4b28-a269-86bf48752f85', 'cidr': '172.28.1.0/24', 'gateway_ip': '172.28.1.1', 'dns_nameservers': [], 'ipv6_ra_mode': None, 'subnetpool_id': None}], 'extra_subnets': [], 'address_scopes': {4: None, 6: None}, 'mtu': 1500}, 'enable_snat': True, 'gw_port_host': 'dv-cinder-789564-7-smb'}], 'dv-cinder-789564-7-smb', False) {} {{(pid=93040) wrapper /usr/local/lib/python3.8/dist-packages/oslo_log/helpers.py:65}}
Jul 27 19:23:48.760340 dv-cinder-789564-7-smb neutron-server[93040]: DEBUG neutron.api.rpc.handlers.l3_rpc [None req-9fd27ba4-e046-4cd5-a83d-afeab8ccb7b1 None None] Checking router: 59e06d6a-2d15-4248-833e-e45294f099fb for host: dv-cinder-789564-7-smb {{(pid=93040) _ensure_host_set_on_ports /opt/stack/neutron/neutron/api/rpc/handlers/l3_rpc.py:155}}
Jul 27 19:23:48.761095 dv-cinder-789564-7-smb neutron-server[93040]: DEBUG neutron.api.rpc.handlers.l3_rpc [None req-9fd27ba4-e046-4cd5-a83d-afeab8ccb7b1 None None] Updating router 59e06d6a-2d15-4248-833e-e45294f099fb port ba0a2020-2ae5-47d1-8d5e-a4472f0d5369 binding host dv-cinder-789564-7-smb {{(pid=93040) _ensure_host_set_on_port /opt/stack/neutron/neutron/api/rpc/handlers/l3_rpc.py:205}}
Jul 27 19:23:48.850837 dv-cinder-789564-7-smb neutron-server[93040]: DEBUG neutron_lib.callbacks.manager [None req-9fd27ba4-e046-4cd5-a83d-afeab8ccb7b1 None None] Notify callbacks ['neutron.plugins.ml2.plugin.SecurityGroupDbMixin._ensure_default_security_group_handler-550943'] for port, before_update {{(pid=93040) _notify_loop /usr/local/lib/python3.8/dist-packages/neutron_lib/callbacks/manager.py:192}}
Jul 27 19:23:48.852783 dv-cinder-789564-7-smb neutron-server[93038]: INFO neutron.wsgi [req-1a65b0a7-3482-4e1d-8d4f-eca766fd4b62 req-08a23114-b06a-4dc0-9feb-3d8b6fd0cce5 tempest-AttachVolumeNegativeTest-828186272 tempest-AttachVolumeNegativeTest-828186272-project] 10.222.0.11 "GET /v2.0/ports?device_id=5718d608-d695-410d-8467-feef63c48da2 HTTP/1.1" status: 200 len: 210 time: 0.1277876
Jul 27 19:23:49.028997 dv-cinder-789564-7-smb neutron-server[93039]: DEBUG neutron_lib.callbacks.manager [None req-a043a81b-6086-410f-9273-1f288d6198bb None None] Notify callbacks ['neutron.plugins.ml2.plugin.SecurityGroupDbMixin._ensure_default_security_group_handler-550943'] for port, before_update {{(pid=93039) _notify_loop /usr/local/lib/python3.8/dist-packages/neutron_lib/callbacks/manager.py:192}}
Jul 27 19:23:49.177263 dv-cinder-789564-7-smb neutron-server[93039]: DEBUG neutron.plugins.ml2.db [None req-a043a81b-6086-410f-9273-1f288d6198bb None None] For port 50e75c35-96b4-4fe3-b872-078cee716d6b, host dv-cinder-789564-7-smb, got binding levels [PortBindingLevel(driver='openvswitch',host='dv-cinder-789564-7-smb',level=0,port_id=50e75c35-96b4-4fe3-b872-078cee716d6b,segment=NetworkSegment(08848eeb-26e8-4ad0-b85e-7e0687880b92),segment_id=08848eeb-26e8-4ad0-b85e-7e0687880b92)] {{(pid=93039) get_binding_level_objs /opt/stack/neutron/neutron/plugins/ml2/db.py:74}}
Jul 27 19:23:49.181270 dv-cinder-789564-7-smb neutron-server[93038]: DEBUG neutron_lib.callbacks.manager [None req-130dff7b-438f-4631-9583-3fd728dcedf9 admin admin] Notify callbacks ['neutron.plugins.ml2.plugin.SecurityGroupDbMixin._ensure_default_security_group_handler-550943'] for port, before_create {{(pid=93038) _notify_loop /usr/local/lib/python3.8/dist-packages/neutron_lib/callbacks/manager.py:192}}
Jul 27 19:23:49.184186 dv-cinder-789564-7-smb neutron-server[93039]: DEBUG neutron_lib.callbacks.manager [None req-a043a81b-6086-410f-9273-1f288d6198bb None None] Notify callbacks ['neutron.plugins.ml2.plugin.SecurityGroupServerNotifierRpcMixin._notify_sg_on_port_change-664274', 'neutron.plugins.ml2.ovo_rpc._ObjectChangeHandler.handle_event-176311', 'neutron.api.rpc.agentnotifiers.dhcp_rpc_agent_api.DhcpAgentNotifyAPI._native_event_send_dhcp_notification-1647289', 'neutron.db.l3_db.L3RpcNotifierMixin._notify_gateway_port_ip_changed-8750642774510', 'neutron.db.l3_dvrscheduler_db._notify_l3_agent_port_update-8750642383117', 'neutron.db.l3_hascheduler_db._notify_l3_agent_ha_port_update-8750642383135'] for port, after_update {{(pid=93039) _notify_loop /usr/local/lib/python3.8/dist-packages/neutron_lib/callbacks/manager.py:192}}
Jul 27 19:23:49.444382 dv-cinder-789564-7-smb neutron-server[93039]: DEBUG neutron.api.rpc.handlers.resources_rpc [None req-a043a81b-6086-410f-9273-1f288d6198bb None None] Pushing event updated for resources: {'Port': ['ID=50e75c35-96b4-4fe3-b872-078cee716d6b,revision_number=3']} {{(pid=93039) push /opt/stack/neutron/neutron/api/rpc/handlers/resources_rpc.py:237}}
Jul 27 19:23:49.606309 dv-cinder-789564-7-smb neutron-server[93040]: DEBUG neutron_lib.callbacks.manager [None req-9fd27ba4-e046-4cd5-a83d-afeab8ccb7b1 None None] Notify callbacks [] for port, precommit_update {{(pid=93040) _notify_loop /usr/local/lib/python3.8/dist-packages/neutron_lib/callbacks/manager.py:192}}
Jul 27 19:23:49.662179 dv-cinder-789564-7-smb neutron-server[93040]: DEBUG neutron.db.provisioning_blocks [None req-9fd27ba4-e046-4cd5-a83d-afeab8ccb7b1 None None] Transition to ACTIVE for port object ba0a2020-2ae5-47d1-8d5e-a4472f0d5369 will not be triggered until provisioned by entity L2. {{(pid=93040) add_provisioning_component /opt/stack/neutron/neutron/db/provisioning_blocks.py:73}}
Jul 27 19:23:49.682811 dv-cinder-789564-7-smb neutron-server[93040]: DEBUG neutron_lib.callbacks.manager [None req-9fd27ba4-e046-4cd5-a83d-afeab8ccb7b1 None None] Notify callbacks ['neutron.plugins.ml2.plugin.SecurityGroupServerNotifierRpcMixin._notify_sg_on_port_change-664274', 'neutron.plugins.ml2.ovo_rpc._ObjectChangeHandler.handle_event-176311', 'neutron.api.rpc.agentnotifiers.dhcp_rpc_agent_api.DhcpAgentNotifyAPI._native_event_send_dhcp_notification-1647289', 'neutron.db.l3_db.L3RpcNotifierMixin._notify_gateway_port_ip_changed-8750642774510', 'neutron.db.l3_dvrscheduler_db._notify_l3_agent_port_update-8750642383117', 'neutron.db.l3_hascheduler_db._notify_l3_agent_ha_port_update-8750642383135'] for port, after_update {{(pid=93040) _notify_loop /usr/local/lib/python3.8/dist-packages/neutron_lib/callbacks/manager.py:192}}
Jul 27 19:23:49.748462 dv-cinder-789564-7-smb neutron-server[93038]: INFO neutron.wsgi [req-f8bf44bf-402c-4162-9b04-e5db7577d7c5 req-0cbdb545-441b-4d4c-90a4-83bd2185e59b tempest-DeleteServersTestJSON-1366386165 tempest-DeleteServersTestJSON-1366386165-project] 10.222.0.11 "GET /v2.0/ports?device_id=9c7a3163-1239-4915-aa50-453a0cead5a8 HTTP/1.1" status: 200 len: 210 time: 0.0651462
Jul 27 19:23:49.873774 dv-cinder-789564-7-smb neutron-server[93040]: DEBUG neutron.plugins.ml2.managers [None req-9fd27ba4-e046-4cd5-a83d-afeab8ccb7b1 None None] Attempting to bind port ba0a2020-2ae5-47d1-8d5e-a4472f0d5369 on host dv-cinder-789564-7-smb for vnic_type normal with profile {{(pid=93040) bind_port /opt/stack/neutron/neutron/plugins/ml2/managers.py:790}}
Jul 27 19:23:49.880460 dv-cinder-789564-7-smb neutron-server[93040]: DEBUG neutron.plugins.ml2.managers [None req-9fd27ba4-e046-4cd5-a83d-afeab8ccb7b1 None None] Attempting to bind port ba0a2020-2ae5-47d1-8d5e-a4472f0d5369 by drivers openvswitch,hyperv on host dv-cinder-789564-7-smb at level 0 using segments [{'id': 'f8cb75d1-5329-4fad-86b3-fafad8d238f6', 'network_type': 'flat', 'physical_network': 'physnet1', 'segmentation_id': None, 'network_id': '400f158c-cd31-462f-b100-b80014c1d624'}] {{(pid=93040) _bind_port_level /opt/stack/neutron/neutron/plugins/ml2/managers.py:815}}
Jul 27 19:23:49.889886 dv-cinder-789564-7-smb neutron-server[93040]: DEBUG neutron.plugins.ml2.drivers.mech_agent [None req-9fd27ba4-e046-4cd5-a83d-afeab8ccb7b1 None None] Attempting to bind port ba0a2020-2ae5-47d1-8d5e-a4472f0d5369 on network 400f158c-cd31-462f-b100-b80014c1d624 {{(pid=93040) bind_port /opt/stack/neutron/neutron/plugins/ml2/drivers/mech_agent.py:85}}
Jul 27 19:23:49.893291 dv-cinder-789564-7-smb neutron-server[93040]: DEBUG neutron.api.rpc.handlers.resources_rpc [None req-b4559cb8-edf2-4c28-a280-78c418202d37 None None] Pushing event updated for resources: {'Port': ['ID=ba0a2020-2ae5-47d1-8d5e-a4472f0d5369,revision_number=2']} {{(pid=93040) push /opt/stack/neutron/neutron/api/rpc/handlers/resources_rpc.py:237}}
Jul 27 19:23:49.956365 dv-cinder-789564-7-smb neutron-server[93040]: DEBUG neutron.plugins.ml2.drivers.mech_agent [None req-9fd27ba4-e046-4cd5-a83d-afeab8ccb7b1 None None] Checking agent: {'id': '9aca7ef9-77ee-4893-bcc2-5c98bb77cdcb', 'agent_type': 'Open vSwitch agent', 'binary': 'neutron-openvswitch-agent', 'topic': 'N/A', 'host': 'dv-cinder-789564-7-smb', 'admin_state_up': True, 'created_at': datetime.datetime(2021, 7, 27, 19, 15, 16), 'started_at': datetime.datetime(2021, 7, 27, 19, 15, 46), 'heartbeat_timestamp': datetime.datetime(2021, 7, 27, 19, 23, 46), 'description': None, 'resources_synced': None, 'availability_zone': None, 'alive': True, 'configurations': {'arp_responder_enabled': False, 'baremetal_smartnic': False, 'bridge_mappings': {'physnet1': 'br-data'}, 'datapath_type': 'system', 'devices': 0, 'enable_distributed_routing': False, 'extensions': [], 'in_distributed_mode': False, 'integration_bridge': 'br-int', 'l2_population': False, 'log_agent_heartbeats': False, 'ovs_capabilities': {'datapath_types': ['netdev', 'system'], 'iface_types': ['erspan', 'geneve', 'gre', 'internal', 'ip6erspan', 'ip6gre', 'lisp', 'patch', 'stt', 'system', 'tap', 'vxlan']}, 'ovs_hybrid_plug': False, 'resource_provider_bandwidths': {}, 'resource_provider_hypervisors': {'br-data': 'dv-cinder-789564-7-smb'}, 'resource_provider_inventory_defaults': {'allocation_ratio': 1.0, 'min_unit': 1, 'step_size': 1, 'reserved': 0}, 'tunnel_types': [], 'tunneling_ip': None, 'vhostuser_socket_dir': '/var/run/openvswitch'}, 'resource_versions': {'AddressGroup': '1.2', 'ConntrackHelper': '1.0', 'Log': '1.0', 'Network': '1.1', 'Port': '1.7', 'PortForwarding': '1.2', 'QosPolicy': '1.8', 'SecurityGroup': '1.4', 'SecurityGroupRule': '1.2', 'SubPort': '1.0', 'Subnet': '1.1', 'Trunk': '1.1'}} {{(pid=93040) bind_port /opt/stack/neutron/neutron/plugins/ml2/drivers/mech_agent.py:104}}
Jul 27 19:23:49.956902 dv-cinder-789564-7-smb neutron-server[93040]: DEBUG neutron.plugins.ml2.drivers.mech_agent [None req-9fd27ba4-e046-4cd5-a83d-afeab8ccb7b1 None None] Checking segment: {'id': 'f8cb75d1-5329-4fad-86b3-fafad8d238f6', 'network_type': 'flat', 'physical_network': 'physnet1', 'segmentation_id': None, 'network_id': '400f158c-cd31-462f-b100-b80014c1d624'} for mappings: {'physnet1': 'br-data'} with network types: ['local', 'flat', 'vlan'] {{(pid=93040) check_segment_for_agent /opt/stack/neutron/neutron/plugins/ml2/drivers/mech_agent.py:352}}
Jul 27 19:23:49.957355 dv-cinder-789564-7-smb neutron-server[93040]: DEBUG neutron_lib.callbacks.manager [None req-9fd27ba4-e046-4cd5-a83d-afeab8ccb7b1 None None] Notify callbacks [] for ovs_bridge_name, before_read {{(pid=93040) _notify_loop /usr/local/lib/python3.8/dist-packages/neutron_lib/callbacks/manager.py:192}}
Jul 27 19:23:49.957869 dv-cinder-789564-7-smb neutron-server[93040]: DEBUG neutron.plugins.ml2.drivers.mech_agent [None req-9fd27ba4-e046-4cd5-a83d-afeab8ccb7b1 None None] Bound using segment: {'id': 'f8cb75d1-5329-4fad-86b3-fafad8d238f6', 'network_type': 'flat', 'physical_network': 'physnet1', 'segmentation_id': None, 'network_id': '400f158c-cd31-462f-b100-b80014c1d624'} {{(pid=93040) bind_port /opt/stack/neutron/neutron/plugins/ml2/drivers/mech_agent.py:114}}
Jul 27 19:23:49.966771 dv-cinder-789564-7-smb neutron-server[93040]: DEBUG neutron.plugins.ml2.managers [None req-9fd27ba4-e046-4cd5-a83d-afeab8ccb7b1 None None] Bound port: ba0a2020-2ae5-47d1-8d5e-a4472f0d5369, host: dv-cinder-789564-7-smb, vif_type: ovs, vif_details: {"connectivity": "l2", "port_filter": true, "ovs_hybrid_plug": false, "datapath_type": "system", "bridge_name": "br-int"}, binding_levels: [{'bound_driver': 'openvswitch', 'bound_segment': {'id': 'f8cb75d1-5329-4fad-86b3-fafad8d238f6', 'network_type': 'flat', 'physical_network': 'physnet1', 'segmentation_id': None, 'network_id': '400f158c-cd31-462f-b100-b80014c1d624'}}] {{(pid=93040) _bind_port_level /opt/stack/neutron/neutron/plugins/ml2/managers.py:928}}
Jul 27 19:23:49.967442 dv-cinder-789564-7-smb neutron-server[93040]: DEBUG neutron_lib.callbacks.manager [None req-9fd27ba4-e046-4cd5-a83d-afeab8ccb7b1 None None] Notify callbacks ['neutron.plugins.ml2.plugin.SecurityGroupDbMixin._ensure_default_security_group_handler-550943'] for port, before_update {{(pid=93040) _notify_loop /usr/local/lib/python3.8/dist-packages/neutron_lib/callbacks/manager.py:192}}
Jul 27 19:23:49.975362 dv-cinder-789564-7-smb neutron-server[93040]: DEBUG neutron.api.rpc.callbacks.version_manager [None req-b4559cb8-edf2-4c28-a280-78c418202d37 None None] Version for resource type AddressGroup changed None to 1.2 on consumer Open vSwitch agent@dv-cinder-789564-7-smb {{(pid=93040) _set_version /opt/stack/neutron/neutron/api/rpc/callbacks/version_manager.py:113}}
Jul 27 19:23:49.976029 dv-cinder-789564-7-smb neutron-server[93040]: DEBUG neutron.api.rpc.callbacks.version_manager [None req-b4559cb8-edf2-4c28-a280-78c418202d37 None None] Version for resource type ConntrackHelper changed None to 1.0 on consumer Open vSwitch agent@dv-cinder-789564-7-smb {{(pid=93040) _set_version /opt/stack/neutron/neutron/api/rpc/callbacks/version_manager.py:113}}
Jul 27 19:23:49.977541 dv-cinder-789564-7-smb neutron-server[93040]: DEBUG neutron.api.rpc.callbacks.version_manager [None req-b4559cb8-edf2-4c28-a280-78c418202d37 None None] Version for resource type Log changed None to 1.0 on consumer Open vSwitch agent@dv-cinder-789564-7-smb {{(pid=93040) _set_version /opt/stack/neutron/neutron/api/rpc/callbacks/version_manager.py:113}}
Jul 27 19:23:49.980361 dv-cinder-789564-7-smb neutron-server[93040]: DEBUG neutron.api.rpc.callbacks.version_manager [None req-b4559cb8-edf2-4c28-a280-78c418202d37 None None] Version for resource type Network changed None to 1.1 on consumer Open vSwitch agent@dv-cinder-789564-7-smb {{(pid=93040) _set_version /opt/stack/neutron/neutron/api/rpc/callbacks/version_manager.py:113}}
Jul 27 19:23:49.986736 dv-cinder-789564-7-smb neutron-server[93040]: DEBUG neutron.api.rpc.callbacks.version_manager [None req-b4559cb8-edf2-4c28-a280-78c418202d37 None None] Version for resource type Port changed None to 1.7 on consumer Open vSwitch agent@dv-cinder-789564-7-smb {{(pid=93040) _set_version /opt/stack/neutron/neutron/api/rpc/callbacks/version_manager.py:113}}
Jul 27 19:23:49.987467 dv-cinder-789564-7-smb neutron-server[93040]: DEBUG neutron.api.rpc.callbacks.version_manager [None req-b4559cb8-edf2-4c28-a280-78c418202d37 None None] Version for resource type PortForwarding changed None to 1.2 on consumer Open vSwitch agent@dv-cinder-789564-7-smb {{(pid=93040) _set_version /opt/stack/neutron/neutron/api/rpc/callbacks/version_manager.py:113}}
Jul 27 19:23:49.988085 dv-cinder-789564-7-smb neutron-server[93040]: DEBUG neutron.api.rpc.callbacks.version_manager [None req-b4559cb8-edf2-4c28-a280-78c418202d37 None None] Version for resource type QosPolicy changed None to 1.8 on consumer Open vSwitch agent@dv-cinder-789564-7-smb {{(pid=93040) _set_version /opt/stack/neutron/neutron/api/rpc/callbacks/version_manager.py:113}}
Jul 27 19:23:49.988571 dv-cinder-789564-7-smb neutron-server[93040]: DEBUG neutron.api.rpc.callbacks.version_manager [None req-b4559cb8-edf2-4c28-a280-78c418202d37 None None] Version for resource type SecurityGroup changed None to 1.4 on consumer Open vSwitch agent@dv-cinder-789564-7-smb {{(pid=93040) _set_version /opt/stack/neutron/neutron/api/rpc/callbacks/version_manager.py:113}}
Jul 27 19:23:49.989075 dv-cinder-789564-7-smb neutron-server[93040]: DEBUG neutron.api.rpc.callbacks.version_manager [None req-b4559cb8-edf2-4c28-a280-78c418202d37 None None] Version for resource type SecurityGroupRule changed None to 1.2 on consumer Open vSwitch agent@dv-cinder-789564-7-smb {{(pid=93040) _set_version /opt/stack/neutron/neutron/api/rpc/callbacks/version_manager.py:113}}
Jul 27 19:23:49.989510 dv-cinder-789564-7-smb neutron-server[93040]: DEBUG neutron.api.rpc.callbacks.version_manager [None req-b4559cb8-edf2-4c28-a280-78c418202d37 None None] Version for resource type SubPort changed None to 1.0 on consumer Open vSwitch agent@dv-cinder-789564-7-smb {{(pid=93040) _set_version /opt/stack/neutron/neutron/api/rpc/callbacks/version_manager.py:113}}
Jul 27 19:23:49.990052 dv-cinder-789564-7-smb neutron-server[93040]: DEBUG neutron.api.rpc.callbacks.version_manager [None req-b4559cb8-edf2-4c28-a280-78c418202d37 None None] Version for resource type Subnet changed None to 1.1 on consumer Open vSwitch agent@dv-cinder-789564-7-smb {{(pid=93040) _set_version /opt/stack/neutron/neutron/api/rpc/callbacks/version_manager.py:113}}
Jul 27 19:23:49.990734 dv-cinder-789564-7-smb neutron-server[93040]: DEBUG neutron.api.rpc.callbacks.version_manager [None req-b4559cb8-edf2-4c28-a280-78c418202d37 None None] Version for resource type Trunk changed None to 1.1 on consumer Open vSwitch agent@dv-cinder-789564-7-smb {{(pid=93040) _set_version /opt/stack/neutron/neutron/api/rpc/callbacks/version_manager.py:113}}
Jul 27 19:23:49.992254 dv-cinder-789564-7-smb neutron-server[93040]: DEBUG neutron.api.rpc.callbacks.version_manager [None req-b4559cb8-edf2-4c28-a280-78c418202d37 None None] Tracked resource versions report:
Jul 27 19:23:49.992254 dv-cinder-789564-7-smb neutron-server[93040]: pushed versions:
Jul 27 19:23:49.992254 dv-cinder-789564-7-smb neutron-server[93040]: { 'AddressGroup': {'1.2'},
Jul 27 19:23:49.992254 dv-cinder-789564-7-smb neutron-server[93040]: 'ConntrackHelper': {'1.0'},
Jul 27 19:23:49.992254 dv-cinder-789564-7-smb neutron-server[93040]: 'Log': {'1.0'},
Jul 27 19:23:49.992254 dv-cinder-789564-7-smb neutron-server[93040]: 'Network': {'1.1'},
Jul 27 19:23:49.992254 dv-cinder-789564-7-smb neutron-server[93040]: 'Port': {'1.7'},
Jul 27 19:23:49.992254 dv-cinder-789564-7-smb neutron-server[93040]: 'PortForwarding': {'1.2'},
Jul 27 19:23:49.992254 dv-cinder-789564-7-smb neutron-server[93040]: 'QosPolicy': {'1.8'},
Jul 27 19:23:49.992254 dv-cinder-789564-7-smb neutron-server[93040]: 'SecurityGroup': {'1.4'},
Jul 27 19:23:49.992254 dv-cinder-789564-7-smb neutron-server[93040]: 'SecurityGroupRule': {'1.2'},
Jul 27 19:23:49.992254 dv-cinder-789564-7-smb neutron-server[93040]: 'SubPort': {'1.0'},
Jul 27 19:23:49.992254 dv-cinder-789564-7-smb neutron-server[93040]: 'Subnet': {'1.1'},
Jul 27 19:23:49.992254 dv-cinder-789564-7-smb neutron-server[93040]: 'Trunk': {'1.1'}}
Jul 27 19:23:49.992254 dv-cinder-789564-7-smb neutron-server[93040]: consumer versions:
Jul 27 19:23:49.992254 dv-cinder-789564-7-smb neutron-server[93040]: { DHCP agent@dv-cinder-789564-7-smb: {},
Jul 27 19:23:49.992254 dv-cinder-789564-7-smb neutron-server[93040]: HyperV agent@hv-cinder-78956: {},
Jul 27 19:23:49.992254 dv-cinder-789564-7-smb neutron-server[93040]: L3 agent@dv-cinder-789564-7-smb: {},
Jul 27 19:23:49.992254 dv-cinder-789564-7-smb neutron-server[93040]: Metadata agent@dv-cinder-789564-7-smb: {},
Jul 27 19:23:49.992254 dv-cinder-789564-7-smb neutron-server[93040]: Metering agent@dv-cinder-789564-7-smb: {},
Jul 27 19:23:49.992254 dv-cinder-789564-7-smb neutron-server[93040]: Open vSwitch agent@dv-cinder-789564-7-smb: { 'AddressGroup': '1.2',
Jul 27 19:23:49.992254 dv-cinder-789564-7-smb neutron-server[93040]: 'ConntrackHelper': '1.0',
Jul 27 19:23:49.992254 dv-cinder-789564-7-smb neutron-server[93040]: 'Log': '1.0',
Jul 27 19:23:49.992254 dv-cinder-789564-7-smb neutron-server[93040]: 'Network': '1.1',
Jul 27 19:23:49.992254 dv-cinder-789564-7-smb neutron-server[93040]: 'Port': '1.7',
Jul 27 19:23:49.992254 dv-cinder-789564-7-smb neutron-server[93040]: 'PortForwarding': '1.2',
Jul 27 19:23:49.992254 dv-cinder-789564-7-smb neutron-server[93040]: 'QosPolicy': '1.8',
Jul 27 19:23:49.992254 dv-cinder-789564-7-smb neutron-server[93040]: 'SecurityGroup': '1.4',
Jul 27 19:23:49.992254 dv-cinder-789564-7-smb neutron-server[93040]: 'SecurityGroupRule': '1.2',
Jul 27 19:23:49.992254 dv-cinder-789564-7-smb neutron-server[93040]: 'SubPort': '1.0',
Jul 27 19:23:49.992254 dv-cinder-789564-7-smb neutron-server[93040]: 'Subnet': '1.1',
Jul 27 19:23:49.992254 dv-cinder-789564-7-smb neutron-server[93040]: 'Trunk': '1.1'}}
Jul 27 19:23:49.992254 dv-cinder-789564-7-smb neutron-server[93040]: {{(pid=93040) report /opt/stack/neutron/neutron/api/rpc/callbacks/version_manager.py:175}}
Jul 27 19:23:50.067767 dv-cinder-789564-7-smb neutron-server[93038]: DEBUG neutron.db.db_base_plugin_common [None req-130dff7b-438f-4631-9583-3fd728dcedf9 admin admin] Allocated IP 172.20.0.1 (7069635d-2875-4309-9e27-d7b472e04918/69414d6e-d254-4dd1-9e6b-2de923a7916b/1ab71b15-c039-4eea-b8f2-55203b03bbd3) {{(pid=93038) _store_ip_allocation /opt/stack/neutron/neutron/db/db_base_plugin_common.py:131}}
Jul 27 19:23:50.145667 dv-cinder-789564-7-smb neutron-server[93039]: DEBUG neutron.plugins.ml2.rpc [None req-a043a81b-6086-410f-9273-1f288d6198bb None None] Device 50e75c35-96b4-4fe3-b872-078cee716d6b up at agent ovs-agent-dv-cinder-789564-7-smb {{(pid=93039) update_device_up /opt/stack/neutron/neutron/plugins/ml2/rpc.py:296}}
Jul 27 19:23:50.230836 dv-cinder-789564-7-smb neutron-server[93040]: DEBUG neutron.plugins.ml2.db [None req-9fd27ba4-e046-4cd5-a83d-afeab8ccb7b1 None None] For port ba0a2020-2ae5-47d1-8d5e-a4472f0d5369, host dv-cinder-789564-7-smb, cleared binding levels {{(pid=93040) clear_binding_levels /opt/stack/neutron/neutron/plugins/ml2/db.py:87}}
Jul 27 19:23:50.236564 dv-cinder-789564-7-smb neutron-server[93040]: DEBUG neutron.plugins.ml2.db [None req-9fd27ba4-e046-4cd5-a83d-afeab8ccb7b1 None None] For port ba0a2020-2ae5-47d1-8d5e-a4472f0d5369, host dv-cinder-789564-7-smb, set binding levels [PortBindingLevel(driver='openvswitch',host='dv-cinder-789564-7-smb',level=0,port_id=ba0a2020-2ae5-47d1-8d5e-a4472f0d5369,segment=NetworkSegment(f8cb75d1-5329-4fad-86b3-fafad8d238f6),segment_id=f8cb75d1-5329-4fad-86b3-fafad8d238f6)] {{(pid=93040) set_binding_levels /opt/stack/neutron/neutron/plugins/ml2/db.py:59}}
Jul 27 19:23:50.251951 dv-cinder-789564-7-smb neutron-server[93040]: DEBUG neutron_lib.callbacks.manager [None req-9fd27ba4-e046-4cd5-a83d-afeab8ccb7b1 None None] Notify callbacks ['neutron.plugins.ml2.plugin.SecurityGroupServerNotifierRpcMixin._notify_sg_on_port_change-664274', 'neutron.plugins.ml2.ovo_rpc._ObjectChangeHandler.handle_event-176311', 'neutron.api.rpc.agentnotifiers.dhcp_rpc_agent_api.DhcpAgentNotifyAPI._native_event_send_dhcp_notification-1647289', 'neutron.db.l3_db.L3RpcNotifierMixin._notify_gateway_port_ip_changed-8750642774510', 'neutron.db.l3_dvrscheduler_db._notify_l3_agent_port_update-8750642383117', 'neutron.db.l3_hascheduler_db._notify_l3_agent_ha_port_update-8750642383135'] for port, after_update {{(pid=93040) _notify_loop /usr/local/lib/python3.8/dist-packages/neutron_lib/callbacks/manager.py:192}}
Jul 27 19:23:50.272211 dv-cinder-789564-7-smb neutron-server[93039]: DEBUG neutron.db.provisioning_blocks [None req-a043a81b-6086-410f-9273-1f288d6198bb None None] Provisioning complete for port 50e75c35-96b4-4fe3-b872-078cee716d6b triggered by entity L2. {{(pid=93039) provisioning_complete /opt/stack/neutron/neutron/db/provisioning_blocks.py:139}}
Jul 27 19:23:50.272587 dv-cinder-789564-7-smb neutron-server[93039]: DEBUG neutron_lib.callbacks.manager [None req-a043a81b-6086-410f-9273-1f288d6198bb None None] Notify callbacks ['neutron.plugins.ml2.plugin.Ml2Plugin._port_provisioned-772455'] for port, provisioning_complete {{(pid=93039) _notify_loop /usr/local/lib/python3.8/dist-packages/neutron_lib/callbacks/manager.py:192}}
Jul 27 19:23:50.481301 dv-cinder-789564-7-smb neutron-server[93040]: DEBUG neutron.db.l3_dvrscheduler_db [None req-9fd27ba4-e046-4cd5-a83d-afeab8ccb7b1 None None] Routers {'59e06d6a-2d15-4248-833e-e45294f099fb'} bound to L3 agent in host dv-cinder-789564-7-smb {{(pid=93040) _get_router_ids_for_agent /opt/stack/neutron/neutron/db/l3_dvrscheduler_db.py:420}}
Jul 27 19:23:50.487240 dv-cinder-789564-7-smb neutron-server[93040]: DEBUG neutron.db.l3_hamode_db [None req-9fd27ba4-e046-4cd5-a83d-afeab8ccb7b1 None None] neutron.services.l3_router.l3_router_plugin.L3RouterPlugin method get_ha_sync_data_for_host called with arguments (, 'dv-cinder-789564-7-smb', Agent(admin_state_up=True,agent_type='L3 agent',availability_zone='nova',binary='neutron-l3-agent',configurations={"agent_mode": "legacy", "ex_gw_ports": 1, "extensions": [], "floating_ips": 0, "handle_internal_only_routers": true, "interface_driver": "openvswitch", "interfaces": 1, "log_agent_heartbeats": false, "routers": 1},created_at=2021-07-27T19:15:15Z,description=,heartbeat_timestamp=2021-07-27T19:23:45Z,host='dv-cinder-789564-7-smb',id=ed7c87f1-1c7a-4019-ab1f-6fc8a890b73c,load=0,resource_versions=,resources_synced=,started_at=2021-07-27T19:15:15Z,topic='l3_agent')) {'router_ids': ['59e06d6a-2d15-4248-833e-e45294f099fb'], 'active': True} {{(pid=93040) wrapper /usr/local/lib/python3.8/dist-packages/oslo_log/helpers.py:65}}
Jul 27 19:23:50.490414 dv-cinder-789564-7-smb neutron-server[93040]: DEBUG neutron.api.rpc.handlers.resources_rpc [None req-b4559cb8-edf2-4c28-a280-78c418202d37 None None] Pushing event updated for resources: {'Port': ['ID=ba0a2020-2ae5-47d1-8d5e-a4472f0d5369,revision_number=3']} {{(pid=93040) push /opt/stack/neutron/neutron/api/rpc/handlers/resources_rpc.py:237}}
Jul 27 19:23:50.505451 dv-cinder-789564-7-smb neutron-server[93038]: DEBUG neutron_lib.callbacks.manager [None req-130dff7b-438f-4631-9583-3fd728dcedf9 admin admin] Notify callbacks [] for port, precommit_create {{(pid=93038) _notify_loop /usr/local/lib/python3.8/dist-packages/neutron_lib/callbacks/manager.py:192}}
Jul 27 19:23:50.538503 dv-cinder-789564-7-smb neutron-server[93037]: DEBUG neutron.wsgi [-] (93037) accepted ('10.222.0.11', 39936) {{(pid=93037) server /usr/local/lib/python3.8/dist-packages/eventlet/wsgi.py:982}}
Jul 27 19:23:50.548934 dv-cinder-789564-7-smb neutron-server[93037]: INFO neutron.wsgi [req-eb7ccc2a-1a62-4d83-a746-ed50c85a1bd6 req-e3fbdd62-3e2f-40a9-9197-c680cf2c1a2f tempest-AttachVolumeNegativeTest-828186272 tempest-AttachVolumeNegativeTest-828186272-project] 10.222.0.11 "GET /v2.0/ports?device_id=5718d608-d695-410d-8467-feef63c48da2 HTTP/1.1" status: 200 len: 210 time: 0.2152989
Jul 27 19:23:50.556045 dv-cinder-789564-7-smb neutron-server[93038]: DEBUG neutron.db.provisioning_blocks [None req-130dff7b-438f-4631-9583-3fd728dcedf9 admin admin] Transition to ACTIVE for port object 1ab71b15-c039-4eea-b8f2-55203b03bbd3 will not be triggered until provisioned by entity DHCP. {{(pid=93038) add_provisioning_component /opt/stack/neutron/neutron/db/provisioning_blocks.py:73}}
Jul 27 19:23:50.621861 dv-cinder-789564-7-smb neutron-server[93038]: DEBUG neutron_lib.callbacks.manager [None req-130dff7b-438f-4631-9583-3fd728dcedf9 admin admin] Notify callbacks ['neutron.plugins.ml2.plugin.SecurityGroupServerNotifierRpcMixin._notify_sg_on_port_change-664274', 'neutron.plugins.ml2.ovo_rpc._ObjectChangeHandler.handle_event-176311', 'neutron.api.rpc.agentnotifiers.dhcp_rpc_agent_api.DhcpAgentNotifyAPI._native_event_send_dhcp_notification-1647289', 'neutron.db.l3_dvrscheduler_db._notify_l3_agent_new_port-8750642405111'] for port, after_create {{(pid=93038) _notify_loop /usr/local/lib/python3.8/dist-packages/neutron_lib/callbacks/manager.py:192}}
Jul 27 19:23:50.672560 dv-cinder-789564-7-smb neutron-server[93040]: DEBUG neutron.db.l3_dvr_db [None req-9fd27ba4-e046-4cd5-a83d-afeab8ccb7b1 None None] Set router 59e06d6a-2d15-4248-833e-e45294f099fb gateway port host: dv-cinder-789564-7-smb {{(pid=93040) _build_routers_list /opt/stack/neutron/neutron/db/l3_dvr_db.py:894}}
Jul 27 19:23:50.713652 dv-cinder-789564-7-smb neutron-server[93038]: DEBUG neutron.api.rpc.handlers.resources_rpc [None req-130dff7b-438f-4631-9583-3fd728dcedf9 admin admin] Pushing event updated for resources: {'Port': ['ID=1ab71b15-c039-4eea-b8f2-55203b03bbd3,revision_number=1']} {{(pid=93038) push /opt/stack/neutron/neutron/api/rpc/handlers/resources_rpc.py:237}}
Jul 27 19:23:50.726228 dv-cinder-789564-7-smb neutron-server[93038]: DEBUG neutron.scheduler.dhcp_agent_scheduler [None req-130dff7b-438f-4631-9583-3fd728dcedf9 admin admin] Network 7069635d-2875-4309-9e27-d7b472e04918 is already hosted by enough agents. {{(pid=93038) _get_dhcp_agents_hosting_network /opt/stack/neutron/neutron/scheduler/dhcp_agent_scheduler.py:275}}
Jul 27 19:23:50.729830 dv-cinder-789564-7-smb neutron-server[93038]: DEBUG neutron.scheduler.base_scheduler [None req-130dff7b-438f-4631-9583-3fd728dcedf9 admin admin] Resources bound (agent type, host, resource id): {{(pid=93038) schedule /opt/stack/neutron/neutron/scheduler/base_scheduler.py:57}}
Jul 27 19:23:50.732517 dv-cinder-789564-7-smb neutron-server[93038]: DEBUG neutron.db.l3_dvrscheduler_db [None req-130dff7b-438f-4631-9583-3fd728dcedf9 admin admin] Received port after_create {{(pid=93038) _notify_l3_agent_new_port /opt/stack/neutron/neutron/db/l3_dvrscheduler_db.py:535}}
Jul 27 19:23:50.733378 dv-cinder-789564-7-smb neutron-server[93038]: DEBUG neutron_lib.callbacks.manager [None req-130dff7b-438f-4631-9583-3fd728dcedf9 admin admin] Notify callbacks ['neutron.services.l3_router.l3_router_plugin.DVRResourceOperationHandler._add_csnat_on_interface_create-1726844'] for router_interface, before_create {{(pid=93038) _notify_loop /usr/local/lib/python3.8/dist-packages/neutron_lib/callbacks/manager.py:192}}
Jul 27 19:23:51.088636 dv-cinder-789564-7-smb neutron-server[93037]: DEBUG neutron_lib.callbacks.manager [None req-c42199fd-4278-4873-b223-5f588c98f5ff admin admin] Notify callbacks [] for security_group, before_create {{(pid=93037) _notify_loop /usr/local/lib/python3.8/dist-packages/neutron_lib/callbacks/manager.py:192}}
Jul 27 19:23:51.134436 dv-cinder-789564-7-smb neutron-server[93039]: DEBUG neutron.db.provisioning_blocks [None req-55abc8bf-55c3-491b-9b7d-192262c1bb4f None None] Provisioning for port 1ab71b15-c039-4eea-b8f2-55203b03bbd3 completed by entity DHCP. {{(pid=93039) provisioning_complete /opt/stack/neutron/neutron/db/provisioning_blocks.py:133}}
Jul 27 19:23:51.139106 dv-cinder-789564-7-smb neutron-server[93039]: DEBUG neutron.db.provisioning_blocks [None req-55abc8bf-55c3-491b-9b7d-192262c1bb4f None None] Provisioning complete for port 1ab71b15-c039-4eea-b8f2-55203b03bbd3 triggered by entity DHCP. {{(pid=93039) provisioning_complete /opt/stack/neutron/neutron/db/provisioning_blocks.py:139}}
Jul 27 19:23:51.139493 dv-cinder-789564-7-smb neutron-server[93039]: DEBUG neutron_lib.callbacks.manager [None req-55abc8bf-55c3-491b-9b7d-192262c1bb4f None None] Notify callbacks ['neutron.plugins.ml2.plugin.Ml2Plugin._port_provisioned-772455'] for port, provisioning_complete {{(pid=93039) _notify_loop /usr/local/lib/python3.8/dist-packages/neutron_lib/callbacks/manager.py:192}}
Jul 27 19:23:51.152294 dv-cinder-789564-7-smb neutron-server[93037]: DEBUG neutron.wsgi [-] (93037) accepted ('10.222.0.11', 39964) {{(pid=93037) server /usr/local/lib/python3.8/dist-packages/eventlet/wsgi.py:982}}
Jul 27 19:23:51.182897 dv-cinder-789564-7-smb neutron-server[93040]: DEBUG neutron.db.l3_hamode_db [None req-9fd27ba4-e046-4cd5-a83d-afeab8ccb7b1 None None] neutron.services.l3_router.l3_router_plugin.L3RouterPlugin method _process_sync_ha_data called with arguments (, [{'id': '59e06d6a-2d15-4248-833e-e45294f099fb', 'name': 'tempest-AttachVolumeShelveTestJSON-395959151-router', 'tenant_id': 'd7ca60a8f6494b06ae2444836d160381', 'admin_state_up': True, 'status': 'ACTIVE', 'external_gateway_info': {'network_id': '400f158c-cd31-462f-b100-b80014c1d624', 'external_fixed_ips': [{'subnet_id': 'e81e0562-a4b3-4b28-a269-86bf48752f85', 'ip_address': '172.28.1.17'}], 'enable_snat': True}, 'gw_port_id': 'ba0a2020-2ae5-47d1-8d5e-a4472f0d5369', 'description': '', 'availability_zones': ['nova'], 'distributed': False, 'ha': False, 'ha_vr_id': 0, 'availability_zone_hints': [], 'routes': [], 'flavor_id': None, 'tags': [], 'created_at': '2021-07-27T19:23:44Z', 'updated_at': '2021-07-27T19:23:45Z', 'revision_number': 3, 'project_id': 'd7ca60a8f6494b06ae2444836d160381', 'gw_port': {'id': 'ba0a2020-2ae5-47d1-8d5e-a4472f0d5369', 'name': '', 'network_id': '400f158c-cd31-462f-b100-b80014c1d624', 'tenant_id': '', 'mac_address': 'fa:16:3e:6f:9a:67', 'admin_state_up': True, 'status': 'DOWN', 'device_id': '59e06d6a-2d15-4248-833e-e45294f099fb', 'device_owner': 'network:router_gateway', 'standard_attr_id': 57, 'fixed_ips': [{'subnet_id': 'e81e0562-a4b3-4b28-a269-86bf48752f85', 'ip_address': '172.28.1.17', 'prefixlen': 24}], 'allowed_address_pairs': [], 'extra_dhcp_opts': [], 'security_groups': [], 'description': '', 'binding:vnic_type': 'normal', 'binding:profile': {}, 'binding:host_id': 'dv-cinder-789564-7-smb', 'binding:vif_type': 'ovs', 'binding:vif_details': {'connectivity': 'l2', 'port_filter': True, 'ovs_hybrid_plug': False, 'datapath_type': 'system', 'bridge_name': 'br-int'}, 'port_security_enabled': False, 'tags': [], 'created_at': '2021-07-27T19:23:45Z', 'updated_at': '2021-07-27T19:23:50Z', 'revision_number': 3, 'project_id': '', 'subnets': [{'id': 'e81e0562-a4b3-4b28-a269-86bf48752f85', 'cidr': '172.28.1.0/24', 'gateway_ip': '172.28.1.1', 'dns_nameservers': [], 'ipv6_ra_mode': None, 'subnetpool_id': None}], 'extra_subnets': [], 'address_scopes': {4: None, 6: None}, 'mtu': 1500}, 'enable_snat': True, 'gw_port_host': 'dv-cinder-789564-7-smb'}], 'dv-cinder-789564-7-smb', False) {} {{(pid=93040) wrapper /usr/local/lib/python3.8/dist-packages/oslo_log/helpers.py:65}}
Jul 27 19:23:51.215980 dv-cinder-789564-7-smb neutron-server[93039]: DEBUG neutron.plugins.ml2.plugin [None req-55abc8bf-55c3-491b-9b7d-192262c1bb4f None None] Port 1ab71b15-c039-4eea-b8f2-55203b03bbd3 cannot update to ACTIVE because it is not bound. {{(pid=93039) _port_provisioned /opt/stack/neutron/neutron/plugins/ml2/plugin.py:337}}
