Jun 07 17:35:30.230915 dv-cinder-789564-3-smb devstack@c-api.service[98696]: DEBUG cinder.volume.api [None req-9b0c256e-4734-4559-b659-76eb4849f6b3 tempest-GroupSnapshotsTest-2122809715 tempest-GroupSnapshotsTest-2122809715-project] Task 'cinder.volume.flows.api.create_volume.VolumeCastTask;volume:create' (9cfec40a-b556-4fa9-9220-2ca8a1cafbb4) transitioned into state 'SUCCESS' from state 'RUNNING' with result 'None' {{(pid=98696) _task_receiver /usr/local/lib/python3.8/dist-packages/taskflow/listeners/logging.py:178}}
Jun 07 17:35:30.237082 dv-cinder-789564-3-smb devstack@c-api.service[98696]: DEBUG cinder.volume.api [None req-9b0c256e-4734-4559-b659-76eb4849f6b3 tempest-GroupSnapshotsTest-2122809715 tempest-GroupSnapshotsTest-2122809715-project] Flow 'volume_create_api' (20c81f25-d448-45a5-b2f3-03a22d1cf480) transitioned into state 'SUCCESS' from state 'RUNNING' {{(pid=98696) _flow_receiver /usr/local/lib/python3.8/dist-packages/taskflow/listeners/logging.py:141}}
Jun 07 17:35:30.237895 dv-cinder-789564-3-smb devstack@c-api.service[98696]: INFO cinder.volume.api [None req-9b0c256e-4734-4559-b659-76eb4849f6b3 tempest-GroupSnapshotsTest-2122809715 tempest-GroupSnapshotsTest-2122809715-project] Create volume request issued successfully.
Jun 07 17:35:30.242923 dv-cinder-789564-3-smb devstack@c-api.service[98697]: INFO cinder.api.openstack.wsgi [None req-dd3e80a6-f7b6-48e4-b69c-5be391c8c3ce tempest-GroupsTest-1779153825 tempest-GroupsTest-1779153825-project] GET http://10.222.0.25/volume/v3/2aa6ffb3b18a4995b58a377306043a01/volumes/c9f1d285-1d91-432a-8ff3-9ca693226db6
Jun 07 17:35:30.244067 dv-cinder-789564-3-smb devstack@c-api.service[98697]: DEBUG cinder.api.openstack.wsgi [None req-dd3e80a6-f7b6-48e4-b69c-5be391c8c3ce tempest-GroupsTest-1779153825 tempest-GroupsTest-1779153825-project] Empty body provided in request {{(pid=98697) get_body /opt/stack/cinder/cinder/api/openstack/wsgi.py:713}}
Jun 07 17:35:30.244778 dv-cinder-789564-3-smb devstack@c-api.service[98697]: /usr/local/lib/python3.8/dist-packages/webob/acceptparse.py:1047: DeprecationWarning: The behavior of AcceptValidHeader.best_match is currently being maintained for backward compatibility, but it will be deprecated in the future, as it does not conform to the RFC.
Jun 07 17:35:30.244778 dv-cinder-789564-3-smb devstack@c-api.service[98697]: warnings.warn(
Jun 07 17:35:30.245739 dv-cinder-789564-3-smb devstack@c-api.service[98697]: DEBUG cinder.api.openstack.wsgi [None req-dd3e80a6-f7b6-48e4-b69c-5be391c8c3ce tempest-GroupsTest-1779153825 tempest-GroupsTest-1779153825-project] Calling method 'show' {{(pid=98697) _process_stack /opt/stack/cinder/cinder/api/openstack/wsgi.py:866}}
Jun 07 17:35:30.271846 dv-cinder-789564-3-smb devstack@c-api.service[98696]: WARNING stevedore.named [None req-9b0c256e-4734-4559-b659-76eb4849f6b3 tempest-GroupSnapshotsTest-2122809715 tempest-GroupSnapshotsTest-2122809715-project] Could not load cinder.keymgr.conf_key_mgr.ConfKeyManager
Jun 07 17:35:30.272286 dv-cinder-789564-3-smb devstack@c-api.service[98696]: WARNING castellan.key_manager [None req-9b0c256e-4734-4559-b659-76eb4849f6b3 tempest-GroupSnapshotsTest-2122809715 tempest-GroupSnapshotsTest-2122809715-project] Deprecation Warning : cinder.keymgr.conf_key_mgr.ConfKeyManager is not a stevedore based driver, trying to load it as a class: stevedore.exception.NoMatches: No 'castellan.drivers' driver found, looking for 'cinder.keymgr.conf_key_mgr.ConfKeyManager'
Jun 07 17:35:30.287662 dv-cinder-789564-3-smb devstack@c-api.service[98696]: DEBUG oslo_db.sqlalchemy.engines [None req-9b0c256e-4734-4559-b659-76eb4849f6b3 tempest-GroupSnapshotsTest-2122809715 tempest-GroupSnapshotsTest-2122809715-project] MySQL server mode set to STRICT_TRANS_TABLES,STRICT_ALL_TABLES,NO_ZERO_IN_DATE,NO_ZERO_DATE,ERROR_FOR_DIVISION_BY_ZERO,TRADITIONAL,NO_ENGINE_SUBSTITUTION {{(pid=98696) _check_effective_sql_mode /usr/local/lib/python3.8/dist-packages/oslo_db/sqlalchemy/engines.py:314}}
Jun 07 17:35:30.294479 dv-cinder-789564-3-smb devstack@c-api.service[98696]: /usr/local/lib/python3.8/dist-packages/oslo_context/context.py:105: DeprecationWarning: Policy enforcement is depending on the value of is_admin. This key is deprecated. Please update your policy file to use the standard policy values.
Jun 07 17:35:30.294479 dv-cinder-789564-3-smb devstack@c-api.service[98696]: warnings.warn('Policy enforcement is depending on the value of '
Jun 07 17:35:30.322842 dv-cinder-789564-3-smb devstack@c-api.service[98696]: INFO cinder.api.openstack.wsgi [None req-9b0c256e-4734-4559-b659-76eb4849f6b3 tempest-GroupSnapshotsTest-2122809715 tempest-GroupSnapshotsTest-2122809715-project] http://10.222.0.25/volume/v3/b456082dd06a4918bd076cb20d469003/volumes returned with HTTP 202
Jun 07 17:35:30.323644 dv-cinder-789564-3-smb devstack@c-api.service[98696]: [pid: 98696|app: 0|req: 102/226] 10.222.0.25 () {62 vars in 1277 bytes} [Mon Jun 7 17:35:29 2021] POST /volume/v3/b456082dd06a4918bd076cb20d469003/volumes => generated 907 bytes in 718 msecs (HTTP/1.1 202) 7 headers in 292 bytes (2 switches on core 0)
Jun 07 17:35:30.339705 dv-cinder-789564-3-smb devstack@c-api.service[98696]: INFO cinder.api.openstack.wsgi [None req-fdd6f632-6f88-42b8-956d-e000d0597292 tempest-GroupSnapshotsTest-2122809715 tempest-GroupSnapshotsTest-2122809715-project] GET http://10.222.0.25/volume/v3/b456082dd06a4918bd076cb20d469003/volumes/55640e88-2f3c-4349-8c96-8191dc70d25e
Jun 07 17:35:30.340502 dv-cinder-789564-3-smb devstack@c-api.service[98696]: DEBUG cinder.api.openstack.wsgi [None req-fdd6f632-6f88-42b8-956d-e000d0597292 tempest-GroupSnapshotsTest-2122809715 tempest-GroupSnapshotsTest-2122809715-project] Empty body provided in request {{(pid=98696) get_body /opt/stack/cinder/cinder/api/openstack/wsgi.py:713}}
Jun 07 17:35:30.340754 dv-cinder-789564-3-smb devstack@c-api.service[98696]: /usr/local/lib/python3.8/dist-packages/webob/acceptparse.py:1047: DeprecationWarning: The behavior of AcceptValidHeader.best_match is currently being maintained for backward compatibility, but it will be deprecated in the future, as it does not conform to the RFC.
Jun 07 17:35:30.340754 dv-cinder-789564-3-smb devstack@c-api.service[98696]: warnings.warn(
Jun 07 17:35:30.341087 dv-cinder-789564-3-smb devstack@c-api.service[98696]: DEBUG cinder.api.openstack.wsgi [None req-fdd6f632-6f88-42b8-956d-e000d0597292 tempest-GroupSnapshotsTest-2122809715 tempest-GroupSnapshotsTest-2122809715-project] Calling method 'show' {{(pid=98696) _process_stack /opt/stack/cinder/cinder/api/openstack/wsgi.py:866}}
Jun 07 17:35:30.406096 dv-cinder-789564-3-smb devstack@c-api.service[98697]: /usr/local/lib/python3.8/dist-packages/oslo_context/context.py:105: DeprecationWarning: Policy enforcement is depending on the value of is_admin. This key is deprecated. Please update your policy file to use the standard policy values.
Jun 07 17:35:30.406096 dv-cinder-789564-3-smb devstack@c-api.service[98697]: warnings.warn('Policy enforcement is depending on the value of '
Jun 07 17:35:30.421292 dv-cinder-789564-3-smb devstack@c-api.service[98697]: INFO cinder.volume.api [None req-dd3e80a6-f7b6-48e4-b69c-5be391c8c3ce tempest-GroupsTest-1779153825 tempest-GroupsTest-1779153825-project] Volume info retrieved successfully.
Jun 07 17:35:30.449412 dv-cinder-789564-3-smb devstack@c-api.service[98697]: WARNING stevedore.named [None req-dd3e80a6-f7b6-48e4-b69c-5be391c8c3ce tempest-GroupsTest-1779153825 tempest-GroupsTest-1779153825-project] Could not load cinder.keymgr.conf_key_mgr.ConfKeyManager
Jun 07 17:35:30.451057 dv-cinder-789564-3-smb devstack@c-api.service[98697]: WARNING castellan.key_manager [None req-dd3e80a6-f7b6-48e4-b69c-5be391c8c3ce tempest-GroupsTest-1779153825 tempest-GroupsTest-1779153825-project] Deprecation Warning : cinder.keymgr.conf_key_mgr.ConfKeyManager is not a stevedore based driver, trying to load it as a class: stevedore.exception.NoMatches: No 'castellan.drivers' driver found, looking for 'cinder.keymgr.conf_key_mgr.ConfKeyManager'
Jun 07 17:35:30.461173 dv-cinder-789564-3-smb devstack@c-api.service[98696]: /usr/local/lib/python3.8/dist-packages/oslo_context/context.py:105: DeprecationWarning: Policy enforcement is depending on the value of is_admin. This key is deprecated. Please update your policy file to use the standard policy values.
Jun 07 17:35:30.461173 dv-cinder-789564-3-smb devstack@c-api.service[98696]: warnings.warn('Policy enforcement is depending on the value of '
Jun 07 17:35:30.469030 dv-cinder-789564-3-smb devstack@c-api.service[98697]: DEBUG oslo_db.sqlalchemy.engines [None req-dd3e80a6-f7b6-48e4-b69c-5be391c8c3ce tempest-GroupsTest-1779153825 tempest-GroupsTest-1779153825-project] MySQL server mode set to STRICT_TRANS_TABLES,STRICT_ALL_TABLES,NO_ZERO_IN_DATE,NO_ZERO_DATE,ERROR_FOR_DIVISION_BY_ZERO,TRADITIONAL,NO_ENGINE_SUBSTITUTION {{(pid=98697) _check_effective_sql_mode /usr/local/lib/python3.8/dist-packages/oslo_db/sqlalchemy/engines.py:314}}
Jun 07 17:35:30.485098 dv-cinder-789564-3-smb devstack@c-api.service[98696]: INFO cinder.volume.api [None req-fdd6f632-6f88-42b8-956d-e000d0597292 tempest-GroupSnapshotsTest-2122809715 tempest-GroupSnapshotsTest-2122809715-project] Volume info retrieved successfully.
Jun 07 17:35:30.486848 dv-cinder-789564-3-smb devstack@c-api.service[98697]: /usr/local/lib/python3.8/dist-packages/oslo_context/context.py:105: DeprecationWarning: Policy enforcement is depending on the value of is_admin. This key is deprecated. Please update your policy file to use the standard policy values.
Jun 07 17:35:30.486848 dv-cinder-789564-3-smb devstack@c-api.service[98697]: warnings.warn('Policy enforcement is depending on the value of '
Jun 07 17:35:30.517652 dv-cinder-789564-3-smb devstack@c-api.service[98696]: WARNING stevedore.named [None req-fdd6f632-6f88-42b8-956d-e000d0597292 tempest-GroupSnapshotsTest-2122809715 tempest-GroupSnapshotsTest-2122809715-project] Could not load cinder.keymgr.conf_key_mgr.ConfKeyManager
Jun 07 17:35:30.519154 dv-cinder-789564-3-smb devstack@c-api.service[98696]: WARNING castellan.key_manager [None req-fdd6f632-6f88-42b8-956d-e000d0597292 tempest-GroupSnapshotsTest-2122809715 tempest-GroupSnapshotsTest-2122809715-project] Deprecation Warning : cinder.keymgr.conf_key_mgr.ConfKeyManager is not a stevedore based driver, trying to load it as a class: stevedore.exception.NoMatches: No 'castellan.drivers' driver found, looking for 'cinder.keymgr.conf_key_mgr.ConfKeyManager'
Jun 07 17:35:30.530634 dv-cinder-789564-3-smb devstack@c-api.service[98697]: INFO cinder.api.openstack.wsgi [None req-dd3e80a6-f7b6-48e4-b69c-5be391c8c3ce tempest-GroupsTest-1779153825 tempest-GroupsTest-1779153825-project] http://10.222.0.25/volume/v3/2aa6ffb3b18a4995b58a377306043a01/volumes/c9f1d285-1d91-432a-8ff3-9ca693226db6 returned with HTTP 200
Jun 07 17:35:30.532166 dv-cinder-789564-3-smb devstack@c-api.service[98697]: [pid: 98697|app: 0|req: 125/227] 10.222.0.25 () {60 vars in 1366 bytes} [Mon Jun 7 17:35:30 2021] GET /volume/v3/2aa6ffb3b18a4995b58a377306043a01/volumes/c9f1d285-1d91-432a-8ff3-9ca693226db6 => generated 972 bytes in 310 msecs (HTTP/1.1 200) 7 headers in 286 bytes (1 switches on core 0)
Jun 07 17:35:30.544630 dv-cinder-789564-3-smb devstack@c-api.service[98696]: DEBUG oslo_db.sqlalchemy.engines [None req-fdd6f632-6f88-42b8-956d-e000d0597292 tempest-GroupSnapshotsTest-2122809715 tempest-GroupSnapshotsTest-2122809715-project] MySQL server mode set to STRICT_TRANS_TABLES,STRICT_ALL_TABLES,NO_ZERO_IN_DATE,NO_ZERO_DATE,ERROR_FOR_DIVISION_BY_ZERO,TRADITIONAL,NO_ENGINE_SUBSTITUTION {{(pid=98696) _check_effective_sql_mode /usr/local/lib/python3.8/dist-packages/oslo_db/sqlalchemy/engines.py:314}}
Jun 07 17:35:30.552971 dv-cinder-789564-3-smb devstack@c-api.service[98696]: /usr/local/lib/python3.8/dist-packages/oslo_context/context.py:105: DeprecationWarning: Policy enforcement is depending on the value of is_admin. This key is deprecated. Please update your policy file to use the standard policy values.
Jun 07 17:35:30.552971 dv-cinder-789564-3-smb devstack@c-api.service[98696]: warnings.warn('Policy enforcement is depending on the value of '
Jun 07 17:35:30.596773 dv-cinder-789564-3-smb devstack@c-api.service[98696]: INFO cinder.api.openstack.wsgi [None req-fdd6f632-6f88-42b8-956d-e000d0597292 tempest-GroupSnapshotsTest-2122809715 tempest-GroupSnapshotsTest-2122809715-project] http://10.222.0.25/volume/v3/b456082dd06a4918bd076cb20d469003/volumes/55640e88-2f3c-4349-8c96-8191dc70d25e returned with HTTP 200
Jun 07 17:35:30.597969 dv-cinder-789564-3-smb devstack@c-api.service[98696]: [pid: 98696|app: 0|req: 103/228] 10.222.0.25 () {60 vars in 1366 bytes} [Mon Jun 7 17:35:30 2021] GET /volume/v3/b456082dd06a4918bd076cb20d469003/volumes/55640e88-2f3c-4349-8c96-8191dc70d25e => generated 975 bytes in 264 msecs (HTTP/1.1 200) 7 headers in 286 bytes (1 switches on core 0)
Jun 07 17:35:31.549441 dv-cinder-789564-3-smb devstack@c-api.service[98697]: INFO cinder.api.openstack.wsgi [None req-61570d55-a948-4f07-9040-dd5d99d1ac37 tempest-GroupsTest-1779153825 tempest-GroupsTest-1779153825-project] GET http://10.222.0.25/volume/v3/2aa6ffb3b18a4995b58a377306043a01/volumes/c9f1d285-1d91-432a-8ff3-9ca693226db6
Jun 07 17:35:31.550368 dv-cinder-789564-3-smb devstack@c-api.service[98697]: DEBUG cinder.api.openstack.wsgi [None req-61570d55-a948-4f07-9040-dd5d99d1ac37 tempest-GroupsTest-1779153825 tempest-GroupsTest-1779153825-project] Empty body provided in request {{(pid=98697) get_body /opt/stack/cinder/cinder/api/openstack/wsgi.py:713}}
Jun 07 17:35:31.550737 dv-cinder-789564-3-smb devstack@c-api.service[98697]: /usr/local/lib/python3.8/dist-packages/webob/acceptparse.py:1047: DeprecationWarning: The behavior of AcceptValidHeader.best_match is currently being maintained for backward compatibility, but it will be deprecated in the future, as it does not conform to the RFC.
Jun 07 17:35:31.550737 dv-cinder-789564-3-smb devstack@c-api.service[98697]: warnings.warn(
Jun 07 17:35:31.551073 dv-cinder-789564-3-smb devstack@c-api.service[98697]: DEBUG cinder.api.openstack.wsgi [None req-61570d55-a948-4f07-9040-dd5d99d1ac37 tempest-GroupsTest-1779153825 tempest-GroupsTest-1779153825-project] Calling method 'show' {{(pid=98697) _process_stack /opt/stack/cinder/cinder/api/openstack/wsgi.py:866}}
Jun 07 17:35:31.613449 dv-cinder-789564-3-smb devstack@c-api.service[98696]: INFO cinder.api.openstack.wsgi [None req-3dc2f0f7-eef1-433b-9794-76a73f11a673 tempest-GroupSnapshotsTest-2122809715 tempest-GroupSnapshotsTest-2122809715-project] GET http://10.222.0.25/volume/v3/b456082dd06a4918bd076cb20d469003/volumes/55640e88-2f3c-4349-8c96-8191dc70d25e
Jun 07 17:35:31.615051 dv-cinder-789564-3-smb devstack@c-api.service[98696]: DEBUG cinder.api.openstack.wsgi [None req-3dc2f0f7-eef1-433b-9794-76a73f11a673 tempest-GroupSnapshotsTest-2122809715 tempest-GroupSnapshotsTest-2122809715-project] Empty body provided in request {{(pid=98696) get_body /opt/stack/cinder/cinder/api/openstack/wsgi.py:713}}
Jun 07 17:35:31.615428 dv-cinder-789564-3-smb devstack@c-api.service[98696]: /usr/local/lib/python3.8/dist-packages/webob/acceptparse.py:1047: DeprecationWarning: The behavior of AcceptValidHeader.best_match is currently being maintained for backward compatibility, but it will be deprecated in the future, as it does not conform to the RFC.
Jun 07 17:35:31.615428 dv-cinder-789564-3-smb devstack@c-api.service[98696]: warnings.warn(
Jun 07 17:35:31.616123 dv-cinder-789564-3-smb devstack@c-api.service[98696]: DEBUG cinder.api.openstack.wsgi [None req-3dc2f0f7-eef1-433b-9794-76a73f11a673 tempest-GroupSnapshotsTest-2122809715 tempest-GroupSnapshotsTest-2122809715-project] Calling method 'show' {{(pid=98696) _process_stack /opt/stack/cinder/cinder/api/openstack/wsgi.py:866}}
Jun 07 17:35:31.652868 dv-cinder-789564-3-smb devstack@c-api.service[98697]: INFO cinder.api.openstack.wsgi [None req-61570d55-a948-4f07-9040-dd5d99d1ac37 tempest-GroupsTest-1779153825 tempest-GroupsTest-1779153825-project] http://10.222.0.25/volume/v3/2aa6ffb3b18a4995b58a377306043a01/volumes/c9f1d285-1d91-432a-8ff3-9ca693226db6 returned with HTTP 404
Jun 07 17:35:31.653852 dv-cinder-789564-3-smb devstack@c-api.service[98697]: [pid: 98697|app: 0|req: 126/229] 10.222.0.25 () {60 vars in 1366 bytes} [Mon Jun 7 17:35:31 2021] GET /volume/v3/2aa6ffb3b18a4995b58a377306043a01/volumes/c9f1d285-1d91-432a-8ff3-9ca693226db6 => generated 109 bytes in 111 msecs (HTTP/1.1 404) 7 headers in 293 bytes (1 switches on core 0)
Jun 07 17:35:31.662290 dv-cinder-789564-3-smb devstack@c-api.service[98697]: INFO cinder.api.openstack.wsgi [None req-ef369b83-588d-4732-9450-fe8c94d5a623 tempest-GroupsTest-1779153825 tempest-GroupsTest-1779153825-project] GET http://10.222.0.25/volume/v3/2aa6ffb3b18a4995b58a377306043a01/groups/da902456-8dfb-4430-917f-c2a9e5e026cc
Jun 07 17:35:31.662786 dv-cinder-789564-3-smb devstack@c-api.service[98697]: DEBUG cinder.api.openstack.wsgi [None req-ef369b83-588d-4732-9450-fe8c94d5a623 tempest-GroupsTest-1779153825 tempest-GroupsTest-1779153825-project] Empty body provided in request {{(pid=98697) get_body /opt/stack/cinder/cinder/api/openstack/wsgi.py:713}}
Jun 07 17:35:31.663375 dv-cinder-789564-3-smb devstack@c-api.service[98697]: DEBUG cinder.api.openstack.wsgi [None req-ef369b83-588d-4732-9450-fe8c94d5a623 tempest-GroupsTest-1779153825 tempest-GroupsTest-1779153825-project] Calling method 'version_select' {{(pid=98697) _process_stack /opt/stack/cinder/cinder/api/openstack/wsgi.py:866}}
Jun 07 17:35:31.663877 dv-cinder-789564-3-smb devstack@c-api.service[98697]: DEBUG cinder.api.v3.groups [None req-ef369b83-588d-4732-9450-fe8c94d5a623 tempest-GroupsTest-1779153825 tempest-GroupsTest-1779153825-project] show called for member da902456-8dfb-4430-917f-c2a9e5e026cc {{(pid=98697) show /opt/stack/cinder/cinder/api/v3/groups.py:58}}
Jun 07 17:35:31.679371 dv-cinder-789564-3-smb devstack@c-api.service[98697]: INFO cinder.api.openstack.wsgi [None req-ef369b83-588d-4732-9450-fe8c94d5a623 tempest-GroupsTest-1779153825 tempest-GroupsTest-1779153825-project] http://10.222.0.25/volume/v3/2aa6ffb3b18a4995b58a377306043a01/groups/da902456-8dfb-4430-917f-c2a9e5e026cc returned with HTTP 404
Jun 07 17:35:31.680486 dv-cinder-789564-3-smb devstack@c-api.service[98697]: [pid: 98697|app: 0|req: 127/230] 10.222.0.25 () {60 vars in 1363 bytes} [Mon Jun 7 17:35:31 2021] GET /volume/v3/2aa6ffb3b18a4995b58a377306043a01/groups/da902456-8dfb-4430-917f-c2a9e5e026cc => generated 108 bytes in 23 msecs (HTTP/1.1 404) 7 headers in 293 bytes (2 switches on core 0)
Jun 07 17:35:31.688218 dv-cinder-789564-3-smb devstack@c-api.service[98697]: INFO cinder.api.openstack.wsgi [None req-f7bf89e1-0fd4-4eea-87f5-b49a7c362803 tempest-GroupsTest-1779153825 tempest-GroupsTest-1779153825-project] POST http://10.222.0.25/volume/v3/2aa6ffb3b18a4995b58a377306043a01/groups/f467ec81-a515-4b5f-858d-ed4819e75f6d/action
Jun 07 17:35:31.689494 dv-cinder-789564-3-smb devstack@c-api.service[98697]: DEBUG cinder.api.openstack.wsgi [None req-f7bf89e1-0fd4-4eea-87f5-b49a7c362803 tempest-GroupsTest-1779153825 tempest-GroupsTest-1779153825-project] Action body: b'{"delete": {"delete-volumes": false}}' {{(pid=98697) get_method /opt/stack/cinder/cinder/api/openstack/wsgi.py:981}}
Jun 07 17:35:31.690071 dv-cinder-789564-3-smb devstack@c-api.service[98697]: DEBUG cinder.api.openstack.wsgi [None req-f7bf89e1-0fd4-4eea-87f5-b49a7c362803 tempest-GroupsTest-1779153825 tempest-GroupsTest-1779153825-project] Action: 'action', calling method: delete_group, body: {"delete": {"delete-volumes": false}} {{(pid=98697) _process_stack /opt/stack/cinder/cinder/api/openstack/wsgi.py:864}}
Jun 07 17:35:31.691052 dv-cinder-789564-3-smb devstack@c-api.service[98697]: DEBUG cinder.api.v3.groups [None req-f7bf89e1-0fd4-4eea-87f5-b49a7c362803 tempest-GroupsTest-1779153825 tempest-GroupsTest-1779153825-project] delete called for group f467ec81-a515-4b5f-858d-ed4819e75f6d {{(pid=98697) _delete /opt/stack/cinder/cinder/api/v3/groups.py:117}}
Jun 07 17:35:31.701023 dv-cinder-789564-3-smb devstack@c-api.service[98697]: INFO cinder.api.v3.groups [None req-f7bf89e1-0fd4-4eea-87f5-b49a7c362803 tempest-GroupsTest-1779153825 tempest-GroupsTest-1779153825-project] Delete group with id: f467ec81-a515-4b5f-858d-ed4819e75f6d
Jun 07 17:35:31.708913 dv-cinder-789564-3-smb devstack@c-api.service[98697]: /usr/local/lib/python3.8/dist-packages/oslo_context/context.py:105: DeprecationWarning: Policy enforcement is depending on the value of is_admin. This key is deprecated. Please update your policy file to use the standard policy values.
Jun 07 17:35:31.708913 dv-cinder-789564-3-smb devstack@c-api.service[98697]: warnings.warn('Policy enforcement is depending on the value of '
Jun 07 17:35:31.746731 dv-cinder-789564-3-smb devstack@c-api.service[98696]: /usr/local/lib/python3.8/dist-packages/oslo_context/context.py:105: DeprecationWarning: Policy enforcement is depending on the value of is_admin. This key is deprecated. Please update your policy file to use the standard policy values.
Jun 07 17:35:31.746731 dv-cinder-789564-3-smb devstack@c-api.service[98696]: warnings.warn('Policy enforcement is depending on the value of '
Jun 07 17:35:31.770800 dv-cinder-789564-3-smb devstack@c-api.service[98696]: INFO cinder.volume.api [None req-3dc2f0f7-eef1-433b-9794-76a73f11a673 tempest-GroupSnapshotsTest-2122809715 tempest-GroupSnapshotsTest-2122809715-project] Volume info retrieved successfully.
Jun 07 17:35:31.811153 dv-cinder-789564-3-smb devstack@c-api.service[98696]: WARNING stevedore.named [None req-3dc2f0f7-eef1-433b-9794-76a73f11a673 tempest-GroupSnapshotsTest-2122809715 tempest-GroupSnapshotsTest-2122809715-project] Could not load cinder.keymgr.conf_key_mgr.ConfKeyManager
Jun 07 17:35:31.811573 dv-cinder-789564-3-smb devstack@c-api.service[98696]: WARNING castellan.key_manager [None req-3dc2f0f7-eef1-433b-9794-76a73f11a673 tempest-GroupSnapshotsTest-2122809715 tempest-GroupSnapshotsTest-2122809715-project] Deprecation Warning : cinder.keymgr.conf_key_mgr.ConfKeyManager is not a stevedore based driver, trying to load it as a class: stevedore.exception.NoMatches: No 'castellan.drivers' driver found, looking for 'cinder.keymgr.conf_key_mgr.ConfKeyManager'
Jun 07 17:35:31.823420 dv-cinder-789564-3-smb devstack@c-api.service[98696]: DEBUG oslo_db.sqlalchemy.engines [None req-3dc2f0f7-eef1-433b-9794-76a73f11a673 tempest-GroupSnapshotsTest-2122809715 tempest-GroupSnapshotsTest-2122809715-project] MySQL server mode set to STRICT_TRANS_TABLES,STRICT_ALL_TABLES,NO_ZERO_IN_DATE,NO_ZERO_DATE,ERROR_FOR_DIVISION_BY_ZERO,TRADITIONAL,NO_ENGINE_SUBSTITUTION {{(pid=98696) _check_effective_sql_mode /usr/local/lib/python3.8/dist-packages/oslo_db/sqlalchemy/engines.py:314}}
Jun 07 17:35:31.834115 dv-cinder-789564-3-smb devstack@c-api.service[98696]: /usr/local/lib/python3.8/dist-packages/oslo_context/context.py:105: DeprecationWarning: Policy enforcement is depending on the value of is_admin. This key is deprecated. Please update your policy file to use the standard policy values.
Jun 07 17:35:31.834115 dv-cinder-789564-3-smb devstack@c-api.service[98696]: warnings.warn('Policy enforcement is depending on the value of '
Jun 07 17:35:31.870123 dv-cinder-789564-3-smb devstack@c-api.service[98697]: INFO cinder.api.openstack.wsgi [None req-f7bf89e1-0fd4-4eea-87f5-b49a7c362803 tempest-GroupsTest-1779153825 tempest-GroupsTest-1779153825-project] http://10.222.0.25/volume/v3/2aa6ffb3b18a4995b58a377306043a01/groups/f467ec81-a515-4b5f-858d-ed4819e75f6d/action returned with HTTP 202
Jun 07 17:35:31.870993 dv-cinder-789564-3-smb devstack@c-api.service[98697]: [pid: 98697|app: 0|req: 128/231] 10.222.0.25 () {62 vars in 1405 bytes} [Mon Jun 7 17:35:31 2021] POST /volume/v3/2aa6ffb3b18a4995b58a377306043a01/groups/f467ec81-a515-4b5f-858d-ed4819e75f6d/action => generated 0 bytes in 186 msecs (HTTP/1.1 202) 6 headers in 234 bytes (2 switches on core 0)
Jun 07 17:35:31.879507 dv-cinder-789564-3-smb devstack@c-api.service[98697]: INFO cinder.api.openstack.wsgi [None req-95d5d068-b8ef-440d-a969-47357732eee9 tempest-GroupsTest-1779153825 tempest-GroupsTest-1779153825-project] GET http://10.222.0.25/volume/v3/2aa6ffb3b18a4995b58a377306043a01/groups/f467ec81-a515-4b5f-858d-ed4819e75f6d
Jun 07 17:35:31.880020 dv-cinder-789564-3-smb devstack@c-api.service[98697]: DEBUG cinder.api.openstack.wsgi [None req-95d5d068-b8ef-440d-a969-47357732eee9 tempest-GroupsTest-1779153825 tempest-GroupsTest-1779153825-project] Empty body provided in request {{(pid=98697) get_body /opt/stack/cinder/cinder/api/openstack/wsgi.py:713}}
Jun 07 17:35:31.880198 dv-cinder-789564-3-smb devstack@c-api.service[98697]: /usr/local/lib/python3.8/dist-packages/webob/acceptparse.py:1047: DeprecationWarning: The behavior of AcceptValidHeader.best_match is currently being maintained for backward compatibility, but it will be deprecated in the future, as it does not conform to the RFC.
Jun 07 17:35:31.880198 dv-cinder-789564-3-smb devstack@c-api.service[98697]: warnings.warn(
Jun 07 17:35:31.880513 dv-cinder-789564-3-smb devstack@c-api.service[98697]: DEBUG cinder.api.openstack.wsgi [None req-95d5d068-b8ef-440d-a969-47357732eee9 tempest-GroupsTest-1779153825 tempest-GroupsTest-1779153825-project] Calling method 'version_select' {{(pid=98697) _process_stack /opt/stack/cinder/cinder/api/openstack/wsgi.py:866}}
Jun 07 17:35:31.880896 dv-cinder-789564-3-smb devstack@c-api.service[98697]: DEBUG cinder.api.v3.groups [None req-95d5d068-b8ef-440d-a969-47357732eee9 tempest-GroupsTest-1779153825 tempest-GroupsTest-1779153825-project] show called for member f467ec81-a515-4b5f-858d-ed4819e75f6d {{(pid=98697) show /opt/stack/cinder/cinder/api/v3/groups.py:58}}
Jun 07 17:35:31.885559 dv-cinder-789564-3-smb devstack@c-api.service[98696]: INFO cinder.api.openstack.wsgi [None req-3dc2f0f7-eef1-433b-9794-76a73f11a673 tempest-GroupSnapshotsTest-2122809715 tempest-GroupSnapshotsTest-2122809715-project] http://10.222.0.25/volume/v3/b456082dd06a4918bd076cb20d469003/volumes/55640e88-2f3c-4349-8c96-8191dc70d25e returned with HTTP 200
Jun 07 17:35:31.893628 dv-cinder-789564-3-smb devstack@c-api.service[98696]: [pid: 98696|app: 0|req: 104/232] 10.222.0.25 () {60 vars in 1366 bytes} [Mon Jun 7 17:35:31 2021] GET /volume/v3/b456082dd06a4918bd076cb20d469003/volumes/55640e88-2f3c-4349-8c96-8191dc70d25e => generated 1000 bytes in 284 msecs (HTTP/1.1 200) 7 headers in 287 bytes (2 switches on core 0)
Jun 07 17:35:31.908112 dv-cinder-789564-3-smb devstack@c-api.service[98697]: /usr/local/lib/python3.8/dist-packages/oslo_context/context.py:105: DeprecationWarning: Policy enforcement is depending on the value of is_admin. This key is deprecated. Please update your policy file to use the standard policy values.
Jun 07 17:35:31.908112 dv-cinder-789564-3-smb devstack@c-api.service[98697]: warnings.warn('Policy enforcement is depending on the value of '
Jun 07 17:35:31.910096 dv-cinder-789564-3-smb devstack@c-api.service[98696]: INFO cinder.api.openstack.wsgi [None req-1ec55b83-5b03-46fa-a78d-98a0b0b0c3ff tempest-GroupSnapshotsTest-2122809715 tempest-GroupSnapshotsTest-2122809715-project] POST http://10.222.0.25/volume/v3/b456082dd06a4918bd076cb20d469003/group_snapshots
Jun 07 17:35:31.910710 dv-cinder-789564-3-smb devstack@c-api.service[98696]: /usr/local/lib/python3.8/dist-packages/webob/acceptparse.py:1047: DeprecationWarning: The behavior of AcceptValidHeader.best_match is currently being maintained for backward compatibility, but it will be deprecated in the future, as it does not conform to the RFC.
Jun 07 17:35:31.910710 dv-cinder-789564-3-smb devstack@c-api.service[98696]: warnings.warn(
Jun 07 17:35:31.911159 dv-cinder-789564-3-smb devstack@c-api.service[98696]: DEBUG cinder.api.openstack.wsgi [None req-1ec55b83-5b03-46fa-a78d-98a0b0b0c3ff tempest-GroupSnapshotsTest-2122809715 tempest-GroupSnapshotsTest-2122809715-project] Action: 'create', calling method: version_select, body: {"group_snapshot": {"group_id": "5617f5ae-829b-4a94-96c9-5f10c49fc825", "name": "tempest-group_snapshot-2060935904"}} {{(pid=98696) _process_stack /opt/stack/cinder/cinder/api/openstack/wsgi.py:864}}
Jun 07 17:35:31.912118 dv-cinder-789564-3-smb devstack@c-api.service[98696]: DEBUG cinder.api.v3.group_snapshots [None req-1ec55b83-5b03-46fa-a78d-98a0b0b0c3ff tempest-GroupSnapshotsTest-2122809715 tempest-GroupSnapshotsTest-2122809715-project] Creating new group_snapshot {'group_snapshot': {'group_id': '5617f5ae-829b-4a94-96c9-5f10c49fc825', 'name': 'tempest-group_snapshot-2060935904'}} {{(pid=98696) create /opt/stack/cinder/cinder/api/v3/group_snapshots.py:154}}
Jun 07 17:35:31.931770 dv-cinder-789564-3-smb devstack@c-api.service[98696]: /usr/local/lib/python3.8/dist-packages/oslo_context/context.py:105: DeprecationWarning: Policy enforcement is depending on the value of is_admin. This key is deprecated. Please update your policy file to use the standard policy values.
Jun 07 17:35:31.931770 dv-cinder-789564-3-smb devstack@c-api.service[98696]: warnings.warn('Policy enforcement is depending on the value of '
Jun 07 17:35:31.961085 dv-cinder-789564-3-smb devstack@c-api.service[98696]: INFO cinder.api.v3.group_snapshots [None req-1ec55b83-5b03-46fa-a78d-98a0b0b0c3ff tempest-GroupSnapshotsTest-2122809715 tempest-GroupSnapshotsTest-2122809715-project] Creating group_snapshot tempest-group_snapshot-2060935904.
Jun 07 17:35:31.973745 dv-cinder-789564-3-smb devstack@c-api.service[98697]: INFO cinder.api.openstack.wsgi [None req-95d5d068-b8ef-440d-a969-47357732eee9 tempest-GroupsTest-1779153825 tempest-GroupsTest-1779153825-project] http://10.222.0.25/volume/v3/2aa6ffb3b18a4995b58a377306043a01/groups/f467ec81-a515-4b5f-858d-ed4819e75f6d returned with HTTP 200
Jun 07 17:35:31.976511 dv-cinder-789564-3-smb devstack@c-api.service[98697]: [pid: 98697|app: 0|req: 129/233] 10.222.0.25 () {60 vars in 1363 bytes} [Mon Jun 7 17:35:31 2021] GET /volume/v3/2aa6ffb3b18a4995b58a377306043a01/groups/f467ec81-a515-4b5f-858d-ed4819e75f6d => generated 322 bytes in 102 msecs (HTTP/1.1 200) 7 headers in 286 bytes (2 switches on core 0)
Jun 07 17:35:31.987562 dv-cinder-789564-3-smb devstack@c-api.service[98697]: INFO cinder.api.openstack.wsgi [None req-ec31edbe-24a0-4b96-bead-6c720c54f4c8 tempest-DeleteServersTestJSON-545556504 tempest-DeleteServersTestJSON-545556504-project] POST http://10.222.0.25/volume/v3/96fa75b8477c490bb01a5ad3fe63d39e/volumes
Jun 07 17:35:31.990845 dv-cinder-789564-3-smb devstack@c-api.service[98697]: /usr/local/lib/python3.8/dist-packages/webob/acceptparse.py:1047: DeprecationWarning: The behavior of AcceptValidHeader.best_match is currently being maintained for backward compatibility, but it will be deprecated in the future, as it does not conform to the RFC.
Jun 07 17:35:31.990845 dv-cinder-789564-3-smb devstack@c-api.service[98697]: warnings.warn(
Jun 07 17:35:31.992131 dv-cinder-789564-3-smb devstack@c-api.service[98697]: DEBUG cinder.api.openstack.wsgi [None req-ec31edbe-24a0-4b96-bead-6c720c54f4c8 tempest-DeleteServersTestJSON-545556504 tempest-DeleteServersTestJSON-545556504-project] Action: 'create', calling method: create, body: {"volume": {"size": 1, "display_name": "tempest-DeleteServersTestJSON-volume-1382213030"}} {{(pid=98697) _process_stack /opt/stack/cinder/cinder/api/openstack/wsgi.py:864}}
Jun 07 17:35:31.995510 dv-cinder-789564-3-smb devstack@c-api.service[98697]: DEBUG cinder.api.v3.volumes [None req-ec31edbe-24a0-4b96-bead-6c720c54f4c8 tempest-DeleteServersTestJSON-545556504 tempest-DeleteServersTestJSON-545556504-project] Create volume request body: {'volume': {'size': 1, 'display_name': 'tempest-DeleteServersTestJSON-volume-1382213030'}} {{(pid=98697) create /opt/stack/cinder/cinder/api/v3/volumes.py:289}}
Jun 07 17:35:31.996185 dv-cinder-789564-3-smb devstack@c-api.service[98697]: INFO cinder.api.v3.volumes [None req-ec31edbe-24a0-4b96-bead-6c720c54f4c8 tempest-DeleteServersTestJSON-545556504 tempest-DeleteServersTestJSON-545556504-project] Create volume of 1 GB
Jun 07 17:35:31.999820 dv-cinder-789564-3-smb devstack@c-api.service[98697]: /usr/local/lib/python3.8/dist-packages/oslo_context/context.py:105: DeprecationWarning: Policy enforcement is depending on the value of is_admin. This key is deprecated. Please update your policy file to use the standard policy values.
Jun 07 17:35:31.999820 dv-cinder-789564-3-smb devstack@c-api.service[98697]: warnings.warn('Policy enforcement is depending on the value of '
Jun 07 17:35:32.021616 dv-cinder-789564-3-smb devstack@c-api.service[98697]: INFO cinder.volume.api [None req-ec31edbe-24a0-4b96-bead-6c720c54f4c8 tempest-DeleteServersTestJSON-545556504 tempest-DeleteServersTestJSON-545556504-project] Availability Zones retrieved successfully.
Jun 07 17:35:32.060846 dv-cinder-789564-3-smb devstack@c-api.service[98696]: /usr/local/lib/python3.8/dist-packages/oslo_context/context.py:105: DeprecationWarning: Policy enforcement is depending on the value of is_admin. This key is deprecated. Please update your policy file to use the standard policy values.
Jun 07 17:35:32.060846 dv-cinder-789564-3-smb devstack@c-api.service[98696]: warnings.warn('Policy enforcement is depending on the value of '
Jun 07 17:35:32.061339 dv-cinder-789564-3-smb devstack@c-api.service[98697]: DEBUG cinder.volume.api [None req-ec31edbe-24a0-4b96-bead-6c720c54f4c8 tempest-DeleteServersTestJSON-545556504 tempest-DeleteServersTestJSON-545556504-project] Flow 'volume_create_api' (4af8bb11-2898-4cca-ada3-0b6afefbdb70) transitioned into state 'RUNNING' from state 'PENDING' {{(pid=98697) _flow_receiver /usr/local/lib/python3.8/dist-packages/taskflow/listeners/logging.py:141}}
Jun 07 17:35:32.065863 dv-cinder-789564-3-smb devstack@c-api.service[98697]: DEBUG cinder.volume.api [None req-ec31edbe-24a0-4b96-bead-6c720c54f4c8 tempest-DeleteServersTestJSON-545556504 tempest-DeleteServersTestJSON-545556504-project] Task 'cinder.volume.flows.api.create_volume.ExtractVolumeRequestTask;volume:create' (05b3cabf-0b5d-48fe-8ae0-86efba6c5592) transitioned into state 'RUNNING' from state 'PENDING' {{(pid=98697) _task_receiver /usr/local/lib/python3.8/dist-packages/taskflow/listeners/logging.py:190}}
Jun 07 17:35:32.067880 dv-cinder-789564-3-smb devstack@c-api.service[98697]: DEBUG cinder.volume.flows.api.create_volume [None req-ec31edbe-24a0-4b96-bead-6c720c54f4c8 tempest-DeleteServersTestJSON-545556504 tempest-DeleteServersTestJSON-545556504-project] Validating volume size '1' using validate_int {{(pid=98697) _extract_size /opt/stack/cinder/cinder/volume/flows/api/create_volume.py:201}}
Jun 07 17:35:32.124573 dv-cinder-789564-3-smb devstack@c-api.service[98696]: WARNING cinder.quota [None req-1ec55b83-5b03-46fa-a78d-98a0b0b0c3ff tempest-GroupSnapshotsTest-2122809715 tempest-GroupSnapshotsTest-2122809715-project] Deprecated: Default quota for resource: snapshots_tempest-GroupSnapshotsTest-volume-type-1297953683 is set by the default quota flag: quota_snapshots_tempest-GroupSnapshotsTest-volume-type-1297953683, it is now deprecated. Please use the default quota class for default quota.
Jun 07 17:35:32.185058 dv-cinder-789564-3-smb devstack@c-api.service[98697]: DEBUG cinder.volume.api [None req-ec31edbe-24a0-4b96-bead-6c720c54f4c8 tempest-DeleteServersTestJSON-545556504 tempest-DeleteServersTestJSON-545556504-project] Task 'cinder.volume.flows.api.create_volume.ExtractVolumeRequestTask;volume:create' (05b3cabf-0b5d-48fe-8ae0-86efba6c5592) transitioned into state 'SUCCESS' from state 'RUNNING' with result '{'size': 1, 'snapshot_id': None, 'source_volid': None, 'volume_type': VolumeType(created_at=2021-06-07T17:25:36Z,deleted=False,deleted_at=None,description='Default Volume Type',extra_specs={},id=54973918-6ea0-4e2c-97f3-161214ce238b,is_public=True,name='__DEFAULT__',projects=[],qos_specs=,qos_specs_id=None,updated_at=2021-06-07T17:25:36Z), 'volume_type_id': '54973918-6ea0-4e2c-97f3-161214ce238b', 'encryption_key_id': None, 'qos_specs': None, 'consistencygroup_id': None, 'cgsnapshot_id': None, 'group_id': None, 'replication_status': 'disabled', 'refresh_az': False, 'backup_id': None, 'multiattach': False, 'availability_zones': ['nova']}' {{(pid=98697) _task_receiver /usr/local/lib/python3.8/dist-packages/taskflow/listeners/logging.py:178}}
Jun 07 17:35:32.188479 dv-cinder-789564-3-smb devstack@c-api.service[98697]: DEBUG cinder.volume.api [None req-ec31edbe-24a0-4b96-bead-6c720c54f4c8 tempest-DeleteServersTestJSON-545556504 tempest-DeleteServersTestJSON-545556504-project] Task 'cinder.volume.flows.api.create_volume.QuotaReserveTask;volume:create' (06b8445c-b378-4b34-a0b5-b1829ee825fa) transitioned into state 'RUNNING' from state 'PENDING' {{(pid=98697) _task_receiver /usr/local/lib/python3.8/dist-packages/taskflow/listeners/logging.py:190}}
Jun 07 17:35:32.200465 dv-cinder-789564-3-smb devstack@c-api.service[98696]: DEBUG cinder.quota [None req-1ec55b83-5b03-46fa-a78d-98a0b0b0c3ff tempest-GroupSnapshotsTest-2122809715 tempest-GroupSnapshotsTest-2122809715-project] Created reservations ['783e474e-625d-45a6-9c69-549a6d4e4f13', '1c54b66a-3a79-47ac-bdd8-36a8bb974fbc', '049990cf-5cd3-4413-a6ca-65e148d6dcda', 'ed4f8033-bfaa-40e0-adda-9b3474bd3153'] {{(pid=98696) reserve /opt/stack/cinder/cinder/quota.py:755}}
Jun 07 17:35:32.320082 dv-cinder-789564-3-smb devstack@c-api.service[98696]: INFO cinder.api.openstack.wsgi [None req-1ec55b83-5b03-46fa-a78d-98a0b0b0c3ff tempest-GroupSnapshotsTest-2122809715 tempest-GroupSnapshotsTest-2122809715-project] http://10.222.0.25/volume/v3/b456082dd06a4918bd076cb20d469003/group_snapshots returned with HTTP 202
Jun 07 17:35:32.321488 dv-cinder-789564-3-smb devstack@c-api.service[98696]: [pid: 98696|app: 0|req: 105/234] 10.222.0.25 () {62 vars in 1301 bytes} [Mon Jun 7 17:35:31 2021] POST /volume/v3/b456082dd06a4918bd076cb20d469003/group_snapshots => generated 168 bytes in 422 msecs (HTTP/1.1 202) 7 headers in 292 bytes (1 switches on core 0)
Jun 07 17:35:32.331796 dv-cinder-789564-3-smb devstack@c-api.service[98696]: INFO cinder.api.openstack.wsgi [None req-06434109-1429-4769-9947-99d49185aef9 tempest-GroupSnapshotsTest-2122809715 tempest-GroupSnapshotsTest-2122809715-project] GET http://10.222.0.25/volume/v3/b456082dd06a4918bd076cb20d469003/group_snapshots/a12711c0-45a6-44d9-bff1-bcfb9af5388a
Jun 07 17:35:32.332516 dv-cinder-789564-3-smb devstack@c-api.service[98696]: DEBUG cinder.api.openstack.wsgi [None req-06434109-1429-4769-9947-99d49185aef9 tempest-GroupSnapshotsTest-2122809715 tempest-GroupSnapshotsTest-2122809715-project] Empty body provided in request {{(pid=98696) get_body /opt/stack/cinder/cinder/api/openstack/wsgi.py:713}}
Jun 07 17:35:32.332872 dv-cinder-789564-3-smb devstack@c-api.service[98696]: /usr/local/lib/python3.8/dist-packages/webob/acceptparse.py:1047: DeprecationWarning: The behavior of AcceptValidHeader.best_match is currently being maintained for backward compatibility, but it will be deprecated in the future, as it does not conform to the RFC.
Jun 07 17:35:32.332872 dv-cinder-789564-3-smb devstack@c-api.service[98696]: warnings.warn(
Jun 07 17:35:32.333442 dv-cinder-789564-3-smb devstack@c-api.service[98696]: DEBUG cinder.api.openstack.wsgi [None req-06434109-1429-4769-9947-99d49185aef9 tempest-GroupSnapshotsTest-2122809715 tempest-GroupSnapshotsTest-2122809715-project] Calling method 'version_select' {{(pid=98696) _process_stack /opt/stack/cinder/cinder/api/openstack/wsgi.py:866}}
Jun 07 17:35:32.333786 dv-cinder-789564-3-smb devstack@c-api.service[98696]: DEBUG cinder.api.v3.group_snapshots [None req-06434109-1429-4769-9947-99d49185aef9 tempest-GroupSnapshotsTest-2122809715 tempest-GroupSnapshotsTest-2122809715-project] show called for member a12711c0-45a6-44d9-bff1-bcfb9af5388a {{(pid=98696) show /opt/stack/cinder/cinder/api/v3/group_snapshots.py:58}}
Jun 07 17:35:32.346537 dv-cinder-789564-3-smb devstack@c-api.service[98696]: /usr/local/lib/python3.8/dist-packages/oslo_context/context.py:105: DeprecationWarning: Policy enforcement is depending on the value of is_admin. This key is deprecated. Please update your policy file to use the standard policy values.
Jun 07 17:35:32.346537 dv-cinder-789564-3-smb devstack@c-api.service[98696]: warnings.warn('Policy enforcement is depending on the value of '
Jun 07 17:35:32.369991 dv-cinder-789564-3-smb devstack@c-api.service[98696]: INFO cinder.api.openstack.wsgi [None req-06434109-1429-4769-9947-99d49185aef9 tempest-GroupSnapshotsTest-2122809715 tempest-GroupSnapshotsTest-2122809715-project] http://10.222.0.25/volume/v3/b456082dd06a4918bd076cb20d469003/group_snapshots/a12711c0-45a6-44d9-bff1-bcfb9af5388a returned with HTTP 200
Jun 07 17:35:32.373065 dv-cinder-789564-3-smb devstack@c-api.service[98696]: [pid: 98696|app: 0|req: 106/235] 10.222.0.25 () {60 vars in 1390 bytes} [Mon Jun 7 17:35:32 2021] GET /volume/v3/b456082dd06a4918bd076cb20d469003/group_snapshots/a12711c0-45a6-44d9-bff1-bcfb9af5388a => generated 307 bytes in 46 msecs (HTTP/1.1 200) 7 headers in 286 bytes (2 switches on core 0)
Jun 07 17:35:32.431831 dv-cinder-789564-3-smb devstack@c-api.service[98697]: DEBUG cinder.quota [None req-ec31edbe-24a0-4b96-bead-6c720c54f4c8 tempest-DeleteServersTestJSON-545556504 tempest-DeleteServersTestJSON-545556504-project] Created reservations ['dea0d905-307f-4e0c-9532-4f39c77c01aa', '4ff23bb7-adcf-44bc-b07f-23edd019cb48', 'a4da61b6-c193-4340-9617-d89284595989', '8c06c13d-e798-4464-ad6d-1293bdafd389'] {{(pid=98697) reserve /opt/stack/cinder/cinder/quota.py:755}}
Jun 07 17:35:32.435203 dv-cinder-789564-3-smb devstack@c-api.service[98697]: DEBUG cinder.volume.api [None req-ec31edbe-24a0-4b96-bead-6c720c54f4c8 tempest-DeleteServersTestJSON-545556504 tempest-DeleteServersTestJSON-545556504-project] Task 'cinder.volume.flows.api.create_volume.QuotaReserveTask;volume:create' (06b8445c-b378-4b34-a0b5-b1829ee825fa) transitioned into state 'SUCCESS' from state 'RUNNING' with result '{'reservations': ['dea0d905-307f-4e0c-9532-4f39c77c01aa', '4ff23bb7-adcf-44bc-b07f-23edd019cb48', 'a4da61b6-c193-4340-9617-d89284595989', '8c06c13d-e798-4464-ad6d-1293bdafd389']}' {{(pid=98697) _task_receiver /usr/local/lib/python3.8/dist-packages/taskflow/listeners/logging.py:178}}
Jun 07 17:35:32.437336 dv-cinder-789564-3-smb devstack@c-api.service[98697]: DEBUG cinder.volume.api [None req-ec31edbe-24a0-4b96-bead-6c720c54f4c8 tempest-DeleteServersTestJSON-545556504 tempest-DeleteServersTestJSON-545556504-project] Task 'cinder.volume.flows.api.create_volume.EntryCreateTask;volume:create' (431725ea-1d89-4b15-8c46-df279f4f2c26) transitioned into state 'RUNNING' from state 'PENDING' {{(pid=98697) _task_receiver /usr/local/lib/python3.8/dist-packages/taskflow/listeners/logging.py:190}}
Jun 07 17:35:32.551325 dv-cinder-789564-3-smb devstack@c-api.service[98697]: DEBUG cinder.volume.api [None req-ec31edbe-24a0-4b96-bead-6c720c54f4c8 tempest-DeleteServersTestJSON-545556504 tempest-DeleteServersTestJSON-545556504-project] Task 'cinder.volume.flows.api.create_volume.EntryCreateTask;volume:create' (431725ea-1d89-4b15-8c46-df279f4f2c26) transitioned into state 'SUCCESS' from state 'RUNNING' with result '{'volume_id': '44850e2c-c809-43cd-8087-7c8b28fb54e5', 'volume_properties': VolumeProperties(attach_status='detached',availability_zone='nova',cgsnapshot_id=None,consistencygroup_id=None,display_description=None,display_name='tempest-DeleteServersTestJSON-volume-1382213030',encryption_key_id=None,group_id=None,group_type_id=,metadata={},multiattach=False,project_id='96fa75b8477c490bb01a5ad3fe63d39e',qos_specs=None,replication_status=,reservations=['dea0d905-307f-4e0c-9532-4f39c77c01aa','4ff23bb7-adcf-44bc-b07f-23edd019cb48','a4da61b6-c193-4340-9617-d89284595989','8c06c13d-e798-4464-ad6d-1293bdafd389'],size=1,snapshot_id=None,source_replicaid=,source_volid=None,status='creating',user_id='02769bb40f3d47f991928c187f5a3bd7',volume_type_id=54973918-6ea0-4e2c-97f3-161214ce238b), 'volume': Volume(_name_id=None,admin_metadata=,attach_status='detached',availability_zone='nova',bootable=False,cluster=,cluster_name=None,consistencygroup=,consistencygroup_id=None,created_at=2021-06-07T17:35:32Z,deleted=False,deleted_at=None,display_description=None,display_name='tempest-DeleteServersTestJSON-volume-1382213030',ec2_id=None,encryption_key_id=None,glance_metadata=,group=,group_id=None,host=None,id=44850e2c-c809-43cd-8087-7c8b28fb54e5,launched_at=None,metadata={},migration_status=None,multiattach=False,previous_status=None,project_id='96fa75b8477c490bb01a5ad3fe63d39e',provider_auth=None,provider_geometry=None,provider_id=None,provider_location=None,replication_driver_data=None,replication_extended_status=None,replication_status=None,scheduled_at=None,service_uuid=None,shared_targets=True,size=1,snapshot_id=None,snapshots=,source_volid=None,status='creating',terminated_at=None,updated_at=None,user_id='02769bb40f3d47f991928c187f5a3bd7',volume_attachment=,volume_type=VolumeType(54973918-6ea0-4e2c-97f3-161214ce238b),volume_type_id=54973918-6ea0-4e2c-97f3-161214ce238b)}' {{(pid=98697) _task_receiver /usr/local/lib/python3.8/dist-packages/taskflow/listeners/logging.py:178}}
Jun 07 17:35:32.556216 dv-cinder-789564-3-smb devstack@c-api.service[98697]: DEBUG cinder.volume.api [None req-ec31edbe-24a0-4b96-bead-6c720c54f4c8 tempest-DeleteServersTestJSON-545556504 tempest-DeleteServersTestJSON-545556504-project] Task 'cinder.volume.flows.api.create_volume.QuotaCommitTask;volume:create' (29cdef98-1b9b-4893-b4d9-db9d02558634) transitioned into state 'RUNNING' from state 'PENDING' {{(pid=98697) _task_receiver /usr/local/lib/python3.8/dist-packages/taskflow/listeners/logging.py:190}}
Jun 07 17:35:32.617906 dv-cinder-789564-3-smb devstack@c-api.service[98697]: DEBUG cinder.volume.api [None req-ec31edbe-24a0-4b96-bead-6c720c54f4c8 tempest-DeleteServersTestJSON-545556504 tempest-DeleteServersTestJSON-545556504-project] Task 'cinder.volume.flows.api.create_volume.QuotaCommitTask;volume:create' (29cdef98-1b9b-4893-b4d9-db9d02558634) transitioned into state 'SUCCESS' from state 'RUNNING' with result '{'volume_properties': VolumeProperties(attach_status='detached',availability_zone='nova',cgsnapshot_id=None,consistencygroup_id=None,display_description=None,display_name='tempest-DeleteServersTestJSON-volume-1382213030',encryption_key_id=None,group_id=None,group_type_id=,metadata={},multiattach=False,project_id='96fa75b8477c490bb01a5ad3fe63d39e',qos_specs=None,replication_status=,reservations=['dea0d905-307f-4e0c-9532-4f39c77c01aa','4ff23bb7-adcf-44bc-b07f-23edd019cb48','a4da61b6-c193-4340-9617-d89284595989','8c06c13d-e798-4464-ad6d-1293bdafd389'],size=1,snapshot_id=None,source_replicaid=,source_volid=None,status='creating',user_id='02769bb40f3d47f991928c187f5a3bd7',volume_type_id=54973918-6ea0-4e2c-97f3-161214ce238b)}' {{(pid=98697) _task_receiver /usr/local/lib/python3.8/dist-packages/taskflow/listeners/logging.py:178}}
Jun 07 17:35:32.620145 dv-cinder-789564-3-smb devstack@c-api.service[98697]: DEBUG cinder.volume.api [None req-ec31edbe-24a0-4b96-bead-6c720c54f4c8 tempest-DeleteServersTestJSON-545556504 tempest-DeleteServersTestJSON-545556504-project] Task 'cinder.volume.flows.api.create_volume.VolumeCastTask;volume:create' (7417e597-916e-4312-a031-4965f5a28397) transitioned into state 'RUNNING' from state 'PENDING' {{(pid=98697) _task_receiver /usr/local/lib/python3.8/dist-packages/taskflow/listeners/logging.py:190}}
Jun 07 17:35:32.652458 dv-cinder-789564-3-smb devstack@c-api.service[98697]: DEBUG cinder.volume.api [None req-ec31edbe-24a0-4b96-bead-6c720c54f4c8 tempest-DeleteServersTestJSON-545556504 tempest-DeleteServersTestJSON-545556504-project] Task 'cinder.volume.flows.api.create_volume.VolumeCastTask;volume:create' (7417e597-916e-4312-a031-4965f5a28397) transitioned into state 'SUCCESS' from state 'RUNNING' with result 'None' {{(pid=98697) _task_receiver /usr/local/lib/python3.8/dist-packages/taskflow/listeners/logging.py:178}}
Jun 07 17:35:32.655481 dv-cinder-789564-3-smb devstack@c-api.service[98697]: DEBUG cinder.volume.api [None req-ec31edbe-24a0-4b96-bead-6c720c54f4c8 tempest-DeleteServersTestJSON-545556504 tempest-DeleteServersTestJSON-545556504-project] Flow 'volume_create_api' (4af8bb11-2898-4cca-ada3-0b6afefbdb70) transitioned into state 'SUCCESS' from state 'RUNNING' {{(pid=98697) _flow_receiver /usr/local/lib/python3.8/dist-packages/taskflow/listeners/logging.py:141}}
Jun 07 17:35:32.656845 dv-cinder-789564-3-smb devstack@c-api.service[98697]: INFO cinder.volume.api [None req-ec31edbe-24a0-4b96-bead-6c720c54f4c8 tempest-DeleteServersTestJSON-545556504 tempest-DeleteServersTestJSON-545556504-project] Create volume request issued successfully.
Jun 07 17:35:32.675839 dv-cinder-789564-3-smb devstack@c-api.service[98697]: INFO cinder.api.openstack.wsgi [None req-ec31edbe-24a0-4b96-bead-6c720c54f4c8 tempest-DeleteServersTestJSON-545556504 tempest-DeleteServersTestJSON-545556504-project] http://10.222.0.25/volume/v3/96fa75b8477c490bb01a5ad3fe63d39e/volumes returned with HTTP 202
Jun 07 17:35:32.681202 dv-cinder-789564-3-smb devstack@c-api.service[98697]: [pid: 98697|app: 0|req: 130/236] 10.222.0.25 () {60 vars in 1235 bytes} [Mon Jun 7 17:35:31 2021] POST /volume/v3/96fa75b8477c490bb01a5ad3fe63d39e/volumes => generated 821 bytes in 704 msecs (HTTP/1.1 202) 7 headers in 291 bytes (1 switches on core 0)
Jun 07 17:35:32.696096 dv-cinder-789564-3-smb devstack@c-api.service[98696]: INFO cinder.api.openstack.wsgi [None req-2ad262a8-9336-43c4-bd6e-71dac47a58e3 tempest-DeleteServersTestJSON-545556504 tempest-DeleteServersTestJSON-545556504-project] GET http://10.222.0.25/volume/v3/96fa75b8477c490bb01a5ad3fe63d39e/volumes/44850e2c-c809-43cd-8087-7c8b28fb54e5
