May 25 17:43:51.018856 dv-cinder-789564-2-iscsi devstack@c-api.service[105829]: DEBUG cinder.volume.api [None req-1063636c-f207-4d18-ba73-31c126709c9e tempest-VolumesCloneTest-455234508 tempest-VolumesCloneTest-455234508-project] Task 'cinder.volume.flows.api.create_volume.QuotaCommitTask;volume:create' (ec9436a6-fb5e-4903-8a0f-d6915e5de9bf) transitioned into state 'SUCCESS' from state 'RUNNING' with result '{'volume_properties': VolumeProperties(attach_status='detached',availability_zone='nova',cgsnapshot_id=None,consistencygroup_id=None,display_description=None,display_name='tempest-VolumesCloneTest-Volume-1897746716',encryption_key_id=None,group_id=None,group_type_id=,metadata={},multiattach=False,project_id='4d40c9b8fcc64efba3328480640bdc56',qos_specs=None,replication_status=,reservations=['208b539e-c423-42e9-8d6d-6bb37a26ae75','a15f311b-5093-4c88-959c-5e15e430dbb4','39240500-ada2-4cc6-b3a6-93610a1d0d9f','5924d93d-f84e-40f2-b733-f89ab030e8cc'],size=2,snapshot_id=None,source_replicaid=,source_volid=36c176b1-6aa8-47ae-bba5-58dd32e0620e,status='creating',user_id='d71d1e5deea84fff860328a4615f1636',volume_type_id=9aedd224-394f-4891-abdb-c141075d28c0)}' {{(pid=105829) _task_receiver /usr/local/lib/python3.8/dist-packages/taskflow/listeners/logging.py:178}}
May 25 17:43:51.020822 dv-cinder-789564-2-iscsi devstack@c-api.service[105829]: DEBUG cinder.volume.api [None req-1063636c-f207-4d18-ba73-31c126709c9e tempest-VolumesCloneTest-455234508 tempest-VolumesCloneTest-455234508-project] Task 'cinder.volume.flows.api.create_volume.VolumeCastTask;volume:create' (8b94a7e8-d9a2-4c3b-b092-c316fea05bba) transitioned into state 'RUNNING' from state 'PENDING' {{(pid=105829) _task_receiver /usr/local/lib/python3.8/dist-packages/taskflow/listeners/logging.py:190}}
May 25 17:43:51.118366 dv-cinder-789564-2-iscsi devstack@c-api.service[105828]: INFO cinder.volume.api [None req-8852a094-55e3-4de9-bfe9-c0745bcc21ce tempest-VolumesSnapshotNegativeTestJSON-1818377776 tempest-VolumesSnapshotNegativeTestJSON-1818377776-project] Snapshot delete request issued successfully.
May 25 17:43:51.118787 dv-cinder-789564-2-iscsi devstack@c-api.service[105828]: INFO cinder.api.openstack.wsgi [None req-8852a094-55e3-4de9-bfe9-c0745bcc21ce tempest-VolumesSnapshotNegativeTestJSON-1818377776 tempest-VolumesSnapshotNegativeTestJSON-1818377776-project] http://10.222.0.122/volume/v3/770d526af6fe4356874fd63ed9bc6f55/snapshots/0a51c4a8-ddf0-4ee4-b0a7-35494a956147 returned with HTTP 202
May 25 17:43:51.119610 dv-cinder-789564-2-iscsi devstack@c-api.service[105828]: [pid: 105828|app: 0|req: 222/435] 10.222.0.122 () {58 vars in 1339 bytes} [Tue May 25 17:43:50 2021] DELETE /volume/v3/770d526af6fe4356874fd63ed9bc6f55/snapshots/0a51c4a8-ddf0-4ee4-b0a7-35494a956147 => generated 0 bytes in 197 msecs (HTTP/1.1 202) 6 headers in 233 bytes (1 switches on core 0)
May 25 17:43:51.126047 dv-cinder-789564-2-iscsi devstack@c-api.service[105828]: INFO cinder.api.openstack.wsgi [None req-88dd4850-5eac-42b4-a9c6-13b634ddf000 tempest-GroupSnapshotsTest-660447137 tempest-GroupSnapshotsTest-660447137-project] GET http://10.222.0.122/volume/v3/49c9ff0a77484223b3ec851283219c24/volumes/f8a11bf3-07ab-4c2f-aa3d-1e67e8d71b01
May 25 17:43:51.126560 dv-cinder-789564-2-iscsi devstack@c-api.service[105828]: DEBUG cinder.api.openstack.wsgi [None req-88dd4850-5eac-42b4-a9c6-13b634ddf000 tempest-GroupSnapshotsTest-660447137 tempest-GroupSnapshotsTest-660447137-project] Empty body provided in request {{(pid=105828) get_body /opt/stack/cinder/cinder/api/openstack/wsgi.py:713}}
May 25 17:43:51.126742 dv-cinder-789564-2-iscsi devstack@c-api.service[105828]: /usr/local/lib/python3.8/dist-packages/webob/acceptparse.py:1047: DeprecationWarning: The behavior of AcceptValidHeader.best_match is currently being maintained for backward compatibility, but it will be deprecated in the future, as it does not conform to the RFC.
May 25 17:43:51.126742 dv-cinder-789564-2-iscsi devstack@c-api.service[105828]: warnings.warn(
May 25 17:43:51.127072 dv-cinder-789564-2-iscsi devstack@c-api.service[105828]: DEBUG cinder.api.openstack.wsgi [None req-88dd4850-5eac-42b4-a9c6-13b634ddf000 tempest-GroupSnapshotsTest-660447137 tempest-GroupSnapshotsTest-660447137-project] Calling method 'show' {{(pid=105828) _process_stack /opt/stack/cinder/cinder/api/openstack/wsgi.py:866}}
May 25 17:43:51.158962 dv-cinder-789564-2-iscsi devstack@c-api.service[105829]: DEBUG cinder.volume.api [None req-1063636c-f207-4d18-ba73-31c126709c9e tempest-VolumesCloneTest-455234508 tempest-VolumesCloneTest-455234508-project] Task 'cinder.volume.flows.api.create_volume.VolumeCastTask;volume:create' (8b94a7e8-d9a2-4c3b-b092-c316fea05bba) transitioned into state 'SUCCESS' from state 'RUNNING' with result 'None' {{(pid=105829) _task_receiver /usr/local/lib/python3.8/dist-packages/taskflow/listeners/logging.py:178}}
May 25 17:43:51.164090 dv-cinder-789564-2-iscsi devstack@c-api.service[105829]: DEBUG cinder.volume.api [None req-1063636c-f207-4d18-ba73-31c126709c9e tempest-VolumesCloneTest-455234508 tempest-VolumesCloneTest-455234508-project] Flow 'volume_create_api' (b700c02f-9852-4459-859c-1e726b5c8fd9) transitioned into state 'SUCCESS' from state 'RUNNING' {{(pid=105829) _flow_receiver /usr/local/lib/python3.8/dist-packages/taskflow/listeners/logging.py:141}}
May 25 17:43:51.164905 dv-cinder-789564-2-iscsi devstack@c-api.service[105829]: INFO cinder.volume.api [None req-1063636c-f207-4d18-ba73-31c126709c9e tempest-VolumesCloneTest-455234508 tempest-VolumesCloneTest-455234508-project] Create volume request issued successfully.
May 25 17:43:51.179098 dv-cinder-789564-2-iscsi devstack@c-api.service[105828]: /usr/local/lib/python3.8/dist-packages/oslo_context/context.py:105: DeprecationWarning: Policy enforcement is depending on the value of is_admin. This key is deprecated. Please update your policy file to use the standard policy values.
May 25 17:43:51.179098 dv-cinder-789564-2-iscsi devstack@c-api.service[105828]: warnings.warn('Policy enforcement is depending on the value of '
May 25 17:43:51.181899 dv-cinder-789564-2-iscsi devstack@c-api.service[105829]: INFO cinder.api.openstack.wsgi [None req-1063636c-f207-4d18-ba73-31c126709c9e tempest-VolumesCloneTest-455234508 tempest-VolumesCloneTest-455234508-project] http://10.222.0.122/volume/v3/4d40c9b8fcc64efba3328480640bdc56/volumes returned with HTTP 202
May 25 17:43:51.182716 dv-cinder-789564-2-iscsi devstack@c-api.service[105829]: [pid: 105829|app: 0|req: 214/436] 10.222.0.122 () {60 vars in 1241 bytes} [Tue May 25 17:43:50 2021] POST /volume/v3/4d40c9b8fcc64efba3328480640bdc56/volumes => generated 852 bytes in 892 msecs (HTTP/1.1 202) 7 headers in 291 bytes (1 switches on core 0)
May 25 17:43:51.188661 dv-cinder-789564-2-iscsi devstack@c-api.service[105829]: INFO cinder.api.openstack.wsgi [None req-2265cc39-f73d-4e70-9edb-48359588c438 tempest-VolumesDeleteCascade-170956101 tempest-VolumesDeleteCascade-170956101-project] GET http://10.222.0.122/volume/v3/59b1e42712c3464b977faa56e9b779fd/snapshots/2d6299c2-4303-4997-8eff-e1af9248828d
May 25 17:43:51.188976 dv-cinder-789564-2-iscsi devstack@c-api.service[105828]: INFO cinder.volume.api [None req-88dd4850-5eac-42b4-a9c6-13b634ddf000 tempest-GroupSnapshotsTest-660447137 tempest-GroupSnapshotsTest-660447137-project] Volume info retrieved successfully.
May 25 17:43:51.189353 dv-cinder-789564-2-iscsi devstack@c-api.service[105829]: DEBUG cinder.api.openstack.wsgi [None req-2265cc39-f73d-4e70-9edb-48359588c438 tempest-VolumesDeleteCascade-170956101 tempest-VolumesDeleteCascade-170956101-project] Empty body provided in request {{(pid=105829) get_body /opt/stack/cinder/cinder/api/openstack/wsgi.py:713}}
May 25 17:43:51.189621 dv-cinder-789564-2-iscsi devstack@c-api.service[105829]: /usr/local/lib/python3.8/dist-packages/webob/acceptparse.py:1047: DeprecationWarning: The behavior of AcceptValidHeader.best_match is currently being maintained for backward compatibility, but it will be deprecated in the future, as it does not conform to the RFC.
May 25 17:43:51.189621 dv-cinder-789564-2-iscsi devstack@c-api.service[105829]: warnings.warn(
May 25 17:43:51.190607 dv-cinder-789564-2-iscsi devstack@c-api.service[105829]: DEBUG cinder.api.openstack.wsgi [None req-2265cc39-f73d-4e70-9edb-48359588c438 tempest-VolumesDeleteCascade-170956101 tempest-VolumesDeleteCascade-170956101-project] Calling method 'show' {{(pid=105829) _process_stack /opt/stack/cinder/cinder/api/openstack/wsgi.py:866}}
May 25 17:43:51.206529 dv-cinder-789564-2-iscsi devstack@c-api.service[105828]: WARNING stevedore.named [None req-88dd4850-5eac-42b4-a9c6-13b634ddf000 tempest-GroupSnapshotsTest-660447137 tempest-GroupSnapshotsTest-660447137-project] Could not load cinder.keymgr.conf_key_mgr.ConfKeyManager
May 25 17:43:51.206951 dv-cinder-789564-2-iscsi devstack@c-api.service[105828]: WARNING castellan.key_manager [None req-88dd4850-5eac-42b4-a9c6-13b634ddf000 tempest-GroupSnapshotsTest-660447137 tempest-GroupSnapshotsTest-660447137-project] Deprecation Warning : cinder.keymgr.conf_key_mgr.ConfKeyManager is not a stevedore based driver, trying to load it as a class: stevedore.exception.NoMatches: No 'castellan.drivers' driver found, looking for 'cinder.keymgr.conf_key_mgr.ConfKeyManager'
May 25 17:43:51.216050 dv-cinder-789564-2-iscsi devstack@c-api.service[105829]: /usr/local/lib/python3.8/dist-packages/oslo_context/context.py:105: DeprecationWarning: Policy enforcement is depending on the value of is_admin. This key is deprecated. Please update your policy file to use the standard policy values.
May 25 17:43:51.216050 dv-cinder-789564-2-iscsi devstack@c-api.service[105829]: warnings.warn('Policy enforcement is depending on the value of '
May 25 17:43:51.217360 dv-cinder-789564-2-iscsi devstack@c-api.service[105828]: DEBUG oslo_db.sqlalchemy.engines [None req-88dd4850-5eac-42b4-a9c6-13b634ddf000 tempest-GroupSnapshotsTest-660447137 tempest-GroupSnapshotsTest-660447137-project] MySQL server mode set to STRICT_TRANS_TABLES,STRICT_ALL_TABLES,NO_ZERO_IN_DATE,NO_ZERO_DATE,ERROR_FOR_DIVISION_BY_ZERO,TRADITIONAL,NO_ENGINE_SUBSTITUTION {{(pid=105828) _check_effective_sql_mode /usr/local/lib/python3.8/dist-packages/oslo_db/sqlalchemy/engines.py:314}}
May 25 17:43:51.217716 dv-cinder-789564-2-iscsi devstack@c-api.service[105829]: INFO cinder.volume.api [None req-2265cc39-f73d-4e70-9edb-48359588c438 tempest-VolumesDeleteCascade-170956101 tempest-VolumesDeleteCascade-170956101-project] Snapshot retrieved successfully.
May 25 17:43:51.219555 dv-cinder-789564-2-iscsi devstack@c-api.service[105829]: INFO cinder.api.openstack.wsgi [None req-2265cc39-f73d-4e70-9edb-48359588c438 tempest-VolumesDeleteCascade-170956101 tempest-VolumesDeleteCascade-170956101-project] http://10.222.0.122/volume/v3/59b1e42712c3464b977faa56e9b779fd/snapshots/2d6299c2-4303-4997-8eff-e1af9248828d returned with HTTP 200
May 25 17:43:51.220462 dv-cinder-789564-2-iscsi devstack@c-api.service[105829]: [pid: 105829|app: 0|req: 215/437] 10.222.0.122 () {58 vars in 1336 bytes} [Tue May 25 17:43:51 2021] GET /volume/v3/59b1e42712c3464b977faa56e9b779fd/snapshots/2d6299c2-4303-4997-8eff-e1af9248828d => generated 438 bytes in 37 msecs (HTTP/1.1 200) 7 headers in 285 bytes (1 switches on core 0)
May 25 17:43:51.224427 dv-cinder-789564-2-iscsi devstack@c-api.service[105829]: INFO cinder.api.openstack.wsgi [req-5d2648ad-e8fb-4776-bdec-764e689f80e0 req-4e14b6f5-50c2-49e0-8263-c9b2275e0f59 tempest-AttachVolumeNegativeTest-1393349778 tempest-AttachVolumeNegativeTest-1393349778-project] GET http://10.222.0.122/volume/v3/5ae575cfd07c4a88aa626c15e6bccfd9/volumes/6628ec8d-91e7-4bcb-b0a1-8e2c401e78b0
May 25 17:43:51.225508 dv-cinder-789564-2-iscsi devstack@c-api.service[105829]: DEBUG cinder.api.openstack.wsgi [req-5d2648ad-e8fb-4776-bdec-764e689f80e0 req-4e14b6f5-50c2-49e0-8263-c9b2275e0f59 tempest-AttachVolumeNegativeTest-1393349778 tempest-AttachVolumeNegativeTest-1393349778-project] Empty body provided in request {{(pid=105829) get_body /opt/stack/cinder/cinder/api/openstack/wsgi.py:713}}
May 25 17:43:51.225688 dv-cinder-789564-2-iscsi devstack@c-api.service[105829]: /usr/local/lib/python3.8/dist-packages/webob/acceptparse.py:1047: DeprecationWarning: The behavior of AcceptValidHeader.best_match is currently being maintained for backward compatibility, but it will be deprecated in the future, as it does not conform to the RFC.
May 25 17:43:51.225688 dv-cinder-789564-2-iscsi devstack@c-api.service[105829]: warnings.warn(
May 25 17:43:51.226025 dv-cinder-789564-2-iscsi devstack@c-api.service[105829]: DEBUG cinder.api.openstack.wsgi [req-5d2648ad-e8fb-4776-bdec-764e689f80e0 req-4e14b6f5-50c2-49e0-8263-c9b2275e0f59 tempest-AttachVolumeNegativeTest-1393349778 tempest-AttachVolumeNegativeTest-1393349778-project] Calling method 'show' {{(pid=105829) _process_stack /opt/stack/cinder/cinder/api/openstack/wsgi.py:866}}
May 25 17:43:51.228324 dv-cinder-789564-2-iscsi devstack@c-api.service[105828]: /usr/local/lib/python3.8/dist-packages/oslo_context/context.py:105: DeprecationWarning: Policy enforcement is depending on the value of is_admin. This key is deprecated. Please update your policy file to use the standard policy values.
May 25 17:43:51.228324 dv-cinder-789564-2-iscsi devstack@c-api.service[105828]: warnings.warn('Policy enforcement is depending on the value of '
May 25 17:43:51.248908 dv-cinder-789564-2-iscsi devstack@c-api.service[105828]: INFO cinder.api.openstack.wsgi [None req-88dd4850-5eac-42b4-a9c6-13b634ddf000 tempest-GroupSnapshotsTest-660447137 tempest-GroupSnapshotsTest-660447137-project] http://10.222.0.122/volume/v3/49c9ff0a77484223b3ec851283219c24/volumes/f8a11bf3-07ab-4c2f-aa3d-1e67e8d71b01 returned with HTTP 200
May 25 17:43:51.253252 dv-cinder-789564-2-iscsi devstack@c-api.service[105828]: [pid: 105828|app: 0|req: 223/438] 10.222.0.122 () {60 vars in 1371 bytes} [Tue May 25 17:43:51 2021] GET /volume/v3/49c9ff0a77484223b3ec851283219c24/volumes/f8a11bf3-07ab-4c2f-aa3d-1e67e8d71b01 => generated 1001 bytes in 130 msecs (HTTP/1.1 200) 7 headers in 287 bytes (1 switches on core 0)
May 25 17:43:51.269481 dv-cinder-789564-2-iscsi devstack@c-api.service[105828]: INFO cinder.api.openstack.wsgi [None req-9ca311da-65ca-47c5-b632-d8f09c592e32 tempest-VolumesSnapshotNegativeTestJSON-1818377776 tempest-VolumesSnapshotNegativeTestJSON-1818377776-project] GET http://10.222.0.122/volume/v3/770d526af6fe4356874fd63ed9bc6f55/snapshots/0a51c4a8-ddf0-4ee4-b0a7-35494a956147
May 25 17:43:51.269481 dv-cinder-789564-2-iscsi devstack@c-api.service[105828]: DEBUG cinder.api.openstack.wsgi [None req-9ca311da-65ca-47c5-b632-d8f09c592e32 tempest-VolumesSnapshotNegativeTestJSON-1818377776 tempest-VolumesSnapshotNegativeTestJSON-1818377776-project] Empty body provided in request {{(pid=105828) get_body /opt/stack/cinder/cinder/api/openstack/wsgi.py:713}}
May 25 17:43:51.269481 dv-cinder-789564-2-iscsi devstack@c-api.service[105828]: /usr/local/lib/python3.8/dist-packages/webob/acceptparse.py:1047: DeprecationWarning: The behavior of AcceptValidHeader.best_match is currently being maintained for backward compatibility, but it will be deprecated in the future, as it does not conform to the RFC.
May 25 17:43:51.269481 dv-cinder-789564-2-iscsi devstack@c-api.service[105828]: warnings.warn(
May 25 17:43:51.269481 dv-cinder-789564-2-iscsi devstack@c-api.service[105828]: DEBUG cinder.api.openstack.wsgi [None req-9ca311da-65ca-47c5-b632-d8f09c592e32 tempest-VolumesSnapshotNegativeTestJSON-1818377776 tempest-VolumesSnapshotNegativeTestJSON-1818377776-project] Calling method 'show' {{(pid=105828) _process_stack /opt/stack/cinder/cinder/api/openstack/wsgi.py:866}}
May 25 17:43:51.285475 dv-cinder-789564-2-iscsi devstack@c-api.service[105829]: /usr/local/lib/python3.8/dist-packages/oslo_context/context.py:105: DeprecationWarning: Policy enforcement is depending on the value of is_admin. This key is deprecated. Please update your policy file to use the standard policy values.
May 25 17:43:51.285475 dv-cinder-789564-2-iscsi devstack@c-api.service[105829]: warnings.warn('Policy enforcement is depending on the value of '
May 25 17:43:51.288756 dv-cinder-789564-2-iscsi devstack@c-api.service[105828]: /usr/local/lib/python3.8/dist-packages/oslo_context/context.py:105: DeprecationWarning: Policy enforcement is depending on the value of is_admin. This key is deprecated. Please update your policy file to use the standard policy values.
May 25 17:43:51.288756 dv-cinder-789564-2-iscsi devstack@c-api.service[105828]: warnings.warn('Policy enforcement is depending on the value of '
May 25 17:43:51.290560 dv-cinder-789564-2-iscsi devstack@c-api.service[105828]: INFO cinder.volume.api [None req-9ca311da-65ca-47c5-b632-d8f09c592e32 tempest-VolumesSnapshotNegativeTestJSON-1818377776 tempest-VolumesSnapshotNegativeTestJSON-1818377776-project] Snapshot retrieved successfully.
May 25 17:43:51.295902 dv-cinder-789564-2-iscsi devstack@c-api.service[105828]: INFO cinder.api.openstack.wsgi [None req-9ca311da-65ca-47c5-b632-d8f09c592e32 tempest-VolumesSnapshotNegativeTestJSON-1818377776 tempest-VolumesSnapshotNegativeTestJSON-1818377776-project] http://10.222.0.122/volume/v3/770d526af6fe4356874fd63ed9bc6f55/snapshots/0a51c4a8-ddf0-4ee4-b0a7-35494a956147 returned with HTTP 200
May 25 17:43:51.295902 dv-cinder-789564-2-iscsi devstack@c-api.service[105828]: [pid: 105828|app: 0|req: 224/439] 10.222.0.122 () {58 vars in 1336 bytes} [Tue May 25 17:43:51 2021] GET /volume/v3/770d526af6fe4356874fd63ed9bc6f55/snapshots/0a51c4a8-ddf0-4ee4-b0a7-35494a956147 => generated 475 bytes in 39 msecs (HTTP/1.1 200) 7 headers in 285 bytes (1 switches on core 0)
May 25 17:43:51.297508 dv-cinder-789564-2-iscsi devstack@c-api.service[105828]: INFO cinder.api.openstack.wsgi [None req-f57ab623-4d40-45d6-afc6-2877fdad791a tempest-VolumesCloneTest-455234508 tempest-VolumesCloneTest-455234508-project] GET http://10.222.0.122/volume/v3/4d40c9b8fcc64efba3328480640bdc56/volumes/3485076f-7eb3-4463-b9da-4bc2df5bf27e
May 25 17:43:51.297975 dv-cinder-789564-2-iscsi devstack@c-api.service[105828]: DEBUG cinder.api.openstack.wsgi [None req-f57ab623-4d40-45d6-afc6-2877fdad791a tempest-VolumesCloneTest-455234508 tempest-VolumesCloneTest-455234508-project] Empty body provided in request {{(pid=105828) get_body /opt/stack/cinder/cinder/api/openstack/wsgi.py:713}}
May 25 17:43:51.298147 dv-cinder-789564-2-iscsi devstack@c-api.service[105828]: /usr/local/lib/python3.8/dist-packages/webob/acceptparse.py:1047: DeprecationWarning: The behavior of AcceptValidHeader.best_match is currently being maintained for backward compatibility, but it will be deprecated in the future, as it does not conform to the RFC.
May 25 17:43:51.298147 dv-cinder-789564-2-iscsi devstack@c-api.service[105828]: warnings.warn(
May 25 17:43:51.298541 dv-cinder-789564-2-iscsi devstack@c-api.service[105828]: DEBUG cinder.api.openstack.wsgi [None req-f57ab623-4d40-45d6-afc6-2877fdad791a tempest-VolumesCloneTest-455234508 tempest-VolumesCloneTest-455234508-project] Calling method 'show' {{(pid=105828) _process_stack /opt/stack/cinder/cinder/api/openstack/wsgi.py:866}}
May 25 17:43:51.299646 dv-cinder-789564-2-iscsi devstack@c-api.service[105829]: INFO cinder.volume.api [req-5d2648ad-e8fb-4776-bdec-764e689f80e0 req-4e14b6f5-50c2-49e0-8263-c9b2275e0f59 tempest-AttachVolumeNegativeTest-1393349778 tempest-AttachVolumeNegativeTest-1393349778-project] Volume info retrieved successfully.
May 25 17:43:51.319331 dv-cinder-789564-2-iscsi devstack@c-api.service[105829]: /usr/local/lib/python3.8/dist-packages/oslo_context/context.py:105: DeprecationWarning: Policy enforcement is depending on the value of is_admin. This key is deprecated. Please update your policy file to use the standard policy values.
May 25 17:43:51.319331 dv-cinder-789564-2-iscsi devstack@c-api.service[105829]: warnings.warn('Policy enforcement is depending on the value of '
May 25 17:43:51.330383 dv-cinder-789564-2-iscsi devstack@c-api.service[105829]: INFO cinder.api.openstack.wsgi [req-5d2648ad-e8fb-4776-bdec-764e689f80e0 req-4e14b6f5-50c2-49e0-8263-c9b2275e0f59 tempest-AttachVolumeNegativeTest-1393349778 tempest-AttachVolumeNegativeTest-1393349778-project] http://10.222.0.122/volume/v3/5ae575cfd07c4a88aa626c15e6bccfd9/volumes/6628ec8d-91e7-4bcb-b0a1-8e2c401e78b0 returned with HTTP 200
May 25 17:43:51.331612 dv-cinder-789564-2-iscsi devstack@c-api.service[105829]: [pid: 105829|app: 0|req: 216/440] 10.222.0.122 () {60 vars in 1584 bytes} [Tue May 25 17:43:51 2021] GET /volume/v3/5ae575cfd07c4a88aa626c15e6bccfd9/volumes/6628ec8d-91e7-4bcb-b0a1-8e2c401e78b0 => generated 1211 bytes in 111 msecs (HTTP/1.1 200) 7 headers in 286 bytes (1 switches on core 0)
May 25 17:43:51.336597 dv-cinder-789564-2-iscsi devstack@c-api.service[105829]: INFO cinder.api.openstack.wsgi [None req-44555fca-11e2-469d-b2a0-5250f4b4ee42 tempest-GroupSnapshotsTest-660447137 tempest-GroupSnapshotsTest-660447137-project] POST http://10.222.0.122/volume/v3/49c9ff0a77484223b3ec851283219c24/group_snapshots
May 25 17:43:51.337252 dv-cinder-789564-2-iscsi devstack@c-api.service[105829]: /usr/local/lib/python3.8/dist-packages/webob/acceptparse.py:1047: DeprecationWarning: The behavior of AcceptValidHeader.best_match is currently being maintained for backward compatibility, but it will be deprecated in the future, as it does not conform to the RFC.
May 25 17:43:51.337252 dv-cinder-789564-2-iscsi devstack@c-api.service[105829]: warnings.warn(
May 25 17:43:51.337910 dv-cinder-789564-2-iscsi devstack@c-api.service[105829]: DEBUG cinder.api.openstack.wsgi [None req-44555fca-11e2-469d-b2a0-5250f4b4ee42 tempest-GroupSnapshotsTest-660447137 tempest-GroupSnapshotsTest-660447137-project] Action: 'create', calling method: version_select, body: {"group_snapshot": {"group_id": "7a2b258c-0855-46ae-a793-e2ec00f24ba6", "name": "tempest-group_snapshot-1015253178"}} {{(pid=105829) _process_stack /opt/stack/cinder/cinder/api/openstack/wsgi.py:864}}
May 25 17:43:51.339636 dv-cinder-789564-2-iscsi devstack@c-api.service[105829]: DEBUG cinder.api.v3.group_snapshots [None req-44555fca-11e2-469d-b2a0-5250f4b4ee42 tempest-GroupSnapshotsTest-660447137 tempest-GroupSnapshotsTest-660447137-project] Creating new group_snapshot {'group_snapshot': {'group_id': '7a2b258c-0855-46ae-a793-e2ec00f24ba6', 'name': 'tempest-group_snapshot-1015253178'}} {{(pid=105829) create /opt/stack/cinder/cinder/api/v3/group_snapshots.py:154}}
May 25 17:43:51.348174 dv-cinder-789564-2-iscsi devstack@c-api.service[105829]: /usr/local/lib/python3.8/dist-packages/oslo_context/context.py:105: DeprecationWarning: Policy enforcement is depending on the value of is_admin. This key is deprecated. Please update your policy file to use the standard policy values.
May 25 17:43:51.348174 dv-cinder-789564-2-iscsi devstack@c-api.service[105829]: warnings.warn('Policy enforcement is depending on the value of '
May 25 17:43:51.349064 dv-cinder-789564-2-iscsi devstack@c-api.service[105828]: /usr/local/lib/python3.8/dist-packages/oslo_context/context.py:105: DeprecationWarning: Policy enforcement is depending on the value of is_admin. This key is deprecated. Please update your policy file to use the standard policy values.
May 25 17:43:51.349064 dv-cinder-789564-2-iscsi devstack@c-api.service[105828]: warnings.warn('Policy enforcement is depending on the value of '
May 25 17:43:51.358866 dv-cinder-789564-2-iscsi devstack@c-api.service[105828]: INFO cinder.volume.api [None req-f57ab623-4d40-45d6-afc6-2877fdad791a tempest-VolumesCloneTest-455234508 tempest-VolumesCloneTest-455234508-project] Volume info retrieved successfully.
May 25 17:43:51.365831 dv-cinder-789564-2-iscsi devstack@c-api.service[105829]: INFO cinder.api.v3.group_snapshots [None req-44555fca-11e2-469d-b2a0-5250f4b4ee42 tempest-GroupSnapshotsTest-660447137 tempest-GroupSnapshotsTest-660447137-project] Creating group_snapshot tempest-group_snapshot-1015253178.
May 25 17:43:51.385004 dv-cinder-789564-2-iscsi devstack@c-api.service[105828]: INFO cinder.api.openstack.wsgi [None req-f57ab623-4d40-45d6-afc6-2877fdad791a tempest-VolumesCloneTest-455234508 tempest-VolumesCloneTest-455234508-project] http://10.222.0.122/volume/v3/4d40c9b8fcc64efba3328480640bdc56/volumes/3485076f-7eb3-4463-b9da-4bc2df5bf27e returned with HTTP 200
May 25 17:43:51.385791 dv-cinder-789564-2-iscsi devstack@c-api.service[105828]: [pid: 105828|app: 0|req: 225/441] 10.222.0.122 () {58 vars in 1330 bytes} [Tue May 25 17:43:51 2021] GET /volume/v3/4d40c9b8fcc64efba3328480640bdc56/volumes/3485076f-7eb3-4463-b9da-4bc2df5bf27e => generated 920 bytes in 92 msecs (HTTP/1.1 200) 7 headers in 285 bytes (1 switches on core 0)
May 25 17:43:51.389667 dv-cinder-789564-2-iscsi devstack@c-api.service[105828]: INFO cinder.api.openstack.wsgi [None req-7fc01f62-4e70-4f14-b7eb-2d01947476f2 tempest-AttachVolumeNegativeTest-1393349778 tempest-AttachVolumeNegativeTest-1393349778-project] GET http://10.222.0.122/volume/v3/5ae575cfd07c4a88aa626c15e6bccfd9/volumes/6628ec8d-91e7-4bcb-b0a1-8e2c401e78b0
May 25 17:43:51.389858 dv-cinder-789564-2-iscsi devstack@c-api.service[105828]: DEBUG cinder.api.openstack.wsgi [None req-7fc01f62-4e70-4f14-b7eb-2d01947476f2 tempest-AttachVolumeNegativeTest-1393349778 tempest-AttachVolumeNegativeTest-1393349778-project] Empty body provided in request {{(pid=105828) get_body /opt/stack/cinder/cinder/api/openstack/wsgi.py:713}}
May 25 17:43:51.396253 dv-cinder-789564-2-iscsi devstack@c-api.service[105828]: /usr/local/lib/python3.8/dist-packages/webob/acceptparse.py:1047: DeprecationWarning: The behavior of AcceptValidHeader.best_match is currently being maintained for backward compatibility, but it will be deprecated in the future, as it does not conform to the RFC.
May 25 17:43:51.396253 dv-cinder-789564-2-iscsi devstack@c-api.service[105828]: warnings.warn(
May 25 17:43:51.396253 dv-cinder-789564-2-iscsi devstack@c-api.service[105828]: DEBUG cinder.api.openstack.wsgi [None req-7fc01f62-4e70-4f14-b7eb-2d01947476f2 tempest-AttachVolumeNegativeTest-1393349778 tempest-AttachVolumeNegativeTest-1393349778-project] Calling method 'show' {{(pid=105828) _process_stack /opt/stack/cinder/cinder/api/openstack/wsgi.py:866}}
May 25 17:43:51.437801 dv-cinder-789564-2-iscsi devstack@c-api.service[105828]: /usr/local/lib/python3.8/dist-packages/oslo_context/context.py:105: DeprecationWarning: Policy enforcement is depending on the value of is_admin. This key is deprecated. Please update your policy file to use the standard policy values.
May 25 17:43:51.437801 dv-cinder-789564-2-iscsi devstack@c-api.service[105828]: warnings.warn('Policy enforcement is depending on the value of '
May 25 17:43:51.446914 dv-cinder-789564-2-iscsi devstack@c-api.service[105828]: INFO cinder.volume.api [None req-7fc01f62-4e70-4f14-b7eb-2d01947476f2 tempest-AttachVolumeNegativeTest-1393349778 tempest-AttachVolumeNegativeTest-1393349778-project] Volume info retrieved successfully.
May 25 17:43:51.464671 dv-cinder-789564-2-iscsi devstack@c-api.service[105828]: /usr/local/lib/python3.8/dist-packages/oslo_context/context.py:105: DeprecationWarning: Policy enforcement is depending on the value of is_admin. This key is deprecated. Please update your policy file to use the standard policy values.
May 25 17:43:51.464671 dv-cinder-789564-2-iscsi devstack@c-api.service[105828]: warnings.warn('Policy enforcement is depending on the value of '
May 25 17:43:51.472680 dv-cinder-789564-2-iscsi devstack@c-api.service[105828]: INFO cinder.api.openstack.wsgi [None req-7fc01f62-4e70-4f14-b7eb-2d01947476f2 tempest-AttachVolumeNegativeTest-1393349778 tempest-AttachVolumeNegativeTest-1393349778-project] http://10.222.0.122/volume/v3/5ae575cfd07c4a88aa626c15e6bccfd9/volumes/6628ec8d-91e7-4bcb-b0a1-8e2c401e78b0 returned with HTTP 200
May 25 17:43:51.473915 dv-cinder-789564-2-iscsi devstack@c-api.service[105828]: [pid: 105828|app: 0|req: 226/442] 10.222.0.122 () {58 vars in 1330 bytes} [Tue May 25 17:43:51 2021] GET /volume/v3/5ae575cfd07c4a88aa626c15e6bccfd9/volumes/6628ec8d-91e7-4bcb-b0a1-8e2c401e78b0 => generated 1211 bytes in 87 msecs (HTTP/1.1 200) 7 headers in 286 bytes (1 switches on core 0)
May 25 17:43:51.504443 dv-cinder-789564-2-iscsi devstack@c-api.service[105829]: /usr/local/lib/python3.8/dist-packages/oslo_context/context.py:105: DeprecationWarning: Policy enforcement is depending on the value of is_admin. This key is deprecated. Please update your policy file to use the standard policy values.
May 25 17:43:51.504443 dv-cinder-789564-2-iscsi devstack@c-api.service[105829]: warnings.warn('Policy enforcement is depending on the value of '
May 25 17:43:51.537869 dv-cinder-789564-2-iscsi devstack@c-api.service[105829]: WARNING cinder.quota [None req-44555fca-11e2-469d-b2a0-5250f4b4ee42 tempest-GroupSnapshotsTest-660447137 tempest-GroupSnapshotsTest-660447137-project] Deprecated: Default quota for resource: snapshots_tempest-GroupSnapshotsTest-volume-type-367642199 is set by the default quota flag: quota_snapshots_tempest-GroupSnapshotsTest-volume-type-367642199, it is now deprecated. Please use the default quota class for default quota.
May 25 17:43:51.575885 dv-cinder-789564-2-iscsi devstack@c-api.service[105828]: INFO cinder.api.openstack.wsgi [req-41fa0f8b-a0fc-4af4-8b5c-63bf28ace54a req-36c4f103-0b43-49cd-bb63-1d6ddef83205 tempest-AttachVolumeNegativeTest-1393349778 tempest-AttachVolumeNegativeTest-1393349778-project] GET http://10.222.0.122/volume/v3/5ae575cfd07c4a88aa626c15e6bccfd9/volumes/6628ec8d-91e7-4bcb-b0a1-8e2c401e78b0
May 25 17:43:51.576355 dv-cinder-789564-2-iscsi devstack@c-api.service[105828]: DEBUG cinder.api.openstack.wsgi [req-41fa0f8b-a0fc-4af4-8b5c-63bf28ace54a req-36c4f103-0b43-49cd-bb63-1d6ddef83205 tempest-AttachVolumeNegativeTest-1393349778 tempest-AttachVolumeNegativeTest-1393349778-project] Empty body provided in request {{(pid=105828) get_body /opt/stack/cinder/cinder/api/openstack/wsgi.py:713}}
May 25 17:43:51.576543 dv-cinder-789564-2-iscsi devstack@c-api.service[105828]: /usr/local/lib/python3.8/dist-packages/webob/acceptparse.py:1047: DeprecationWarning: The behavior of AcceptValidHeader.best_match is currently being maintained for backward compatibility, but it will be deprecated in the future, as it does not conform to the RFC.
May 25 17:43:51.576543 dv-cinder-789564-2-iscsi devstack@c-api.service[105828]: warnings.warn(
May 25 17:43:51.576879 dv-cinder-789564-2-iscsi devstack@c-api.service[105828]: DEBUG cinder.api.openstack.wsgi [req-41fa0f8b-a0fc-4af4-8b5c-63bf28ace54a req-36c4f103-0b43-49cd-bb63-1d6ddef83205 tempest-AttachVolumeNegativeTest-1393349778 tempest-AttachVolumeNegativeTest-1393349778-project] Calling method 'show' {{(pid=105828) _process_stack /opt/stack/cinder/cinder/api/openstack/wsgi.py:866}}
May 25 17:43:51.625802 dv-cinder-789564-2-iscsi devstack@c-api.service[105828]: /usr/local/lib/python3.8/dist-packages/oslo_context/context.py:105: DeprecationWarning: Policy enforcement is depending on the value of is_admin. This key is deprecated. Please update your policy file to use the standard policy values.
May 25 17:43:51.625802 dv-cinder-789564-2-iscsi devstack@c-api.service[105828]: warnings.warn('Policy enforcement is depending on the value of '
May 25 17:43:51.634661 dv-cinder-789564-2-iscsi devstack@c-api.service[105828]: INFO cinder.volume.api [req-41fa0f8b-a0fc-4af4-8b5c-63bf28ace54a req-36c4f103-0b43-49cd-bb63-1d6ddef83205 tempest-AttachVolumeNegativeTest-1393349778 tempest-AttachVolumeNegativeTest-1393349778-project] Volume info retrieved successfully.
May 25 17:43:51.653324 dv-cinder-789564-2-iscsi devstack@c-api.service[105828]: /usr/local/lib/python3.8/dist-packages/oslo_context/context.py:105: DeprecationWarning: Policy enforcement is depending on the value of is_admin. This key is deprecated. Please update your policy file to use the standard policy values.
May 25 17:43:51.653324 dv-cinder-789564-2-iscsi devstack@c-api.service[105828]: warnings.warn('Policy enforcement is depending on the value of '
May 25 17:43:51.661025 dv-cinder-789564-2-iscsi devstack@c-api.service[105828]: INFO cinder.api.openstack.wsgi [req-41fa0f8b-a0fc-4af4-8b5c-63bf28ace54a req-36c4f103-0b43-49cd-bb63-1d6ddef83205 tempest-AttachVolumeNegativeTest-1393349778 tempest-AttachVolumeNegativeTest-1393349778-project] http://10.222.0.122/volume/v3/5ae575cfd07c4a88aa626c15e6bccfd9/volumes/6628ec8d-91e7-4bcb-b0a1-8e2c401e78b0 returned with HTTP 200
May 25 17:43:51.663734 dv-cinder-789564-2-iscsi devstack@c-api.service[105828]: [pid: 105828|app: 0|req: 227/443] 10.222.0.122 () {60 vars in 1584 bytes} [Tue May 25 17:43:51 2021] GET /volume/v3/5ae575cfd07c4a88aa626c15e6bccfd9/volumes/6628ec8d-91e7-4bcb-b0a1-8e2c401e78b0 => generated 1211 bytes in 92 msecs (HTTP/1.1 200) 7 headers in 286 bytes (2 switches on core 0)
May 25 17:43:51.744476 dv-cinder-789564-2-iscsi devstack@c-api.service[105828]: INFO cinder.api.openstack.wsgi [req-41fa0f8b-a0fc-4af4-8b5c-63bf28ace54a req-3901a571-a041-490e-bc90-a4f41eac887a tempest-AttachVolumeNegativeTest-1393349778 tempest-AttachVolumeNegativeTest-1393349778-project] POST http://10.222.0.122/volume/v3/5ae575cfd07c4a88aa626c15e6bccfd9/volumes/6628ec8d-91e7-4bcb-b0a1-8e2c401e78b0/action
May 25 17:43:51.745175 dv-cinder-789564-2-iscsi devstack@c-api.service[105828]: /usr/local/lib/python3.8/dist-packages/webob/acceptparse.py:1047: DeprecationWarning: The behavior of AcceptValidHeader.best_match is currently being maintained for backward compatibility, but it will be deprecated in the future, as it does not conform to the RFC.
May 25 17:43:51.745175 dv-cinder-789564-2-iscsi devstack@c-api.service[105828]: warnings.warn(
May 25 17:43:51.745584 dv-cinder-789564-2-iscsi devstack@c-api.service[105828]: DEBUG cinder.api.openstack.wsgi [req-41fa0f8b-a0fc-4af4-8b5c-63bf28ace54a req-3901a571-a041-490e-bc90-a4f41eac887a tempest-AttachVolumeNegativeTest-1393349778 tempest-AttachVolumeNegativeTest-1393349778-project] Action body: b'{"os-begin_detaching": null}' {{(pid=105828) get_method /opt/stack/cinder/cinder/api/openstack/wsgi.py:981}}
May 25 17:43:51.746114 dv-cinder-789564-2-iscsi devstack@c-api.service[105828]: DEBUG cinder.api.openstack.wsgi [req-41fa0f8b-a0fc-4af4-8b5c-63bf28ace54a req-3901a571-a041-490e-bc90-a4f41eac887a tempest-AttachVolumeNegativeTest-1393349778 tempest-AttachVolumeNegativeTest-1393349778-project] Action: 'action', calling method: _begin_detaching, body: {"os-begin_detaching": null} {{(pid=105828) _process_stack /opt/stack/cinder/cinder/api/openstack/wsgi.py:864}}
May 25 17:43:51.782877 dv-cinder-789564-2-iscsi devstack@c-api.service[105829]: DEBUG cinder.quota [None req-44555fca-11e2-469d-b2a0-5250f4b4ee42 tempest-GroupSnapshotsTest-660447137 tempest-GroupSnapshotsTest-660447137-project] Created reservations ['0a616f24-9926-40da-a40e-f392fa417770', '3e8a7bac-e641-413d-8293-ba9a2551154f', '3f3d61cb-9680-42d1-8de7-6e2ce057eb72', 'dc7f6a22-efd4-4e06-94a2-fd803d71ab20'] {{(pid=105829) reserve /opt/stack/cinder/cinder/quota.py:755}}
May 25 17:43:51.793781 dv-cinder-789564-2-iscsi devstack@c-api.service[105828]: /usr/local/lib/python3.8/dist-packages/oslo_context/context.py:105: DeprecationWarning: Policy enforcement is depending on the value of is_admin. This key is deprecated. Please update your policy file to use the standard policy values.
May 25 17:43:51.793781 dv-cinder-789564-2-iscsi devstack@c-api.service[105828]: warnings.warn('Policy enforcement is depending on the value of '
May 25 17:43:51.795140 dv-cinder-789564-2-iscsi devstack@c-api.service[105828]: INFO cinder.volume.api [req-41fa0f8b-a0fc-4af4-8b5c-63bf28ace54a req-3901a571-a041-490e-bc90-a4f41eac887a tempest-AttachVolumeNegativeTest-1393349778 tempest-AttachVolumeNegativeTest-1393349778-project] Volume info retrieved successfully.
May 25 17:43:51.891466 dv-cinder-789564-2-iscsi devstack@c-api.service[105828]: INFO cinder.volume.api [req-41fa0f8b-a0fc-4af4-8b5c-63bf28ace54a req-3901a571-a041-490e-bc90-a4f41eac887a tempest-AttachVolumeNegativeTest-1393349778 tempest-AttachVolumeNegativeTest-1393349778-project] Begin detaching volume completed successfully.
May 25 17:43:51.891971 dv-cinder-789564-2-iscsi devstack@c-api.service[105828]: INFO cinder.api.openstack.wsgi [req-41fa0f8b-a0fc-4af4-8b5c-63bf28ace54a req-3901a571-a041-490e-bc90-a4f41eac887a tempest-AttachVolumeNegativeTest-1393349778 tempest-AttachVolumeNegativeTest-1393349778-project] http://10.222.0.122/volume/v3/5ae575cfd07c4a88aa626c15e6bccfd9/volumes/6628ec8d-91e7-4bcb-b0a1-8e2c401e78b0/action returned with HTTP 202
May 25 17:43:51.896683 dv-cinder-789564-2-iscsi devstack@c-api.service[105828]: [pid: 105828|app: 0|req: 228/444] 10.222.0.122 () {64 vars in 1658 bytes} [Tue May 25 17:43:51 2021] POST /volume/v3/5ae575cfd07c4a88aa626c15e6bccfd9/volumes/6628ec8d-91e7-4bcb-b0a1-8e2c401e78b0/action => generated 0 bytes in 155 msecs (HTTP/1.1 202) 7 headers in 289 bytes (1 switches on core 0)
May 25 17:43:51.968385 dv-cinder-789564-2-iscsi devstack@c-api.service[105828]: INFO cinder.api.openstack.wsgi [None req-0bf2e4dc-a5c2-4574-91ce-c5a614fc3534 tempest-AttachVolumeNegativeTest-1393349778 tempest-AttachVolumeNegativeTest-1393349778-project] GET http://10.222.0.122/volume/v3/5ae575cfd07c4a88aa626c15e6bccfd9/volumes/6628ec8d-91e7-4bcb-b0a1-8e2c401e78b0
May 25 17:43:51.968855 dv-cinder-789564-2-iscsi devstack@c-api.service[105828]: DEBUG cinder.api.openstack.wsgi [None req-0bf2e4dc-a5c2-4574-91ce-c5a614fc3534 tempest-AttachVolumeNegativeTest-1393349778 tempest-AttachVolumeNegativeTest-1393349778-project] Empty body provided in request {{(pid=105828) get_body /opt/stack/cinder/cinder/api/openstack/wsgi.py:713}}
May 25 17:43:51.969027 dv-cinder-789564-2-iscsi devstack@c-api.service[105828]: /usr/local/lib/python3.8/dist-packages/webob/acceptparse.py:1047: DeprecationWarning: The behavior of AcceptValidHeader.best_match is currently being maintained for backward compatibility, but it will be deprecated in the future, as it does not conform to the RFC.
May 25 17:43:51.969027 dv-cinder-789564-2-iscsi devstack@c-api.service[105828]: warnings.warn(
May 25 17:43:51.969392 dv-cinder-789564-2-iscsi devstack@c-api.service[105828]: DEBUG cinder.api.openstack.wsgi [None req-0bf2e4dc-a5c2-4574-91ce-c5a614fc3534 tempest-AttachVolumeNegativeTest-1393349778 tempest-AttachVolumeNegativeTest-1393349778-project] Calling method 'show' {{(pid=105828) _process_stack /opt/stack/cinder/cinder/api/openstack/wsgi.py:866}}
May 25 17:43:51.994089 dv-cinder-789564-2-iscsi devstack@c-api.service[105829]: INFO cinder.api.openstack.wsgi [None req-44555fca-11e2-469d-b2a0-5250f4b4ee42 tempest-GroupSnapshotsTest-660447137 tempest-GroupSnapshotsTest-660447137-project] http://10.222.0.122/volume/v3/49c9ff0a77484223b3ec851283219c24/group_snapshots returned with HTTP 202
May 25 17:43:51.995056 dv-cinder-789564-2-iscsi devstack@c-api.service[105829]: [pid: 105829|app: 0|req: 217/445] 10.222.0.122 () {62 vars in 1306 bytes} [Tue May 25 17:43:51 2021] POST /volume/v3/49c9ff0a77484223b3ec851283219c24/group_snapshots => generated 168 bytes in 663 msecs (HTTP/1.1 202) 7 headers in 292 bytes (1 switches on core 0)
May 25 17:43:52.003796 dv-cinder-789564-2-iscsi devstack@c-api.service[105829]: INFO cinder.api.openstack.wsgi [None req-849de117-592a-47a0-b6ae-114776789e06 tempest-GroupSnapshotsTest-660447137 tempest-GroupSnapshotsTest-660447137-project] GET http://10.222.0.122/volume/v3/49c9ff0a77484223b3ec851283219c24/group_snapshots/098178d4-3a17-4d25-84e0-a11601800f60
May 25 17:43:52.004289 dv-cinder-789564-2-iscsi devstack@c-api.service[105829]: DEBUG cinder.api.openstack.wsgi [None req-849de117-592a-47a0-b6ae-114776789e06 tempest-GroupSnapshotsTest-660447137 tempest-GroupSnapshotsTest-660447137-project] Empty body provided in request {{(pid=105829) get_body /opt/stack/cinder/cinder/api/openstack/wsgi.py:713}}
May 25 17:43:52.004480 dv-cinder-789564-2-iscsi devstack@c-api.service[105829]: /usr/local/lib/python3.8/dist-packages/webob/acceptparse.py:1047: DeprecationWarning: The behavior of AcceptValidHeader.best_match is currently being maintained for backward compatibility, but it will be deprecated in the future, as it does not conform to the RFC.
May 25 17:43:52.004480 dv-cinder-789564-2-iscsi devstack@c-api.service[105829]: warnings.warn(
May 25 17:43:52.004785 dv-cinder-789564-2-iscsi devstack@c-api.service[105829]: DEBUG cinder.api.openstack.wsgi [None req-849de117-592a-47a0-b6ae-114776789e06 tempest-GroupSnapshotsTest-660447137 tempest-GroupSnapshotsTest-660447137-project] Calling method 'version_select' {{(pid=105829) _process_stack /opt/stack/cinder/cinder/api/openstack/wsgi.py:866}}
May 25 17:43:52.005159 dv-cinder-789564-2-iscsi devstack@c-api.service[105829]: DEBUG cinder.api.v3.group_snapshots [None req-849de117-592a-47a0-b6ae-114776789e06 tempest-GroupSnapshotsTest-660447137 tempest-GroupSnapshotsTest-660447137-project] show called for member 098178d4-3a17-4d25-84e0-a11601800f60 {{(pid=105829) show /opt/stack/cinder/cinder/api/v3/group_snapshots.py:58}}
May 25 17:43:52.023674 dv-cinder-789564-2-iscsi devstack@c-api.service[105829]: /usr/local/lib/python3.8/dist-packages/oslo_context/context.py:105: DeprecationWarning: Policy enforcement is depending on the value of is_admin. This key is deprecated. Please update your policy file to use the standard policy values.
May 25 17:43:52.023674 dv-cinder-789564-2-iscsi devstack@c-api.service[105829]: warnings.warn('Policy enforcement is depending on the value of '
May 25 17:43:52.034425 dv-cinder-789564-2-iscsi devstack@c-api.service[105829]: INFO cinder.api.openstack.wsgi [None req-849de117-592a-47a0-b6ae-114776789e06 tempest-GroupSnapshotsTest-660447137 tempest-GroupSnapshotsTest-660447137-project] http://10.222.0.122/volume/v3/49c9ff0a77484223b3ec851283219c24/group_snapshots/098178d4-3a17-4d25-84e0-a11601800f60 returned with HTTP 200
May 25 17:43:52.036087 dv-cinder-789564-2-iscsi devstack@c-api.service[105829]: [pid: 105829|app: 0|req: 218/446] 10.222.0.122 () {60 vars in 1395 bytes} [Tue May 25 17:43:51 2021] GET /volume/v3/49c9ff0a77484223b3ec851283219c24/group_snapshots/098178d4-3a17-4d25-84e0-a11601800f60 => generated 307 bytes in 36 msecs (HTTP/1.1 200) 7 headers in 286 bytes (2 switches on core 0)
May 25 17:43:52.047976 dv-cinder-789564-2-iscsi devstack@c-api.service[105828]: /usr/local/lib/python3.8/dist-packages/oslo_context/context.py:105: DeprecationWarning: Policy enforcement is depending on the value of is_admin. This key is deprecated. Please update your policy file to use the standard policy values.
May 25 17:43:52.047976 dv-cinder-789564-2-iscsi devstack@c-api.service[105828]: warnings.warn('Policy enforcement is depending on the value of '
May 25 17:43:52.056919 dv-cinder-789564-2-iscsi devstack@c-api.service[105828]: INFO cinder.volume.api [None req-0bf2e4dc-a5c2-4574-91ce-c5a614fc3534 tempest-AttachVolumeNegativeTest-1393349778 tempest-AttachVolumeNegativeTest-1393349778-project] Volume info retrieved successfully.
May 25 17:43:52.074489 dv-cinder-789564-2-iscsi devstack@c-api.service[105828]: /usr/local/lib/python3.8/dist-packages/oslo_context/context.py:105: DeprecationWarning: Policy enforcement is depending on the value of is_admin. This key is deprecated. Please update your policy file to use the standard policy values.
May 25 17:43:52.074489 dv-cinder-789564-2-iscsi devstack@c-api.service[105828]: warnings.warn('Policy enforcement is depending on the value of '
May 25 17:43:52.082483 dv-cinder-789564-2-iscsi devstack@c-api.service[105828]: INFO cinder.api.openstack.wsgi [None req-0bf2e4dc-a5c2-4574-91ce-c5a614fc3534 tempest-AttachVolumeNegativeTest-1393349778 tempest-AttachVolumeNegativeTest-1393349778-project] http://10.222.0.122/volume/v3/5ae575cfd07c4a88aa626c15e6bccfd9/volumes/6628ec8d-91e7-4bcb-b0a1-8e2c401e78b0 returned with HTTP 200
May 25 17:43:52.083242 dv-cinder-789564-2-iscsi devstack@c-api.service[105828]: [pid: 105828|app: 0|req: 229/447] 10.222.0.122 () {58 vars in 1330 bytes} [Tue May 25 17:43:51 2021] GET /volume/v3/5ae575cfd07c4a88aa626c15e6bccfd9/volumes/6628ec8d-91e7-4bcb-b0a1-8e2c401e78b0 => generated 1214 bytes in 118 msecs (HTTP/1.1 200) 7 headers in 286 bytes (2 switches on core 0)
May 25 17:43:52.233050 dv-cinder-789564-2-iscsi devstack@c-api.service[105829]: INFO cinder.api.openstack.wsgi [None req-f6cae0e9-8658-4cc9-9cef-64759bb7f368 tempest-VolumesDeleteCascade-170956101 tempest-VolumesDeleteCascade-170956101-project] GET http://10.222.0.122/volume/v3/59b1e42712c3464b977faa56e9b779fd/snapshots/2d6299c2-4303-4997-8eff-e1af9248828d
May 25 17:43:52.233558 dv-cinder-789564-2-iscsi devstack@c-api.service[105829]: DEBUG cinder.api.openstack.wsgi [None req-f6cae0e9-8658-4cc9-9cef-64759bb7f368 tempest-VolumesDeleteCascade-170956101 tempest-VolumesDeleteCascade-170956101-project] Empty body provided in request {{(pid=105829) get_body /opt/stack/cinder/cinder/api/openstack/wsgi.py:713}}
May 25 17:43:52.233742 dv-cinder-789564-2-iscsi devstack@c-api.service[105829]: /usr/local/lib/python3.8/dist-packages/webob/acceptparse.py:1047: DeprecationWarning: The behavior of AcceptValidHeader.best_match is currently being maintained for backward compatibility, but it will be deprecated in the future, as it does not conform to the RFC.
May 25 17:43:52.233742 dv-cinder-789564-2-iscsi devstack@c-api.service[105829]: warnings.warn(
May 25 17:43:52.234201 dv-cinder-789564-2-iscsi devstack@c-api.service[105829]: DEBUG cinder.api.openstack.wsgi [None req-f6cae0e9-8658-4cc9-9cef-64759bb7f368 tempest-VolumesDeleteCascade-170956101 tempest-VolumesDeleteCascade-170956101-project] Calling method 'show' {{(pid=105829) _process_stack /opt/stack/cinder/cinder/api/openstack/wsgi.py:866}}
May 25 17:43:52.257718 dv-cinder-789564-2-iscsi devstack@c-api.service[105829]: /usr/local/lib/python3.8/dist-packages/oslo_context/context.py:105: DeprecationWarning: Policy enforcement is depending on the value of is_admin. This key is deprecated. Please update your policy file to use the standard policy values.
May 25 17:43:52.257718 dv-cinder-789564-2-iscsi devstack@c-api.service[105829]: warnings.warn('Policy enforcement is depending on the value of '
May 25 17:43:52.258801 dv-cinder-789564-2-iscsi devstack@c-api.service[105829]: INFO cinder.volume.api [None req-f6cae0e9-8658-4cc9-9cef-64759bb7f368 tempest-VolumesDeleteCascade-170956101 tempest-VolumesDeleteCascade-170956101-project] Snapshot retrieved successfully.
May 25 17:43:52.260496 dv-cinder-789564-2-iscsi devstack@c-api.service[105829]: INFO cinder.api.openstack.wsgi [None req-f6cae0e9-8658-4cc9-9cef-64759bb7f368 tempest-VolumesDeleteCascade-170956101 tempest-VolumesDeleteCascade-170956101-project] http://10.222.0.122/volume/v3/59b1e42712c3464b977faa56e9b779fd/snapshots/2d6299c2-4303-4997-8eff-e1af9248828d returned with HTTP 200
May 25 17:43:52.261261 dv-cinder-789564-2-iscsi devstack@c-api.service[105829]: [pid: 105829|app: 0|req: 219/448] 10.222.0.122 () {58 vars in 1336 bytes} [Tue May 25 17:43:52 2021] GET /volume/v3/59b1e42712c3464b977faa56e9b779fd/snapshots/2d6299c2-4303-4997-8eff-e1af9248828d => generated 438 bytes in 32 msecs (HTTP/1.1 200) 7 headers in 285 bytes (1 switches on core 0)
May 25 17:43:52.303859 dv-cinder-789564-2-iscsi devstack@c-api.service[105828]: INFO cinder.api.openstack.wsgi [None req-b446f3f2-8405-4757-ac8f-0996dbd2ca06 tempest-VolumesSnapshotNegativeTestJSON-1818377776 tempest-VolumesSnapshotNegativeTestJSON-1818377776-project] GET http://10.222.0.122/volume/v3/770d526af6fe4356874fd63ed9bc6f55/snapshots/0a51c4a8-ddf0-4ee4-b0a7-35494a956147
May 25 17:43:52.304391 dv-cinder-789564-2-iscsi devstack@c-api.service[105828]: DEBUG cinder.api.openstack.wsgi [None req-b446f3f2-8405-4757-ac8f-0996dbd2ca06 tempest-VolumesSnapshotNegativeTestJSON-1818377776 tempest-VolumesSnapshotNegativeTestJSON-1818377776-project] Empty body provided in request {{(pid=105828) get_body /opt/stack/cinder/cinder/api/openstack/wsgi.py:713}}
May 25 17:43:52.304659 dv-cinder-789564-2-iscsi devstack@c-api.service[105828]: /usr/local/lib/python3.8/dist-packages/webob/acceptparse.py:1047: DeprecationWarning: The behavior of AcceptValidHeader.best_match is currently being maintained for backward compatibility, but it will be deprecated in the future, as it does not conform to the RFC.
May 25 17:43:52.304659 dv-cinder-789564-2-iscsi devstack@c-api.service[105828]: warnings.warn(
May 25 17:43:52.305118 dv-cinder-789564-2-iscsi devstack@c-api.service[105828]: DEBUG cinder.api.openstack.wsgi [None req-b446f3f2-8405-4757-ac8f-0996dbd2ca06 tempest-VolumesSnapshotNegativeTestJSON-1818377776 tempest-VolumesSnapshotNegativeTestJSON-1818377776-project] Calling method 'show' {{(pid=105828) _process_stack /opt/stack/cinder/cinder/api/openstack/wsgi.py:866}}
May 25 17:43:52.327999 dv-cinder-789564-2-iscsi devstack@c-api.service[105828]: /usr/local/lib/python3.8/dist-packages/oslo_context/context.py:105: DeprecationWarning: Policy enforcement is depending on the value of is_admin. This key is deprecated. Please update your policy file to use the standard policy values.
May 25 17:43:52.327999 dv-cinder-789564-2-iscsi devstack@c-api.service[105828]: warnings.warn('Policy enforcement is depending on the value of '
May 25 17:43:52.329019 dv-cinder-789564-2-iscsi devstack@c-api.service[105828]: INFO cinder.volume.api [None req-b446f3f2-8405-4757-ac8f-0996dbd2ca06 tempest-VolumesSnapshotNegativeTestJSON-1818377776 tempest-VolumesSnapshotNegativeTestJSON-1818377776-project] Snapshot retrieved successfully.
May 25 17:43:52.330853 dv-cinder-789564-2-iscsi devstack@c-api.service[105828]: INFO cinder.api.openstack.wsgi [None req-b446f3f2-8405-4757-ac8f-0996dbd2ca06 tempest-VolumesSnapshotNegativeTestJSON-1818377776 tempest-VolumesSnapshotNegativeTestJSON-1818377776-project] http://10.222.0.122/volume/v3/770d526af6fe4356874fd63ed9bc6f55/snapshots/0a51c4a8-ddf0-4ee4-b0a7-35494a956147 returned with HTTP 200
