Jul 08 02:46:08.230764 dv-cinder-789077-2-smb devstack@c-api.service[116870]: DEBUG cinder.volume.api [None req-43693493-b0f8-420c-94c7-50e1d2094bcd tempest-AttachVolumeNegativeTest-208342417 tempest-AttachVolumeNegativeTest-208342417-project] Flow 'volume_create_api' (c3ec0524-564d-463b-90fa-5e0044a30195) transitioned into state 'SUCCESS' from state 'RUNNING' {{(pid=116870) _flow_receiver /usr/local/lib/python3.8/dist-packages/taskflow/listeners/logging.py:141}}
Jul 08 02:46:08.231467 dv-cinder-789077-2-smb devstack@c-api.service[116870]: INFO cinder.volume.api [None req-43693493-b0f8-420c-94c7-50e1d2094bcd tempest-AttachVolumeNegativeTest-208342417 tempest-AttachVolumeNegativeTest-208342417-project] Create volume request issued successfully.
Jul 08 02:46:08.239515 dv-cinder-789077-2-smb devstack@c-api.service[116870]: INFO cinder.api.openstack.wsgi [None req-43693493-b0f8-420c-94c7-50e1d2094bcd tempest-AttachVolumeNegativeTest-208342417 tempest-AttachVolumeNegativeTest-208342417-project] http://10.222.0.52/volume/v3/207dc87f57c04a4292fdf6667a5dae3b/volumes returned with HTTP 202
Jul 08 02:46:08.240367 dv-cinder-789077-2-smb devstack@c-api.service[116870]: [pid: 116870|app: 0|req: 97/200] 10.222.0.52 () {60 vars in 1235 bytes} [Thu Jul 8 02:46:07 2021] POST /volume/v3/207dc87f57c04a4292fdf6667a5dae3b/volumes => generated 824 bytes in 290 msecs (HTTP/1.1 202) 7 headers in 291 bytes (2 switches on core 0)
Jul 08 02:46:08.256959 dv-cinder-789077-2-smb devstack@c-api.service[116869]: INFO cinder.api.openstack.wsgi [None req-2f5b91db-e81f-44e6-be61-9654ff93f3cb tempest-AttachVolumeNegativeTest-208342417 tempest-AttachVolumeNegativeTest-208342417-project] GET http://10.222.0.52/volume/v3/207dc87f57c04a4292fdf6667a5dae3b/volumes/a2930d01-05ef-4e07-9d3c-f0828afca8e9
Jul 08 02:46:08.257490 dv-cinder-789077-2-smb devstack@c-api.service[116869]: DEBUG cinder.api.openstack.wsgi [None req-2f5b91db-e81f-44e6-be61-9654ff93f3cb tempest-AttachVolumeNegativeTest-208342417 tempest-AttachVolumeNegativeTest-208342417-project] Empty body provided in request {{(pid=116869) get_body /opt/stack/cinder/cinder/api/openstack/wsgi.py:713}}
Jul 08 02:46:08.257982 dv-cinder-789077-2-smb devstack@c-api.service[116869]: DEBUG cinder.api.openstack.wsgi [None req-2f5b91db-e81f-44e6-be61-9654ff93f3cb tempest-AttachVolumeNegativeTest-208342417 tempest-AttachVolumeNegativeTest-208342417-project] Calling method 'show' {{(pid=116869) _process_stack /opt/stack/cinder/cinder/api/openstack/wsgi.py:866}}
Jul 08 02:46:08.272551 dv-cinder-789077-2-smb devstack@c-api.service[116869]: /usr/local/lib/python3.8/dist-packages/oslo_context/context.py:105: DeprecationWarning: Policy enforcement is depending on the value of is_admin. This key is deprecated. Please update your policy file to use the standard policy values.
Jul 08 02:46:08.272551 dv-cinder-789077-2-smb devstack@c-api.service[116869]: warnings.warn('Policy enforcement is depending on the value of '
Jul 08 02:46:08.281111 dv-cinder-789077-2-smb devstack@c-api.service[116869]: INFO cinder.volume.api [None req-2f5b91db-e81f-44e6-be61-9654ff93f3cb tempest-AttachVolumeNegativeTest-208342417 tempest-AttachVolumeNegativeTest-208342417-project] Volume info retrieved successfully.
Jul 08 02:46:08.297674 dv-cinder-789077-2-smb devstack@c-api.service[116869]: INFO cinder.api.openstack.wsgi [None req-2f5b91db-e81f-44e6-be61-9654ff93f3cb tempest-AttachVolumeNegativeTest-208342417 tempest-AttachVolumeNegativeTest-208342417-project] http://10.222.0.52/volume/v3/207dc87f57c04a4292fdf6667a5dae3b/volumes/a2930d01-05ef-4e07-9d3c-f0828afca8e9 returned with HTTP 200
Jul 08 02:46:08.298702 dv-cinder-789077-2-smb devstack@c-api.service[116869]: [pid: 116869|app: 0|req: 104/201] 10.222.0.52 () {58 vars in 1325 bytes} [Thu Jul 8 02:46:08 2021] GET /volume/v3/207dc87f57c04a4292fdf6667a5dae3b/volumes/a2930d01-05ef-4e07-9d3c-f0828afca8e9 => generated 892 bytes in 46 msecs (HTTP/1.1 200) 7 headers in 285 bytes (1 switches on core 0)
Jul 08 02:46:08.658827 dv-cinder-789077-2-smb devstack@c-api.service[116870]: INFO cinder.api.openstack.wsgi [None req-164dfa9e-8994-4e43-b71b-3110de9c7925 tempest-DeleteServersTestJSON-686564090 tempest-DeleteServersTestJSON-686564090-project] GET http://10.222.0.52/volume/v3/cdaee56054fc4eca8a188c706fa1d64f/volumes/afe2b1ee-766f-4c8c-9986-f8c9c831b69b
Jul 08 02:46:08.659536 dv-cinder-789077-2-smb devstack@c-api.service[116870]: DEBUG cinder.api.openstack.wsgi [None req-164dfa9e-8994-4e43-b71b-3110de9c7925 tempest-DeleteServersTestJSON-686564090 tempest-DeleteServersTestJSON-686564090-project] Empty body provided in request {{(pid=116870) get_body /opt/stack/cinder/cinder/api/openstack/wsgi.py:713}}
Jul 08 02:46:08.659740 dv-cinder-789077-2-smb devstack@c-api.service[116870]: /usr/local/lib/python3.8/dist-packages/webob/acceptparse.py:1047: DeprecationWarning: The behavior of AcceptValidHeader.best_match is currently being maintained for backward compatibility, but it will be deprecated in the future, as it does not conform to the RFC.
Jul 08 02:46:08.659740 dv-cinder-789077-2-smb devstack@c-api.service[116870]: warnings.warn(
Jul 08 02:46:08.660050 dv-cinder-789077-2-smb devstack@c-api.service[116870]: DEBUG cinder.api.openstack.wsgi [None req-164dfa9e-8994-4e43-b71b-3110de9c7925 tempest-DeleteServersTestJSON-686564090 tempest-DeleteServersTestJSON-686564090-project] Calling method 'show' {{(pid=116870) _process_stack /opt/stack/cinder/cinder/api/openstack/wsgi.py:866}}
Jul 08 02:46:08.673352 dv-cinder-789077-2-smb devstack@c-api.service[116870]: /usr/local/lib/python3.8/dist-packages/oslo_context/context.py:105: DeprecationWarning: Policy enforcement is depending on the value of is_admin. This key is deprecated. Please update your policy file to use the standard policy values.
Jul 08 02:46:08.673352 dv-cinder-789077-2-smb devstack@c-api.service[116870]: warnings.warn('Policy enforcement is depending on the value of '
Jul 08 02:46:08.681119 dv-cinder-789077-2-smb devstack@c-api.service[116870]: INFO cinder.volume.api [None req-164dfa9e-8994-4e43-b71b-3110de9c7925 tempest-DeleteServersTestJSON-686564090 tempest-DeleteServersTestJSON-686564090-project] Volume info retrieved successfully.
Jul 08 02:46:08.695397 dv-cinder-789077-2-smb devstack@c-api.service[116870]: INFO cinder.api.openstack.wsgi [None req-164dfa9e-8994-4e43-b71b-3110de9c7925 tempest-DeleteServersTestJSON-686564090 tempest-DeleteServersTestJSON-686564090-project] http://10.222.0.52/volume/v3/cdaee56054fc4eca8a188c706fa1d64f/volumes/afe2b1ee-766f-4c8c-9986-f8c9c831b69b returned with HTTP 200
Jul 08 02:46:08.696189 dv-cinder-789077-2-smb devstack@c-api.service[116870]: [pid: 116870|app: 0|req: 98/202] 10.222.0.52 () {58 vars in 1325 bytes} [Thu Jul 8 02:46:08 2021] GET /volume/v3/cdaee56054fc4eca8a188c706fa1d64f/volumes/afe2b1ee-766f-4c8c-9986-f8c9c831b69b => generated 913 bytes in 42 msecs (HTTP/1.1 200) 7 headers in 285 bytes (1 switches on core 0)
Jul 08 02:46:08.798067 dv-cinder-789077-2-smb devstack@c-api.service[116869]: INFO cinder.api.openstack.wsgi [req-f0dbf5c2-26b4-4f00-95e8-0b6e4fc1c96e req-44357148-36f0-493b-b681-f9a51085601b tempest-DeleteServersTestJSON-686564090 tempest-DeleteServersTestJSON-686564090-project] GET http://10.222.0.52/volume/v3/cdaee56054fc4eca8a188c706fa1d64f/volumes/afe2b1ee-766f-4c8c-9986-f8c9c831b69b
Jul 08 02:46:08.798588 dv-cinder-789077-2-smb devstack@c-api.service[116869]: DEBUG cinder.api.openstack.wsgi [req-f0dbf5c2-26b4-4f00-95e8-0b6e4fc1c96e req-44357148-36f0-493b-b681-f9a51085601b tempest-DeleteServersTestJSON-686564090 tempest-DeleteServersTestJSON-686564090-project] Empty body provided in request {{(pid=116869) get_body /opt/stack/cinder/cinder/api/openstack/wsgi.py:713}}
Jul 08 02:46:08.798679 dv-cinder-789077-2-smb devstack@c-api.service[116869]: /usr/local/lib/python3.8/dist-packages/webob/acceptparse.py:1047: DeprecationWarning: The behavior of AcceptValidHeader.best_match is currently being maintained for backward compatibility, but it will be deprecated in the future, as it does not conform to the RFC.
Jul 08 02:46:08.798679 dv-cinder-789077-2-smb devstack@c-api.service[116869]: warnings.warn(
Jul 08 02:46:08.799507 dv-cinder-789077-2-smb devstack@c-api.service[116869]: DEBUG cinder.api.openstack.wsgi [req-f0dbf5c2-26b4-4f00-95e8-0b6e4fc1c96e req-44357148-36f0-493b-b681-f9a51085601b tempest-DeleteServersTestJSON-686564090 tempest-DeleteServersTestJSON-686564090-project] Calling method 'show' {{(pid=116869) _process_stack /opt/stack/cinder/cinder/api/openstack/wsgi.py:866}}
Jul 08 02:46:08.813025 dv-cinder-789077-2-smb devstack@c-api.service[116869]: /usr/local/lib/python3.8/dist-packages/oslo_context/context.py:105: DeprecationWarning: Policy enforcement is depending on the value of is_admin. This key is deprecated. Please update your policy file to use the standard policy values.
Jul 08 02:46:08.813025 dv-cinder-789077-2-smb devstack@c-api.service[116869]: warnings.warn('Policy enforcement is depending on the value of '
Jul 08 02:46:08.823184 dv-cinder-789077-2-smb devstack@c-api.service[116869]: INFO cinder.volume.api [req-f0dbf5c2-26b4-4f00-95e8-0b6e4fc1c96e req-44357148-36f0-493b-b681-f9a51085601b tempest-DeleteServersTestJSON-686564090 tempest-DeleteServersTestJSON-686564090-project] Volume info retrieved successfully.
Jul 08 02:46:08.837000 dv-cinder-789077-2-smb devstack@c-api.service[116869]: INFO cinder.api.openstack.wsgi [req-f0dbf5c2-26b4-4f00-95e8-0b6e4fc1c96e req-44357148-36f0-493b-b681-f9a51085601b tempest-DeleteServersTestJSON-686564090 tempest-DeleteServersTestJSON-686564090-project] http://10.222.0.52/volume/v3/cdaee56054fc4eca8a188c706fa1d64f/volumes/afe2b1ee-766f-4c8c-9986-f8c9c831b69b returned with HTTP 200
Jul 08 02:46:08.837762 dv-cinder-789077-2-smb devstack@c-api.service[116869]: [pid: 116869|app: 0|req: 105/203] 10.222.0.52 () {60 vars in 1579 bytes} [Thu Jul 8 02:46:08 2021] GET /volume/v3/cdaee56054fc4eca8a188c706fa1d64f/volumes/afe2b1ee-766f-4c8c-9986-f8c9c831b69b => generated 913 bytes in 44 msecs (HTTP/1.1 200) 7 headers in 285 bytes (2 switches on core 0)
Jul 08 02:46:08.916657 dv-cinder-789077-2-smb devstack@c-api.service[116870]: INFO cinder.api.openstack.wsgi [None req-9745976a-ec10-466e-8d22-ae7facf12add tempest-GroupsV314Test-117710824 tempest-GroupsV314Test-117710824-project] GET http://10.222.0.52/volume/v3/c87a66df58ca48beaae1899f803f5d25/volumes/84004155-541e-4ddb-bd81-cebb65288545
Jul 08 02:46:08.917145 dv-cinder-789077-2-smb devstack@c-api.service[116870]: DEBUG cinder.api.openstack.wsgi [None req-9745976a-ec10-466e-8d22-ae7facf12add tempest-GroupsV314Test-117710824 tempest-GroupsV314Test-117710824-project] Empty body provided in request {{(pid=116870) get_body /opt/stack/cinder/cinder/api/openstack/wsgi.py:713}}
Jul 08 02:46:08.917370 dv-cinder-789077-2-smb devstack@c-api.service[116870]: /usr/local/lib/python3.8/dist-packages/webob/acceptparse.py:1047: DeprecationWarning: The behavior of AcceptValidHeader.best_match is currently being maintained for backward compatibility, but it will be deprecated in the future, as it does not conform to the RFC.
Jul 08 02:46:08.917370 dv-cinder-789077-2-smb devstack@c-api.service[116870]: warnings.warn(
Jul 08 02:46:08.917699 dv-cinder-789077-2-smb devstack@c-api.service[116870]: DEBUG cinder.api.openstack.wsgi [None req-9745976a-ec10-466e-8d22-ae7facf12add tempest-GroupsV314Test-117710824 tempest-GroupsV314Test-117710824-project] Calling method 'show' {{(pid=116870) _process_stack /opt/stack/cinder/cinder/api/openstack/wsgi.py:866}}
Jul 08 02:46:08.933690 dv-cinder-789077-2-smb devstack@c-api.service[116870]: /usr/local/lib/python3.8/dist-packages/oslo_context/context.py:105: DeprecationWarning: Policy enforcement is depending on the value of is_admin. This key is deprecated. Please update your policy file to use the standard policy values.
Jul 08 02:46:08.933690 dv-cinder-789077-2-smb devstack@c-api.service[116870]: warnings.warn('Policy enforcement is depending on the value of '
Jul 08 02:46:08.938608 dv-cinder-789077-2-smb devstack@c-api.service[116869]: INFO cinder.api.openstack.wsgi [req-f0dbf5c2-26b4-4f00-95e8-0b6e4fc1c96e req-44357148-36f0-493b-b681-f9a51085601b tempest-DeleteServersTestJSON-686564090 tempest-DeleteServersTestJSON-686564090-project] GET http://10.222.0.52/volume//
Jul 08 02:46:08.938728 dv-cinder-789077-2-smb devstack@c-api.service[116869]: DEBUG cinder.api.openstack.wsgi [req-f0dbf5c2-26b4-4f00-95e8-0b6e4fc1c96e req-44357148-36f0-493b-b681-f9a51085601b tempest-DeleteServersTestJSON-686564090 tempest-DeleteServersTestJSON-686564090-project] Empty body provided in request {{(pid=116869) get_body /opt/stack/cinder/cinder/api/openstack/wsgi.py:713}}
Jul 08 02:46:08.938886 dv-cinder-789077-2-smb devstack@c-api.service[116869]: /usr/local/lib/python3.8/dist-packages/webob/acceptparse.py:1047: DeprecationWarning: The behavior of AcceptValidHeader.best_match is currently being maintained for backward compatibility, but it will be deprecated in the future, as it does not conform to the RFC.
Jul 08 02:46:08.938886 dv-cinder-789077-2-smb devstack@c-api.service[116869]: warnings.warn(
Jul 08 02:46:08.939209 dv-cinder-789077-2-smb devstack@c-api.service[116869]: DEBUG cinder.api.openstack.wsgi [req-f0dbf5c2-26b4-4f00-95e8-0b6e4fc1c96e req-44357148-36f0-493b-b681-f9a51085601b tempest-DeleteServersTestJSON-686564090 tempest-DeleteServersTestJSON-686564090-project] Calling method 'all' {{(pid=116869) _process_stack /opt/stack/cinder/cinder/api/openstack/wsgi.py:866}}
Jul 08 02:46:08.941298 dv-cinder-789077-2-smb devstack@c-api.service[116869]: INFO cinder.api.openstack.wsgi [req-f0dbf5c2-26b4-4f00-95e8-0b6e4fc1c96e req-44357148-36f0-493b-b681-f9a51085601b tempest-DeleteServersTestJSON-686564090 tempest-DeleteServersTestJSON-686564090-project] http://10.222.0.52/volume// returned with HTTP 300
Jul 08 02:46:08.942234 dv-cinder-789077-2-smb devstack@c-api.service[116869]: [pid: 116869|app: 0|req: 106/204] 10.222.0.52 () {58 vars in 1300 bytes} [Thu Jul 8 02:46:08 2021] GET /volume/ => generated 754 bytes in 5 msecs (HTTP/1.1 300) 5 headers in 169 bytes (2 switches on core 0)
Jul 08 02:46:08.945982 dv-cinder-789077-2-smb devstack@c-api.service[116870]: INFO cinder.volume.api [None req-9745976a-ec10-466e-8d22-ae7facf12add tempest-GroupsV314Test-117710824 tempest-GroupsV314Test-117710824-project] Volume info retrieved successfully.
Jul 08 02:46:08.953718 dv-cinder-789077-2-smb devstack@c-api.service[116870]: WARNING stevedore.named [None req-9745976a-ec10-466e-8d22-ae7facf12add tempest-GroupsV314Test-117710824 tempest-GroupsV314Test-117710824-project] Could not load cinder.keymgr.conf_key_mgr.ConfKeyManager
Jul 08 02:46:08.954339 dv-cinder-789077-2-smb devstack@c-api.service[116870]: WARNING castellan.key_manager [None req-9745976a-ec10-466e-8d22-ae7facf12add tempest-GroupsV314Test-117710824 tempest-GroupsV314Test-117710824-project] Deprecation Warning : cinder.keymgr.conf_key_mgr.ConfKeyManager is not a stevedore based driver, trying to load it as a class: stevedore.exception.NoMatches: No 'castellan.drivers' driver found, looking for 'cinder.keymgr.conf_key_mgr.ConfKeyManager'
Jul 08 02:46:08.959148 dv-cinder-789077-2-smb devstack@c-api.service[116869]: INFO cinder.api.openstack.wsgi [req-f0dbf5c2-26b4-4f00-95e8-0b6e4fc1c96e req-8f410945-e41f-45a2-8f7e-ab5969a622f5 tempest-DeleteServersTestJSON-686564090 tempest-DeleteServersTestJSON-686564090-project] POST http://10.222.0.52/volume/v3/cdaee56054fc4eca8a188c706fa1d64f/attachments
Jul 08 02:46:08.960161 dv-cinder-789077-2-smb devstack@c-api.service[116869]: DEBUG cinder.api.openstack.wsgi [req-f0dbf5c2-26b4-4f00-95e8-0b6e4fc1c96e req-8f410945-e41f-45a2-8f7e-ab5969a622f5 tempest-DeleteServersTestJSON-686564090 tempest-DeleteServersTestJSON-686564090-project] Action: 'create', calling method: version_select, body: {"attachment": {"volume_uuid": "afe2b1ee-766f-4c8c-9986-f8c9c831b69b", "instance_uuid": "7d8b2589-7dbe-4e1a-a9cd-126dace8bbec", "connector": null}} {{(pid=116869) _process_stack /opt/stack/cinder/cinder/api/openstack/wsgi.py:864}}
Jul 08 02:46:08.962673 dv-cinder-789077-2-smb devstack@c-api.service[116870]: DEBUG oslo_db.sqlalchemy.engines [None req-9745976a-ec10-466e-8d22-ae7facf12add tempest-GroupsV314Test-117710824 tempest-GroupsV314Test-117710824-project] MySQL server mode set to STRICT_TRANS_TABLES,STRICT_ALL_TABLES,NO_ZERO_IN_DATE,NO_ZERO_DATE,ERROR_FOR_DIVISION_BY_ZERO,TRADITIONAL,NO_ENGINE_SUBSTITUTION {{(pid=116870) _check_effective_sql_mode /usr/local/lib/python3.8/dist-packages/oslo_db/sqlalchemy/engines.py:314}}
Jul 08 02:46:08.969343 dv-cinder-789077-2-smb devstack@c-api.service[116870]: /usr/local/lib/python3.8/dist-packages/oslo_context/context.py:105: DeprecationWarning: Policy enforcement is depending on the value of is_admin. This key is deprecated. Please update your policy file to use the standard policy values.
Jul 08 02:46:08.969343 dv-cinder-789077-2-smb devstack@c-api.service[116870]: warnings.warn('Policy enforcement is depending on the value of '
Jul 08 02:46:08.986844 dv-cinder-789077-2-smb devstack@c-api.service[116869]: /usr/local/lib/python3.8/dist-packages/oslo_context/context.py:105: DeprecationWarning: Policy enforcement is depending on the value of is_admin. This key is deprecated. Please update your policy file to use the standard policy values.
Jul 08 02:46:08.986844 dv-cinder-789077-2-smb devstack@c-api.service[116869]: warnings.warn('Policy enforcement is depending on the value of '
Jul 08 02:46:08.997986 dv-cinder-789077-2-smb devstack@c-api.service[116870]: INFO cinder.api.openstack.wsgi [None req-9745976a-ec10-466e-8d22-ae7facf12add tempest-GroupsV314Test-117710824 tempest-GroupsV314Test-117710824-project] http://10.222.0.52/volume/v3/c87a66df58ca48beaae1899f803f5d25/volumes/84004155-541e-4ddb-bd81-cebb65288545 returned with HTTP 200
Jul 08 02:46:09.000602 dv-cinder-789077-2-smb devstack@c-api.service[116870]: [pid: 116870|app: 0|req: 99/205] 10.222.0.52 () {60 vars in 1366 bytes} [Thu Jul 8 02:46:08 2021] GET /volume/v3/c87a66df58ca48beaae1899f803f5d25/volumes/84004155-541e-4ddb-bd81-cebb65288545 => generated 993 bytes in 87 msecs (HTTP/1.1 200) 7 headers in 286 bytes (1 switches on core 0)
Jul 08 02:46:09.017248 dv-cinder-789077-2-smb devstack@c-api.service[116870]: INFO cinder.api.openstack.wsgi [None req-2eed6c1c-7b4d-4eb5-a8dd-cef046629d7b tempest-GroupsV314Test-117710824 tempest-GroupsV314Test-117710824-project] POST http://10.222.0.52/volume/v3/c87a66df58ca48beaae1899f803f5d25/groups/action
Jul 08 02:46:09.018122 dv-cinder-789077-2-smb devstack@c-api.service[116870]: /usr/local/lib/python3.8/dist-packages/webob/acceptparse.py:1047: DeprecationWarning: The behavior of AcceptValidHeader.best_match is currently being maintained for backward compatibility, but it will be deprecated in the future, as it does not conform to the RFC.
Jul 08 02:46:09.018122 dv-cinder-789077-2-smb devstack@c-api.service[116870]: warnings.warn(
Jul 08 02:46:09.018353 dv-cinder-789077-2-smb devstack@c-api.service[116870]: DEBUG cinder.api.openstack.wsgi [None req-2eed6c1c-7b4d-4eb5-a8dd-cef046629d7b tempest-GroupsV314Test-117710824 tempest-GroupsV314Test-117710824-project] Action body: b'{"create-from-src": {"source_group_id": "edf70b6a-f7b1-4a4b-a2bb-dce9d22b794a", "name": "tempest-Group_from_grp-13133996"}}' {{(pid=116870) get_method /opt/stack/cinder/cinder/api/openstack/wsgi.py:981}}
Jul 08 02:46:09.018629 dv-cinder-789077-2-smb devstack@c-api.service[116870]: DEBUG cinder.api.openstack.wsgi [None req-2eed6c1c-7b4d-4eb5-a8dd-cef046629d7b tempest-GroupsV314Test-117710824 tempest-GroupsV314Test-117710824-project] Action: 'action', calling method: create_from_src, body: {"create-from-src": {"source_group_id": "edf70b6a-f7b1-4a4b-a2bb-dce9d22b794a", "name": "tempest-Group_from_grp-13133996"}} {{(pid=116870) _process_stack /opt/stack/cinder/cinder/api/openstack/wsgi.py:864}}
Jul 08 02:46:09.019615 dv-cinder-789077-2-smb devstack@c-api.service[116870]: DEBUG cinder.api.v3.groups [None req-2eed6c1c-7b4d-4eb5-a8dd-cef046629d7b tempest-GroupsV314Test-117710824 tempest-GroupsV314Test-117710824-project] Creating new group {'create-from-src': {'source_group_id': 'edf70b6a-f7b1-4a4b-a2bb-dce9d22b794a', 'name': 'tempest-Group_from_grp-13133996'}}. {{(pid=116870) create_from_src /opt/stack/cinder/cinder/api/v3/groups.py:236}}
Jul 08 02:46:09.019955 dv-cinder-789077-2-smb devstack@c-api.service[116870]: INFO cinder.api.v3.groups [None req-2eed6c1c-7b4d-4eb5-a8dd-cef046629d7b tempest-GroupsV314Test-117710824 tempest-GroupsV314Test-117710824-project] Creating group tempest-Group_from_grp-13133996 from source group edf70b6a-f7b1-4a4b-a2bb-dce9d22b794a.
Jul 08 02:46:09.033933 dv-cinder-789077-2-smb devstack@c-api.service[116870]: /usr/local/lib/python3.8/dist-packages/oslo_context/context.py:105: DeprecationWarning: Policy enforcement is depending on the value of is_admin. This key is deprecated. Please update your policy file to use the standard policy values.
Jul 08 02:46:09.033933 dv-cinder-789077-2-smb devstack@c-api.service[116870]: warnings.warn('Policy enforcement is depending on the value of '
Jul 08 02:46:09.044997 dv-cinder-789077-2-smb devstack@c-api.service[116870]: /usr/local/lib/python3.8/dist-packages/oslo_context/context.py:105: DeprecationWarning: Policy enforcement is depending on the value of is_admin. This key is deprecated. Please update your policy file to use the standard policy values.
Jul 08 02:46:09.044997 dv-cinder-789077-2-smb devstack@c-api.service[116870]: warnings.warn('Policy enforcement is depending on the value of '
Jul 08 02:46:09.083771 dv-cinder-789077-2-smb devstack@c-api.service[116869]: INFO cinder.api.openstack.wsgi [req-f0dbf5c2-26b4-4f00-95e8-0b6e4fc1c96e req-8f410945-e41f-45a2-8f7e-ab5969a622f5 tempest-DeleteServersTestJSON-686564090 tempest-DeleteServersTestJSON-686564090-project] http://10.222.0.52/volume/v3/cdaee56054fc4eca8a188c706fa1d64f/attachments returned with HTTP 200
Jul 08 02:46:09.085839 dv-cinder-789077-2-smb devstack@c-api.service[116869]: [pid: 116869|app: 0|req: 107/206] 10.222.0.52 () {66 vars in 1575 bytes} [Thu Jul 8 02:46:08 2021] POST /volume/v3/cdaee56054fc4eca8a188c706fa1d64f/attachments => generated 273 bytes in 133 msecs (HTTP/1.1 200) 7 headers in 286 bytes (1 switches on core 0)
Jul 08 02:46:09.126444 dv-cinder-789077-2-smb devstack@c-api.service[116870]: DEBUG cinder.quota [None req-2eed6c1c-7b4d-4eb5-a8dd-cef046629d7b tempest-GroupsV314Test-117710824 tempest-GroupsV314Test-117710824-project] Created reservations ['e9ce1106-a635-45b5-aca8-be50baae48a7'] {{(pid=116870) reserve /opt/stack/cinder/cinder/quota.py:755}}
Jul 08 02:46:09.151545 dv-cinder-789077-2-smb devstack@c-api.service[116869]: INFO cinder.api.openstack.wsgi [None req-c066a150-f233-4ab9-b3aa-c6c46b238013 tempest-DeleteServersTestJSON-686564090 tempest-DeleteServersTestJSON-686564090-project] GET http://10.222.0.52/volume/v3/cdaee56054fc4eca8a188c706fa1d64f/volumes/afe2b1ee-766f-4c8c-9986-f8c9c831b69b
Jul 08 02:46:09.152160 dv-cinder-789077-2-smb devstack@c-api.service[116869]: DEBUG cinder.api.openstack.wsgi [None req-c066a150-f233-4ab9-b3aa-c6c46b238013 tempest-DeleteServersTestJSON-686564090 tempest-DeleteServersTestJSON-686564090-project] Empty body provided in request {{(pid=116869) get_body /opt/stack/cinder/cinder/api/openstack/wsgi.py:713}}
Jul 08 02:46:09.152483 dv-cinder-789077-2-smb devstack@c-api.service[116869]: /usr/local/lib/python3.8/dist-packages/webob/acceptparse.py:1047: DeprecationWarning: The behavior of AcceptValidHeader.best_match is currently being maintained for backward compatibility, but it will be deprecated in the future, as it does not conform to the RFC.
Jul 08 02:46:09.152483 dv-cinder-789077-2-smb devstack@c-api.service[116869]: warnings.warn(
Jul 08 02:46:09.153025 dv-cinder-789077-2-smb devstack@c-api.service[116869]: DEBUG cinder.api.openstack.wsgi [None req-c066a150-f233-4ab9-b3aa-c6c46b238013 tempest-DeleteServersTestJSON-686564090 tempest-DeleteServersTestJSON-686564090-project] Calling method 'show' {{(pid=116869) _process_stack /opt/stack/cinder/cinder/api/openstack/wsgi.py:866}}
Jul 08 02:46:09.175660 dv-cinder-789077-2-smb devstack@c-api.service[116869]: /usr/local/lib/python3.8/dist-packages/oslo_context/context.py:105: DeprecationWarning: Policy enforcement is depending on the value of is_admin. This key is deprecated. Please update your policy file to use the standard policy values.
Jul 08 02:46:09.175660 dv-cinder-789077-2-smb devstack@c-api.service[116869]: warnings.warn('Policy enforcement is depending on the value of '
Jul 08 02:46:09.195232 dv-cinder-789077-2-smb devstack@c-api.service[116869]: INFO cinder.volume.api [None req-c066a150-f233-4ab9-b3aa-c6c46b238013 tempest-DeleteServersTestJSON-686564090 tempest-DeleteServersTestJSON-686564090-project] Volume info retrieved successfully.
Jul 08 02:46:09.207695 dv-cinder-789077-2-smb devstack@c-api.service[116869]: /usr/local/lib/python3.8/dist-packages/oslo_context/context.py:105: DeprecationWarning: Policy enforcement is depending on the value of is_admin. This key is deprecated. Please update your policy file to use the standard policy values.
Jul 08 02:46:09.207695 dv-cinder-789077-2-smb devstack@c-api.service[116869]: warnings.warn('Policy enforcement is depending on the value of '
Jul 08 02:46:09.230988 dv-cinder-789077-2-smb devstack@c-api.service[116869]: INFO cinder.api.openstack.wsgi [None req-c066a150-f233-4ab9-b3aa-c6c46b238013 tempest-DeleteServersTestJSON-686564090 tempest-DeleteServersTestJSON-686564090-project] http://10.222.0.52/volume/v3/cdaee56054fc4eca8a188c706fa1d64f/volumes/afe2b1ee-766f-4c8c-9986-f8c9c831b69b returned with HTTP 200
Jul 08 02:46:09.232070 dv-cinder-789077-2-smb devstack@c-api.service[116869]: [pid: 116869|app: 0|req: 108/207] 10.222.0.52 () {58 vars in 1325 bytes} [Thu Jul 8 02:46:09 2021] GET /volume/v3/cdaee56054fc4eca8a188c706fa1d64f/volumes/afe2b1ee-766f-4c8c-9986-f8c9c831b69b => generated 912 bytes in 84 msecs (HTTP/1.1 200) 7 headers in 285 bytes (1 switches on core 0)
Jul 08 02:46:09.242865 dv-cinder-789077-2-smb devstack@c-api.service[116869]: INFO cinder.api.openstack.wsgi [None req-c066a150-f233-4ab9-b3aa-c6c46b238013 tempest-DeleteServersTestJSON-686564090 tempest-DeleteServersTestJSON-686564090-project] GET http://10.222.0.52/volume//
Jul 08 02:46:09.245068 dv-cinder-789077-2-smb devstack@c-api.service[116869]: DEBUG cinder.api.openstack.wsgi [None req-c066a150-f233-4ab9-b3aa-c6c46b238013 tempest-DeleteServersTestJSON-686564090 tempest-DeleteServersTestJSON-686564090-project] Empty body provided in request {{(pid=116869) get_body /opt/stack/cinder/cinder/api/openstack/wsgi.py:713}}
Jul 08 02:46:09.245342 dv-cinder-789077-2-smb devstack@c-api.service[116869]: /usr/local/lib/python3.8/dist-packages/webob/acceptparse.py:1047: DeprecationWarning: The behavior of AcceptValidHeader.best_match is currently being maintained for backward compatibility, but it will be deprecated in the future, as it does not conform to the RFC.
Jul 08 02:46:09.245342 dv-cinder-789077-2-smb devstack@c-api.service[116869]: warnings.warn(
Jul 08 02:46:09.245832 dv-cinder-789077-2-smb devstack@c-api.service[116869]: DEBUG cinder.api.openstack.wsgi [None req-c066a150-f233-4ab9-b3aa-c6c46b238013 tempest-DeleteServersTestJSON-686564090 tempest-DeleteServersTestJSON-686564090-project] Calling method 'all' {{(pid=116869) _process_stack /opt/stack/cinder/cinder/api/openstack/wsgi.py:866}}
Jul 08 02:46:09.246927 dv-cinder-789077-2-smb devstack@c-api.service[116869]: INFO cinder.api.openstack.wsgi [None req-c066a150-f233-4ab9-b3aa-c6c46b238013 tempest-DeleteServersTestJSON-686564090 tempest-DeleteServersTestJSON-686564090-project] http://10.222.0.52/volume// returned with HTTP 300
Jul 08 02:46:09.247562 dv-cinder-789077-2-smb devstack@c-api.service[116869]: [pid: 116869|app: 0|req: 109/208] 10.222.0.53 () {56 vars in 1099 bytes} [Thu Jul 8 02:46:09 2021] GET /volume/ => generated 754 bytes in 15 msecs (HTTP/1.1 300) 5 headers in 169 bytes (1 switches on core 0)
Jul 08 02:46:09.253536 dv-cinder-789077-2-smb devstack@c-api.service[116869]: INFO cinder.api.openstack.wsgi [None req-8607a0ad-4b6e-4627-b37f-7205e0a636d1 tempest-GroupSnapshotsTest-308626636 tempest-GroupSnapshotsTest-308626636-project] GET http://10.222.0.52/volume/v3/ecb5551bc69941adbfa6e0be1d39d0ad/group_snapshots/0514a6f8-ee6c-4e1c-ac0e-3e205158dce0
Jul 08 02:46:09.254282 dv-cinder-789077-2-smb devstack@c-api.service[116869]: DEBUG cinder.api.openstack.wsgi [None req-8607a0ad-4b6e-4627-b37f-7205e0a636d1 tempest-GroupSnapshotsTest-308626636 tempest-GroupSnapshotsTest-308626636-project] Empty body provided in request {{(pid=116869) get_body /opt/stack/cinder/cinder/api/openstack/wsgi.py:713}}
Jul 08 02:46:09.254785 dv-cinder-789077-2-smb devstack@c-api.service[116869]: DEBUG cinder.api.openstack.wsgi [None req-8607a0ad-4b6e-4627-b37f-7205e0a636d1 tempest-GroupSnapshotsTest-308626636 tempest-GroupSnapshotsTest-308626636-project] Calling method 'version_select' {{(pid=116869) _process_stack /opt/stack/cinder/cinder/api/openstack/wsgi.py:866}}
Jul 08 02:46:09.255277 dv-cinder-789077-2-smb devstack@c-api.service[116869]: DEBUG cinder.api.v3.group_snapshots [None req-8607a0ad-4b6e-4627-b37f-7205e0a636d1 tempest-GroupSnapshotsTest-308626636 tempest-GroupSnapshotsTest-308626636-project] show called for member 0514a6f8-ee6c-4e1c-ac0e-3e205158dce0 {{(pid=116869) show /opt/stack/cinder/cinder/api/v3/group_snapshots.py:58}}
Jul 08 02:46:09.262514 dv-cinder-789077-2-smb devstack@c-api.service[116869]: /usr/local/lib/python3.8/dist-packages/oslo_context/context.py:105: DeprecationWarning: Policy enforcement is depending on the value of is_admin. This key is deprecated. Please update your policy file to use the standard policy values.
Jul 08 02:46:09.262514 dv-cinder-789077-2-smb devstack@c-api.service[116869]: warnings.warn('Policy enforcement is depending on the value of '
Jul 08 02:46:09.270954 dv-cinder-789077-2-smb devstack@c-api.service[116869]: INFO cinder.api.openstack.wsgi [None req-8607a0ad-4b6e-4627-b37f-7205e0a636d1 tempest-GroupSnapshotsTest-308626636 tempest-GroupSnapshotsTest-308626636-project] http://10.222.0.52/volume/v3/ecb5551bc69941adbfa6e0be1d39d0ad/group_snapshots/0514a6f8-ee6c-4e1c-ac0e-3e205158dce0 returned with HTTP 200
Jul 08 02:46:09.271660 dv-cinder-789077-2-smb devstack@c-api.service[116870]: INFO cinder.group.api [None req-2eed6c1c-7b4d-4eb5-a8dd-cef046629d7b tempest-GroupsV314Test-117710824 tempest-GroupsV314Test-117710824-project] A mapping entry already exists for group 41742bba-115c-4f24-852e-a2fa91430a00 and volume type 2d332055-cc3e-477e-bf40-6f5cf60528fb. Do not need to create again.
Jul 08 02:46:09.272128 dv-cinder-789077-2-smb devstack@c-api.service[116870]: /usr/local/lib/python3.8/dist-packages/oslo_context/context.py:105: DeprecationWarning: Policy enforcement is depending on the value of is_admin. This key is deprecated. Please update your policy file to use the standard policy values.
Jul 08 02:46:09.272128 dv-cinder-789077-2-smb devstack@c-api.service[116870]: warnings.warn('Policy enforcement is depending on the value of '
Jul 08 02:46:09.277624 dv-cinder-789077-2-smb devstack@c-api.service[116869]: [pid: 116869|app: 0|req: 110/209] 10.222.0.52 () {60 vars in 1390 bytes} [Thu Jul 8 02:46:09 2021] GET /volume/v3/ecb5551bc69941adbfa6e0be1d39d0ad/group_snapshots/0514a6f8-ee6c-4e1c-ac0e-3e205158dce0 => generated 307 bytes in 24 msecs (HTTP/1.1 200) 7 headers in 286 bytes (1 switches on core 0)
Jul 08 02:46:09.277714 dv-cinder-789077-2-smb devstack@c-api.service[116870]: INFO cinder.volume.api [None req-2eed6c1c-7b4d-4eb5-a8dd-cef046629d7b tempest-GroupsV314Test-117710824 tempest-GroupsV314Test-117710824-project] Availability Zones retrieved successfully.
Jul 08 02:46:09.282808 dv-cinder-789077-2-smb devstack@c-api.service[116869]: INFO cinder.api.openstack.wsgi [None req-d9ab174d-5c9d-480e-9549-47627e119393 tempest-GroupSnapshotsTest-308626636 tempest-GroupSnapshotsTest-308626636-project] GET http://10.222.0.52/volume/v3/ecb5551bc69941adbfa6e0be1d39d0ad/snapshots/detail
Jul 08 02:46:09.284148 dv-cinder-789077-2-smb devstack@c-api.service[116869]: DEBUG cinder.api.openstack.wsgi [None req-d9ab174d-5c9d-480e-9549-47627e119393 tempest-GroupSnapshotsTest-308626636 tempest-GroupSnapshotsTest-308626636-project] Empty body provided in request {{(pid=116869) get_body /opt/stack/cinder/cinder/api/openstack/wsgi.py:713}}
Jul 08 02:46:09.284604 dv-cinder-789077-2-smb devstack@c-api.service[116869]: /usr/local/lib/python3.8/dist-packages/webob/acceptparse.py:1047: DeprecationWarning: The behavior of AcceptValidHeader.best_match is currently being maintained for backward compatibility, but it will be deprecated in the future, as it does not conform to the RFC.
Jul 08 02:46:09.284604 dv-cinder-789077-2-smb devstack@c-api.service[116869]: warnings.warn(
Jul 08 02:46:09.285181 dv-cinder-789077-2-smb devstack@c-api.service[116869]: DEBUG cinder.api.openstack.wsgi [None req-d9ab174d-5c9d-480e-9549-47627e119393 tempest-GroupSnapshotsTest-308626636 tempest-GroupSnapshotsTest-308626636-project] Calling method 'detail' {{(pid=116869) _process_stack /opt/stack/cinder/cinder/api/openstack/wsgi.py:866}}
Jul 08 02:46:09.286510 dv-cinder-789077-2-smb devstack@c-api.service[116869]: DEBUG cinder.api.api_utils [None req-d9ab174d-5c9d-480e-9549-47627e119393 tempest-GroupSnapshotsTest-308626636 tempest-GroupSnapshotsTest-308626636-project] Removing options '' from query. {{(pid=116869) remove_invalid_filter_options /opt/stack/cinder/cinder/api/api_utils.py:73}}
Jul 08 02:46:09.288188 dv-cinder-789077-2-smb devstack@c-api.service[116869]: DEBUG cinder.db.sqlalchemy.api [None req-d9ab174d-5c9d-480e-9549-47627e119393 tempest-GroupSnapshotsTest-308626636 tempest-GroupSnapshotsTest-308626636-project] Building query based on filter {{(pid=116869) _process_snaps_filters /opt/stack/cinder/cinder/db/sqlalchemy/api.py:3138}}
Jul 08 02:46:09.291823 dv-cinder-789077-2-smb devstack@c-api.service[116870]: DEBUG cinder.volume.api [None req-2eed6c1c-7b4d-4eb5-a8dd-cef046629d7b tempest-GroupsV314Test-117710824 tempest-GroupsV314Test-117710824-project] Flow 'volume_create_api' (fcd4f947-ee70-4314-a7ff-9b2b665c0e0c) transitioned into state 'RUNNING' from state 'PENDING' {{(pid=116870) _flow_receiver /usr/local/lib/python3.8/dist-packages/taskflow/listeners/logging.py:141}}
Jul 08 02:46:09.293996 dv-cinder-789077-2-smb devstack@c-api.service[116870]: DEBUG cinder.volume.api [None req-2eed6c1c-7b4d-4eb5-a8dd-cef046629d7b tempest-GroupsV314Test-117710824 tempest-GroupsV314Test-117710824-project] Task 'cinder.volume.flows.api.create_volume.ExtractVolumeRequestTask;volume:create' (7e5058aa-c15d-4d66-a519-2722d6eac178) transitioned into state 'RUNNING' from state 'PENDING' {{(pid=116870) _task_receiver /usr/local/lib/python3.8/dist-packages/taskflow/listeners/logging.py:190}}
Jul 08 02:46:09.296209 dv-cinder-789077-2-smb devstack@c-api.service[116869]: INFO cinder.volume.api [None req-d9ab174d-5c9d-480e-9549-47627e119393 tempest-GroupSnapshotsTest-308626636 tempest-GroupSnapshotsTest-308626636-project] Get all snapshots completed successfully.
Jul 08 02:46:09.296677 dv-cinder-789077-2-smb devstack@c-api.service[116870]: DEBUG cinder.volume.flows.api.create_volume [None req-2eed6c1c-7b4d-4eb5-a8dd-cef046629d7b tempest-GroupsV314Test-117710824 tempest-GroupsV314Test-117710824-project] Validating volume size '1' using validate_int, validate_source_size {{(pid=116870) _extract_size /opt/stack/cinder/cinder/volume/flows/api/create_volume.py:201}}
Jul 08 02:46:09.297602 dv-cinder-789077-2-smb devstack@c-api.service[116869]: /usr/local/lib/python3.8/dist-packages/oslo_context/context.py:105: DeprecationWarning: Policy enforcement is depending on the value of is_admin. This key is deprecated. Please update your policy file to use the standard policy values.
Jul 08 02:46:09.297602 dv-cinder-789077-2-smb devstack@c-api.service[116869]: warnings.warn('Policy enforcement is depending on the value of '
Jul 08 02:46:09.300597 dv-cinder-789077-2-smb devstack@c-api.service[116869]: INFO cinder.api.openstack.wsgi [None req-d9ab174d-5c9d-480e-9549-47627e119393 tempest-GroupSnapshotsTest-308626636 tempest-GroupSnapshotsTest-308626636-project] http://10.222.0.52/volume/v3/ecb5551bc69941adbfa6e0be1d39d0ad/snapshots/detail returned with HTTP 200
Jul 08 02:46:09.307009 dv-cinder-789077-2-smb devstack@c-api.service[116869]: [pid: 116869|app: 0|req: 111/210] 10.222.0.52 () {58 vars in 1241 bytes} [Thu Jul 8 02:46:09 2021] GET /volume/v3/ecb5551bc69941adbfa6e0be1d39d0ad/snapshots/detail => generated 519 bytes in 24 msecs (HTTP/1.1 200) 7 headers in 285 bytes (2 switches on core 0)
Jul 08 02:46:09.309048 dv-cinder-789077-2-smb devstack@c-api.service[116869]: INFO cinder.api.openstack.wsgi [req-f0dbf5c2-26b4-4f00-95e8-0b6e4fc1c96e req-2850c9f3-3410-4a76-8078-b3eb86d67cda tempest-DeleteServersTestJSON-686564090 tempest-DeleteServersTestJSON-686564090-project] GET http://10.222.0.52/volume/v3/cdaee56054fc4eca8a188c706fa1d64f/volumes/afe2b1ee-766f-4c8c-9986-f8c9c831b69b
Jul 08 02:46:09.309646 dv-cinder-789077-2-smb devstack@c-api.service[116869]: DEBUG cinder.api.openstack.wsgi [req-f0dbf5c2-26b4-4f00-95e8-0b6e4fc1c96e req-2850c9f3-3410-4a76-8078-b3eb86d67cda tempest-DeleteServersTestJSON-686564090 tempest-DeleteServersTestJSON-686564090-project] Empty body provided in request {{(pid=116869) get_body /opt/stack/cinder/cinder/api/openstack/wsgi.py:713}}
Jul 08 02:46:09.312127 dv-cinder-789077-2-smb devstack@c-api.service[116869]: /usr/local/lib/python3.8/dist-packages/webob/acceptparse.py:1047: DeprecationWarning: The behavior of AcceptValidHeader.best_match is currently being maintained for backward compatibility, but it will be deprecated in the future, as it does not conform to the RFC.
Jul 08 02:46:09.312127 dv-cinder-789077-2-smb devstack@c-api.service[116869]: warnings.warn(
Jul 08 02:46:09.312341 dv-cinder-789077-2-smb devstack@c-api.service[116869]: DEBUG cinder.api.openstack.wsgi [req-f0dbf5c2-26b4-4f00-95e8-0b6e4fc1c96e req-2850c9f3-3410-4a76-8078-b3eb86d67cda tempest-DeleteServersTestJSON-686564090 tempest-DeleteServersTestJSON-686564090-project] Calling method 'show' {{(pid=116869) _process_stack /opt/stack/cinder/cinder/api/openstack/wsgi.py:866}}
Jul 08 02:46:09.326922 dv-cinder-789077-2-smb devstack@c-api.service[116870]: DEBUG cinder.volume.api [None req-2eed6c1c-7b4d-4eb5-a8dd-cef046629d7b tempest-GroupsV314Test-117710824 tempest-GroupsV314Test-117710824-project] Task 'cinder.volume.flows.api.create_volume.ExtractVolumeRequestTask;volume:create' (7e5058aa-c15d-4d66-a519-2722d6eac178) transitioned into state 'SUCCESS' from state 'RUNNING' with result '{'size': 1, 'snapshot_id': None, 'source_volid': '84004155-541e-4ddb-bd81-cebb65288545', 'volume_type': VolumeType(created_at=2021-07-08T02:46:07Z,deleted=False,deleted_at=None,description=None,extra_specs={},id=2d332055-cc3e-477e-bf40-6f5cf60528fb,is_public=True,name='tempest-GroupsV314Test-volume-type-1509098450',projects=[],qos_specs=,qos_specs_id=None,updated_at=None), 'volume_type_id': '2d332055-cc3e-477e-bf40-6f5cf60528fb', 'encryption_key_id': None, 'qos_specs': None, 'consistencygroup_id': None, 'cgsnapshot_id': None, 'group_id': '41742bba-115c-4f24-852e-a2fa91430a00', 'replication_status': 'disabled', 'refresh_az': False, 'backup_id': None, 'multiattach': False, 'availability_zones': ['nova']}' {{(pid=116870) _task_receiver /usr/local/lib/python3.8/dist-packages/taskflow/listeners/logging.py:178}}
Jul 08 02:46:09.329217 dv-cinder-789077-2-smb devstack@c-api.service[116870]: DEBUG cinder.volume.api [None req-2eed6c1c-7b4d-4eb5-a8dd-cef046629d7b tempest-GroupsV314Test-117710824 tempest-GroupsV314Test-117710824-project] Task 'cinder.volume.flows.api.create_volume.QuotaReserveTask;volume:create' (9822c95d-1bf7-42d1-8365-6710ccf352da) transitioned into state 'RUNNING' from state 'PENDING' {{(pid=116870) _task_receiver /usr/local/lib/python3.8/dist-packages/taskflow/listeners/logging.py:190}}
Jul 08 02:46:09.335136 dv-cinder-789077-2-smb devstack@c-api.service[116869]: /usr/local/lib/python3.8/dist-packages/oslo_context/context.py:105: DeprecationWarning: Policy enforcement is depending on the value of is_admin. This key is deprecated. Please update your policy file to use the standard policy values.
Jul 08 02:46:09.335136 dv-cinder-789077-2-smb devstack@c-api.service[116869]: warnings.warn('Policy enforcement is depending on the value of '
Jul 08 02:46:09.347491 dv-cinder-789077-2-smb devstack@c-api.service[116869]: INFO cinder.volume.api [req-f0dbf5c2-26b4-4f00-95e8-0b6e4fc1c96e req-2850c9f3-3410-4a76-8078-b3eb86d67cda tempest-DeleteServersTestJSON-686564090 tempest-DeleteServersTestJSON-686564090-project] Volume info retrieved successfully.
Jul 08 02:46:09.363664 dv-cinder-789077-2-smb devstack@c-api.service[116869]: /usr/local/lib/python3.8/dist-packages/oslo_context/context.py:105: DeprecationWarning: Policy enforcement is depending on the value of is_admin. This key is deprecated. Please update your policy file to use the standard policy values.
Jul 08 02:46:09.363664 dv-cinder-789077-2-smb devstack@c-api.service[116869]: warnings.warn('Policy enforcement is depending on the value of '
Jul 08 02:46:09.374204 dv-cinder-789077-2-smb devstack@c-api.service[116869]: INFO cinder.api.openstack.wsgi [req-f0dbf5c2-26b4-4f00-95e8-0b6e4fc1c96e req-2850c9f3-3410-4a76-8078-b3eb86d67cda tempest-DeleteServersTestJSON-686564090 tempest-DeleteServersTestJSON-686564090-project] http://10.222.0.52/volume/v3/cdaee56054fc4eca8a188c706fa1d64f/volumes/afe2b1ee-766f-4c8c-9986-f8c9c831b69b returned with HTTP 200
Jul 08 02:46:09.375218 dv-cinder-789077-2-smb devstack@c-api.service[116869]: [pid: 116869|app: 0|req: 112/211] 10.222.0.53 () {60 vars in 1413 bytes} [Thu Jul 8 02:46:09 2021] GET /volume/v3/cdaee56054fc4eca8a188c706fa1d64f/volumes/afe2b1ee-766f-4c8c-9986-f8c9c831b69b => generated 1011 bytes in 72 msecs (HTTP/1.1 200) 7 headers in 287 bytes (1 switches on core 0)
Jul 08 02:46:09.377385 dv-cinder-789077-2-smb devstack@c-api.service[116870]: WARNING cinder.quota [None req-2eed6c1c-7b4d-4eb5-a8dd-cef046629d7b tempest-GroupsV314Test-117710824 tempest-GroupsV314Test-117710824-project] Deprecated: Default quota for resource: volumes_tempest-GroupsV314Test-volume-type-1509098450 is set by the default quota flag: quota_volumes_tempest-GroupsV314Test-volume-type-1509098450, it is now deprecated. Please use the default quota class for default quota.
Jul 08 02:46:09.378455 dv-cinder-789077-2-smb devstack@c-api.service[116870]: WARNING cinder.quota [None req-2eed6c1c-7b4d-4eb5-a8dd-cef046629d7b tempest-GroupsV314Test-117710824 tempest-GroupsV314Test-117710824-project] Deprecated: Default quota for resource: gigabytes_tempest-GroupsV314Test-volume-type-1509098450 is set by the default quota flag: quota_gigabytes_tempest-GroupsV314Test-volume-type-1509098450, it is now deprecated. Please use the default quota class for default quota.
Jul 08 02:46:09.380157 dv-cinder-789077-2-smb devstack@c-api.service[116869]: INFO cinder.api.openstack.wsgi [None req-9ca1170e-1f9e-4c5c-b785-4e48b265ff64 tempest-GroupSnapshotsTest-308626636 tempest-GroupSnapshotsTest-308626636-project] GET http://10.222.0.52/volume/v3/ecb5551bc69941adbfa6e0be1d39d0ad/snapshots/ab634aec-6978-41e9-a9ec-d0343199f3d5
Jul 08 02:46:09.380615 dv-cinder-789077-2-smb devstack@c-api.service[116869]: DEBUG cinder.api.openstack.wsgi [None req-9ca1170e-1f9e-4c5c-b785-4e48b265ff64 tempest-GroupSnapshotsTest-308626636 tempest-GroupSnapshotsTest-308626636-project] Empty body provided in request {{(pid=116869) get_body /opt/stack/cinder/cinder/api/openstack/wsgi.py:713}}
Jul 08 02:46:09.380785 dv-cinder-789077-2-smb devstack@c-api.service[116869]: /usr/local/lib/python3.8/dist-packages/webob/acceptparse.py:1047: DeprecationWarning: The behavior of AcceptValidHeader.best_match is currently being maintained for backward compatibility, but it will be deprecated in the future, as it does not conform to the RFC.
Jul 08 02:46:09.380785 dv-cinder-789077-2-smb devstack@c-api.service[116869]: warnings.warn(
Jul 08 02:46:09.381256 dv-cinder-789077-2-smb devstack@c-api.service[116869]: DEBUG cinder.api.openstack.wsgi [None req-9ca1170e-1f9e-4c5c-b785-4e48b265ff64 tempest-GroupSnapshotsTest-308626636 tempest-GroupSnapshotsTest-308626636-project] Calling method 'show' {{(pid=116869) _process_stack /opt/stack/cinder/cinder/api/openstack/wsgi.py:866}}
Jul 08 02:46:09.394896 dv-cinder-789077-2-smb devstack@c-api.service[116869]: /usr/local/lib/python3.8/dist-packages/oslo_context/context.py:105: DeprecationWarning: Policy enforcement is depending on the value of is_admin. This key is deprecated. Please update your policy file to use the standard policy values.
Jul 08 02:46:09.394896 dv-cinder-789077-2-smb devstack@c-api.service[116869]: warnings.warn('Policy enforcement is depending on the value of '
Jul 08 02:46:09.395969 dv-cinder-789077-2-smb devstack@c-api.service[116869]: INFO cinder.volume.api [None req-9ca1170e-1f9e-4c5c-b785-4e48b265ff64 tempest-GroupSnapshotsTest-308626636 tempest-GroupSnapshotsTest-308626636-project] Snapshot retrieved successfully.
Jul 08 02:46:09.398350 dv-cinder-789077-2-smb devstack@c-api.service[116869]: INFO cinder.api.openstack.wsgi [None req-9ca1170e-1f9e-4c5c-b785-4e48b265ff64 tempest-GroupSnapshotsTest-308626636 tempest-GroupSnapshotsTest-308626636-project] http://10.222.0.52/volume/v3/ecb5551bc69941adbfa6e0be1d39d0ad/snapshots/ab634aec-6978-41e9-a9ec-d0343199f3d5 returned with HTTP 200
Jul 08 02:46:09.399103 dv-cinder-789077-2-smb devstack@c-api.service[116869]: [pid: 116869|app: 0|req: 113/212] 10.222.0.52 () {58 vars in 1331 bytes} [Thu Jul 8 02:46:09 2021] GET /volume/v3/ecb5551bc69941adbfa6e0be1d39d0ad/snapshots/ab634aec-6978-41e9-a9ec-d0343199f3d5 => generated 516 bytes in 23 msecs (HTTP/1.1 200) 7 headers in 285 bytes (1 switches on core 0)
Jul 08 02:46:09.412832 dv-cinder-789077-2-smb devstack@c-api.service[116869]: INFO cinder.api.openstack.wsgi [None req-acaefccf-afae-4913-9e8a-cf068411e8a4 tempest-AttachVolumeNegativeTest-208342417 tempest-AttachVolumeNegativeTest-208342417-project] GET http://10.222.0.52/volume/v3/207dc87f57c04a4292fdf6667a5dae3b/volumes/a2930d01-05ef-4e07-9d3c-f0828afca8e9
Jul 08 02:46:09.413749 dv-cinder-789077-2-smb devstack@c-api.service[116869]: DEBUG cinder.api.openstack.wsgi [None req-acaefccf-afae-4913-9e8a-cf068411e8a4 tempest-AttachVolumeNegativeTest-208342417 tempest-AttachVolumeNegativeTest-208342417-project] Empty body provided in request {{(pid=116869) get_body /opt/stack/cinder/cinder/api/openstack/wsgi.py:713}}
Jul 08 02:46:09.413924 dv-cinder-789077-2-smb devstack@c-api.service[116869]: /usr/local/lib/python3.8/dist-packages/webob/acceptparse.py:1047: DeprecationWarning: The behavior of AcceptValidHeader.best_match is currently being maintained for backward compatibility, but it will be deprecated in the future, as it does not conform to the RFC.
Jul 08 02:46:09.413924 dv-cinder-789077-2-smb devstack@c-api.service[116869]: warnings.warn(
Jul 08 02:46:09.414298 dv-cinder-789077-2-smb devstack@c-api.service[116869]: DEBUG cinder.api.openstack.wsgi [None req-acaefccf-afae-4913-9e8a-cf068411e8a4 tempest-AttachVolumeNegativeTest-208342417 tempest-AttachVolumeNegativeTest-208342417-project] Calling method 'show' {{(pid=116869) _process_stack /opt/stack/cinder/cinder/api/openstack/wsgi.py:866}}
Jul 08 02:46:09.431594 dv-cinder-789077-2-smb devstack@c-api.service[116869]: /usr/local/lib/python3.8/dist-packages/oslo_context/context.py:105: DeprecationWarning: Policy enforcement is depending on the value of is_admin. This key is deprecated. Please update your policy file to use the standard policy values.
Jul 08 02:46:09.431594 dv-cinder-789077-2-smb devstack@c-api.service[116869]: warnings.warn('Policy enforcement is depending on the value of '
Jul 08 02:46:09.434366 dv-cinder-789077-2-smb devstack@c-api.service[116870]: DEBUG cinder.quota [None req-2eed6c1c-7b4d-4eb5-a8dd-cef046629d7b tempest-GroupsV314Test-117710824 tempest-GroupsV314Test-117710824-project] Created reservations ['03ed59db-b14d-4467-a391-87bd8a5490ae', '2a02d4b8-792d-4e04-aaf1-997f44a8d5d3', '6ae67843-0c44-4616-af4c-bff51be5c1cd', '1c2a30c7-62ed-42e9-b5a4-d14ca553b020'] {{(pid=116870) reserve /opt/stack/cinder/cinder/quota.py:755}}
Jul 08 02:46:09.436257 dv-cinder-789077-2-smb devstack@c-api.service[116870]: DEBUG cinder.volume.api [None req-2eed6c1c-7b4d-4eb5-a8dd-cef046629d7b tempest-GroupsV314Test-117710824 tempest-GroupsV314Test-117710824-project] Task 'cinder.volume.flows.api.create_volume.QuotaReserveTask;volume:create' (9822c95d-1bf7-42d1-8365-6710ccf352da) transitioned into state 'SUCCESS' from state 'RUNNING' with result '{'reservations': ['03ed59db-b14d-4467-a391-87bd8a5490ae', '2a02d4b8-792d-4e04-aaf1-997f44a8d5d3', '6ae67843-0c44-4616-af4c-bff51be5c1cd', '1c2a30c7-62ed-42e9-b5a4-d14ca553b020']}' {{(pid=116870) _task_receiver /usr/local/lib/python3.8/dist-packages/taskflow/listeners/logging.py:178}}
Jul 08 02:46:09.438087 dv-cinder-789077-2-smb devstack@c-api.service[116870]: DEBUG cinder.volume.api [None req-2eed6c1c-7b4d-4eb5-a8dd-cef046629d7b tempest-GroupsV314Test-117710824 tempest-GroupsV314Test-117710824-project] Task 'cinder.volume.flows.api.create_volume.EntryCreateTask;volume:create' (bed39356-b608-4fec-9e0b-2acb886ca422) transitioned into state 'RUNNING' from state 'PENDING' {{(pid=116870) _task_receiver /usr/local/lib/python3.8/dist-packages/taskflow/listeners/logging.py:190}}
Jul 08 02:46:09.439691 dv-cinder-789077-2-smb devstack@c-api.service[116869]: INFO cinder.volume.api [None req-acaefccf-afae-4913-9e8a-cf068411e8a4 tempest-AttachVolumeNegativeTest-208342417 tempest-AttachVolumeNegativeTest-208342417-project] Volume info retrieved successfully.
