Jul 08 02:45:55.976415 dv-cinder-789077-2-smb devstack@c-api.service[116869]: /usr/local/lib/python3.8/dist-packages/oslo_context/context.py:105: DeprecationWarning: Policy enforcement is depending on the value of is_admin. This key is deprecated. Please update your policy file to use the standard policy values.
Jul 08 02:45:55.976415 dv-cinder-789077-2-smb devstack@c-api.service[116869]: warnings.warn('Policy enforcement is depending on the value of '
Jul 08 02:45:56.012797 dv-cinder-789077-2-smb devstack@c-api.service[116869]: INFO cinder.api.openstack.wsgi [None req-de4dd56f-eac6-4eb0-be24-8f6e014f0eed tempest-GroupSnapshotsTest-308626636 tempest-GroupSnapshotsTest-308626636-project] http://10.222.0.52/volume/v3/ecb5551bc69941adbfa6e0be1d39d0ad/groups/82872392-4152-497d-a4c8-19ff60149bed returned with HTTP 200
Jul 08 02:45:56.014378 dv-cinder-789077-2-smb devstack@c-api.service[116869]: [pid: 116869|app: 0|req: 62/115] 10.222.0.52 () {60 vars in 1363 bytes} [Thu Jul 8 02:45:55 2021] GET /volume/v3/ecb5551bc69941adbfa6e0be1d39d0ad/groups/82872392-4152-497d-a4c8-19ff60149bed => generated 391 bytes in 59 msecs (HTTP/1.1 200) 7 headers in 286 bytes (1 switches on core 0)
Jul 08 02:45:56.468326 dv-cinder-789077-2-smb devstack@c-api.service[116870]: INFO cinder.api.openstack.wsgi [None req-c9820d59-642b-4491-9650-0beb5133286d tempest-VolumesListAdminTestJSON-774506760 tempest-VolumesListAdminTestJSON-774506760-project] GET http://10.222.0.52/volume/v3/eb0c2ee189e74eea8de6edb120bd1590/volumes
Jul 08 02:45:56.468823 dv-cinder-789077-2-smb devstack@c-api.service[116870]: DEBUG cinder.api.openstack.wsgi [None req-c9820d59-642b-4491-9650-0beb5133286d tempest-VolumesListAdminTestJSON-774506760 tempest-VolumesListAdminTestJSON-774506760-project] Empty body provided in request {{(pid=116870) get_body /opt/stack/cinder/cinder/api/openstack/wsgi.py:713}}
Jul 08 02:45:56.468938 dv-cinder-789077-2-smb devstack@c-api.service[116870]: /usr/local/lib/python3.8/dist-packages/webob/acceptparse.py:1047: DeprecationWarning: The behavior of AcceptValidHeader.best_match is currently being maintained for backward compatibility, but it will be deprecated in the future, as it does not conform to the RFC.
Jul 08 02:45:56.468938 dv-cinder-789077-2-smb devstack@c-api.service[116870]: warnings.warn(
Jul 08 02:45:56.469472 dv-cinder-789077-2-smb devstack@c-api.service[116870]: DEBUG cinder.api.openstack.wsgi [None req-c9820d59-642b-4491-9650-0beb5133286d tempest-VolumesListAdminTestJSON-774506760 tempest-VolumesListAdminTestJSON-774506760-project] Calling method 'index' {{(pid=116870) _process_stack /opt/stack/cinder/cinder/api/openstack/wsgi.py:866}}
Jul 08 02:45:56.470234 dv-cinder-789077-2-smb devstack@c-api.service[116870]: DEBUG cinder.api.api_utils [None req-c9820d59-642b-4491-9650-0beb5133286d tempest-VolumesListAdminTestJSON-774506760 tempest-VolumesListAdminTestJSON-774506760-project] Removing options '' from query. {{(pid=116870) remove_invalid_filter_options /opt/stack/cinder/cinder/api/api_utils.py:73}}
Jul 08 02:45:56.471475 dv-cinder-789077-2-smb devstack@c-api.service[116870]: /usr/local/lib/python3.8/dist-packages/oslo_context/context.py:105: DeprecationWarning: Policy enforcement is depending on the value of is_admin. This key is deprecated. Please update your policy file to use the standard policy values.
Jul 08 02:45:56.471475 dv-cinder-789077-2-smb devstack@c-api.service[116870]: warnings.warn('Policy enforcement is depending on the value of '
Jul 08 02:45:56.472446 dv-cinder-789077-2-smb devstack@c-api.service[116870]: DEBUG cinder.volume.api [None req-c9820d59-642b-4491-9650-0beb5133286d tempest-VolumesListAdminTestJSON-774506760 tempest-VolumesListAdminTestJSON-774506760-project] Searching by: MultiDict([('no_migration_targets', True)]). {{(pid=116870) get_all /opt/stack/cinder/cinder/volume/api.py:617}}
Jul 08 02:45:56.543842 dv-cinder-789077-2-smb devstack@c-api.service[116870]: INFO cinder.volume.api [None req-c9820d59-642b-4491-9650-0beb5133286d tempest-VolumesListAdminTestJSON-774506760 tempest-VolumesListAdminTestJSON-774506760-project] Get all volumes completed successfully.
Jul 08 02:45:56.544823 dv-cinder-789077-2-smb devstack@c-api.service[116870]: INFO cinder.api.openstack.wsgi [None req-c9820d59-642b-4491-9650-0beb5133286d tempest-VolumesListAdminTestJSON-774506760 tempest-VolumesListAdminTestJSON-774506760-project] http://10.222.0.52/volume/v3/eb0c2ee189e74eea8de6edb120bd1590/volumes returned with HTTP 200
Jul 08 02:45:56.546216 dv-cinder-789077-2-smb devstack@c-api.service[116870]: [pid: 116870|app: 0|req: 54/116] 10.222.0.52 () {58 vars in 1214 bytes} [Thu Jul 8 02:45:56 2021] GET /volume/v3/eb0c2ee189e74eea8de6edb120bd1590/volumes => generated 15 bytes in 292 msecs (HTTP/1.1 200) 7 headers in 284 bytes (1 switches on core 0)
Jul 08 02:45:56.556082 dv-cinder-789077-2-smb devstack@c-api.service[116869]: INFO cinder.api.openstack.wsgi [None req-d80a5e3b-8d8e-423a-889e-01d5fe2bf814 tempest-VolumesListAdminTestJSON-774506760 tempest-VolumesListAdminTestJSON-774506760-project] POST http://10.222.0.52/volume/v3/eb0c2ee189e74eea8de6edb120bd1590/volumes
Jul 08 02:45:56.556572 dv-cinder-789077-2-smb devstack@c-api.service[116869]: /usr/local/lib/python3.8/dist-packages/webob/acceptparse.py:1047: DeprecationWarning: The behavior of AcceptValidHeader.best_match is currently being maintained for backward compatibility, but it will be deprecated in the future, as it does not conform to the RFC.
Jul 08 02:45:56.556572 dv-cinder-789077-2-smb devstack@c-api.service[116869]: warnings.warn(
Jul 08 02:45:56.557261 dv-cinder-789077-2-smb devstack@c-api.service[116869]: DEBUG cinder.api.openstack.wsgi [None req-d80a5e3b-8d8e-423a-889e-01d5fe2bf814 tempest-VolumesListAdminTestJSON-774506760 tempest-VolumesListAdminTestJSON-774506760-project] Action: 'create', calling method: create, body: {"volume": {"size": 1, "name": "tempest-VolumesListAdminTestJSON-Volume-1077948232"}} {{(pid=116869) _process_stack /opt/stack/cinder/cinder/api/openstack/wsgi.py:864}}
Jul 08 02:45:56.558836 dv-cinder-789077-2-smb devstack@c-api.service[116869]: DEBUG cinder.api.v3.volumes [None req-d80a5e3b-8d8e-423a-889e-01d5fe2bf814 tempest-VolumesListAdminTestJSON-774506760 tempest-VolumesListAdminTestJSON-774506760-project] Create volume request body: {'volume': {'size': 1, 'name': 'tempest-VolumesListAdminTestJSON-Volume-1077948232'}} {{(pid=116869) create /opt/stack/cinder/cinder/api/v3/volumes.py:289}}
Jul 08 02:45:56.559356 dv-cinder-789077-2-smb devstack@c-api.service[116869]: INFO cinder.api.v3.volumes [None req-d80a5e3b-8d8e-423a-889e-01d5fe2bf814 tempest-VolumesListAdminTestJSON-774506760 tempest-VolumesListAdminTestJSON-774506760-project] Create volume of 1 GB
Jul 08 02:45:56.561070 dv-cinder-789077-2-smb devstack@c-api.service[116869]: /usr/local/lib/python3.8/dist-packages/oslo_context/context.py:105: DeprecationWarning: Policy enforcement is depending on the value of is_admin. This key is deprecated. Please update your policy file to use the standard policy values.
Jul 08 02:45:56.561070 dv-cinder-789077-2-smb devstack@c-api.service[116869]: warnings.warn('Policy enforcement is depending on the value of '
Jul 08 02:45:56.570687 dv-cinder-789077-2-smb devstack@c-api.service[116869]: INFO cinder.volume.api [None req-d80a5e3b-8d8e-423a-889e-01d5fe2bf814 tempest-VolumesListAdminTestJSON-774506760 tempest-VolumesListAdminTestJSON-774506760-project] Availability Zones retrieved successfully.
Jul 08 02:45:56.605214 dv-cinder-789077-2-smb devstack@c-api.service[116869]: DEBUG cinder.volume.api [None req-d80a5e3b-8d8e-423a-889e-01d5fe2bf814 tempest-VolumesListAdminTestJSON-774506760 tempest-VolumesListAdminTestJSON-774506760-project] Flow 'volume_create_api' (78cda0dc-44a1-4a38-82d3-dc14fa06aafb) transitioned into state 'RUNNING' from state 'PENDING' {{(pid=116869) _flow_receiver /usr/local/lib/python3.8/dist-packages/taskflow/listeners/logging.py:141}}
Jul 08 02:45:56.612506 dv-cinder-789077-2-smb devstack@c-api.service[116869]: DEBUG cinder.volume.api [None req-d80a5e3b-8d8e-423a-889e-01d5fe2bf814 tempest-VolumesListAdminTestJSON-774506760 tempest-VolumesListAdminTestJSON-774506760-project] Task 'cinder.volume.flows.api.create_volume.ExtractVolumeRequestTask;volume:create' (85bba741-69c7-400a-be8a-19ebd81b5255) transitioned into state 'RUNNING' from state 'PENDING' {{(pid=116869) _task_receiver /usr/local/lib/python3.8/dist-packages/taskflow/listeners/logging.py:190}}
Jul 08 02:45:56.614507 dv-cinder-789077-2-smb devstack@c-api.service[116869]: DEBUG cinder.volume.flows.api.create_volume [None req-d80a5e3b-8d8e-423a-889e-01d5fe2bf814 tempest-VolumesListAdminTestJSON-774506760 tempest-VolumesListAdminTestJSON-774506760-project] Validating volume size '1' using validate_int {{(pid=116869) _extract_size /opt/stack/cinder/cinder/volume/flows/api/create_volume.py:201}}
Jul 08 02:45:56.726448 dv-cinder-789077-2-smb devstack@c-api.service[116869]: DEBUG cinder.volume.api [None req-d80a5e3b-8d8e-423a-889e-01d5fe2bf814 tempest-VolumesListAdminTestJSON-774506760 tempest-VolumesListAdminTestJSON-774506760-project] Task 'cinder.volume.flows.api.create_volume.ExtractVolumeRequestTask;volume:create' (85bba741-69c7-400a-be8a-19ebd81b5255) transitioned into state 'SUCCESS' from state 'RUNNING' with result '{'size': 1, 'snapshot_id': None, 'source_volid': None, 'volume_type': VolumeType(created_at=2021-07-08T02:36:23Z,deleted=False,deleted_at=None,description='Default Volume Type',extra_specs={},id=5fc3b80d-9f37-4855-ba86-7bff135715a5,is_public=True,name='__DEFAULT__',projects=[],qos_specs=,qos_specs_id=None,updated_at=2021-07-08T02:36:23Z), 'volume_type_id': '5fc3b80d-9f37-4855-ba86-7bff135715a5', 'encryption_key_id': None, 'qos_specs': None, 'consistencygroup_id': None, 'cgsnapshot_id': None, 'group_id': None, 'replication_status': 'disabled', 'refresh_az': False, 'backup_id': None, 'multiattach': False, 'availability_zones': ['nova']}' {{(pid=116869) _task_receiver /usr/local/lib/python3.8/dist-packages/taskflow/listeners/logging.py:178}}
Jul 08 02:45:56.728466 dv-cinder-789077-2-smb devstack@c-api.service[116869]: DEBUG cinder.volume.api [None req-d80a5e3b-8d8e-423a-889e-01d5fe2bf814 tempest-VolumesListAdminTestJSON-774506760 tempest-VolumesListAdminTestJSON-774506760-project] Task 'cinder.volume.flows.api.create_volume.QuotaReserveTask;volume:create' (a725f8eb-4968-4472-8955-34c754ee745d) transitioned into state 'RUNNING' from state 'PENDING' {{(pid=116869) _task_receiver /usr/local/lib/python3.8/dist-packages/taskflow/listeners/logging.py:190}}
Jul 08 02:45:56.911723 dv-cinder-789077-2-smb devstack@c-api.service[116869]: DEBUG cinder.quota [None req-d80a5e3b-8d8e-423a-889e-01d5fe2bf814 tempest-VolumesListAdminTestJSON-774506760 tempest-VolumesListAdminTestJSON-774506760-project] Created reservations ['5cd7d30c-43b4-4ff7-b0e2-45aa90c20b75', 'ed7b5530-bbf4-4840-b81f-c831c180dd9a', '235c3c49-d85e-4dd6-b7f0-e750a1c047e3', '719530b7-c648-4aff-991c-cf1cd8e3b2aa'] {{(pid=116869) reserve /opt/stack/cinder/cinder/quota.py:755}}
Jul 08 02:45:56.915056 dv-cinder-789077-2-smb devstack@c-api.service[116869]: DEBUG cinder.volume.api [None req-d80a5e3b-8d8e-423a-889e-01d5fe2bf814 tempest-VolumesListAdminTestJSON-774506760 tempest-VolumesListAdminTestJSON-774506760-project] Task 'cinder.volume.flows.api.create_volume.QuotaReserveTask;volume:create' (a725f8eb-4968-4472-8955-34c754ee745d) transitioned into state 'SUCCESS' from state 'RUNNING' with result '{'reservations': ['5cd7d30c-43b4-4ff7-b0e2-45aa90c20b75', 'ed7b5530-bbf4-4840-b81f-c831c180dd9a', '235c3c49-d85e-4dd6-b7f0-e750a1c047e3', '719530b7-c648-4aff-991c-cf1cd8e3b2aa']}' {{(pid=116869) _task_receiver /usr/local/lib/python3.8/dist-packages/taskflow/listeners/logging.py:178}}
Jul 08 02:45:56.920606 dv-cinder-789077-2-smb devstack@c-api.service[116869]: DEBUG cinder.volume.api [None req-d80a5e3b-8d8e-423a-889e-01d5fe2bf814 tempest-VolumesListAdminTestJSON-774506760 tempest-VolumesListAdminTestJSON-774506760-project] Task 'cinder.volume.flows.api.create_volume.EntryCreateTask;volume:create' (149f1a2f-dd6a-4a04-ada7-427e38d3ba39) transitioned into state 'RUNNING' from state 'PENDING' {{(pid=116869) _task_receiver /usr/local/lib/python3.8/dist-packages/taskflow/listeners/logging.py:190}}
Jul 08 02:45:56.982670 dv-cinder-789077-2-smb devstack@c-api.service[116869]: DEBUG cinder.volume.api [None req-d80a5e3b-8d8e-423a-889e-01d5fe2bf814 tempest-VolumesListAdminTestJSON-774506760 tempest-VolumesListAdminTestJSON-774506760-project] Task 'cinder.volume.flows.api.create_volume.EntryCreateTask;volume:create' (149f1a2f-dd6a-4a04-ada7-427e38d3ba39) transitioned into state 'SUCCESS' from state 'RUNNING' with result '{'volume_id': '36421e01-f5e1-4f97-bd70-7bcb61e6fab5', 'volume_properties': VolumeProperties(attach_status='detached',availability_zone='nova',cgsnapshot_id=None,consistencygroup_id=None,display_description=None,display_name='tempest-VolumesListAdminTestJSON-Volume-1077948232',encryption_key_id=None,group_id=None,group_type_id=,metadata={},multiattach=False,project_id='eb0c2ee189e74eea8de6edb120bd1590',qos_specs=None,replication_status=,reservations=['5cd7d30c-43b4-4ff7-b0e2-45aa90c20b75','ed7b5530-bbf4-4840-b81f-c831c180dd9a','235c3c49-d85e-4dd6-b7f0-e750a1c047e3','719530b7-c648-4aff-991c-cf1cd8e3b2aa'],size=1,snapshot_id=None,source_replicaid=,source_volid=None,status='creating',user_id='d64ef6a9532e4a80906ffdc028993e98',volume_type_id=5fc3b80d-9f37-4855-ba86-7bff135715a5), 'volume': Volume(_name_id=None,admin_metadata=,attach_status='detached',availability_zone='nova',bootable=False,cluster=,cluster_name=None,consistencygroup=,consistencygroup_id=None,created_at=2021-07-08T02:45:56Z,deleted=False,deleted_at=None,display_description=None,display_name='tempest-VolumesListAdminTestJSON-Volume-1077948232',ec2_id=None,encryption_key_id=None,glance_metadata=,group=,group_id=None,host=None,id=36421e01-f5e1-4f97-bd70-7bcb61e6fab5,launched_at=None,metadata={},migration_status=None,multiattach=False,previous_status=None,project_id='eb0c2ee189e74eea8de6edb120bd1590',provider_auth=None,provider_geometry=None,provider_id=None,provider_location=None,replication_driver_data=None,replication_extended_status=None,replication_status=None,scheduled_at=None,service_uuid=None,shared_targets=True,size=1,snapshot_id=None,snapshots=,source_volid=None,status='creating',terminated_at=None,updated_at=None,user_id='d64ef6a9532e4a80906ffdc028993e98',volume_attachment=,volume_type=VolumeType(5fc3b80d-9f37-4855-ba86-7bff135715a5),volume_type_id=5fc3b80d-9f37-4855-ba86-7bff135715a5)}' {{(pid=116869) _task_receiver /usr/local/lib/python3.8/dist-packages/taskflow/listeners/logging.py:178}}
Jul 08 02:45:56.991617 dv-cinder-789077-2-smb devstack@c-api.service[116869]: DEBUG cinder.volume.api [None req-d80a5e3b-8d8e-423a-889e-01d5fe2bf814 tempest-VolumesListAdminTestJSON-774506760 tempest-VolumesListAdminTestJSON-774506760-project] Task 'cinder.volume.flows.api.create_volume.QuotaCommitTask;volume:create' (9ece0bca-a977-462d-8f42-02bcb64662e0) transitioned into state 'RUNNING' from state 'PENDING' {{(pid=116869) _task_receiver /usr/local/lib/python3.8/dist-packages/taskflow/listeners/logging.py:190}}
Jul 08 02:45:57.028106 dv-cinder-789077-2-smb devstack@c-api.service[116870]: INFO cinder.api.openstack.wsgi [None req-aee473a4-7642-4bb1-8edb-df4b38ce7a15 tempest-GroupSnapshotsTest-308626636 tempest-GroupSnapshotsTest-308626636-project] GET http://10.222.0.52/volume/v3/ecb5551bc69941adbfa6e0be1d39d0ad/groups/82872392-4152-497d-a4c8-19ff60149bed
Jul 08 02:45:57.028756 dv-cinder-789077-2-smb devstack@c-api.service[116870]: DEBUG cinder.api.openstack.wsgi [None req-aee473a4-7642-4bb1-8edb-df4b38ce7a15 tempest-GroupSnapshotsTest-308626636 tempest-GroupSnapshotsTest-308626636-project] Empty body provided in request {{(pid=116870) get_body /opt/stack/cinder/cinder/api/openstack/wsgi.py:713}}
Jul 08 02:45:57.029275 dv-cinder-789077-2-smb devstack@c-api.service[116870]: DEBUG cinder.api.openstack.wsgi [None req-aee473a4-7642-4bb1-8edb-df4b38ce7a15 tempest-GroupSnapshotsTest-308626636 tempest-GroupSnapshotsTest-308626636-project] Calling method 'version_select' {{(pid=116870) _process_stack /opt/stack/cinder/cinder/api/openstack/wsgi.py:866}}
Jul 08 02:45:57.029674 dv-cinder-789077-2-smb devstack@c-api.service[116870]: DEBUG cinder.api.v3.groups [None req-aee473a4-7642-4bb1-8edb-df4b38ce7a15 tempest-GroupSnapshotsTest-308626636 tempest-GroupSnapshotsTest-308626636-project] show called for member 82872392-4152-497d-a4c8-19ff60149bed {{(pid=116870) show /opt/stack/cinder/cinder/api/v3/groups.py:58}}
Jul 08 02:45:57.052751 dv-cinder-789077-2-smb devstack@c-api.service[116870]: /usr/local/lib/python3.8/dist-packages/oslo_context/context.py:105: DeprecationWarning: Policy enforcement is depending on the value of is_admin. This key is deprecated. Please update your policy file to use the standard policy values.
Jul 08 02:45:57.052751 dv-cinder-789077-2-smb devstack@c-api.service[116870]: warnings.warn('Policy enforcement is depending on the value of '
Jul 08 02:45:57.053002 dv-cinder-789077-2-smb devstack@c-api.service[116869]: DEBUG cinder.volume.api [None req-d80a5e3b-8d8e-423a-889e-01d5fe2bf814 tempest-VolumesListAdminTestJSON-774506760 tempest-VolumesListAdminTestJSON-774506760-project] Task 'cinder.volume.flows.api.create_volume.QuotaCommitTask;volume:create' (9ece0bca-a977-462d-8f42-02bcb64662e0) transitioned into state 'SUCCESS' from state 'RUNNING' with result '{'volume_properties': VolumeProperties(attach_status='detached',availability_zone='nova',cgsnapshot_id=None,consistencygroup_id=None,display_description=None,display_name='tempest-VolumesListAdminTestJSON-Volume-1077948232',encryption_key_id=None,group_id=None,group_type_id=,metadata={},multiattach=False,project_id='eb0c2ee189e74eea8de6edb120bd1590',qos_specs=None,replication_status=,reservations=['5cd7d30c-43b4-4ff7-b0e2-45aa90c20b75','ed7b5530-bbf4-4840-b81f-c831c180dd9a','235c3c49-d85e-4dd6-b7f0-e750a1c047e3','719530b7-c648-4aff-991c-cf1cd8e3b2aa'],size=1,snapshot_id=None,source_replicaid=,source_volid=None,status='creating',user_id='d64ef6a9532e4a80906ffdc028993e98',volume_type_id=5fc3b80d-9f37-4855-ba86-7bff135715a5)}' {{(pid=116869) _task_receiver /usr/local/lib/python3.8/dist-packages/taskflow/listeners/logging.py:178}}
Jul 08 02:45:57.058997 dv-cinder-789077-2-smb devstack@c-api.service[116869]: DEBUG cinder.volume.api [None req-d80a5e3b-8d8e-423a-889e-01d5fe2bf814 tempest-VolumesListAdminTestJSON-774506760 tempest-VolumesListAdminTestJSON-774506760-project] Task 'cinder.volume.flows.api.create_volume.VolumeCastTask;volume:create' (88a4a537-b8a1-4594-8d9f-af931be7ebce) transitioned into state 'RUNNING' from state 'PENDING' {{(pid=116869) _task_receiver /usr/local/lib/python3.8/dist-packages/taskflow/listeners/logging.py:190}}
Jul 08 02:45:57.081596 dv-cinder-789077-2-smb devstack@c-api.service[116870]: INFO cinder.api.openstack.wsgi [None req-aee473a4-7642-4bb1-8edb-df4b38ce7a15 tempest-GroupSnapshotsTest-308626636 tempest-GroupSnapshotsTest-308626636-project] http://10.222.0.52/volume/v3/ecb5551bc69941adbfa6e0be1d39d0ad/groups/82872392-4152-497d-a4c8-19ff60149bed returned with HTTP 200
Jul 08 02:45:57.090243 dv-cinder-789077-2-smb devstack@c-api.service[116870]: [pid: 116870|app: 0|req: 55/117] 10.222.0.52 () {60 vars in 1363 bytes} [Thu Jul 8 02:45:57 2021] GET /volume/v3/ecb5551bc69941adbfa6e0be1d39d0ad/groups/82872392-4152-497d-a4c8-19ff60149bed => generated 392 bytes in 68 msecs (HTTP/1.1 200) 7 headers in 286 bytes (2 switches on core 0)
Jul 08 02:45:57.095891 dv-cinder-789077-2-smb devstack@c-api.service[116870]: INFO cinder.api.openstack.wsgi [None req-5effb02f-7948-4864-b722-e390c9245b67 tempest-GroupSnapshotsTest-308626636 tempest-GroupSnapshotsTest-308626636-project] PUT http://10.222.0.52/volume/v3/ecb5551bc69941adbfa6e0be1d39d0ad/groups/82872392-4152-497d-a4c8-19ff60149bed
Jul 08 02:45:57.096758 dv-cinder-789077-2-smb devstack@c-api.service[116870]: /usr/local/lib/python3.8/dist-packages/webob/acceptparse.py:1047: DeprecationWarning: The behavior of AcceptValidHeader.best_match is currently being maintained for backward compatibility, but it will be deprecated in the future, as it does not conform to the RFC.
Jul 08 02:45:57.096758 dv-cinder-789077-2-smb devstack@c-api.service[116870]: warnings.warn(
Jul 08 02:45:57.097685 dv-cinder-789077-2-smb devstack@c-api.service[116870]: DEBUG cinder.api.openstack.wsgi [None req-5effb02f-7948-4864-b722-e390c9245b67 tempest-GroupSnapshotsTest-308626636 tempest-GroupSnapshotsTest-308626636-project] Action: 'update', calling method: version_select, body: {"group": {"remove_volumes": "ff779b51-1941-4464-84d4-6d78744f669b"}} {{(pid=116870) _process_stack /opt/stack/cinder/cinder/api/openstack/wsgi.py:864}}
Jul 08 02:45:57.099617 dv-cinder-789077-2-smb devstack@c-api.service[116870]: DEBUG cinder.api.v3.groups [None req-5effb02f-7948-4864-b722-e390c9245b67 tempest-GroupSnapshotsTest-308626636 tempest-GroupSnapshotsTest-308626636-project] Update called for group 82872392-4152-497d-a4c8-19ff60149bed. {{(pid=116870) update /opt/stack/cinder/cinder/api/v3/groups.py:302}}
Jul 08 02:45:57.100771 dv-cinder-789077-2-smb devstack@c-api.service[116870]: INFO cinder.api.v3.groups [None req-5effb02f-7948-4864-b722-e390c9245b67 tempest-GroupSnapshotsTest-308626636 tempest-GroupSnapshotsTest-308626636-project] Updating group 82872392-4152-497d-a4c8-19ff60149bed with name None description: None add_volumes: None remove_volumes: ff779b51-1941-4464-84d4-6d78744f669b.
Jul 08 02:45:57.102715 dv-cinder-789077-2-smb devstack@c-api.service[116869]: DEBUG cinder.volume.api [None req-d80a5e3b-8d8e-423a-889e-01d5fe2bf814 tempest-VolumesListAdminTestJSON-774506760 tempest-VolumesListAdminTestJSON-774506760-project] Task 'cinder.volume.flows.api.create_volume.VolumeCastTask;volume:create' (88a4a537-b8a1-4594-8d9f-af931be7ebce) transitioned into state 'SUCCESS' from state 'RUNNING' with result 'None' {{(pid=116869) _task_receiver /usr/local/lib/python3.8/dist-packages/taskflow/listeners/logging.py:178}}
Jul 08 02:45:57.109341 dv-cinder-789077-2-smb devstack@c-api.service[116870]: /usr/local/lib/python3.8/dist-packages/oslo_context/context.py:105: DeprecationWarning: Policy enforcement is depending on the value of is_admin. This key is deprecated. Please update your policy file to use the standard policy values.
Jul 08 02:45:57.109341 dv-cinder-789077-2-smb devstack@c-api.service[116870]: warnings.warn('Policy enforcement is depending on the value of '
Jul 08 02:45:57.112796 dv-cinder-789077-2-smb devstack@c-api.service[116869]: DEBUG cinder.volume.api [None req-d80a5e3b-8d8e-423a-889e-01d5fe2bf814 tempest-VolumesListAdminTestJSON-774506760 tempest-VolumesListAdminTestJSON-774506760-project] Flow 'volume_create_api' (78cda0dc-44a1-4a38-82d3-dc14fa06aafb) transitioned into state 'SUCCESS' from state 'RUNNING' {{(pid=116869) _flow_receiver /usr/local/lib/python3.8/dist-packages/taskflow/listeners/logging.py:141}}
Jul 08 02:45:57.117044 dv-cinder-789077-2-smb devstack@c-api.service[116869]: INFO cinder.volume.api [None req-d80a5e3b-8d8e-423a-889e-01d5fe2bf814 tempest-VolumesListAdminTestJSON-774506760 tempest-VolumesListAdminTestJSON-774506760-project] Create volume request issued successfully.
Jul 08 02:45:57.147854 dv-cinder-789077-2-smb devstack@c-api.service[116869]: INFO cinder.api.openstack.wsgi [None req-d80a5e3b-8d8e-423a-889e-01d5fe2bf814 tempest-VolumesListAdminTestJSON-774506760 tempest-VolumesListAdminTestJSON-774506760-project] http://10.222.0.52/volume/v3/eb0c2ee189e74eea8de6edb120bd1590/volumes returned with HTTP 202
Jul 08 02:45:57.151285 dv-cinder-789077-2-smb devstack@c-api.service[116869]: [pid: 116869|app: 0|req: 63/118] 10.222.0.52 () {60 vars in 1235 bytes} [Thu Jul 8 02:45:56 2021] POST /volume/v3/eb0c2ee189e74eea8de6edb120bd1590/volumes => generated 824 bytes in 599 msecs (HTTP/1.1 202) 7 headers in 291 bytes (1 switches on core 0)
Jul 08 02:45:57.163451 dv-cinder-789077-2-smb devstack@c-api.service[116870]: INFO cinder.api.openstack.wsgi [None req-5effb02f-7948-4864-b722-e390c9245b67 tempest-GroupSnapshotsTest-308626636 tempest-GroupSnapshotsTest-308626636-project] http://10.222.0.52/volume/v3/ecb5551bc69941adbfa6e0be1d39d0ad/groups/82872392-4152-497d-a4c8-19ff60149bed returned with HTTP 202
Jul 08 02:45:57.165773 dv-cinder-789077-2-smb devstack@c-api.service[116870]: [pid: 116870|app: 0|req: 56/119] 10.222.0.52 () {62 vars in 1383 bytes} [Thu Jul 8 02:45:57 2021] PUT /volume/v3/ecb5551bc69941adbfa6e0be1d39d0ad/groups/82872392-4152-497d-a4c8-19ff60149bed => generated 0 bytes in 74 msecs (HTTP/1.1 202) 6 headers in 234 bytes (1 switches on core 0)
Jul 08 02:45:57.169845 dv-cinder-789077-2-smb devstack@c-api.service[116869]: INFO cinder.api.openstack.wsgi [None req-aa6972eb-b952-4bde-b6a2-259d42b4fcee tempest-VolumesListAdminTestJSON-774506760 tempest-VolumesListAdminTestJSON-774506760-project] GET http://10.222.0.52/volume/v3/eb0c2ee189e74eea8de6edb120bd1590/volumes/36421e01-f5e1-4f97-bd70-7bcb61e6fab5
Jul 08 02:45:57.169845 dv-cinder-789077-2-smb devstack@c-api.service[116869]: DEBUG cinder.api.openstack.wsgi [None req-aa6972eb-b952-4bde-b6a2-259d42b4fcee tempest-VolumesListAdminTestJSON-774506760 tempest-VolumesListAdminTestJSON-774506760-project] Empty body provided in request {{(pid=116869) get_body /opt/stack/cinder/cinder/api/openstack/wsgi.py:713}}
Jul 08 02:45:57.169845 dv-cinder-789077-2-smb devstack@c-api.service[116869]: /usr/local/lib/python3.8/dist-packages/webob/acceptparse.py:1047: DeprecationWarning: The behavior of AcceptValidHeader.best_match is currently being maintained for backward compatibility, but it will be deprecated in the future, as it does not conform to the RFC.
Jul 08 02:45:57.169845 dv-cinder-789077-2-smb devstack@c-api.service[116869]: warnings.warn(
Jul 08 02:45:57.169845 dv-cinder-789077-2-smb devstack@c-api.service[116869]: DEBUG cinder.api.openstack.wsgi [None req-aa6972eb-b952-4bde-b6a2-259d42b4fcee tempest-VolumesListAdminTestJSON-774506760 tempest-VolumesListAdminTestJSON-774506760-project] Calling method 'show' {{(pid=116869) _process_stack /opt/stack/cinder/cinder/api/openstack/wsgi.py:866}}
Jul 08 02:45:57.179217 dv-cinder-789077-2-smb devstack@c-api.service[116870]: INFO cinder.api.openstack.wsgi [None req-96c06fdc-b082-4901-821d-5f4339eda2d9 tempest-GroupSnapshotsTest-308626636 tempest-GroupSnapshotsTest-308626636-project] GET http://10.222.0.52/volume/v3/ecb5551bc69941adbfa6e0be1d39d0ad/groups/82872392-4152-497d-a4c8-19ff60149bed
Jul 08 02:45:57.180344 dv-cinder-789077-2-smb devstack@c-api.service[116870]: DEBUG cinder.api.openstack.wsgi [None req-96c06fdc-b082-4901-821d-5f4339eda2d9 tempest-GroupSnapshotsTest-308626636 tempest-GroupSnapshotsTest-308626636-project] Empty body provided in request {{(pid=116870) get_body /opt/stack/cinder/cinder/api/openstack/wsgi.py:713}}
Jul 08 02:45:57.180707 dv-cinder-789077-2-smb devstack@c-api.service[116870]: /usr/local/lib/python3.8/dist-packages/webob/acceptparse.py:1047: DeprecationWarning: The behavior of AcceptValidHeader.best_match is currently being maintained for backward compatibility, but it will be deprecated in the future, as it does not conform to the RFC.
Jul 08 02:45:57.180707 dv-cinder-789077-2-smb devstack@c-api.service[116870]: warnings.warn(
Jul 08 02:45:57.182037 dv-cinder-789077-2-smb devstack@c-api.service[116870]: DEBUG cinder.api.openstack.wsgi [None req-96c06fdc-b082-4901-821d-5f4339eda2d9 tempest-GroupSnapshotsTest-308626636 tempest-GroupSnapshotsTest-308626636-project] Calling method 'version_select' {{(pid=116870) _process_stack /opt/stack/cinder/cinder/api/openstack/wsgi.py:866}}
Jul 08 02:45:57.182707 dv-cinder-789077-2-smb devstack@c-api.service[116870]: DEBUG cinder.api.v3.groups [None req-96c06fdc-b082-4901-821d-5f4339eda2d9 tempest-GroupSnapshotsTest-308626636 tempest-GroupSnapshotsTest-308626636-project] show called for member 82872392-4152-497d-a4c8-19ff60149bed {{(pid=116870) show /opt/stack/cinder/cinder/api/v3/groups.py:58}}
Jul 08 02:45:57.195442 dv-cinder-789077-2-smb devstack@c-api.service[116870]: /usr/local/lib/python3.8/dist-packages/oslo_context/context.py:105: DeprecationWarning: Policy enforcement is depending on the value of is_admin. This key is deprecated. Please update your policy file to use the standard policy values.
Jul 08 02:45:57.195442 dv-cinder-789077-2-smb devstack@c-api.service[116870]: warnings.warn('Policy enforcement is depending on the value of '
Jul 08 02:45:57.203944 dv-cinder-789077-2-smb devstack@c-api.service[116869]: /usr/local/lib/python3.8/dist-packages/oslo_context/context.py:105: DeprecationWarning: Policy enforcement is depending on the value of is_admin. This key is deprecated. Please update your policy file to use the standard policy values.
Jul 08 02:45:57.203944 dv-cinder-789077-2-smb devstack@c-api.service[116869]: warnings.warn('Policy enforcement is depending on the value of '
Jul 08 02:45:57.224129 dv-cinder-789077-2-smb devstack@c-api.service[116869]: INFO cinder.volume.api [None req-aa6972eb-b952-4bde-b6a2-259d42b4fcee tempest-VolumesListAdminTestJSON-774506760 tempest-VolumesListAdminTestJSON-774506760-project] Volume info retrieved successfully.
Jul 08 02:45:57.235212 dv-cinder-789077-2-smb devstack@c-api.service[116870]: INFO cinder.api.openstack.wsgi [None req-96c06fdc-b082-4901-821d-5f4339eda2d9 tempest-GroupSnapshotsTest-308626636 tempest-GroupSnapshotsTest-308626636-project] http://10.222.0.52/volume/v3/ecb5551bc69941adbfa6e0be1d39d0ad/groups/82872392-4152-497d-a4c8-19ff60149bed returned with HTTP 200
Jul 08 02:45:57.243015 dv-cinder-789077-2-smb devstack@c-api.service[116870]: [pid: 116870|app: 0|req: 57/120] 10.222.0.52 () {60 vars in 1363 bytes} [Thu Jul 8 02:45:57 2021] GET /volume/v3/ecb5551bc69941adbfa6e0be1d39d0ad/groups/82872392-4152-497d-a4c8-19ff60149bed => generated 391 bytes in 72 msecs (HTTP/1.1 200) 7 headers in 286 bytes (1 switches on core 0)
Jul 08 02:45:57.260856 dv-cinder-789077-2-smb devstack@c-api.service[116869]: INFO cinder.api.openstack.wsgi [None req-aa6972eb-b952-4bde-b6a2-259d42b4fcee tempest-VolumesListAdminTestJSON-774506760 tempest-VolumesListAdminTestJSON-774506760-project] http://10.222.0.52/volume/v3/eb0c2ee189e74eea8de6edb120bd1590/volumes/36421e01-f5e1-4f97-bd70-7bcb61e6fab5 returned with HTTP 200
Jul 08 02:45:57.262803 dv-cinder-789077-2-smb devstack@c-api.service[116869]: [pid: 116869|app: 0|req: 64/121] 10.222.0.52 () {58 vars in 1325 bytes} [Thu Jul 8 02:45:57 2021] GET /volume/v3/eb0c2ee189e74eea8de6edb120bd1590/volumes/36421e01-f5e1-4f97-bd70-7bcb61e6fab5 => generated 892 bytes in 100 msecs (HTTP/1.1 200) 7 headers in 285 bytes (1 switches on core 0)
Jul 08 02:45:58.250317 dv-cinder-789077-2-smb devstack@c-api.service[116870]: INFO cinder.api.openstack.wsgi [None req-919b8f10-1cff-4495-9efb-f1e4ca3765b1 tempest-GroupSnapshotsTest-308626636 tempest-GroupSnapshotsTest-308626636-project] GET http://10.222.0.52/volume/v3/ecb5551bc69941adbfa6e0be1d39d0ad/groups/82872392-4152-497d-a4c8-19ff60149bed
Jul 08 02:45:58.252151 dv-cinder-789077-2-smb devstack@c-api.service[116870]: DEBUG cinder.api.openstack.wsgi [None req-919b8f10-1cff-4495-9efb-f1e4ca3765b1 tempest-GroupSnapshotsTest-308626636 tempest-GroupSnapshotsTest-308626636-project] Empty body provided in request {{(pid=116870) get_body /opt/stack/cinder/cinder/api/openstack/wsgi.py:713}}
Jul 08 02:45:58.252360 dv-cinder-789077-2-smb devstack@c-api.service[116870]: /usr/local/lib/python3.8/dist-packages/webob/acceptparse.py:1047: DeprecationWarning: The behavior of AcceptValidHeader.best_match is currently being maintained for backward compatibility, but it will be deprecated in the future, as it does not conform to the RFC.
Jul 08 02:45:58.252360 dv-cinder-789077-2-smb devstack@c-api.service[116870]: warnings.warn(
Jul 08 02:45:58.253122 dv-cinder-789077-2-smb devstack@c-api.service[116870]: DEBUG cinder.api.openstack.wsgi [None req-919b8f10-1cff-4495-9efb-f1e4ca3765b1 tempest-GroupSnapshotsTest-308626636 tempest-GroupSnapshotsTest-308626636-project] Calling method 'version_select' {{(pid=116870) _process_stack /opt/stack/cinder/cinder/api/openstack/wsgi.py:866}}
Jul 08 02:45:58.253615 dv-cinder-789077-2-smb devstack@c-api.service[116870]: DEBUG cinder.api.v3.groups [None req-919b8f10-1cff-4495-9efb-f1e4ca3765b1 tempest-GroupSnapshotsTest-308626636 tempest-GroupSnapshotsTest-308626636-project] show called for member 82872392-4152-497d-a4c8-19ff60149bed {{(pid=116870) show /opt/stack/cinder/cinder/api/v3/groups.py:58}}
Jul 08 02:45:58.262070 dv-cinder-789077-2-smb devstack@c-api.service[116870]: /usr/local/lib/python3.8/dist-packages/oslo_context/context.py:105: DeprecationWarning: Policy enforcement is depending on the value of is_admin. This key is deprecated. Please update your policy file to use the standard policy values.
Jul 08 02:45:58.262070 dv-cinder-789077-2-smb devstack@c-api.service[116870]: warnings.warn('Policy enforcement is depending on the value of '
Jul 08 02:45:58.280369 dv-cinder-789077-2-smb devstack@c-api.service[116869]: INFO cinder.api.openstack.wsgi [None req-283d4c6a-f591-4afd-8943-f89461135871 tempest-VolumesListAdminTestJSON-774506760 tempest-VolumesListAdminTestJSON-774506760-project] GET http://10.222.0.52/volume/v3/eb0c2ee189e74eea8de6edb120bd1590/volumes/36421e01-f5e1-4f97-bd70-7bcb61e6fab5
Jul 08 02:45:58.280921 dv-cinder-789077-2-smb devstack@c-api.service[116869]: DEBUG cinder.api.openstack.wsgi [None req-283d4c6a-f591-4afd-8943-f89461135871 tempest-VolumesListAdminTestJSON-774506760 tempest-VolumesListAdminTestJSON-774506760-project] Empty body provided in request {{(pid=116869) get_body /opt/stack/cinder/cinder/api/openstack/wsgi.py:713}}
Jul 08 02:45:58.280998 dv-cinder-789077-2-smb devstack@c-api.service[116869]: /usr/local/lib/python3.8/dist-packages/webob/acceptparse.py:1047: DeprecationWarning: The behavior of AcceptValidHeader.best_match is currently being maintained for backward compatibility, but it will be deprecated in the future, as it does not conform to the RFC.
Jul 08 02:45:58.280998 dv-cinder-789077-2-smb devstack@c-api.service[116869]: warnings.warn(
Jul 08 02:45:58.281416 dv-cinder-789077-2-smb devstack@c-api.service[116869]: DEBUG cinder.api.openstack.wsgi [None req-283d4c6a-f591-4afd-8943-f89461135871 tempest-VolumesListAdminTestJSON-774506760 tempest-VolumesListAdminTestJSON-774506760-project] Calling method 'show' {{(pid=116869) _process_stack /opt/stack/cinder/cinder/api/openstack/wsgi.py:866}}
Jul 08 02:45:58.301413 dv-cinder-789077-2-smb devstack@c-api.service[116869]: /usr/local/lib/python3.8/dist-packages/oslo_context/context.py:105: DeprecationWarning: Policy enforcement is depending on the value of is_admin. This key is deprecated. Please update your policy file to use the standard policy values.
Jul 08 02:45:58.301413 dv-cinder-789077-2-smb devstack@c-api.service[116869]: warnings.warn('Policy enforcement is depending on the value of '
Jul 08 02:45:58.309889 dv-cinder-789077-2-smb devstack@c-api.service[116869]: INFO cinder.volume.api [None req-283d4c6a-f591-4afd-8943-f89461135871 tempest-VolumesListAdminTestJSON-774506760 tempest-VolumesListAdminTestJSON-774506760-project] Volume info retrieved successfully.
Jul 08 02:45:58.312485 dv-cinder-789077-2-smb devstack@c-api.service[116870]: INFO cinder.api.openstack.wsgi [None req-919b8f10-1cff-4495-9efb-f1e4ca3765b1 tempest-GroupSnapshotsTest-308626636 tempest-GroupSnapshotsTest-308626636-project] http://10.222.0.52/volume/v3/ecb5551bc69941adbfa6e0be1d39d0ad/groups/82872392-4152-497d-a4c8-19ff60149bed returned with HTTP 200
Jul 08 02:45:58.313470 dv-cinder-789077-2-smb devstack@c-api.service[116870]: [pid: 116870|app: 0|req: 58/122] 10.222.0.52 () {60 vars in 1363 bytes} [Thu Jul 8 02:45:58 2021] GET /volume/v3/ecb5551bc69941adbfa6e0be1d39d0ad/groups/82872392-4152-497d-a4c8-19ff60149bed => generated 392 bytes in 68 msecs (HTTP/1.1 200) 7 headers in 286 bytes (2 switches on core 0)
Jul 08 02:45:58.327709 dv-cinder-789077-2-smb devstack@c-api.service[116869]: INFO cinder.api.openstack.wsgi [None req-283d4c6a-f591-4afd-8943-f89461135871 tempest-VolumesListAdminTestJSON-774506760 tempest-VolumesListAdminTestJSON-774506760-project] http://10.222.0.52/volume/v3/eb0c2ee189e74eea8de6edb120bd1590/volumes/36421e01-f5e1-4f97-bd70-7bcb61e6fab5 returned with HTTP 200
Jul 08 02:45:58.339741 dv-cinder-789077-2-smb devstack@c-api.service[116870]: INFO cinder.api.openstack.wsgi [None req-e4b8984d-1d43-472a-8d3e-419843815de6 tempest-GroupSnapshotsTest-308626636 tempest-GroupSnapshotsTest-308626636-project] PUT http://10.222.0.52/volume/v3/ecb5551bc69941adbfa6e0be1d39d0ad/groups/82872392-4152-497d-a4c8-19ff60149bed
Jul 08 02:45:58.339741 dv-cinder-789077-2-smb devstack@c-api.service[116870]: /usr/local/lib/python3.8/dist-packages/webob/acceptparse.py:1047: DeprecationWarning: The behavior of AcceptValidHeader.best_match is currently being maintained for backward compatibility, but it will be deprecated in the future, as it does not conform to the RFC.
Jul 08 02:45:58.339741 dv-cinder-789077-2-smb devstack@c-api.service[116870]: warnings.warn(
Jul 08 02:45:58.340776 dv-cinder-789077-2-smb devstack@c-api.service[116870]: DEBUG cinder.api.openstack.wsgi [None req-e4b8984d-1d43-472a-8d3e-419843815de6 tempest-GroupSnapshotsTest-308626636 tempest-GroupSnapshotsTest-308626636-project] Action: 'update', calling method: version_select, body: {"group": {"add_volumes": "ff779b51-1941-4464-84d4-6d78744f669b"}} {{(pid=116870) _process_stack /opt/stack/cinder/cinder/api/openstack/wsgi.py:864}}
Jul 08 02:45:58.344586 dv-cinder-789077-2-smb devstack@c-api.service[116870]: DEBUG cinder.api.v3.groups [None req-e4b8984d-1d43-472a-8d3e-419843815de6 tempest-GroupSnapshotsTest-308626636 tempest-GroupSnapshotsTest-308626636-project] Update called for group 82872392-4152-497d-a4c8-19ff60149bed. {{(pid=116870) update /opt/stack/cinder/cinder/api/v3/groups.py:302}}
Jul 08 02:45:58.344898 dv-cinder-789077-2-smb devstack@c-api.service[116870]: INFO cinder.api.v3.groups [None req-e4b8984d-1d43-472a-8d3e-419843815de6 tempest-GroupSnapshotsTest-308626636 tempest-GroupSnapshotsTest-308626636-project] Updating group 82872392-4152-497d-a4c8-19ff60149bed with name None description: None add_volumes: ff779b51-1941-4464-84d4-6d78744f669b remove_volumes: None.
Jul 08 02:45:58.353804 dv-cinder-789077-2-smb devstack@c-api.service[116869]: [pid: 116869|app: 0|req: 65/123] 10.222.0.52 () {58 vars in 1325 bytes} [Thu Jul 8 02:45:58 2021] GET /volume/v3/eb0c2ee189e74eea8de6edb120bd1590/volumes/36421e01-f5e1-4f97-bd70-7bcb61e6fab5 => generated 917 bytes in 80 msecs (HTTP/1.1 200) 7 headers in 285 bytes (1 switches on core 0)
Jul 08 02:45:58.362588 dv-cinder-789077-2-smb devstack@c-api.service[116870]: /usr/local/lib/python3.8/dist-packages/oslo_context/context.py:105: DeprecationWarning: Policy enforcement is depending on the value of is_admin. This key is deprecated. Please update your policy file to use the standard policy values.
Jul 08 02:45:58.362588 dv-cinder-789077-2-smb devstack@c-api.service[116870]: warnings.warn('Policy enforcement is depending on the value of '
Jul 08 02:45:58.363992 dv-cinder-789077-2-smb devstack@c-api.service[116869]: INFO cinder.api.openstack.wsgi [None req-ed71fbdb-97bc-423f-8fe0-efb7925a8597 tempest-VolumesListAdminTestJSON-774506760 tempest-VolumesListAdminTestJSON-774506760-project] GET http://10.222.0.52/volume/v3/eb0c2ee189e74eea8de6edb120bd1590/volumes/36421e01-f5e1-4f97-bd70-7bcb61e6fab5
Jul 08 02:45:58.366468 dv-cinder-789077-2-smb devstack@c-api.service[116869]: DEBUG cinder.api.openstack.wsgi [None req-ed71fbdb-97bc-423f-8fe0-efb7925a8597 tempest-VolumesListAdminTestJSON-774506760 tempest-VolumesListAdminTestJSON-774506760-project] Empty body provided in request {{(pid=116869) get_body /opt/stack/cinder/cinder/api/openstack/wsgi.py:713}}
Jul 08 02:45:58.366725 dv-cinder-789077-2-smb devstack@c-api.service[116869]: /usr/local/lib/python3.8/dist-packages/webob/acceptparse.py:1047: DeprecationWarning: The behavior of AcceptValidHeader.best_match is currently being maintained for backward compatibility, but it will be deprecated in the future, as it does not conform to the RFC.
Jul 08 02:45:58.366725 dv-cinder-789077-2-smb devstack@c-api.service[116869]: warnings.warn(
Jul 08 02:45:58.367129 dv-cinder-789077-2-smb devstack@c-api.service[116869]: DEBUG cinder.api.openstack.wsgi [None req-ed71fbdb-97bc-423f-8fe0-efb7925a8597 tempest-VolumesListAdminTestJSON-774506760 tempest-VolumesListAdminTestJSON-774506760-project] Calling method 'show' {{(pid=116869) _process_stack /opt/stack/cinder/cinder/api/openstack/wsgi.py:866}}
Jul 08 02:45:58.399321 dv-cinder-789077-2-smb devstack@c-api.service[116869]: /usr/local/lib/python3.8/dist-packages/oslo_context/context.py:105: DeprecationWarning: Policy enforcement is depending on the value of is_admin. This key is deprecated. Please update your policy file to use the standard policy values.
Jul 08 02:45:58.399321 dv-cinder-789077-2-smb devstack@c-api.service[116869]: warnings.warn('Policy enforcement is depending on the value of '
Jul 08 02:45:58.418277 dv-cinder-789077-2-smb devstack@c-api.service[116869]: INFO cinder.volume.api [None req-ed71fbdb-97bc-423f-8fe0-efb7925a8597 tempest-VolumesListAdminTestJSON-774506760 tempest-VolumesListAdminTestJSON-774506760-project] Volume info retrieved successfully.
Jul 08 02:45:58.453855 dv-cinder-789077-2-smb devstack@c-api.service[116869]: INFO cinder.api.openstack.wsgi [None req-ed71fbdb-97bc-423f-8fe0-efb7925a8597 tempest-VolumesListAdminTestJSON-774506760 tempest-VolumesListAdminTestJSON-774506760-project] http://10.222.0.52/volume/v3/eb0c2ee189e74eea8de6edb120bd1590/volumes/36421e01-f5e1-4f97-bd70-7bcb61e6fab5 returned with HTTP 200
Jul 08 02:45:58.469494 dv-cinder-789077-2-smb devstack@c-api.service[116869]: [pid: 116869|app: 0|req: 66/124] 10.222.0.52 () {58 vars in 1325 bytes} [Thu Jul 8 02:45:58 2021] GET /volume/v3/eb0c2ee189e74eea8de6edb120bd1590/volumes/36421e01-f5e1-4f97-bd70-7bcb61e6fab5 => generated 917 bytes in 115 msecs (HTTP/1.1 200) 7 headers in 285 bytes (1 switches on core 0)
Jul 08 02:45:58.482287 dv-cinder-789077-2-smb devstack@c-api.service[116869]: INFO cinder.api.openstack.wsgi [None req-66dc1448-17ea-4ec4-86c7-093735eff31b tempest-VolumesListAdminTestJSON-774506760 tempest-VolumesListAdminTestJSON-774506760-project] POST http://10.222.0.52/volume/v3/eb0c2ee189e74eea8de6edb120bd1590/volumes
Jul 08 02:45:58.484097 dv-cinder-789077-2-smb devstack@c-api.service[116869]: /usr/local/lib/python3.8/dist-packages/webob/acceptparse.py:1047: DeprecationWarning: The behavior of AcceptValidHeader.best_match is currently being maintained for backward compatibility, but it will be deprecated in the future, as it does not conform to the RFC.
Jul 08 02:45:58.484097 dv-cinder-789077-2-smb devstack@c-api.service[116869]: warnings.warn(
Jul 08 02:45:58.485179 dv-cinder-789077-2-smb devstack@c-api.service[116869]: DEBUG cinder.api.openstack.wsgi [None req-66dc1448-17ea-4ec4-86c7-093735eff31b tempest-VolumesListAdminTestJSON-774506760 tempest-VolumesListAdminTestJSON-774506760-project] Action: 'create', calling method: create, body: {"volume": {"size": 1, "name": "tempest-VolumesListAdminTestJSON-Volume-1059257193"}} {{(pid=116869) _process_stack /opt/stack/cinder/cinder/api/openstack/wsgi.py:864}}
Jul 08 02:45:58.489502 dv-cinder-789077-2-smb devstack@c-api.service[116870]: INFO cinder.api.openstack.wsgi [None req-e4b8984d-1d43-472a-8d3e-419843815de6 tempest-GroupSnapshotsTest-308626636 tempest-GroupSnapshotsTest-308626636-project] http://10.222.0.52/volume/v3/ecb5551bc69941adbfa6e0be1d39d0ad/groups/82872392-4152-497d-a4c8-19ff60149bed returned with HTTP 202
Jul 08 02:45:58.490146 dv-cinder-789077-2-smb devstack@c-api.service[116869]: DEBUG cinder.api.v3.volumes [None req-66dc1448-17ea-4ec4-86c7-093735eff31b tempest-VolumesListAdminTestJSON-774506760 tempest-VolumesListAdminTestJSON-774506760-project] Create volume request body: {'volume': {'size': 1, 'name': 'tempest-VolumesListAdminTestJSON-Volume-1059257193'}} {{(pid=116869) create /opt/stack/cinder/cinder/api/v3/volumes.py:289}}
Jul 08 02:45:58.491472 dv-cinder-789077-2-smb devstack@c-api.service[116869]: INFO cinder.api.v3.volumes [None req-66dc1448-17ea-4ec4-86c7-093735eff31b tempest-VolumesListAdminTestJSON-774506760 tempest-VolumesListAdminTestJSON-774506760-project] Create volume of 1 GB
Jul 08 02:45:58.494379 dv-cinder-789077-2-smb devstack@c-api.service[116870]: [pid: 116870|app: 0|req: 59/125] 10.222.0.52 () {62 vars in 1383 bytes} [Thu Jul 8 02:45:58 2021] PUT /volume/v3/ecb5551bc69941adbfa6e0be1d39d0ad/groups/82872392-4152-497d-a4c8-19ff60149bed => generated 0 bytes in 173 msecs (HTTP/1.1 202) 6 headers in 234 bytes (1 switches on core 0)
Jul 08 02:45:58.501062 dv-cinder-789077-2-smb devstack@c-api.service[116870]: INFO cinder.api.openstack.wsgi [None req-dadae365-c797-48a8-9d89-1039100c3c74 tempest-GroupSnapshotsTest-308626636 tempest-GroupSnapshotsTest-308626636-project] GET http://10.222.0.52/volume/v3/ecb5551bc69941adbfa6e0be1d39d0ad/groups/82872392-4152-497d-a4c8-19ff60149bed
Jul 08 02:45:58.502203 dv-cinder-789077-2-smb devstack@c-api.service[116870]: DEBUG cinder.api.openstack.wsgi [None req-dadae365-c797-48a8-9d89-1039100c3c74 tempest-GroupSnapshotsTest-308626636 tempest-GroupSnapshotsTest-308626636-project] Empty body provided in request {{(pid=116870) get_body /opt/stack/cinder/cinder/api/openstack/wsgi.py:713}}
Jul 08 02:45:58.502555 dv-cinder-789077-2-smb devstack@c-api.service[116870]: /usr/local/lib/python3.8/dist-packages/webob/acceptparse.py:1047: DeprecationWarning: The behavior of AcceptValidHeader.best_match is currently being maintained for backward compatibility, but it will be deprecated in the future, as it does not conform to the RFC.
Jul 08 02:45:58.502555 dv-cinder-789077-2-smb devstack@c-api.service[116870]: warnings.warn(
Jul 08 02:45:58.503223 dv-cinder-789077-2-smb devstack@c-api.service[116870]: DEBUG cinder.api.openstack.wsgi [None req-dadae365-c797-48a8-9d89-1039100c3c74 tempest-GroupSnapshotsTest-308626636 tempest-GroupSnapshotsTest-308626636-project] Calling method 'version_select' {{(pid=116870) _process_stack /opt/stack/cinder/cinder/api/openstack/wsgi.py:866}}
Jul 08 02:45:58.503778 dv-cinder-789077-2-smb devstack@c-api.service[116870]: DEBUG cinder.api.v3.groups [None req-dadae365-c797-48a8-9d89-1039100c3c74 tempest-GroupSnapshotsTest-308626636 tempest-GroupSnapshotsTest-308626636-project] show called for member 82872392-4152-497d-a4c8-19ff60149bed {{(pid=116870) show /opt/stack/cinder/cinder/api/v3/groups.py:58}}
Jul 08 02:45:58.513923 dv-cinder-789077-2-smb devstack@c-api.service[116869]: INFO cinder.volume.api [None req-66dc1448-17ea-4ec4-86c7-093735eff31b tempest-VolumesListAdminTestJSON-774506760 tempest-VolumesListAdminTestJSON-774506760-project] Availability Zones retrieved successfully.
Jul 08 02:45:58.532065 dv-cinder-789077-2-smb devstack@c-api.service[116870]: /usr/local/lib/python3.8/dist-packages/oslo_context/context.py:105: DeprecationWarning: Policy enforcement is depending on the value of is_admin. This key is deprecated. Please update your policy file to use the standard policy values.
Jul 08 02:45:58.532065 dv-cinder-789077-2-smb devstack@c-api.service[116870]: warnings.warn('Policy enforcement is depending on the value of '
Jul 08 02:45:58.577881 dv-cinder-789077-2-smb devstack@c-api.service[116869]: DEBUG cinder.volume.api [None req-66dc1448-17ea-4ec4-86c7-093735eff31b tempest-VolumesListAdminTestJSON-774506760 tempest-VolumesListAdminTestJSON-774506760-project] Flow 'volume_create_api' (08a29f89-30e9-4ea6-9554-05e556bf8d26) transitioned into state 'RUNNING' from state 'PENDING' {{(pid=116869) _flow_receiver /usr/local/lib/python3.8/dist-packages/taskflow/listeners/logging.py:141}}
Jul 08 02:45:58.578428 dv-cinder-789077-2-smb devstack@c-api.service[116870]: INFO cinder.api.openstack.wsgi [None req-dadae365-c797-48a8-9d89-1039100c3c74 tempest-GroupSnapshotsTest-308626636 tempest-GroupSnapshotsTest-308626636-project] http://10.222.0.52/volume/v3/ecb5551bc69941adbfa6e0be1d39d0ad/groups/82872392-4152-497d-a4c8-19ff60149bed returned with HTTP 200
Jul 08 02:45:58.585118 dv-cinder-789077-2-smb devstack@c-api.service[116870]: [pid: 116870|app: 0|req: 60/126] 10.222.0.52 () {60 vars in 1363 bytes} [Thu Jul 8 02:45:58 2021] GET /volume/v3/ecb5551bc69941adbfa6e0be1d39d0ad/groups/82872392-4152-497d-a4c8-19ff60149bed => generated 391 bytes in 90 msecs (HTTP/1.1 200) 7 headers in 286 bytes (1 switches on core 0)
Jul 08 02:45:58.595070 dv-cinder-789077-2-smb devstack@c-api.service[116869]: DEBUG cinder.volume.api [None req-66dc1448-17ea-4ec4-86c7-093735eff31b tempest-VolumesListAdminTestJSON-774506760 tempest-VolumesListAdminTestJSON-774506760-project] Task 'cinder.volume.flows.api.create_volume.ExtractVolumeRequestTask;volume:create' (b50c4840-56e1-489c-a17e-8298d684e187) transitioned into state 'RUNNING' from state 'PENDING' {{(pid=116869) _task_receiver /usr/local/lib/python3.8/dist-packages/taskflow/listeners/logging.py:190}}
Jul 08 02:45:58.597592 dv-cinder-789077-2-smb devstack@c-api.service[116869]: DEBUG cinder.volume.flows.api.create_volume [None req-66dc1448-17ea-4ec4-86c7-093735eff31b tempest-VolumesListAdminTestJSON-774506760 tempest-VolumesListAdminTestJSON-774506760-project] Validating volume size '1' using validate_int {{(pid=116869) _extract_size /opt/stack/cinder/cinder/volume/flows/api/create_volume.py:201}}
