May 02 03:11:12.762948 dv-cinder-789077-1-smb neutron-server[73839]: DEBUG neutron_lib.callbacks.manager [None req-c00e1069-2ce9-45f9-a1f4-36aed8cac1f0 admin admin] Notify callbacks [] for security_group, precommit_delete {{(pid=73839) _notify_loop /usr/local/lib/python3.8/dist-packages/neutron_lib/callbacks/manager.py:192}}
May 02 03:11:12.896049 dv-cinder-789077-1-smb neutron-server[73840]: INFO neutron.notifiers.nova [-] Nova event response: {'server_uuid': '40008ab8-46ec-4316-8f83-97d95d2581da', 'name': 'network-vif-plugged', 'status': 'completed', 'tag': '614cf620-4ac1-41a9-b8af-d79712693757', 'code': 200}
May 02 03:11:12.951833 dv-cinder-789077-1-smb neutron-server[73840]: DEBUG neutron.api.rpc.handlers.resources_rpc [None req-06578581-5416-4b0b-80be-835749a33250 None None] Pushing event updated for resources: {'Port': ['ID=614cf620-4ac1-41a9-b8af-d79712693757,revision_number=5']} {{(pid=73840) push /opt/stack/neutron/neutron/api/rpc/handlers/resources_rpc.py:237}}
May 02 03:11:12.957612 dv-cinder-789077-1-smb neutron-server[73840]: DEBUG oslo_concurrency.lockutils [None req-06578581-5416-4b0b-80be-835749a33250 None None] Lock "event-dispatch" released by "neutron.plugins.ml2.ovo_rpc._ObjectChangeHandler.dispatch_events" :: held 0.217s {{(pid=73840) inner /usr/local/lib/python3.8/dist-packages/oslo_concurrency/lockutils.py:367}}
May 02 03:11:12.999025 dv-cinder-789077-1-smb neutron-server[73839]: INFO neutron.wsgi [req-c06d4c22-cbed-42f5-b8b1-0e84ce13dec9 req-110df6e9-caf6-4631-bb1a-13d308ee69f5 tempest-ServerRescueNegativeTestJSON-1602184962 tempest-ServerRescueNegativeTestJSON-1602184962-project] 10.222.0.20 "GET /v2.0/security-groups?id=925b42c0-d5c0-44e1-999b-10cb4058959d&fields=id&fields=name HTTP/1.1" status: 200 len: 286 time: 0.2433984
May 02 03:11:13.043473 dv-cinder-789077-1-smb neutron-server[73839]: DEBUG neutron_lib.callbacks.manager [None req-c00e1069-2ce9-45f9-a1f4-36aed8cac1f0 admin admin] Notify callbacks ['neutron.plugins.ml2.ovo_rpc._ObjectChangeHandler.handle_event-754843'] for security_group, after_delete {{(pid=73839) _notify_loop /usr/local/lib/python3.8/dist-packages/neutron_lib/callbacks/manager.py:192}}
May 02 03:11:13.051724 dv-cinder-789077-1-smb neutron-server[73839]: DEBUG oslo_concurrency.lockutils [None req-54f591c5-a4b8-4204-a07f-bfa8d6d70a0d admin admin] Lock "event-dispatch" acquired by "neutron.plugins.ml2.ovo_rpc._ObjectChangeHandler.dispatch_events" :: waited 0.000s {{(pid=73839) inner /usr/local/lib/python3.8/dist-packages/oslo_concurrency/lockutils.py:355}}
May 02 03:11:13.076501 dv-cinder-789077-1-smb neutron-server[73839]: DEBUG neutron.api.rpc.handlers.resources_rpc [None req-c00e1069-2ce9-45f9-a1f4-36aed8cac1f0 admin admin] Pushing event deleted for resources: {'SecurityGroup': ['ID=41bf5cee-9ade-4400-9e38-f8cc015e6c4e,revision_number=None']} {{(pid=73839) push /opt/stack/neutron/neutron/api/rpc/handlers/resources_rpc.py:237}}
May 02 03:11:13.104094 dv-cinder-789077-1-smb neutron-server[73839]: DEBUG oslo_concurrency.lockutils [None req-c00e1069-2ce9-45f9-a1f4-36aed8cac1f0 admin admin] Lock "event-dispatch" released by "neutron.plugins.ml2.ovo_rpc._ObjectChangeHandler.dispatch_events" :: held 0.052s {{(pid=73839) inner /usr/local/lib/python3.8/dist-packages/oslo_concurrency/lockutils.py:367}}
May 02 03:11:13.155879 dv-cinder-789077-1-smb neutron-server[73839]: DEBUG neutron_lib.callbacks.manager [None req-e6a7ede6-6776-4caa-91ab-fb9089b85b4b admin admin] Notify callbacks [] for security_group, precommit_create {{(pid=73839) _notify_loop /usr/local/lib/python3.8/dist-packages/neutron_lib/callbacks/manager.py:192}}
May 02 03:11:13.159307 dv-cinder-789077-1-smb neutron-server[73839]: DEBUG neutron_lib.callbacks.manager [None req-c00e1069-2ce9-45f9-a1f4-36aed8cac1f0 admin admin] Notify callbacks [] for security_group, before_response {{(pid=73839) _notify_loop /usr/local/lib/python3.8/dist-packages/neutron_lib/callbacks/manager.py:192}}
May 02 03:11:13.165095 dv-cinder-789077-1-smb neutron-server[73839]: INFO neutron.wsgi [None req-c00e1069-2ce9-45f9-a1f4-36aed8cac1f0 admin admin] 10.222.0.20 "DELETE /v2.0/security-groups/41bf5cee-9ade-4400-9e38-f8cc015e6c4e HTTP/1.1" status: 204 len: 168 time: 1.0027301
May 02 03:11:13.165095 dv-cinder-789077-1-smb neutron-server[73839]: DEBUG neutron_lib.callbacks.manager [None req-e6a7ede6-6776-4caa-91ab-fb9089b85b4b admin admin] Notify callbacks ['neutron.plugins.ml2.ovo_rpc._ObjectChangeHandler.handle_event-754843'] for security_group, after_create {{(pid=73839) _notify_loop /usr/local/lib/python3.8/dist-packages/neutron_lib/callbacks/manager.py:192}}
May 02 03:11:13.193300 dv-cinder-789077-1-smb neutron-server[73839]: DEBUG oslo_concurrency.lockutils [None req-dfb51113-8247-468f-92fa-b534d59c8a76 admin admin] Lock "event-dispatch" acquired by "neutron.plugins.ml2.ovo_rpc._ObjectChangeHandler.dispatch_events" :: waited 0.000s {{(pid=73839) inner /usr/local/lib/python3.8/dist-packages/oslo_concurrency/lockutils.py:355}}
May 02 03:11:13.294055 dv-cinder-789077-1-smb neutron-server[73839]: INFO neutron.wsgi [None req-e6a7ede6-6776-4caa-91ab-fb9089b85b4b admin admin] 10.222.0.20 "GET /v2.0/security-groups?tenant_id=eba435934fb64c70bf0e2171c8ba259e&name=default HTTP/1.1" status: 200 len: 2979 time: 1.1729293
May 02 03:11:13.296010 dv-cinder-789077-1-smb neutron-server[73839]: DEBUG neutron.api.rpc.handlers.resources_rpc [None req-e6a7ede6-6776-4caa-91ab-fb9089b85b4b admin admin] Pushing event updated for resources: {'SecurityGroup': ['ID=371a1912-0bce-4d36-9ed1-57f0a921ab89,revision_number=1']} {{(pid=73839) push /opt/stack/neutron/neutron/api/rpc/handlers/resources_rpc.py:237}}
May 02 03:11:13.299352 dv-cinder-789077-1-smb neutron-server[73838]: DEBUG neutron.wsgi [-] (73838) accepted ('10.222.0.20', 38552) {{(pid=73838) server /usr/local/lib/python3.8/dist-packages/eventlet/wsgi.py:992}}
May 02 03:11:13.317843 dv-cinder-789077-1-smb neutron-server[73839]: DEBUG oslo_concurrency.lockutils [None req-e6a7ede6-6776-4caa-91ab-fb9089b85b4b admin admin] Lock "event-dispatch" released by "neutron.plugins.ml2.ovo_rpc._ObjectChangeHandler.dispatch_events" :: held 0.125s {{(pid=73839) inner /usr/local/lib/python3.8/dist-packages/oslo_concurrency/lockutils.py:367}}
May 02 03:11:13.487690 dv-cinder-789077-1-smb neutron-server[73838]: INFO neutron.wsgi [req-19c2c9fc-9446-42c7-b63f-df3c21795746 req-e656e95d-8304-4207-be20-509695e7c94a tempest-AttachVolumeNegativeTest-1977941801 tempest-AttachVolumeNegativeTest-1977941801-project] 10.222.0.20 "GET /v2.0/ports?device_id=26ce8a09-dbc5-4c2f-8dcd-ce84d6346d10 HTTP/1.1" status: 200 len: 210 time: 0.1351640
May 02 03:11:13.540134 dv-cinder-789077-1-smb neutron-server[73838]: DEBUG neutron_lib.callbacks.manager [None req-2bc4a00b-c881-45a7-b0df-1d78375d2d7d admin admin] Notify callbacks [] for security_group, before_delete {{(pid=73838) _notify_loop /usr/local/lib/python3.8/dist-packages/neutron_lib/callbacks/manager.py:192}}
May 02 03:11:13.557399 dv-cinder-789077-1-smb neutron-server[73839]: DEBUG neutron.pecan_wsgi.hooks.policy_enforcement [req-b20c0613-4c5d-482c-84be-d6fe1d89b702 req-7681bda4-8a7c-47bd-ae1d-d34210d2afb5 service neutron] Attributes excluded by policy engine: ['standard_attr_id'] {{(pid=73839) _exclude_attributes_by_policy /opt/stack/neutron/neutron/pecan_wsgi/hooks/policy_enforcement.py:255}}
May 02 03:11:13.559352 dv-cinder-789077-1-smb neutron-server[73839]: INFO neutron.wsgi [req-b20c0613-4c5d-482c-84be-d6fe1d89b702 req-7681bda4-8a7c-47bd-ae1d-d34210d2afb5 service neutron] 10.222.0.16 "GET /v2.0/ports?device_id=40008ab8-46ec-4316-8f83-97d95d2581da HTTP/1.1" status: 200 len: 1099 time: 0.1651576
May 02 03:11:13.592572 dv-cinder-789077-1-smb neutron-server[73838]: DEBUG neutron_lib.callbacks.manager [None req-2bc4a00b-c881-45a7-b0df-1d78375d2d7d admin admin] Notify callbacks [] for security_group, precommit_delete {{(pid=73838) _notify_loop /usr/local/lib/python3.8/dist-packages/neutron_lib/callbacks/manager.py:192}}
May 02 03:11:13.667170 dv-cinder-789077-1-smb neutron-server[73839]: INFO neutron.wsgi [req-b20c0613-4c5d-482c-84be-d6fe1d89b702 req-dcb9c182-0b56-4c2c-89a9-d8cbfa1040f3 service neutron] 10.222.0.16 "GET /v2.0/security-groups?id=0cd4b580-a768-47fe-9e53-751a9c991f56&fields=id&fields=name HTTP/1.1" status: 200 len: 286 time: 0.0994294
May 02 03:11:13.684036 dv-cinder-789077-1-smb neutron-server[73838]: DEBUG neutron_lib.callbacks.manager [None req-2bc4a00b-c881-45a7-b0df-1d78375d2d7d admin admin] Notify callbacks ['neutron.plugins.ml2.ovo_rpc._ObjectChangeHandler.handle_event-754843'] for security_group, after_delete {{(pid=73838) _notify_loop /usr/local/lib/python3.8/dist-packages/neutron_lib/callbacks/manager.py:192}}
May 02 03:11:13.691680 dv-cinder-789077-1-smb neutron-server[73838]: DEBUG oslo_concurrency.lockutils [None req-0f7da0cf-166a-4916-94f4-7c06ad16f84b admin admin] Lock "event-dispatch" acquired by "neutron.plugins.ml2.ovo_rpc._ObjectChangeHandler.dispatch_events" :: waited 0.000s {{(pid=73838) inner /usr/local/lib/python3.8/dist-packages/oslo_concurrency/lockutils.py:355}}
May 02 03:11:13.721416 dv-cinder-789077-1-smb neutron-server[73838]: DEBUG neutron.api.rpc.handlers.resources_rpc [None req-2bc4a00b-c881-45a7-b0df-1d78375d2d7d admin admin] Pushing event deleted for resources: {'SecurityGroup': ['ID=371a1912-0bce-4d36-9ed1-57f0a921ab89,revision_number=None']} {{(pid=73838) push /opt/stack/neutron/neutron/api/rpc/handlers/resources_rpc.py:237}}
May 02 03:11:13.726173 dv-cinder-789077-1-smb neutron-server[73838]: DEBUG oslo_concurrency.lockutils [None req-2bc4a00b-c881-45a7-b0df-1d78375d2d7d admin admin] Lock "event-dispatch" released by "neutron.plugins.ml2.ovo_rpc._ObjectChangeHandler.dispatch_events" :: held 0.034s {{(pid=73838) inner /usr/local/lib/python3.8/dist-packages/oslo_concurrency/lockutils.py:367}}
May 02 03:11:13.760961 dv-cinder-789077-1-smb neutron-server[73838]: DEBUG neutron_lib.callbacks.manager [None req-2bc4a00b-c881-45a7-b0df-1d78375d2d7d admin admin] Notify callbacks [] for security_group, before_response {{(pid=73838) _notify_loop /usr/local/lib/python3.8/dist-packages/neutron_lib/callbacks/manager.py:192}}
May 02 03:11:13.775663 dv-cinder-789077-1-smb neutron-server[73838]: INFO neutron.wsgi [None req-2bc4a00b-c881-45a7-b0df-1d78375d2d7d admin admin] 10.222.0.20 "DELETE /v2.0/security-groups/371a1912-0bce-4d36-9ed1-57f0a921ab89 HTTP/1.1" status: 204 len: 168 time: 0.4744720
May 02 03:11:13.827678 dv-cinder-789077-1-smb neutron-server[73839]: DEBUG neutron.pecan_wsgi.hooks.policy_enforcement [req-ffb1d526-f662-4a3f-a120-a64c1e0b9fcc req-f42ac0ea-d076-4e17-ad2a-7129ca0a4ae3 tempest-VolumesActionsTest-1326103637 tempest-VolumesActionsTest-1326103637-project] Attributes excluded by policy engine: ['standard_attr_id', 'binding:profile', 'binding:host_id', 'binding:vif_type', 'binding:vif_details'] {{(pid=73839) _exclude_attributes_by_policy /opt/stack/neutron/neutron/pecan_wsgi/hooks/policy_enforcement.py:255}}
May 02 03:11:13.833217 dv-cinder-789077-1-smb neutron-server[73839]: INFO neutron.wsgi [req-ffb1d526-f662-4a3f-a120-a64c1e0b9fcc req-f42ac0ea-d076-4e17-ad2a-7129ca0a4ae3 tempest-VolumesActionsTest-1326103637 tempest-VolumesActionsTest-1326103637-project] 10.222.0.20 "GET /v2.0/ports?device_id=40008ab8-46ec-4316-8f83-97d95d2581da HTTP/1.1" status: 200 len: 946 time: 0.1537039
May 02 03:11:13.905252 dv-cinder-789077-1-smb neutron-server[73838]: DEBUG neutron.wsgi [-] (73838) accepted ('10.222.0.20', 38568) {{(pid=73838) server /usr/local/lib/python3.8/dist-packages/eventlet/wsgi.py:992}}
May 02 03:11:13.924365 dv-cinder-789077-1-smb neutron-server[73839]: INFO neutron.wsgi [req-ffb1d526-f662-4a3f-a120-a64c1e0b9fcc req-354a8fa2-3d45-4bbb-8e56-84038088060b tempest-VolumesActionsTest-1326103637 tempest-VolumesActionsTest-1326103637-project] 10.222.0.20 "GET /v2.0/security-groups?id=0cd4b580-a768-47fe-9e53-751a9c991f56&fields=id&fields=name HTTP/1.1" status: 200 len: 286 time: 0.0842450
May 02 03:11:13.956217 dv-cinder-789077-1-smb neutron-server[73838]: DEBUG neutron_lib.callbacks.manager [None req-72b51de0-03b4-4a5b-a600-451bf6237d75 admin admin] Notify callbacks [] for security_group, before_create {{(pid=73838) _notify_loop /usr/local/lib/python3.8/dist-packages/neutron_lib/callbacks/manager.py:192}}
May 02 03:11:13.989681 dv-cinder-789077-1-smb neutron-server[73838]: DEBUG neutron.db.quota.driver [None req-72b51de0-03b4-4a5b-a600-451bf6237d75 admin admin] Resources subnetpool have unlimited quota limit. It is not required to calculate headroom {{(pid=73838) make_reservation /opt/stack/neutron/neutron/db/quota/driver.py:219}}
May 02 03:11:13.996736 dv-cinder-789077-1-smb neutron-server[73838]: DEBUG neutron.quota.resource [None req-72b51de0-03b4-4a5b-a600-451bf6237d75 admin admin] Usage tracker for resource:security_group_rule and tenant:2163854054974bb3a6701ff3710b262f is out of sync, need to count used quota {{(pid=73838) count_used /opt/stack/neutron/neutron/quota/resource.py:270}}
May 02 03:11:14.001691 dv-cinder-789077-1-smb neutron-server[73838]: DEBUG neutron.quota.resource [None req-72b51de0-03b4-4a5b-a600-451bf6237d75 admin admin] Quota usage for security_group_rule was recalculated. Used quota:0. {{(pid=73838) count_used /opt/stack/neutron/neutron/quota/resource.py:290}}
May 02 03:11:14.009464 dv-cinder-789077-1-smb neutron-server[73838]: DEBUG neutron.db.quota.driver [None req-72b51de0-03b4-4a5b-a600-451bf6237d75 admin admin] Attempting to reserve 4 items for resource security_group_rule. Total usage: 0; quota limit: 100; headroom:100 {{(pid=73838) make_reservation /opt/stack/neutron/neutron/db/quota/driver.py:246}}
May 02 03:11:14.174601 dv-cinder-789077-1-smb neutron-server[73838]: DEBUG neutron_lib.callbacks.manager [None req-72b51de0-03b4-4a5b-a600-451bf6237d75 admin admin] Notify callbacks [] for security_group, precommit_create {{(pid=73838) _notify_loop /usr/local/lib/python3.8/dist-packages/neutron_lib/callbacks/manager.py:192}}
May 02 03:11:14.182043 dv-cinder-789077-1-smb neutron-server[73838]: DEBUG neutron_lib.callbacks.manager [None req-72b51de0-03b4-4a5b-a600-451bf6237d75 admin admin] Notify callbacks ['neutron.plugins.ml2.ovo_rpc._ObjectChangeHandler.handle_event-754843'] for security_group, after_create {{(pid=73838) _notify_loop /usr/local/lib/python3.8/dist-packages/neutron_lib/callbacks/manager.py:192}}
May 02 03:11:14.222560 dv-cinder-789077-1-smb neutron-server[73838]: DEBUG oslo_concurrency.lockutils [None req-90d52fce-b874-4cf0-a64f-aeef92bcb0ec admin admin] Lock "event-dispatch" acquired by "neutron.plugins.ml2.ovo_rpc._ObjectChangeHandler.dispatch_events" :: waited 0.000s {{(pid=73838) inner /usr/local/lib/python3.8/dist-packages/oslo_concurrency/lockutils.py:355}}
May 02 03:11:14.239331 dv-cinder-789077-1-smb neutron-server[73838]: INFO neutron.wsgi [None req-72b51de0-03b4-4a5b-a600-451bf6237d75 admin admin] 10.222.0.20 "GET /v2.0/security-groups?tenant_id=2163854054974bb3a6701ff3710b262f&name=default HTTP/1.1" status: 200 len: 2979 time: 0.3323543
May 02 03:11:14.243123 dv-cinder-789077-1-smb neutron-server[73838]: DEBUG neutron.wsgi [-] (73838) accepted ('10.222.0.20', 38578) {{(pid=73838) server /usr/local/lib/python3.8/dist-packages/eventlet/wsgi.py:992}}
May 02 03:11:14.302087 dv-cinder-789077-1-smb neutron-server[73838]: DEBUG neutron.api.rpc.handlers.resources_rpc [None req-72b51de0-03b4-4a5b-a600-451bf6237d75 admin admin] Pushing event updated for resources: {'SecurityGroup': ['ID=812145b0-06be-4b28-ac7b-25c687e49cbf,revision_number=1']} {{(pid=73838) push /opt/stack/neutron/neutron/api/rpc/handlers/resources_rpc.py:237}}
May 02 03:11:14.313806 dv-cinder-789077-1-smb neutron-server[73838]: DEBUG oslo_concurrency.lockutils [None req-72b51de0-03b4-4a5b-a600-451bf6237d75 admin admin] Lock "event-dispatch" released by "neutron.plugins.ml2.ovo_rpc._ObjectChangeHandler.dispatch_events" :: held 0.091s {{(pid=73838) inner /usr/local/lib/python3.8/dist-packages/oslo_concurrency/lockutils.py:367}}
May 02 03:11:14.349487 dv-cinder-789077-1-smb neutron-server[73838]: DEBUG neutron_lib.callbacks.manager [None req-79e74e99-9de8-450f-aa08-578e367e931c admin admin] Notify callbacks [] for security_group, before_delete {{(pid=73838) _notify_loop /usr/local/lib/python3.8/dist-packages/neutron_lib/callbacks/manager.py:192}}
May 02 03:11:14.385535 dv-cinder-789077-1-smb neutron-server[73838]: DEBUG neutron_lib.callbacks.manager [None req-79e74e99-9de8-450f-aa08-578e367e931c admin admin] Notify callbacks [] for security_group, precommit_delete {{(pid=73838) _notify_loop /usr/local/lib/python3.8/dist-packages/neutron_lib/callbacks/manager.py:192}}
May 02 03:11:14.423114 dv-cinder-789077-1-smb neutron-server[73839]: DEBUG neutron.pecan_wsgi.hooks.policy_enforcement [req-f60f2e42-ea2d-4b22-a132-fe1cd0e8b18f req-18dc8865-2524-43c1-b7df-c5aaebfc4f83 tempest-AttachVolumeNegativeTest-1977941801 tempest-AttachVolumeNegativeTest-1977941801-project] Attributes excluded by policy engine: ['standard_attr_id', 'vlan_transparent', 'provider:network_type', 'provider:physical_network', 'provider:segmentation_id'] {{(pid=73839) _exclude_attributes_by_policy /opt/stack/neutron/neutron/pecan_wsgi/hooks/policy_enforcement.py:255}}
May 02 03:11:14.424989 dv-cinder-789077-1-smb neutron-server[73839]: INFO neutron.wsgi [req-f60f2e42-ea2d-4b22-a132-fe1cd0e8b18f req-18dc8865-2524-43c1-b7df-c5aaebfc4f83 tempest-AttachVolumeNegativeTest-1977941801 tempest-AttachVolumeNegativeTest-1977941801-project] 10.222.0.16 "GET /v2.0/networks?id=de631dfc-e161-49b8-9997-23bba9416921 HTTP/1.1" status: 200 len: 814 time: 0.3315651
May 02 03:11:14.448536 dv-cinder-789077-1-smb neutron-server[73839]: DEBUG neutron.api.v2.base [req-f60f2e42-ea2d-4b22-a132-fe1cd0e8b18f req-b477735f-1882-47d9-8d63-f877898b69da tempest-AttachVolumeNegativeTest-1977941801 tempest-AttachVolumeNegativeTest-1977941801-project] Request body: {'port': {'device_id': '26ce8a09-dbc5-4c2f-8dcd-ce84d6346d10', 'network_id': 'de631dfc-e161-49b8-9997-23bba9416921', 'admin_state_up': True, 'tenant_id': 'd517c1706c83412cb9564e16749007b5'}} {{(pid=73839) prepare_request_body /opt/stack/neutron/neutron/api/v2/base.py:729}}
May 02 03:11:14.474515 dv-cinder-789077-1-smb neutron-server[73838]: DEBUG neutron_lib.callbacks.manager [None req-79e74e99-9de8-450f-aa08-578e367e931c admin admin] Notify callbacks ['neutron.plugins.ml2.ovo_rpc._ObjectChangeHandler.handle_event-754843'] for security_group, after_delete {{(pid=73838) _notify_loop /usr/local/lib/python3.8/dist-packages/neutron_lib/callbacks/manager.py:192}}
May 02 03:11:14.482636 dv-cinder-789077-1-smb neutron-server[73838]: DEBUG oslo_concurrency.lockutils [None req-6509aa30-71f2-4b03-9ddc-366cb8dc3088 admin admin] Lock "event-dispatch" acquired by "neutron.plugins.ml2.ovo_rpc._ObjectChangeHandler.dispatch_events" :: waited 0.000s {{(pid=73838) inner /usr/local/lib/python3.8/dist-packages/oslo_concurrency/lockutils.py:355}}
May 02 03:11:14.503661 dv-cinder-789077-1-smb neutron-server[73838]: DEBUG neutron.api.rpc.handlers.resources_rpc [None req-79e74e99-9de8-450f-aa08-578e367e931c admin admin] Pushing event deleted for resources: {'SecurityGroup': ['ID=812145b0-06be-4b28-ac7b-25c687e49cbf,revision_number=None']} {{(pid=73838) push /opt/stack/neutron/neutron/api/rpc/handlers/resources_rpc.py:237}}
May 02 03:11:14.505013 dv-cinder-789077-1-smb neutron-server[73839]: DEBUG neutron.pecan_wsgi.hooks.policy_enforcement [req-93033cf6-55e8-4c1b-902a-f3795b8d37b1 req-08e8e6d6-39ab-41b2-96db-d846bd39029e tempest-ServerRescueNegativeTestJSON-1602184962 tempest-ServerRescueNegativeTestJSON-1602184962-project] Attributes excluded by policy engine: ['standard_attr_id', 'binding:profile', 'binding:host_id', 'binding:vif_type', 'binding:vif_details'] {{(pid=73839) _exclude_attributes_by_policy /opt/stack/neutron/neutron/pecan_wsgi/hooks/policy_enforcement.py:255}}
May 02 03:11:14.508726 dv-cinder-789077-1-smb neutron-server[73838]: DEBUG oslo_concurrency.lockutils [None req-79e74e99-9de8-450f-aa08-578e367e931c admin admin] Lock "event-dispatch" released by "neutron.plugins.ml2.ovo_rpc._ObjectChangeHandler.dispatch_events" :: held 0.026s {{(pid=73838) inner /usr/local/lib/python3.8/dist-packages/oslo_concurrency/lockutils.py:367}}
May 02 03:11:14.514495 dv-cinder-789077-1-smb neutron-server[73839]: INFO neutron.wsgi [req-93033cf6-55e8-4c1b-902a-f3795b8d37b1 req-08e8e6d6-39ab-41b2-96db-d846bd39029e tempest-ServerRescueNegativeTestJSON-1602184962 tempest-ServerRescueNegativeTestJSON-1602184962-project] 10.222.0.20 "GET /v2.0/ports?device_id=b4cff6c7-2bcc-450d-8718-fd8365aeca70 HTTP/1.1" status: 200 len: 946 time: 0.2261531
May 02 03:11:14.524141 dv-cinder-789077-1-smb neutron-server[73838]: DEBUG neutron_lib.callbacks.manager [None req-79e74e99-9de8-450f-aa08-578e367e931c admin admin] Notify callbacks [] for security_group, before_response {{(pid=73838) _notify_loop /usr/local/lib/python3.8/dist-packages/neutron_lib/callbacks/manager.py:192}}
May 02 03:11:14.525313 dv-cinder-789077-1-smb neutron-server[73838]: INFO neutron.wsgi [None req-79e74e99-9de8-450f-aa08-578e367e931c admin admin] 10.222.0.20 "DELETE /v2.0/security-groups/812145b0-06be-4b28-ac7b-25c687e49cbf HTTP/1.1" status: 204 len: 168 time: 0.2724645
May 02 03:11:14.648623 dv-cinder-789077-1-smb neutron-server[73840]: DEBUG neutron_lib.callbacks.manager [None req-650286ae-8633-4eba-9ce9-6efbb8269dfb None None] Notify callbacks ['neutron.services.segments.db._update_segment_host_mapping_for_agent-8794390944543', 'neutron.plugins.ml2.plugin.Ml2Plugin._retry_binding_revived_agents-2033678'] for agent, after_update {{(pid=73840) _notify_loop /usr/local/lib/python3.8/dist-packages/neutron_lib/callbacks/manager.py:192}}
May 02 03:11:14.661977 dv-cinder-789077-1-smb neutron-server[73838]: DEBUG neutron.wsgi [-] (73838) accepted ('10.222.0.20', 38590) {{(pid=73838) server /usr/local/lib/python3.8/dist-packages/eventlet/wsgi.py:992}}
May 02 03:11:14.680525 dv-cinder-789077-1-smb neutron-server[73838]: DEBUG neutron_lib.callbacks.manager [None req-dd1eccf7-29c9-4a5f-b222-79999787943a admin admin] Notify callbacks [] for security_group, before_create {{(pid=73838) _notify_loop /usr/local/lib/python3.8/dist-packages/neutron_lib/callbacks/manager.py:192}}
May 02 03:11:14.688212 dv-cinder-789077-1-smb neutron-server[73839]: DEBUG neutron.db.quota.driver [req-f60f2e42-ea2d-4b22-a132-fe1cd0e8b18f req-b477735f-1882-47d9-8d63-f877898b69da tempest-AttachVolumeNegativeTest-1977941801 tempest-AttachVolumeNegativeTest-1977941801-project] Resources subnetpool have unlimited quota limit. It is not required to calculate headroom {{(pid=73839) make_reservation /opt/stack/neutron/neutron/db/quota/driver.py:219}}
May 02 03:11:14.699425 dv-cinder-789077-1-smb neutron-server[73838]: DEBUG neutron.db.quota.driver [None req-dd1eccf7-29c9-4a5f-b222-79999787943a admin admin] Resources subnetpool have unlimited quota limit. It is not required to calculate headroom {{(pid=73838) make_reservation /opt/stack/neutron/neutron/db/quota/driver.py:219}}
May 02 03:11:14.704590 dv-cinder-789077-1-smb neutron-server[73838]: DEBUG neutron.quota.resource [None req-dd1eccf7-29c9-4a5f-b222-79999787943a admin admin] Usage tracker for resource:security_group_rule and tenant:d44fbe1838e840bf9bd0454d08fd5836 is out of sync, need to count used quota {{(pid=73838) count_used /opt/stack/neutron/neutron/quota/resource.py:270}}
May 02 03:11:14.706827 dv-cinder-789077-1-smb neutron-server[73839]: INFO neutron.wsgi [req-93033cf6-55e8-4c1b-902a-f3795b8d37b1 req-054ec7ee-3026-436c-9f64-ec754176b647 tempest-ServerRescueNegativeTestJSON-1602184962 tempest-ServerRescueNegativeTestJSON-1602184962-project] 10.222.0.20 "GET /v2.0/security-groups?id=925b42c0-d5c0-44e1-999b-10cb4058959d&fields=id&fields=name HTTP/1.1" status: 200 len: 286 time: 0.0879264
May 02 03:11:14.709561 dv-cinder-789077-1-smb neutron-server[73838]: DEBUG neutron.quota.resource [None req-dd1eccf7-29c9-4a5f-b222-79999787943a admin admin] Quota usage for security_group_rule was recalculated. Used quota:0. {{(pid=73838) count_used /opt/stack/neutron/neutron/quota/resource.py:290}}
May 02 03:11:14.732615 dv-cinder-789077-1-smb neutron-server[73839]: DEBUG neutron.db.quota.driver [req-f60f2e42-ea2d-4b22-a132-fe1cd0e8b18f req-b477735f-1882-47d9-8d63-f877898b69da tempest-AttachVolumeNegativeTest-1977941801 tempest-AttachVolumeNegativeTest-1977941801-project] Attempting to reserve 1 items for resource port. Total usage: 2; quota limit: 500; headroom:498 {{(pid=73839) make_reservation /opt/stack/neutron/neutron/db/quota/driver.py:246}}
May 02 03:11:14.735551 dv-cinder-789077-1-smb neutron-server[73838]: DEBUG neutron.db.quota.driver [None req-dd1eccf7-29c9-4a5f-b222-79999787943a admin admin] Attempting to reserve 4 items for resource security_group_rule. Total usage: 0; quota limit: 100; headroom:100 {{(pid=73838) make_reservation /opt/stack/neutron/neutron/db/quota/driver.py:246}}
May 02 03:11:14.757532 dv-cinder-789077-1-smb neutron-server[73839]: DEBUG neutron.pecan_wsgi.hooks.quota_enforcement [req-f60f2e42-ea2d-4b22-a132-fe1cd0e8b18f req-b477735f-1882-47d9-8d63-f877898b69da tempest-AttachVolumeNegativeTest-1977941801 tempest-AttachVolumeNegativeTest-1977941801-project] Made reservation on behalf of d517c1706c83412cb9564e16749007b5 for: {'port': 1} {{(pid=73839) before /opt/stack/neutron/neutron/pecan_wsgi/hooks/quota_enforcement.py:53}}
May 02 03:11:14.765453 dv-cinder-789077-1-smb neutron-server[73839]: DEBUG neutron_lib.callbacks.manager [req-f60f2e42-ea2d-4b22-a132-fe1cd0e8b18f req-b477735f-1882-47d9-8d63-f877898b69da tempest-AttachVolumeNegativeTest-1977941801 tempest-AttachVolumeNegativeTest-1977941801-project] Notify callbacks ['neutron.plugins.ml2.plugin.SecurityGroupDbMixin._ensure_default_security_group_handler-1996029'] for port, before_create {{(pid=73839) _notify_loop /usr/local/lib/python3.8/dist-packages/neutron_lib/callbacks/manager.py:192}}
May 02 03:11:14.837024 dv-cinder-789077-1-smb neutron-server[73838]: INFO neutron.wsgi [req-4e6d2df2-8848-4669-83ae-96a7cbf6e4fd req-7881b508-d6ea-4205-a83e-85cd77b69f2c tempest-AttachVolumeNegativeTest-1977941801 tempest-AttachVolumeNegativeTest-1977941801-project] 10.222.0.20 "GET /v2.0/ports?device_id=26ce8a09-dbc5-4c2f-8dcd-ce84d6346d10 HTTP/1.1" status: 200 len: 210 time: 0.0828638
May 02 03:11:14.955435 dv-cinder-789077-1-smb neutron-server[73840]: DEBUG neutron_lib.callbacks.manager [None req-0e73646d-ba51-4a68-91e3-8a3a6412743b None None] Notify callbacks ['neutron.services.segments.db._update_segment_host_mapping_for_agent-8794390944543', 'neutron.plugins.ml2.plugin.Ml2Plugin._retry_binding_revived_agents-2033678'] for agent, after_update {{(pid=73840) _notify_loop /usr/local/lib/python3.8/dist-packages/neutron_lib/callbacks/manager.py:192}}
May 02 03:11:14.986979 dv-cinder-789077-1-smb neutron-server[73838]: DEBUG neutron_lib.callbacks.manager [None req-dd1eccf7-29c9-4a5f-b222-79999787943a admin admin] Notify callbacks [] for security_group, precommit_create {{(pid=73838) _notify_loop /usr/local/lib/python3.8/dist-packages/neutron_lib/callbacks/manager.py:192}}
May 02 03:11:14.994608 dv-cinder-789077-1-smb neutron-server[73838]: DEBUG neutron_lib.callbacks.manager [None req-dd1eccf7-29c9-4a5f-b222-79999787943a admin admin] Notify callbacks ['neutron.plugins.ml2.ovo_rpc._ObjectChangeHandler.handle_event-754843'] for security_group, after_create {{(pid=73838) _notify_loop /usr/local/lib/python3.8/dist-packages/neutron_lib/callbacks/manager.py:192}}
May 02 03:11:15.010344 dv-cinder-789077-1-smb neutron-server[73838]: DEBUG oslo_concurrency.lockutils [-] Lock "event-dispatch" acquired by "neutron.plugins.ml2.ovo_rpc._ObjectChangeHandler.dispatch_events" :: waited 0.000s {{(pid=73838) inner /usr/local/lib/python3.8/dist-packages/oslo_concurrency/lockutils.py:355}}
May 02 03:11:15.081022 dv-cinder-789077-1-smb neutron-server[73838]: INFO neutron.wsgi [None req-dd1eccf7-29c9-4a5f-b222-79999787943a admin admin] 10.222.0.20 "GET /v2.0/security-groups?tenant_id=d44fbe1838e840bf9bd0454d08fd5836&name=default HTTP/1.1" status: 200 len: 2979 time: 0.4179065
May 02 03:11:15.083126 dv-cinder-789077-1-smb neutron-server[73838]: DEBUG neutron.api.rpc.handlers.resources_rpc [None req-dd1eccf7-29c9-4a5f-b222-79999787943a admin admin] Pushing event updated for resources: {'SecurityGroup': ['ID=851ecf53-38cd-458c-a828-68821b89acc1,revision_number=1']} {{(pid=73838) push /opt/stack/neutron/neutron/api/rpc/handlers/resources_rpc.py:237}}
May 02 03:11:15.086783 dv-cinder-789077-1-smb neutron-server[73838]: DEBUG oslo_concurrency.lockutils [None req-dd1eccf7-29c9-4a5f-b222-79999787943a admin admin] Lock "event-dispatch" released by "neutron.plugins.ml2.ovo_rpc._ObjectChangeHandler.dispatch_events" :: held 0.077s {{(pid=73838) inner /usr/local/lib/python3.8/dist-packages/oslo_concurrency/lockutils.py:367}}
May 02 03:11:15.087531 dv-cinder-789077-1-smb neutron-server[73838]: DEBUG neutron.wsgi [-] (73838) accepted ('10.222.0.20', 38604) {{(pid=73838) server /usr/local/lib/python3.8/dist-packages/eventlet/wsgi.py:992}}
May 02 03:11:15.278405 dv-cinder-789077-1-smb neutron-server[73839]: DEBUG neutron.db.db_base_plugin_common [req-f60f2e42-ea2d-4b22-a132-fe1cd0e8b18f req-b477735f-1882-47d9-8d63-f877898b69da tempest-AttachVolumeNegativeTest-1977941801 tempest-AttachVolumeNegativeTest-1977941801-project] Allocated IP 172.20.0.7 (de631dfc-e161-49b8-9997-23bba9416921/1cd82b9e-d7e9-4d5f-b918-f8614d502fad/273c0ba0-81c1-4fa4-863f-e4aa5eebc2f8) {{(pid=73839) _store_ip_allocation /opt/stack/neutron/neutron/db/db_base_plugin_common.py:131}}
May 02 03:11:15.348458 dv-cinder-789077-1-smb neutron-server[73838]: DEBUG neutron_lib.callbacks.manager [None req-b126c0d9-db17-4eb5-81be-2672897a7663 admin admin] Notify callbacks [] for security_group, before_delete {{(pid=73838) _notify_loop /usr/local/lib/python3.8/dist-packages/neutron_lib/callbacks/manager.py:192}}
May 02 03:11:15.365388 dv-cinder-789077-1-smb neutron-server[73839]: DEBUG neutron.pecan_wsgi.hooks.policy_enforcement [req-9b7ea32b-e634-48b6-a452-fb127901df46 req-52d568ea-cb30-413b-8815-502164187eb0 tempest-VolumesActionsTest-1326103637 tempest-VolumesActionsTest-1326103637-project] Attributes excluded by policy engine: ['standard_attr_id', 'binding:profile', 'binding:host_id', 'binding:vif_type', 'binding:vif_details'] {{(pid=73839) _exclude_attributes_by_policy /opt/stack/neutron/neutron/pecan_wsgi/hooks/policy_enforcement.py:255}}
May 02 03:11:15.372884 dv-cinder-789077-1-smb neutron-server[73839]: INFO neutron.wsgi [req-9b7ea32b-e634-48b6-a452-fb127901df46 req-52d568ea-cb30-413b-8815-502164187eb0 tempest-VolumesActionsTest-1326103637 tempest-VolumesActionsTest-1326103637-project] 10.222.0.20 "GET /v2.0/ports?device_id=40008ab8-46ec-4316-8f83-97d95d2581da HTTP/1.1" status: 200 len: 946 time: 0.1667335
May 02 03:11:15.398014 dv-cinder-789077-1-smb neutron-server[73838]: DEBUG neutron_lib.callbacks.manager [None req-b126c0d9-db17-4eb5-81be-2672897a7663 admin admin] Notify callbacks [] for security_group, precommit_delete {{(pid=73838) _notify_loop /usr/local/lib/python3.8/dist-packages/neutron_lib/callbacks/manager.py:192}}
May 02 03:11:15.496978 dv-cinder-789077-1-smb neutron-server[73838]: DEBUG neutron_lib.callbacks.manager [None req-b126c0d9-db17-4eb5-81be-2672897a7663 admin admin] Notify callbacks ['neutron.plugins.ml2.ovo_rpc._ObjectChangeHandler.handle_event-754843'] for security_group, after_delete {{(pid=73838) _notify_loop /usr/local/lib/python3.8/dist-packages/neutron_lib/callbacks/manager.py:192}}
May 02 03:11:15.509798 dv-cinder-789077-1-smb neutron-server[73838]: DEBUG oslo_concurrency.lockutils [None req-8353a02a-818b-40c7-97b4-f6c91cbc99ba admin admin] Lock "event-dispatch" acquired by "neutron.plugins.ml2.ovo_rpc._ObjectChangeHandler.dispatch_events" :: waited 0.000s {{(pid=73838) inner /usr/local/lib/python3.8/dist-packages/oslo_concurrency/lockutils.py:355}}
May 02 03:11:15.523025 dv-cinder-789077-1-smb neutron-server[73839]: INFO neutron.wsgi [req-9b7ea32b-e634-48b6-a452-fb127901df46 req-1168da45-ceda-4868-9ee0-9cefc37b1059 tempest-VolumesActionsTest-1326103637 tempest-VolumesActionsTest-1326103637-project] 10.222.0.20 "GET /v2.0/security-groups?id=0cd4b580-a768-47fe-9e53-751a9c991f56&fields=id&fields=name HTTP/1.1" status: 200 len: 286 time: 0.1488855
May 02 03:11:15.539206 dv-cinder-789077-1-smb neutron-server[73838]: DEBUG neutron.api.rpc.handlers.resources_rpc [None req-b126c0d9-db17-4eb5-81be-2672897a7663 admin admin] Pushing event deleted for resources: {'SecurityGroup': ['ID=851ecf53-38cd-458c-a828-68821b89acc1,revision_number=None']} {{(pid=73838) push /opt/stack/neutron/neutron/api/rpc/handlers/resources_rpc.py:237}}
May 02 03:11:15.557123 dv-cinder-789077-1-smb neutron-server[73838]: DEBUG oslo_concurrency.lockutils [None req-b126c0d9-db17-4eb5-81be-2672897a7663 admin admin] Lock "event-dispatch" released by "neutron.plugins.ml2.ovo_rpc._ObjectChangeHandler.dispatch_events" :: held 0.047s {{(pid=73838) inner /usr/local/lib/python3.8/dist-packages/oslo_concurrency/lockutils.py:367}}
May 02 03:11:15.562259 dv-cinder-789077-1-smb neutron-server[73838]: DEBUG neutron_lib.callbacks.manager [None req-b126c0d9-db17-4eb5-81be-2672897a7663 admin admin] Notify callbacks [] for security_group, before_response {{(pid=73838) _notify_loop /usr/local/lib/python3.8/dist-packages/neutron_lib/callbacks/manager.py:192}}
May 02 03:11:15.565800 dv-cinder-789077-1-smb neutron-server[73838]: INFO neutron.wsgi [None req-b126c0d9-db17-4eb5-81be-2672897a7663 admin admin] 10.222.0.20 "DELETE /v2.0/security-groups/851ecf53-38cd-458c-a828-68821b89acc1 HTTP/1.1" status: 204 len: 168 time: 0.4769871
May 02 03:11:15.894492 dv-cinder-789077-1-smb neutron-server[73839]: DEBUG neutron_lib.callbacks.manager [req-f60f2e42-ea2d-4b22-a132-fe1cd0e8b18f req-b477735f-1882-47d9-8d63-f877898b69da tempest-AttachVolumeNegativeTest-1977941801 tempest-AttachVolumeNegativeTest-1977941801-project] Notify callbacks [] for port, precommit_create {{(pid=73839) _notify_loop /usr/local/lib/python3.8/dist-packages/neutron_lib/callbacks/manager.py:192}}
May 02 03:11:16.010760 dv-cinder-789077-1-smb neutron-server[73839]: DEBUG neutron_lib.callbacks.manager [req-f60f2e42-ea2d-4b22-a132-fe1cd0e8b18f req-b477735f-1882-47d9-8d63-f877898b69da tempest-AttachVolumeNegativeTest-1977941801 tempest-AttachVolumeNegativeTest-1977941801-project] Notify callbacks ['neutron.plugins.ml2.plugin.SecurityGroupServerNotifierRpcMixin.notify_sg_on_port_change-1995966', 'neutron.plugins.ml2.ovo_rpc._ObjectChangeHandler.handle_event-30620', 'neutron.api.rpc.agentnotifiers.dhcp_rpc_agent_api.DhcpAgentNotifyAPI._native_event_send_dhcp_notification-551566', 'neutron.db.l3_dvrscheduler_db._notify_l3_agent_new_port-8794390515990', 'neutron.services.segments.plugin.NovaSegmentNotifier._notify_port_created_or_deleted-16143215'] for port, after_create {{(pid=73839) _notify_loop /usr/local/lib/python3.8/dist-packages/neutron_lib/callbacks/manager.py:192}}
May 02 03:11:16.027771 dv-cinder-789077-1-smb neutron-server[73840]: DEBUG neutron_lib.callbacks.manager [None req-1e3cbd57-f8fa-4ac8-b7f8-cdd252f480a7 None None] Notify callbacks ['neutron.services.segments.db._update_segment_host_mapping_for_agent-8794390944543', 'neutron.plugins.ml2.plugin.Ml2Plugin._retry_binding_revived_agents-2033678'] for agent, after_update {{(pid=73840) _notify_loop /usr/local/lib/python3.8/dist-packages/neutron_lib/callbacks/manager.py:192}}
May 02 03:11:16.034035 dv-cinder-789077-1-smb neutron-server[73840]: DEBUG neutron.plugins.ml2.db [None req-06578581-5416-4b0b-80be-835749a33250 None None] get_ports_and_sgs() called for port_ids ['2094c639-72ff-40b6-a726-ff20e8d9032f', '4abd5286-ff50-4f16-ac14-ce079aae3479'] {{(pid=73840) get_ports_and_sgs /opt/stack/neutron/neutron/plugins/ml2/db.py:164}}
May 02 03:11:16.045396 dv-cinder-789077-1-smb neutron-server[73839]: DEBUG oslo_concurrency.lockutils [-] Lock "event-dispatch" acquired by "neutron.plugins.ml2.ovo_rpc._ObjectChangeHandler.dispatch_events" :: waited 0.009s {{(pid=73839) inner /usr/local/lib/python3.8/dist-packages/oslo_concurrency/lockutils.py:355}}
May 02 03:11:16.166857 dv-cinder-789077-1-smb neutron-server[73838]: DEBUG neutron.pecan_wsgi.hooks.policy_enforcement [req-d449d637-f639-42ff-9c8b-a3fea1f1ebda req-6e519d95-bbfa-4675-8736-b7831ad878e8 tempest-ServerRescueNegativeTestJSON-1602184962 tempest-ServerRescueNegativeTestJSON-1602184962-project] Attributes excluded by policy engine: ['standard_attr_id', 'binding:profile', 'binding:host_id', 'binding:vif_type', 'binding:vif_details'] {{(pid=73838) _exclude_attributes_by_policy /opt/stack/neutron/neutron/pecan_wsgi/hooks/policy_enforcement.py:255}}
May 02 03:11:16.186322 dv-cinder-789077-1-smb neutron-server[73838]: INFO neutron.wsgi [req-d449d637-f639-42ff-9c8b-a3fea1f1ebda req-6e519d95-bbfa-4675-8736-b7831ad878e8 tempest-ServerRescueNegativeTestJSON-1602184962 tempest-ServerRescueNegativeTestJSON-1602184962-project] 10.222.0.20 "GET /v2.0/ports?device_id=b4cff6c7-2bcc-450d-8718-fd8365aeca70 HTTP/1.1" status: 200 len: 946 time: 0.2533915
May 02 03:11:16.291448 dv-cinder-789077-1-smb neutron-server[73839]: DEBUG neutron.scheduler.dhcp_agent_scheduler [req-f60f2e42-ea2d-4b22-a132-fe1cd0e8b18f req-b477735f-1882-47d9-8d63-f877898b69da tempest-AttachVolumeNegativeTest-1977941801 tempest-AttachVolumeNegativeTest-1977941801-project] Network de631dfc-e161-49b8-9997-23bba9416921 is already hosted by enough agents. {{(pid=73839) _get_dhcp_agents_hosting_network /opt/stack/neutron/neutron/scheduler/dhcp_agent_scheduler.py:275}}
May 02 03:11:16.318239 dv-cinder-789077-1-smb neutron-server[73839]: DEBUG neutron.scheduler.base_scheduler [req-f60f2e42-ea2d-4b22-a132-fe1cd0e8b18f req-b477735f-1882-47d9-8d63-f877898b69da tempest-AttachVolumeNegativeTest-1977941801 tempest-AttachVolumeNegativeTest-1977941801-project] Resources bound (agent type, host, resource id): {{(pid=73839) schedule /opt/stack/neutron/neutron/scheduler/base_scheduler.py:57}}
May 02 03:11:16.322175 dv-cinder-789077-1-smb neutron-server[73839]: DEBUG neutron.db.l3_dvrscheduler_db [req-f60f2e42-ea2d-4b22-a132-fe1cd0e8b18f req-b477735f-1882-47d9-8d63-f877898b69da tempest-AttachVolumeNegativeTest-1977941801 tempest-AttachVolumeNegativeTest-1977941801-project] Received port after_create {{(pid=73839) _notify_l3_agent_new_port /opt/stack/neutron/neutron/db/l3_dvrscheduler_db.py:537}}
May 02 03:11:16.364782 dv-cinder-789077-1-smb neutron-server[73838]: INFO neutron.wsgi [req-d449d637-f639-42ff-9c8b-a3fea1f1ebda req-aee65861-410a-4aac-9377-e7f962bb3ff0 tempest-ServerRescueNegativeTestJSON-1602184962 tempest-ServerRescueNegativeTestJSON-1602184962-project] 10.222.0.20 "GET /v2.0/security-groups?id=925b42c0-d5c0-44e1-999b-10cb4058959d&fields=id&fields=name HTTP/1.1" status: 200 len: 286 time: 0.1707585
May 02 03:11:16.419565 dv-cinder-789077-1-smb neutron-server[73839]: DEBUG neutron.api.rpc.handlers.resources_rpc [None req-b477735f-1882-47d9-8d63-f877898b69da tempest-AttachVolumeNegativeTest-1977941801 tempest-AttachVolumeNegativeTest-1977941801-project] Pushing event updated for resources: {'Port': ['ID=273c0ba0-81c1-4fa4-863f-e4aa5eebc2f8,revision_number=1']} {{(pid=73839) push /opt/stack/neutron/neutron/api/rpc/handlers/resources_rpc.py:237}}
May 02 03:11:16.438657 dv-cinder-789077-1-smb neutron-server[73839]: DEBUG oslo_concurrency.lockutils [None req-b477735f-1882-47d9-8d63-f877898b69da tempest-AttachVolumeNegativeTest-1977941801 tempest-AttachVolumeNegativeTest-1977941801-project] Lock "event-dispatch" released by "neutron.plugins.ml2.ovo_rpc._ObjectChangeHandler.dispatch_events" :: held 0.404s {{(pid=73839) inner /usr/local/lib/python3.8/dist-packages/oslo_concurrency/lockutils.py:367}}
May 02 03:11:16.488882 dv-cinder-789077-1-smb neutron-server[73839]: DEBUG neutron.pecan_wsgi.hooks.policy_enforcement [req-f60f2e42-ea2d-4b22-a132-fe1cd0e8b18f req-b477735f-1882-47d9-8d63-f877898b69da tempest-AttachVolumeNegativeTest-1977941801 tempest-AttachVolumeNegativeTest-1977941801-project] Attributes excluded by policy engine: ['standard_attr_id', 'binding:profile', 'binding:host_id', 'binding:vif_type', 'binding:vif_details', 'network'] {{(pid=73839) _exclude_attributes_by_policy /opt/stack/neutron/neutron/pecan_wsgi/hooks/policy_enforcement.py:255}}
May 02 03:11:16.489702 dv-cinder-789077-1-smb neutron-server[73839]: DEBUG neutron_lib.callbacks.manager [req-f60f2e42-ea2d-4b22-a132-fe1cd0e8b18f req-b477735f-1882-47d9-8d63-f877898b69da tempest-AttachVolumeNegativeTest-1977941801 tempest-AttachVolumeNegativeTest-1977941801-project] Notify callbacks ['neutron.notifiers.nova.Notifier._send_nova_notification-425786', 'neutron.api.rpc.agentnotifiers.dhcp_rpc_agent_api.DhcpAgentNotifyAPI._send_dhcp_notification-551584'] for port, before_response {{(pid=73839) _notify_loop /usr/local/lib/python3.8/dist-packages/neutron_lib/callbacks/manager.py:192}}
May 02 03:11:16.564189 dv-cinder-789077-1-smb neutron-server[73839]: INFO neutron.wsgi [req-f60f2e42-ea2d-4b22-a132-fe1cd0e8b18f req-b477735f-1882-47d9-8d63-f877898b69da tempest-AttachVolumeNegativeTest-1977941801 tempest-AttachVolumeNegativeTest-1977941801-project] 10.222.0.16 "POST /v2.0/ports HTTP/1.1" status: 201 len: 933 time: 2.1223691
May 02 03:11:16.630134 dv-cinder-789077-1-smb neutron-server[73839]: DEBUG neutron.pecan_wsgi.hooks.policy_enforcement [req-379a57c9-dcdd-4165-b287-0a537a7c23c9 req-8f612208-8048-4754-9206-c9392576c4ce tempest-AttachVolumeNegativeTest-1977941801 tempest-AttachVolumeNegativeTest-1977941801-project] Attributes excluded by policy engine: ['standard_attr_id', 'binding:profile', 'binding:host_id', 'binding:vif_type', 'binding:vif_details'] {{(pid=73839) _exclude_attributes_by_policy /opt/stack/neutron/neutron/pecan_wsgi/hooks/policy_enforcement.py:255}}
May 02 03:11:16.636568 dv-cinder-789077-1-smb neutron-server[73839]: DEBUG neutron.quota.resource [req-379a57c9-dcdd-4165-b287-0a537a7c23c9 req-8f612208-8048-4754-9206-c9392576c4ce tempest-AttachVolumeNegativeTest-1977941801 tempest-AttachVolumeNegativeTest-1977941801-project] Synchronizing usage tracker for tenant:d517c1706c83412cb9564e16749007b5 on resource:port {{(pid=73839) resync /opt/stack/neutron/neutron/quota/resource.py:241}}
May 02 03:11:16.651183 dv-cinder-789077-1-smb neutron-server[73839]: DEBUG neutron.api.v2.base [req-f60f2e42-ea2d-4b22-a132-fe1cd0e8b18f req-5b82c289-2b61-4a2c-999d-83a549486e68 service neutron] Request body: {'port': {'device_id': '26ce8a09-dbc5-4c2f-8dcd-ce84d6346d10', 'device_owner': 'compute:nova', 'binding:host_id': 'hv-cinder-78907'}} {{(pid=73839) prepare_request_body /opt/stack/neutron/neutron/api/v2/base.py:729}}
May 02 03:11:16.940558 dv-cinder-789077-1-smb neutron-server[73839]: DEBUG neutron.quota.resource [req-379a57c9-dcdd-4165-b287-0a537a7c23c9 req-8f612208-8048-4754-9206-c9392576c4ce tempest-AttachVolumeNegativeTest-1977941801 tempest-AttachVolumeNegativeTest-1977941801-project] Unset dirty status for tenant:d517c1706c83412cb9564e16749007b5 on resource:port {{(pid=73839) _resync /opt/stack/neutron/neutron/quota/resource.py:233}}
May 02 03:11:16.942159 dv-cinder-789077-1-smb neutron-server[73839]: INFO neutron.wsgi [req-379a57c9-dcdd-4165-b287-0a537a7c23c9 req-8f612208-8048-4754-9206-c9392576c4ce tempest-AttachVolumeNegativeTest-1977941801 tempest-AttachVolumeNegativeTest-1977941801-project] 10.222.0.20 "GET /v2.0/ports?device_id=26ce8a09-dbc5-4c2f-8dcd-ce84d6346d10 HTTP/1.1" status: 200 len: 931 time: 0.8205769
May 02 03:11:17.060125 dv-cinder-789077-1-smb neutron-server[73839]: DEBUG neutron_lib.callbacks.manager [req-f60f2e42-ea2d-4b22-a132-fe1cd0e8b18f req-5b82c289-2b61-4a2c-999d-83a549486e68 service neutron] Notify callbacks ['neutron.plugins.ml2.plugin.SecurityGroupDbMixin._ensure_default_security_group_handler-1996029'] for port, before_update {{(pid=73839) _notify_loop /usr/local/lib/python3.8/dist-packages/neutron_lib/callbacks/manager.py:192}}
May 02 03:11:17.078822 dv-cinder-789077-1-smb neutron-server[73839]: INFO neutron.wsgi [req-379a57c9-dcdd-4165-b287-0a537a7c23c9 req-8fd8bf72-26c9-49dd-930d-32124991fbab tempest-AttachVolumeNegativeTest-1977941801 tempest-AttachVolumeNegativeTest-1977941801-project] 10.222.0.20 "GET /v2.0/security-groups?id=2e19d34d-2ac9-487c-94f3-3053d7455f01&fields=id&fields=name HTTP/1.1" status: 200 len: 286 time: 0.0906773
May 02 03:11:17.726561 dv-cinder-789077-1-smb neutron-server[73839]: DEBUG neutron.notifiers.nova [req-f60f2e42-ea2d-4b22-a132-fe1cd0e8b18f req-5b82c289-2b61-4a2c-999d-83a549486e68 service neutron] Ignoring state change previous_port_status: DOWN current_port_status: DOWN port_id 273c0ba0-81c1-4fa4-863f-e4aa5eebc2f8 {{(pid=73839) record_port_status_changed /opt/stack/neutron/neutron/notifiers/nova.py:224}}
May 02 03:11:17.759429 dv-cinder-789077-1-smb neutron-server[73839]: DEBUG neutron_lib.callbacks.manager [req-f60f2e42-ea2d-4b22-a132-fe1cd0e8b18f req-5b82c289-2b61-4a2c-999d-83a549486e68 service neutron] Notify callbacks [] for port, precommit_update {{(pid=73839) _notify_loop /usr/local/lib/python3.8/dist-packages/neutron_lib/callbacks/manager.py:192}}
May 02 03:11:17.771613 dv-cinder-789077-1-smb neutron-server[73838]: DEBUG neutron.pecan_wsgi.hooks.policy_enforcement [req-db0412a4-c199-49d7-885f-3ee4fb28a216 req-868cf4ac-0742-4047-bde9-67d4dcbdf555 tempest-VolumesActionsTest-1326103637 tempest-VolumesActionsTest-1326103637-project] Attributes excluded by policy engine: ['standard_attr_id', 'binding:profile', 'binding:host_id', 'binding:vif_type', 'binding:vif_details'] {{(pid=73838) _exclude_attributes_by_policy /opt/stack/neutron/neutron/pecan_wsgi/hooks/policy_enforcement.py:255}}
May 02 03:11:17.779652 dv-cinder-789077-1-smb neutron-server[73838]: INFO neutron.wsgi [req-db0412a4-c199-49d7-885f-3ee4fb28a216 req-868cf4ac-0742-4047-bde9-67d4dcbdf555 tempest-VolumesActionsTest-1326103637 tempest-VolumesActionsTest-1326103637-project] 10.222.0.20 "GET /v2.0/ports?device_id=40008ab8-46ec-4316-8f83-97d95d2581da HTTP/1.1" status: 200 len: 946 time: 0.1918511
May 02 03:11:17.786746 dv-cinder-789077-1-smb neutron-server[73840]: DEBUG neutron_lib.callbacks.manager [None req-d560a554-0de9-48f9-be95-1c1c54491d55 None None] Notify callbacks ['neutron.services.segments.db._update_segment_host_mapping_for_agent-8794390944543', 'neutron.plugins.ml2.plugin.Ml2Plugin._retry_binding_revived_agents-2033678'] for agent, after_update {{(pid=73840) _notify_loop /usr/local/lib/python3.8/dist-packages/neutron_lib/callbacks/manager.py:192}}
May 02 03:11:17.819409 dv-cinder-789077-1-smb neutron-server[73839]: DEBUG neutron.db.provisioning_blocks [req-f60f2e42-ea2d-4b22-a132-fe1cd0e8b18f req-5b82c289-2b61-4a2c-999d-83a549486e68 service neutron] Transition to ACTIVE for port object 273c0ba0-81c1-4fa4-863f-e4aa5eebc2f8 will not be triggered until provisioned by entity L2. {{(pid=73839) add_provisioning_component /opt/stack/neutron/neutron/db/provisioning_blocks.py:73}}
May 02 03:11:17.855311 dv-cinder-789077-1-smb neutron-server[73838]: INFO neutron.wsgi [req-db0412a4-c199-49d7-885f-3ee4fb28a216 req-8f852146-a43d-4a69-9441-eb73da3dcfe2 tempest-VolumesActionsTest-1326103637 tempest-VolumesActionsTest-1326103637-project] 10.222.0.20 "GET /v2.0/security-groups?id=0cd4b580-a768-47fe-9e53-751a9c991f56&fields=id&fields=name HTTP/1.1" status: 200 len: 286 time: 0.0733142
May 02 03:11:17.892817 dv-cinder-789077-1-smb neutron-server[73839]: DEBUG neutron_lib.callbacks.manager [req-f60f2e42-ea2d-4b22-a132-fe1cd0e8b18f req-5b82c289-2b61-4a2c-999d-83a549486e68 service neutron] Notify callbacks ['neutron.plugins.ml2.plugin.SecurityGroupServerNotifierRpcMixin.notify_sg_on_port_change-1995966', 'neutron.plugins.ml2.ovo_rpc._ObjectChangeHandler.handle_event-30620', 'neutron.api.rpc.agentnotifiers.dhcp_rpc_agent_api.DhcpAgentNotifyAPI._native_event_send_dhcp_notification-551566', 'neutron.db.l3_db.L3RpcNotifierMixin._notify_gateway_port_ip_changed-8794390934429', 'neutron.db.l3_dvrscheduler_db._notify_l3_agent_port_update-8794390516008', 'neutron.db.l3_hascheduler_db._notify_l3_agent_ha_port_update-8794390516053', 'neutron.services.segments.plugin.NovaSegmentNotifier._notify_port_updated-16143192'] for port, after_update {{(pid=73839) _notify_loop /usr/local/lib/python3.8/dist-packages/neutron_lib/callbacks/manager.py:192}}
May 02 03:11:17.905264 dv-cinder-789077-1-smb neutron-server[73839]: DEBUG oslo_concurrency.lockutils [-] Lock "event-dispatch" acquired by "neutron.plugins.ml2.ovo_rpc._ObjectChangeHandler.dispatch_events" :: waited 0.000s {{(pid=73839) inner /usr/local/lib/python3.8/dist-packages/oslo_concurrency/lockutils.py:355}}
May 02 03:11:18.097148 dv-cinder-789077-1-smb neutron-server[73839]: DEBUG neutron.api.rpc.handlers.resources_rpc [None req-5b82c289-2b61-4a2c-999d-83a549486e68 service neutron] Pushing event updated for resources: {'Port': ['ID=273c0ba0-81c1-4fa4-863f-e4aa5eebc2f8,revision_number=2']} {{(pid=73839) push /opt/stack/neutron/neutron/api/rpc/handlers/resources_rpc.py:237}}
May 02 03:11:18.108116 dv-cinder-789077-1-smb neutron-server[73839]: DEBUG oslo_concurrency.lockutils [None req-5b82c289-2b61-4a2c-999d-83a549486e68 service neutron] Lock "event-dispatch" released by "neutron.plugins.ml2.ovo_rpc._ObjectChangeHandler.dispatch_events" :: held 0.201s {{(pid=73839) inner /usr/local/lib/python3.8/dist-packages/oslo_concurrency/lockutils.py:367}}
May 02 03:11:18.112332 dv-cinder-789077-1-smb neutron-server[73838]: DEBUG neutron.wsgi [-] (73838) accepted ('10.222.0.20', 38706) {{(pid=73838) server /usr/local/lib/python3.8/dist-packages/eventlet/wsgi.py:992}}
