Sep 01 11:30:03.045979 dv-cinder-788782-7-smb devstack@c-api.service[100757]: DEBUG cinder.volume.api [None req-c7b704f1-a5a9-4e3b-8731-9e105ac8871d tempest-VolumesCloneTest-1682720640 tempest-VolumesCloneTest-1682720640-project] Task 'cinder.volume.flows.api.create_volume.EntryCreateTask;volume:create' (b9488de0-9b72-4254-9212-0a41d3ce0ebd) transitioned into state 'RUNNING' from state 'PENDING' {{(pid=100757) _task_receiver /usr/local/lib/python3.8/dist-packages/taskflow/listeners/logging.py:190}}
Sep 01 11:30:03.063171 dv-cinder-788782-7-smb devstack@c-api.service[100758]: DEBUG cinder.volume.api [None req-a17afbc3-a1bb-41f0-a1cf-f98a9484b8af tempest-UserMessagesTest-938980239 tempest-UserMessagesTest-938980239-project] Task 'cinder.volume.flows.api.create_volume.EntryCreateTask;volume:create' (73d3f491-fffc-4afa-8f4e-ebea8239f763) transitioned into state 'SUCCESS' from state 'RUNNING' with result '{'volume_id': 'c7b8a567-24b7-4fdf-954c-f491da689923', 'volume_properties': VolumeProperties(attach_status='detached',availability_zone='nova',cgsnapshot_id=None,consistencygroup_id=None,display_description=None,display_name='tempest-UserMessagesTest-Volume-961627068',encryption_key_id=None,group_id=None,group_type_id=,metadata={},multiattach=False,project_id='6b6732293cfb4f22b3c4b1cb551442cd',qos_specs=None,replication_status=,reservations=['36acebbe-24e0-4826-afd3-179dbcc6726f','64680208-b512-433a-973c-227f80412f23','d936857c-d3f6-40d9-b232-fb0504402a3a','8ad3faf2-173c-4d53-8389-108505160885'],size=1,snapshot_id=None,source_replicaid=,source_volid=None,status='creating',user_id='66e4765395254e2c8fcedabb4eaf40c7',volume_type_id=b4ae43bc-f9f0-415a-b199-9452292cb198), 'volume': Volume(_name_id=None,admin_metadata=,attach_status='detached',availability_zone='nova',bootable=False,cluster=,cluster_name=None,consistencygroup=,consistencygroup_id=None,created_at=2021-09-01T11:30:03Z,deleted=False,deleted_at=None,display_description=None,display_name='tempest-UserMessagesTest-Volume-961627068',ec2_id=None,encryption_key_id=None,glance_metadata=,group=,group_id=None,host=None,id=c7b8a567-24b7-4fdf-954c-f491da689923,launched_at=None,metadata={},migration_status=None,multiattach=False,previous_status=None,project_id='6b6732293cfb4f22b3c4b1cb551442cd',provider_auth=None,provider_geometry=None,provider_id=None,provider_location=None,replication_driver_data=None,replication_extended_status=None,replication_status=None,scheduled_at=None,service_uuid=None,shared_targets=True,size=1,snapshot_id=None,snapshots=,source_volid=None,status='creating',terminated_at=None,updated_at=None,use_quota=True,user_id='66e4765395254e2c8fcedabb4eaf40c7',volume_attachment=,volume_type=VolumeType(b4ae43bc-f9f0-415a-b199-9452292cb198),volume_type_id=b4ae43bc-f9f0-415a-b199-9452292cb198)}' {{(pid=100758) _task_receiver /usr/local/lib/python3.8/dist-packages/taskflow/listeners/logging.py:178}}
Sep 01 11:30:03.065456 dv-cinder-788782-7-smb devstack@c-api.service[100758]: DEBUG cinder.volume.api [None req-a17afbc3-a1bb-41f0-a1cf-f98a9484b8af tempest-UserMessagesTest-938980239 tempest-UserMessagesTest-938980239-project] Task 'cinder.volume.flows.api.create_volume.QuotaCommitTask;volume:create' (bca614aa-39de-4493-af62-69bd6ddb5aa9) transitioned into state 'RUNNING' from state 'PENDING' {{(pid=100758) _task_receiver /usr/local/lib/python3.8/dist-packages/taskflow/listeners/logging.py:190}}
Sep 01 11:30:03.077387 dv-cinder-788782-7-smb devstack@c-api.service[100757]: DEBUG cinder.volume.api [None req-c7b704f1-a5a9-4e3b-8731-9e105ac8871d tempest-VolumesCloneTest-1682720640 tempest-VolumesCloneTest-1682720640-project] Task 'cinder.volume.flows.api.create_volume.EntryCreateTask;volume:create' (b9488de0-9b72-4254-9212-0a41d3ce0ebd) transitioned into state 'SUCCESS' from state 'RUNNING' with result '{'volume_id': '9a0cb622-2462-4bfa-93c7-20889438bd7e', 'volume_properties': VolumeProperties(attach_status='detached',availability_zone='nova',cgsnapshot_id=None,consistencygroup_id=None,display_description=None,display_name='tempest-VolumesCloneTest-Volume-1162906724',encryption_key_id=None,group_id=None,group_type_id=,metadata={},multiattach=False,project_id='d44b9a2f0f1c4c34bbe4d5ea943702d1',qos_specs=None,replication_status=,reservations=['a27337df-5039-4026-a5d2-e009341f4f48','00b3ba7d-9c4e-495b-8534-f1cfb6ed516c','390758dd-4c56-47e2-9c26-0099c6da7469','4c74152b-a1ad-421d-b808-2c9e4db2501e'],size=1,snapshot_id=None,source_replicaid=,source_volid=None,status='creating',user_id='2a74aa43589c49b09828865fea23e0bf',volume_type_id=af60abae-117c-45cc-80d6-acb214171af6), 'volume': Volume(_name_id=None,admin_metadata=,attach_status='detached',availability_zone='nova',bootable=False,cluster=,cluster_name=None,consistencygroup=,consistencygroup_id=None,created_at=2021-09-01T11:30:03Z,deleted=False,deleted_at=None,display_description=None,display_name='tempest-VolumesCloneTest-Volume-1162906724',ec2_id=None,encryption_key_id=None,glance_metadata=,group=,group_id=None,host=None,id=9a0cb622-2462-4bfa-93c7-20889438bd7e,launched_at=None,metadata={},migration_status=None,multiattach=False,previous_status=None,project_id='d44b9a2f0f1c4c34bbe4d5ea943702d1',provider_auth=None,provider_geometry=None,provider_id=None,provider_location=None,replication_driver_data=None,replication_extended_status=None,replication_status=None,scheduled_at=None,service_uuid=None,shared_targets=True,size=1,snapshot_id=None,snapshots=,source_volid=None,status='creating',terminated_at=None,updated_at=None,use_quota=True,user_id='2a74aa43589c49b09828865fea23e0bf',volume_attachment=,volume_type=VolumeType(af60abae-117c-45cc-80d6-acb214171af6),volume_type_id=af60abae-117c-45cc-80d6-acb214171af6)}' {{(pid=100757) _task_receiver /usr/local/lib/python3.8/dist-packages/taskflow/listeners/logging.py:178}}
Sep 01 11:30:03.080650 dv-cinder-788782-7-smb devstack@c-api.service[100757]: DEBUG cinder.volume.api [None req-c7b704f1-a5a9-4e3b-8731-9e105ac8871d tempest-VolumesCloneTest-1682720640 tempest-VolumesCloneTest-1682720640-project] Task 'cinder.volume.flows.api.create_volume.QuotaCommitTask;volume:create' (87d2e6f2-4713-455e-a99d-66c80fc6b09b) transitioned into state 'RUNNING' from state 'PENDING' {{(pid=100757) _task_receiver /usr/local/lib/python3.8/dist-packages/taskflow/listeners/logging.py:190}}
Sep 01 11:30:03.095409 dv-cinder-788782-7-smb devstack@c-api.service[100758]: DEBUG cinder.volume.api [None req-a17afbc3-a1bb-41f0-a1cf-f98a9484b8af tempest-UserMessagesTest-938980239 tempest-UserMessagesTest-938980239-project] Task 'cinder.volume.flows.api.create_volume.QuotaCommitTask;volume:create' (bca614aa-39de-4493-af62-69bd6ddb5aa9) transitioned into state 'SUCCESS' from state 'RUNNING' with result '{'volume_properties': VolumeProperties(attach_status='detached',availability_zone='nova',cgsnapshot_id=None,consistencygroup_id=None,display_description=None,display_name='tempest-UserMessagesTest-Volume-961627068',encryption_key_id=None,group_id=None,group_type_id=,metadata={},multiattach=False,project_id='6b6732293cfb4f22b3c4b1cb551442cd',qos_specs=None,replication_status=,reservations=['36acebbe-24e0-4826-afd3-179dbcc6726f','64680208-b512-433a-973c-227f80412f23','d936857c-d3f6-40d9-b232-fb0504402a3a','8ad3faf2-173c-4d53-8389-108505160885'],size=1,snapshot_id=None,source_replicaid=,source_volid=None,status='creating',user_id='66e4765395254e2c8fcedabb4eaf40c7',volume_type_id=b4ae43bc-f9f0-415a-b199-9452292cb198)}' {{(pid=100758) _task_receiver /usr/local/lib/python3.8/dist-packages/taskflow/listeners/logging.py:178}}
Sep 01 11:30:03.097589 dv-cinder-788782-7-smb devstack@c-api.service[100758]: DEBUG cinder.volume.api [None req-a17afbc3-a1bb-41f0-a1cf-f98a9484b8af tempest-UserMessagesTest-938980239 tempest-UserMessagesTest-938980239-project] Task 'cinder.volume.flows.api.create_volume.VolumeCastTask;volume:create' (4e43b7dd-7fd6-4f76-aa34-2dd39d0c0d27) transitioned into state 'RUNNING' from state 'PENDING' {{(pid=100758) _task_receiver /usr/local/lib/python3.8/dist-packages/taskflow/listeners/logging.py:190}}
Sep 01 11:30:03.122256 dv-cinder-788782-7-smb devstack@c-api.service[100757]: DEBUG cinder.volume.api [None req-c7b704f1-a5a9-4e3b-8731-9e105ac8871d tempest-VolumesCloneTest-1682720640 tempest-VolumesCloneTest-1682720640-project] Task 'cinder.volume.flows.api.create_volume.QuotaCommitTask;volume:create' (87d2e6f2-4713-455e-a99d-66c80fc6b09b) transitioned into state 'SUCCESS' from state 'RUNNING' with result '{'volume_properties': VolumeProperties(attach_status='detached',availability_zone='nova',cgsnapshot_id=None,consistencygroup_id=None,display_description=None,display_name='tempest-VolumesCloneTest-Volume-1162906724',encryption_key_id=None,group_id=None,group_type_id=,metadata={},multiattach=False,project_id='d44b9a2f0f1c4c34bbe4d5ea943702d1',qos_specs=None,replication_status=,reservations=['a27337df-5039-4026-a5d2-e009341f4f48','00b3ba7d-9c4e-495b-8534-f1cfb6ed516c','390758dd-4c56-47e2-9c26-0099c6da7469','4c74152b-a1ad-421d-b808-2c9e4db2501e'],size=1,snapshot_id=None,source_replicaid=,source_volid=None,status='creating',user_id='2a74aa43589c49b09828865fea23e0bf',volume_type_id=af60abae-117c-45cc-80d6-acb214171af6)}' {{(pid=100757) _task_receiver /usr/local/lib/python3.8/dist-packages/taskflow/listeners/logging.py:178}}
Sep 01 11:30:03.128688 dv-cinder-788782-7-smb devstack@c-api.service[100757]: DEBUG cinder.volume.api [None req-c7b704f1-a5a9-4e3b-8731-9e105ac8871d tempest-VolumesCloneTest-1682720640 tempest-VolumesCloneTest-1682720640-project] Task 'cinder.volume.flows.api.create_volume.VolumeCastTask;volume:create' (87c72220-4b40-4a7a-a32d-7d558dbe11af) transitioned into state 'RUNNING' from state 'PENDING' {{(pid=100757) _task_receiver /usr/local/lib/python3.8/dist-packages/taskflow/listeners/logging.py:190}}
Sep 01 11:30:03.130320 dv-cinder-788782-7-smb devstack@c-api.service[100758]: DEBUG cinder.volume.api [None req-a17afbc3-a1bb-41f0-a1cf-f98a9484b8af tempest-UserMessagesTest-938980239 tempest-UserMessagesTest-938980239-project] Task 'cinder.volume.flows.api.create_volume.VolumeCastTask;volume:create' (4e43b7dd-7fd6-4f76-aa34-2dd39d0c0d27) transitioned into state 'SUCCESS' from state 'RUNNING' with result 'None' {{(pid=100758) _task_receiver /usr/local/lib/python3.8/dist-packages/taskflow/listeners/logging.py:178}}
Sep 01 11:30:03.133437 dv-cinder-788782-7-smb devstack@c-api.service[100758]: DEBUG cinder.volume.api [None req-a17afbc3-a1bb-41f0-a1cf-f98a9484b8af tempest-UserMessagesTest-938980239 tempest-UserMessagesTest-938980239-project] Flow 'volume_create_api' (ca11172c-08de-4823-b5fd-b4bc5e795950) transitioned into state 'SUCCESS' from state 'RUNNING' {{(pid=100758) _flow_receiver /usr/local/lib/python3.8/dist-packages/taskflow/listeners/logging.py:141}}
Sep 01 11:30:03.134978 dv-cinder-788782-7-smb devstack@c-api.service[100758]: INFO cinder.volume.api [None req-a17afbc3-a1bb-41f0-a1cf-f98a9484b8af tempest-UserMessagesTest-938980239 tempest-UserMessagesTest-938980239-project] Create volume request issued successfully.
Sep 01 11:30:03.145153 dv-cinder-788782-7-smb devstack@c-api.service[100758]: INFO cinder.api.openstack.wsgi [None req-a17afbc3-a1bb-41f0-a1cf-f98a9484b8af tempest-UserMessagesTest-938980239 tempest-UserMessagesTest-938980239-project] http://10.222.0.11/volume/v3/6b6732293cfb4f22b3c4b1cb551442cd/volumes returned with HTTP 202
Sep 01 11:30:03.147265 dv-cinder-788782-7-smb devstack@c-api.service[100758]: [pid: 100758|app: 0|req: 153/294] 10.222.0.11 () {62 vars in 1276 bytes} [Wed Sep 1 11:30:02 2021] POST /volume/v3/6b6732293cfb4f22b3c4b1cb551442cd/volumes => generated 850 bytes in 508 msecs (HTTP/1.1 202) 7 headers in 291 bytes (1 switches on core 0)
Sep 01 11:30:03.150326 dv-cinder-788782-7-smb devstack@c-api.service[100757]: DEBUG cinder.volume.api [None req-c7b704f1-a5a9-4e3b-8731-9e105ac8871d tempest-VolumesCloneTest-1682720640 tempest-VolumesCloneTest-1682720640-project] Task 'cinder.volume.flows.api.create_volume.VolumeCastTask;volume:create' (87c72220-4b40-4a7a-a32d-7d558dbe11af) transitioned into state 'SUCCESS' from state 'RUNNING' with result 'None' {{(pid=100757) _task_receiver /usr/local/lib/python3.8/dist-packages/taskflow/listeners/logging.py:178}}
Sep 01 11:30:03.153492 dv-cinder-788782-7-smb devstack@c-api.service[100757]: DEBUG cinder.volume.api [None req-c7b704f1-a5a9-4e3b-8731-9e105ac8871d tempest-VolumesCloneTest-1682720640 tempest-VolumesCloneTest-1682720640-project] Flow 'volume_create_api' (06aa7fb7-6b60-4175-85b4-3f0be3a66016) transitioned into state 'SUCCESS' from state 'RUNNING' {{(pid=100757) _flow_receiver /usr/local/lib/python3.8/dist-packages/taskflow/listeners/logging.py:141}}
Sep 01 11:30:03.154790 dv-cinder-788782-7-smb devstack@c-api.service[100757]: INFO cinder.volume.api [None req-c7b704f1-a5a9-4e3b-8731-9e105ac8871d tempest-VolumesCloneTest-1682720640 tempest-VolumesCloneTest-1682720640-project] Create volume request issued successfully.
Sep 01 11:30:03.164755 dv-cinder-788782-7-smb devstack@c-api.service[100757]: INFO cinder.api.openstack.wsgi [None req-c7b704f1-a5a9-4e3b-8731-9e105ac8871d tempest-VolumesCloneTest-1682720640 tempest-VolumesCloneTest-1682720640-project] http://10.222.0.11/volume/v3/d44b9a2f0f1c4c34bbe4d5ea943702d1/volumes returned with HTTP 202
Sep 01 11:30:03.165662 dv-cinder-788782-7-smb devstack@c-api.service[100758]: INFO cinder.api.openstack.wsgi [None req-641e9c18-1f61-4cd2-8b30-12eafc973146 tempest-UserMessagesTest-938980239 tempest-UserMessagesTest-938980239-project] GET http://10.222.0.11/volume/v3/6b6732293cfb4f22b3c4b1cb551442cd/volumes/c7b8a567-24b7-4fdf-954c-f491da689923
Sep 01 11:30:03.174600 dv-cinder-788782-7-smb devstack@c-api.service[100757]: [pid: 100757|app: 0|req: 142/295] 10.222.0.11 () {60 vars in 1236 bytes} [Wed Sep 1 11:30:02 2021] POST /volume/v3/d44b9a2f0f1c4c34bbe4d5ea943702d1/volumes => generated 816 bytes in 587 msecs (HTTP/1.1 202) 7 headers in 291 bytes (1 switches on core 0)
Sep 01 11:30:03.174731 dv-cinder-788782-7-smb devstack@c-api.service[100758]: DEBUG cinder.api.openstack.wsgi [None req-641e9c18-1f61-4cd2-8b30-12eafc973146 tempest-UserMessagesTest-938980239 tempest-UserMessagesTest-938980239-project] Empty body provided in request {{(pid=100758) get_body /opt/stack/cinder/cinder/api/openstack/wsgi.py:703}}
Sep 01 11:30:03.174731 dv-cinder-788782-7-smb devstack@c-api.service[100758]: /usr/local/lib/python3.8/dist-packages/webob/acceptparse.py:1047: DeprecationWarning: The behavior of AcceptValidHeader.best_match is currently being maintained for backward compatibility, but it will be deprecated in the future, as it does not conform to the RFC.
Sep 01 11:30:03.174731 dv-cinder-788782-7-smb devstack@c-api.service[100758]: warnings.warn(
Sep 01 11:30:03.174731 dv-cinder-788782-7-smb devstack@c-api.service[100758]: DEBUG cinder.api.openstack.wsgi [None req-641e9c18-1f61-4cd2-8b30-12eafc973146 tempest-UserMessagesTest-938980239 tempest-UserMessagesTest-938980239-project] Calling method 'show' {{(pid=100758) _process_stack /opt/stack/cinder/cinder/api/openstack/wsgi.py:856}}
Sep 01 11:30:03.181783 dv-cinder-788782-7-smb devstack@c-api.service[100757]: INFO cinder.api.openstack.wsgi [None req-5cb5ec39-7329-4c63-9ed6-eed5a2f2ed34 tempest-VolumesCloneTest-1682720640 tempest-VolumesCloneTest-1682720640-project] GET http://10.222.0.11/volume/v3/d44b9a2f0f1c4c34bbe4d5ea943702d1/volumes/9a0cb622-2462-4bfa-93c7-20889438bd7e
Sep 01 11:30:03.182357 dv-cinder-788782-7-smb devstack@c-api.service[100757]: DEBUG cinder.api.openstack.wsgi [None req-5cb5ec39-7329-4c63-9ed6-eed5a2f2ed34 tempest-VolumesCloneTest-1682720640 tempest-VolumesCloneTest-1682720640-project] Empty body provided in request {{(pid=100757) get_body /opt/stack/cinder/cinder/api/openstack/wsgi.py:703}}
Sep 01 11:30:03.182622 dv-cinder-788782-7-smb devstack@c-api.service[100757]: /usr/local/lib/python3.8/dist-packages/webob/acceptparse.py:1047: DeprecationWarning: The behavior of AcceptValidHeader.best_match is currently being maintained for backward compatibility, but it will be deprecated in the future, as it does not conform to the RFC.
Sep 01 11:30:03.182622 dv-cinder-788782-7-smb devstack@c-api.service[100757]: warnings.warn(
Sep 01 11:30:03.183186 dv-cinder-788782-7-smb devstack@c-api.service[100757]: DEBUG cinder.api.openstack.wsgi [None req-5cb5ec39-7329-4c63-9ed6-eed5a2f2ed34 tempest-VolumesCloneTest-1682720640 tempest-VolumesCloneTest-1682720640-project] Calling method 'show' {{(pid=100757) _process_stack /opt/stack/cinder/cinder/api/openstack/wsgi.py:856}}
Sep 01 11:30:03.185943 dv-cinder-788782-7-smb devstack@c-api.service[100758]: /usr/local/lib/python3.8/dist-packages/oslo_context/context.py:105: DeprecationWarning: Policy enforcement is depending on the value of is_admin. This key is deprecated. Please update your policy file to use the standard policy values.
Sep 01 11:30:03.185943 dv-cinder-788782-7-smb devstack@c-api.service[100758]: warnings.warn('Policy enforcement is depending on the value of '
Sep 01 11:30:03.197411 dv-cinder-788782-7-smb devstack@c-api.service[100758]: INFO cinder.volume.api [None req-641e9c18-1f61-4cd2-8b30-12eafc973146 tempest-UserMessagesTest-938980239 tempest-UserMessagesTest-938980239-project] Volume info retrieved successfully.
Sep 01 11:30:03.206390 dv-cinder-788782-7-smb devstack@c-api.service[100757]: /usr/local/lib/python3.8/dist-packages/oslo_context/context.py:105: DeprecationWarning: Policy enforcement is depending on the value of is_admin. This key is deprecated. Please update your policy file to use the standard policy values.
Sep 01 11:30:03.206390 dv-cinder-788782-7-smb devstack@c-api.service[100757]: warnings.warn('Policy enforcement is depending on the value of '
Sep 01 11:30:03.218024 dv-cinder-788782-7-smb devstack@c-api.service[100758]: INFO cinder.api.openstack.wsgi [None req-641e9c18-1f61-4cd2-8b30-12eafc973146 tempest-UserMessagesTest-938980239 tempest-UserMessagesTest-938980239-project] http://10.222.0.11/volume/v3/6b6732293cfb4f22b3c4b1cb551442cd/volumes/c7b8a567-24b7-4fdf-954c-f491da689923 returned with HTTP 200
Sep 01 11:30:03.219211 dv-cinder-788782-7-smb devstack@c-api.service[100758]: [pid: 100758|app: 0|req: 154/296] 10.222.0.11 () {60 vars in 1365 bytes} [Wed Sep 1 11:30:03 2021] GET /volume/v3/6b6732293cfb4f22b3c4b1cb551442cd/volumes/c7b8a567-24b7-4fdf-954c-f491da689923 => generated 918 bytes in 61 msecs (HTTP/1.1 200) 7 headers in 285 bytes (1 switches on core 0)
Sep 01 11:30:03.232196 dv-cinder-788782-7-smb devstack@c-api.service[100757]: INFO cinder.volume.api [None req-5cb5ec39-7329-4c63-9ed6-eed5a2f2ed34 tempest-VolumesCloneTest-1682720640 tempest-VolumesCloneTest-1682720640-project] Volume info retrieved successfully.
Sep 01 11:30:03.249670 dv-cinder-788782-7-smb devstack@c-api.service[100757]: INFO cinder.api.openstack.wsgi [None req-5cb5ec39-7329-4c63-9ed6-eed5a2f2ed34 tempest-VolumesCloneTest-1682720640 tempest-VolumesCloneTest-1682720640-project] http://10.222.0.11/volume/v3/d44b9a2f0f1c4c34bbe4d5ea943702d1/volumes/9a0cb622-2462-4bfa-93c7-20889438bd7e returned with HTTP 200
Sep 01 11:30:03.250682 dv-cinder-788782-7-smb devstack@c-api.service[100757]: [pid: 100757|app: 0|req: 143/297] 10.222.0.11 () {58 vars in 1325 bytes} [Wed Sep 1 11:30:03 2021] GET /volume/v3/d44b9a2f0f1c4c34bbe4d5ea943702d1/volumes/9a0cb622-2462-4bfa-93c7-20889438bd7e => generated 884 bytes in 75 msecs (HTTP/1.1 200) 7 headers in 285 bytes (1 switches on core 0)
Sep 01 11:30:03.382740 dv-cinder-788782-7-smb devstack@c-api.service[100758]: INFO cinder.api.openstack.wsgi [None req-51208836-9938-46f0-9d98-35d63bf9e6ea tempest-VolumesImageMetadata-2087605176 tempest-VolumesImageMetadata-2087605176-project] GET http://10.222.0.11/volume/v3/eb92b17b2b624ef6af5353e5ee22d78a/volumes/7a949d13-0107-434f-9df5-4e26a2f8247e
Sep 01 11:30:03.383933 dv-cinder-788782-7-smb devstack@c-api.service[100758]: DEBUG cinder.api.openstack.wsgi [None req-51208836-9938-46f0-9d98-35d63bf9e6ea tempest-VolumesImageMetadata-2087605176 tempest-VolumesImageMetadata-2087605176-project] Empty body provided in request {{(pid=100758) get_body /opt/stack/cinder/cinder/api/openstack/wsgi.py:703}}
Sep 01 11:30:03.384140 dv-cinder-788782-7-smb devstack@c-api.service[100758]: /usr/local/lib/python3.8/dist-packages/webob/acceptparse.py:1047: DeprecationWarning: The behavior of AcceptValidHeader.best_match is currently being maintained for backward compatibility, but it will be deprecated in the future, as it does not conform to the RFC.
Sep 01 11:30:03.384140 dv-cinder-788782-7-smb devstack@c-api.service[100758]: warnings.warn(
Sep 01 11:30:03.384536 dv-cinder-788782-7-smb devstack@c-api.service[100758]: DEBUG cinder.api.openstack.wsgi [None req-51208836-9938-46f0-9d98-35d63bf9e6ea tempest-VolumesImageMetadata-2087605176 tempest-VolumesImageMetadata-2087605176-project] Calling method 'show' {{(pid=100758) _process_stack /opt/stack/cinder/cinder/api/openstack/wsgi.py:856}}
Sep 01 11:30:03.398933 dv-cinder-788782-7-smb devstack@c-api.service[100758]: /usr/local/lib/python3.8/dist-packages/oslo_context/context.py:105: DeprecationWarning: Policy enforcement is depending on the value of is_admin. This key is deprecated. Please update your policy file to use the standard policy values.
Sep 01 11:30:03.398933 dv-cinder-788782-7-smb devstack@c-api.service[100758]: warnings.warn('Policy enforcement is depending on the value of '
Sep 01 11:30:03.407647 dv-cinder-788782-7-smb devstack@c-api.service[100758]: INFO cinder.volume.api [None req-51208836-9938-46f0-9d98-35d63bf9e6ea tempest-VolumesImageMetadata-2087605176 tempest-VolumesImageMetadata-2087605176-project] Volume info retrieved successfully.
Sep 01 11:30:03.426908 dv-cinder-788782-7-smb devstack@c-api.service[100758]: INFO cinder.api.openstack.wsgi [None req-51208836-9938-46f0-9d98-35d63bf9e6ea tempest-VolumesImageMetadata-2087605176 tempest-VolumesImageMetadata-2087605176-project] http://10.222.0.11/volume/v3/eb92b17b2b624ef6af5353e5ee22d78a/volumes/7a949d13-0107-434f-9df5-4e26a2f8247e returned with HTTP 200
Sep 01 11:30:03.427657 dv-cinder-788782-7-smb devstack@c-api.service[100758]: [pid: 100758|app: 0|req: 155/298] 10.222.0.11 () {58 vars in 1325 bytes} [Wed Sep 1 11:30:03 2021] GET /volume/v3/eb92b17b2b624ef6af5353e5ee22d78a/volumes/7a949d13-0107-434f-9df5-4e26a2f8247e => generated 1360 bytes in 49 msecs (HTTP/1.1 200) 7 headers in 286 bytes (1 switches on core 0)
Sep 01 11:30:03.443278 dv-cinder-788782-7-smb devstack@c-api.service[100757]: INFO cinder.api.openstack.wsgi [None req-735a0d2e-235c-49ab-bd3c-c729bec32997 tempest-VolumesImageMetadata-2087605176 tempest-VolumesImageMetadata-2087605176-project] POST http://10.222.0.11/volume/v3/eb92b17b2b624ef6af5353e5ee22d78a/volumes/7a949d13-0107-434f-9df5-4e26a2f8247e/action
Sep 01 11:30:03.443849 dv-cinder-788782-7-smb devstack@c-api.service[100757]: /usr/local/lib/python3.8/dist-packages/webob/acceptparse.py:1047: DeprecationWarning: The behavior of AcceptValidHeader.best_match is currently being maintained for backward compatibility, but it will be deprecated in the future, as it does not conform to the RFC.
Sep 01 11:30:03.443849 dv-cinder-788782-7-smb devstack@c-api.service[100757]: warnings.warn(
Sep 01 11:30:03.444122 dv-cinder-788782-7-smb devstack@c-api.service[100757]: DEBUG cinder.api.openstack.wsgi [None req-735a0d2e-235c-49ab-bd3c-c729bec32997 tempest-VolumesImageMetadata-2087605176 tempest-VolumesImageMetadata-2087605176-project] Action body: b'{"os-set_image_metadata": {"metadata": {"image_id": "5137a025-3c5f-43c1-bc64-5f41270040a5", "image_name": "image", "kernel_id": "6ff710d2-942b-4d6b-9168-8c9cc2404ab1", "ramdisk_id": "somedisk"}}}' {{(pid=100757) get_method /opt/stack/cinder/cinder/api/openstack/wsgi.py:971}}
Sep 01 11:30:03.444710 dv-cinder-788782-7-smb devstack@c-api.service[100757]: DEBUG cinder.api.openstack.wsgi [None req-735a0d2e-235c-49ab-bd3c-c729bec32997 tempest-VolumesImageMetadata-2087605176 tempest-VolumesImageMetadata-2087605176-project] Action: 'action', calling method: create, body: {"os-set_image_metadata": {"metadata": {"image_id": "5137a025-3c5f-43c1-bc64-5f41270040a5", "image_name": "image", "kernel_id": "6ff710d2-942b-4d6b-9168-8c9cc2404ab1", "ramdisk_id": "somedisk"}}} {{(pid=100757) _process_stack /opt/stack/cinder/cinder/api/openstack/wsgi.py:854}}
Sep 01 11:30:03.468649 dv-cinder-788782-7-smb devstack@c-api.service[100757]: /usr/local/lib/python3.8/dist-packages/oslo_context/context.py:105: DeprecationWarning: Policy enforcement is depending on the value of is_admin. This key is deprecated. Please update your policy file to use the standard policy values.
Sep 01 11:30:03.468649 dv-cinder-788782-7-smb devstack@c-api.service[100757]: warnings.warn('Policy enforcement is depending on the value of '
Sep 01 11:30:03.490676 dv-cinder-788782-7-smb devstack@c-api.service[100757]: /usr/local/lib/python3.8/dist-packages/oslo_context/context.py:105: DeprecationWarning: Policy enforcement is depending on the value of is_admin. This key is deprecated. Please update your policy file to use the standard policy values.
Sep 01 11:30:03.490676 dv-cinder-788782-7-smb devstack@c-api.service[100757]: warnings.warn('Policy enforcement is depending on the value of '
Sep 01 11:30:03.492750 dv-cinder-788782-7-smb devstack@c-api.service[100757]: INFO cinder.volume.api [None req-735a0d2e-235c-49ab-bd3c-c729bec32997 tempest-VolumesImageMetadata-2087605176 tempest-VolumesImageMetadata-2087605176-project] Volume info retrieved successfully.
Sep 01 11:30:03.514762 dv-cinder-788782-7-smb devstack@c-api.service[100757]: INFO cinder.volume.api [None req-735a0d2e-235c-49ab-bd3c-c729bec32997 tempest-VolumesImageMetadata-2087605176 tempest-VolumesImageMetadata-2087605176-project] Update volume metadata completed successfully.
Sep 01 11:30:03.515323 dv-cinder-788782-7-smb devstack@c-api.service[100757]: INFO cinder.api.openstack.wsgi [None req-735a0d2e-235c-49ab-bd3c-c729bec32997 tempest-VolumesImageMetadata-2087605176 tempest-VolumesImageMetadata-2087605176-project] http://10.222.0.11/volume/v3/eb92b17b2b624ef6af5353e5ee22d78a/volumes/7a949d13-0107-434f-9df5-4e26a2f8247e/action returned with HTTP 200
Sep 01 11:30:03.516131 dv-cinder-788782-7-smb devstack@c-api.service[100757]: [pid: 100757|app: 0|req: 144/299] 10.222.0.11 () {60 vars in 1368 bytes} [Wed Sep 1 11:30:03 2021] POST /volume/v3/eb92b17b2b624ef6af5353e5ee22d78a/volumes/7a949d13-0107-434f-9df5-4e26a2f8247e/action => generated 511 bytes in 77 msecs (HTTP/1.1 200) 7 headers in 285 bytes (2 switches on core 0)
Sep 01 11:30:03.525487 dv-cinder-788782-7-smb devstack@c-api.service[100758]: INFO cinder.api.openstack.wsgi [None req-234930ad-f0f6-401c-9495-e5cb817f30f8 tempest-VolumesImageMetadata-2087605176 tempest-VolumesImageMetadata-2087605176-project] GET http://10.222.0.11/volume/v3/eb92b17b2b624ef6af5353e5ee22d78a/volumes/7a949d13-0107-434f-9df5-4e26a2f8247e
Sep 01 11:30:03.525945 dv-cinder-788782-7-smb devstack@c-api.service[100758]: DEBUG cinder.api.openstack.wsgi [None req-234930ad-f0f6-401c-9495-e5cb817f30f8 tempest-VolumesImageMetadata-2087605176 tempest-VolumesImageMetadata-2087605176-project] Empty body provided in request {{(pid=100758) get_body /opt/stack/cinder/cinder/api/openstack/wsgi.py:703}}
Sep 01 11:30:03.526228 dv-cinder-788782-7-smb devstack@c-api.service[100758]: /usr/local/lib/python3.8/dist-packages/webob/acceptparse.py:1047: DeprecationWarning: The behavior of AcceptValidHeader.best_match is currently being maintained for backward compatibility, but it will be deprecated in the future, as it does not conform to the RFC.
Sep 01 11:30:03.526228 dv-cinder-788782-7-smb devstack@c-api.service[100758]: warnings.warn(
Sep 01 11:30:03.526432 dv-cinder-788782-7-smb devstack@c-api.service[100758]: DEBUG cinder.api.openstack.wsgi [None req-234930ad-f0f6-401c-9495-e5cb817f30f8 tempest-VolumesImageMetadata-2087605176 tempest-VolumesImageMetadata-2087605176-project] Calling method 'show' {{(pid=100758) _process_stack /opt/stack/cinder/cinder/api/openstack/wsgi.py:856}}
Sep 01 11:30:03.540627 dv-cinder-788782-7-smb devstack@c-api.service[100758]: /usr/local/lib/python3.8/dist-packages/oslo_context/context.py:105: DeprecationWarning: Policy enforcement is depending on the value of is_admin. This key is deprecated. Please update your policy file to use the standard policy values.
Sep 01 11:30:03.540627 dv-cinder-788782-7-smb devstack@c-api.service[100758]: warnings.warn('Policy enforcement is depending on the value of '
Sep 01 11:30:03.548097 dv-cinder-788782-7-smb devstack@c-api.service[100758]: INFO cinder.volume.api [None req-234930ad-f0f6-401c-9495-e5cb817f30f8 tempest-VolumesImageMetadata-2087605176 tempest-VolumesImageMetadata-2087605176-project] Volume info retrieved successfully.
Sep 01 11:30:03.565379 dv-cinder-788782-7-smb devstack@c-api.service[100758]: INFO cinder.api.openstack.wsgi [None req-234930ad-f0f6-401c-9495-e5cb817f30f8 tempest-VolumesImageMetadata-2087605176 tempest-VolumesImageMetadata-2087605176-project] http://10.222.0.11/volume/v3/eb92b17b2b624ef6af5353e5ee22d78a/volumes/7a949d13-0107-434f-9df5-4e26a2f8247e returned with HTTP 200
Sep 01 11:30:03.566419 dv-cinder-788782-7-smb devstack@c-api.service[100758]: [pid: 100758|app: 0|req: 156/300] 10.222.0.11 () {58 vars in 1325 bytes} [Wed Sep 1 11:30:03 2021] GET /volume/v3/eb92b17b2b624ef6af5353e5ee22d78a/volumes/7a949d13-0107-434f-9df5-4e26a2f8247e => generated 1435 bytes in 45 msecs (HTTP/1.1 200) 7 headers in 286 bytes (1 switches on core 0)
Sep 01 11:30:03.581333 dv-cinder-788782-7-smb devstack@c-api.service[100757]: INFO cinder.api.openstack.wsgi [None req-71373c95-2757-4953-af02-d74073b82acb tempest-VolumesImageMetadata-2087605176 tempest-VolumesImageMetadata-2087605176-project] POST http://10.222.0.11/volume/v3/eb92b17b2b624ef6af5353e5ee22d78a/volumes/7a949d13-0107-434f-9df5-4e26a2f8247e/action
Sep 01 11:30:03.581501 dv-cinder-788782-7-smb devstack@c-api.service[100757]: /usr/local/lib/python3.8/dist-packages/webob/acceptparse.py:1047: DeprecationWarning: The behavior of AcceptValidHeader.best_match is currently being maintained for backward compatibility, but it will be deprecated in the future, as it does not conform to the RFC.
Sep 01 11:30:03.581501 dv-cinder-788782-7-smb devstack@c-api.service[100757]: warnings.warn(
Sep 01 11:30:03.581865 dv-cinder-788782-7-smb devstack@c-api.service[100757]: DEBUG cinder.api.openstack.wsgi [None req-71373c95-2757-4953-af02-d74073b82acb tempest-VolumesImageMetadata-2087605176 tempest-VolumesImageMetadata-2087605176-project] Action body: b'{"os-unset_image_metadata": {"key": "ramdisk_id"}}' {{(pid=100757) get_method /opt/stack/cinder/cinder/api/openstack/wsgi.py:971}}
Sep 01 11:30:03.582192 dv-cinder-788782-7-smb devstack@c-api.service[100757]: DEBUG cinder.api.openstack.wsgi [None req-71373c95-2757-4953-af02-d74073b82acb tempest-VolumesImageMetadata-2087605176 tempest-VolumesImageMetadata-2087605176-project] Action: 'action', calling method: delete, body: {"os-unset_image_metadata": {"key": "ramdisk_id"}} {{(pid=100757) _process_stack /opt/stack/cinder/cinder/api/openstack/wsgi.py:854}}
Sep 01 11:30:03.598819 dv-cinder-788782-7-smb devstack@c-api.service[100757]: /usr/local/lib/python3.8/dist-packages/oslo_context/context.py:105: DeprecationWarning: Policy enforcement is depending on the value of is_admin. This key is deprecated. Please update your policy file to use the standard policy values.
Sep 01 11:30:03.598819 dv-cinder-788782-7-smb devstack@c-api.service[100757]: warnings.warn('Policy enforcement is depending on the value of '
Sep 01 11:30:03.613173 dv-cinder-788782-7-smb devstack@c-api.service[100757]: /usr/local/lib/python3.8/dist-packages/oslo_context/context.py:105: DeprecationWarning: Policy enforcement is depending on the value of is_admin. This key is deprecated. Please update your policy file to use the standard policy values.
Sep 01 11:30:03.613173 dv-cinder-788782-7-smb devstack@c-api.service[100757]: warnings.warn('Policy enforcement is depending on the value of '
Sep 01 11:30:03.614673 dv-cinder-788782-7-smb devstack@c-api.service[100757]: INFO cinder.volume.api [None req-71373c95-2757-4953-af02-d74073b82acb tempest-VolumesImageMetadata-2087605176 tempest-VolumesImageMetadata-2087605176-project] Volume info retrieved successfully.
Sep 01 11:30:03.625897 dv-cinder-788782-7-smb devstack@c-api.service[100757]: INFO cinder.volume.api [None req-71373c95-2757-4953-af02-d74073b82acb tempest-VolumesImageMetadata-2087605176 tempest-VolumesImageMetadata-2087605176-project] Get volume image-metadata completed successfully.
Sep 01 11:30:03.649832 dv-cinder-788782-7-smb devstack@c-api.service[100758]: INFO cinder.api.openstack.wsgi [None req-d647b85c-7568-4c98-ba0d-31268a5780b3 tempest-VolumeSnapshotQuotasNegativeTestJSON-699114151 tempest-VolumeSnapshotQuotasNegativeTestJSON-699114151-project] GET http://10.222.0.11/volume/v3/c517ccd1cd524bb6a50062484c4b8656/snapshots/7b6cdf08-5757-463d-9a7f-7a0a8d04983e
Sep 01 11:30:03.650051 dv-cinder-788782-7-smb devstack@c-api.service[100757]: INFO cinder.volume.api [None req-71373c95-2757-4953-af02-d74073b82acb tempest-VolumesImageMetadata-2087605176 tempest-VolumesImageMetadata-2087605176-project] Delete volume metadata completed successfully.
Sep 01 11:30:03.650339 dv-cinder-788782-7-smb devstack@c-api.service[100758]: DEBUG cinder.api.openstack.wsgi [None req-d647b85c-7568-4c98-ba0d-31268a5780b3 tempest-VolumeSnapshotQuotasNegativeTestJSON-699114151 tempest-VolumeSnapshotQuotasNegativeTestJSON-699114151-project] Empty body provided in request {{(pid=100758) get_body /opt/stack/cinder/cinder/api/openstack/wsgi.py:703}}
Sep 01 11:30:03.650463 dv-cinder-788782-7-smb devstack@c-api.service[100758]: /usr/local/lib/python3.8/dist-packages/webob/acceptparse.py:1047: DeprecationWarning: The behavior of AcceptValidHeader.best_match is currently being maintained for backward compatibility, but it will be deprecated in the future, as it does not conform to the RFC.
Sep 01 11:30:03.650463 dv-cinder-788782-7-smb devstack@c-api.service[100758]: warnings.warn(
Sep 01 11:30:03.650815 dv-cinder-788782-7-smb devstack@c-api.service[100757]: INFO cinder.api.openstack.wsgi [None req-71373c95-2757-4953-af02-d74073b82acb tempest-VolumesImageMetadata-2087605176 tempest-VolumesImageMetadata-2087605176-project] http://10.222.0.11/volume/v3/eb92b17b2b624ef6af5353e5ee22d78a/volumes/7a949d13-0107-434f-9df5-4e26a2f8247e/action returned with HTTP 200
Sep 01 11:30:03.650912 dv-cinder-788782-7-smb devstack@c-api.service[100758]: DEBUG cinder.api.openstack.wsgi [None req-d647b85c-7568-4c98-ba0d-31268a5780b3 tempest-VolumeSnapshotQuotasNegativeTestJSON-699114151 tempest-VolumeSnapshotQuotasNegativeTestJSON-699114151-project] Calling method 'show' {{(pid=100758) _process_stack /opt/stack/cinder/cinder/api/openstack/wsgi.py:856}}
Sep 01 11:30:03.651862 dv-cinder-788782-7-smb devstack@c-api.service[100757]: [pid: 100757|app: 0|req: 145/301] 10.222.0.11 () {60 vars in 1367 bytes} [Wed Sep 1 11:30:03 2021] POST /volume/v3/eb92b17b2b624ef6af5353e5ee22d78a/volumes/7a949d13-0107-434f-9df5-4e26a2f8247e/action => generated 0 bytes in 74 msecs (HTTP/1.1 200) 6 headers in 227 bytes (1 switches on core 0)
Sep 01 11:30:03.659039 dv-cinder-788782-7-smb devstack@c-api.service[100757]: INFO cinder.api.openstack.wsgi [None req-af7febda-e23d-4712-a293-f4a810be1ac3 tempest-VolumesImageMetadata-2087605176 tempest-VolumesImageMetadata-2087605176-project] POST http://10.222.0.11/volume/v3/eb92b17b2b624ef6af5353e5ee22d78a/volumes/7a949d13-0107-434f-9df5-4e26a2f8247e/action
Sep 01 11:30:03.662655 dv-cinder-788782-7-smb devstack@c-api.service[100757]: /usr/local/lib/python3.8/dist-packages/webob/acceptparse.py:1047: DeprecationWarning: The behavior of AcceptValidHeader.best_match is currently being maintained for backward compatibility, but it will be deprecated in the future, as it does not conform to the RFC.
Sep 01 11:30:03.662655 dv-cinder-788782-7-smb devstack@c-api.service[100757]: warnings.warn(
Sep 01 11:30:03.662655 dv-cinder-788782-7-smb devstack@c-api.service[100757]: DEBUG cinder.api.openstack.wsgi [None req-af7febda-e23d-4712-a293-f4a810be1ac3 tempest-VolumesImageMetadata-2087605176 tempest-VolumesImageMetadata-2087605176-project] Action body: b'{"os-show_image_metadata": {}}' {{(pid=100757) get_method /opt/stack/cinder/cinder/api/openstack/wsgi.py:971}}
Sep 01 11:30:03.662655 dv-cinder-788782-7-smb devstack@c-api.service[100757]: DEBUG cinder.api.openstack.wsgi [None req-af7febda-e23d-4712-a293-f4a810be1ac3 tempest-VolumesImageMetadata-2087605176 tempest-VolumesImageMetadata-2087605176-project] Action: 'action', calling method: index, body: {"os-show_image_metadata": {}} {{(pid=100757) _process_stack /opt/stack/cinder/cinder/api/openstack/wsgi.py:854}}
Sep 01 11:30:03.668997 dv-cinder-788782-7-smb devstack@c-api.service[100758]: /usr/local/lib/python3.8/dist-packages/oslo_context/context.py:105: DeprecationWarning: Policy enforcement is depending on the value of is_admin. This key is deprecated. Please update your policy file to use the standard policy values.
Sep 01 11:30:03.668997 dv-cinder-788782-7-smb devstack@c-api.service[100758]: warnings.warn('Policy enforcement is depending on the value of '
Sep 01 11:30:03.670239 dv-cinder-788782-7-smb devstack@c-api.service[100758]: INFO cinder.volume.api [None req-d647b85c-7568-4c98-ba0d-31268a5780b3 tempest-VolumeSnapshotQuotasNegativeTestJSON-699114151 tempest-VolumeSnapshotQuotasNegativeTestJSON-699114151-project] Snapshot retrieved successfully.
Sep 01 11:30:03.672386 dv-cinder-788782-7-smb devstack@c-api.service[100758]: INFO cinder.api.openstack.wsgi [None req-d647b85c-7568-4c98-ba0d-31268a5780b3 tempest-VolumeSnapshotQuotasNegativeTestJSON-699114151 tempest-VolumeSnapshotQuotasNegativeTestJSON-699114151-project] http://10.222.0.11/volume/v3/c517ccd1cd524bb6a50062484c4b8656/snapshots/7b6cdf08-5757-463d-9a7f-7a0a8d04983e returned with HTTP 200
Sep 01 11:30:03.680519 dv-cinder-788782-7-smb devstack@c-api.service[100758]: [pid: 100758|app: 0|req: 157/302] 10.222.0.11 () {58 vars in 1331 bytes} [Wed Sep 1 11:30:03 2021] GET /volume/v3/c517ccd1cd524bb6a50062484c4b8656/snapshots/7b6cdf08-5757-463d-9a7f-7a0a8d04983e => generated 547 bytes in 28 msecs (HTTP/1.1 200) 7 headers in 285 bytes (2 switches on core 0)
Sep 01 11:30:03.680856 dv-cinder-788782-7-smb devstack@c-api.service[100757]: /usr/local/lib/python3.8/dist-packages/oslo_context/context.py:105: DeprecationWarning: Policy enforcement is depending on the value of is_admin. This key is deprecated. Please update your policy file to use the standard policy values.
Sep 01 11:30:03.680856 dv-cinder-788782-7-smb devstack@c-api.service[100757]: warnings.warn('Policy enforcement is depending on the value of '
Sep 01 11:30:03.680856 dv-cinder-788782-7-smb devstack@c-api.service[100757]: INFO cinder.volume.api [None req-af7febda-e23d-4712-a293-f4a810be1ac3 tempest-VolumesImageMetadata-2087605176 tempest-VolumesImageMetadata-2087605176-project] Volume info retrieved successfully.
Sep 01 11:30:03.686767 dv-cinder-788782-7-smb devstack@c-api.service[100758]: INFO cinder.api.openstack.wsgi [None req-514a15e6-f2e3-4798-a3c1-ad797e835589 tempest-VolumeSnapshotQuotasNegativeTestJSON-1155920209 tempest-VolumeSnapshotQuotasNegativeTestJSON-1155920209-project-admin] PUT http://10.222.0.11/volume/v3/afafeb888c474d039e72e40b422a176e/os-quota-sets/c517ccd1cd524bb6a50062484c4b8656
Sep 01 11:30:03.687136 dv-cinder-788782-7-smb devstack@c-api.service[100757]: INFO cinder.volume.api [None req-af7febda-e23d-4712-a293-f4a810be1ac3 tempest-VolumesImageMetadata-2087605176 tempest-VolumesImageMetadata-2087605176-project] Get volume image-metadata completed successfully.
Sep 01 11:30:03.687773 dv-cinder-788782-7-smb devstack@c-api.service[100758]: /usr/local/lib/python3.8/dist-packages/webob/acceptparse.py:1047: DeprecationWarning: The behavior of AcceptValidHeader.best_match is currently being maintained for backward compatibility, but it will be deprecated in the future, as it does not conform to the RFC.
Sep 01 11:30:03.687773 dv-cinder-788782-7-smb devstack@c-api.service[100758]: warnings.warn(
Sep 01 11:30:03.687773 dv-cinder-788782-7-smb devstack@c-api.service[100758]: DEBUG cinder.api.openstack.wsgi [None req-514a15e6-f2e3-4798-a3c1-ad797e835589 tempest-VolumeSnapshotQuotasNegativeTestJSON-1155920209 tempest-VolumeSnapshotQuotasNegativeTestJSON-1155920209-project-admin] Action: 'update', calling method: update, body: {"quota_set": {"gigabytes": 2, "volumes": 1, "snapshots": 2}} {{(pid=100758) _process_stack /opt/stack/cinder/cinder/api/openstack/wsgi.py:854}}
Sep 01 11:30:03.688062 dv-cinder-788782-7-smb devstack@c-api.service[100757]: INFO cinder.api.openstack.wsgi [None req-af7febda-e23d-4712-a293-f4a810be1ac3 tempest-VolumesImageMetadata-2087605176 tempest-VolumesImageMetadata-2087605176-project] http://10.222.0.11/volume/v3/eb92b17b2b624ef6af5353e5ee22d78a/volumes/7a949d13-0107-434f-9df5-4e26a2f8247e/action returned with HTTP 200
Sep 01 11:30:03.693866 dv-cinder-788782-7-smb devstack@c-api.service[100757]: [pid: 100757|app: 0|req: 146/303] 10.222.0.11 () {60 vars in 1367 bytes} [Wed Sep 1 11:30:03 2021] POST /volume/v3/eb92b17b2b624ef6af5353e5ee22d78a/volumes/7a949d13-0107-434f-9df5-4e26a2f8247e/action => generated 485 bytes in 33 msecs (HTTP/1.1 200) 7 headers in 285 bytes (2 switches on core 0)
Sep 01 11:30:03.698907 dv-cinder-788782-7-smb devstack@c-api.service[100757]: INFO cinder.api.openstack.wsgi [None req-cd049c37-027a-4d6e-b7fc-9b12e8aea1d1 tempest-VolumesImageMetadata-2087605176 tempest-VolumesImageMetadata-2087605176-project] DELETE http://10.222.0.11/volume/v3/eb92b17b2b624ef6af5353e5ee22d78a/volumes/7a949d13-0107-434f-9df5-4e26a2f8247e
Sep 01 11:30:03.699352 dv-cinder-788782-7-smb devstack@c-api.service[100757]: DEBUG cinder.api.openstack.wsgi [None req-cd049c37-027a-4d6e-b7fc-9b12e8aea1d1 tempest-VolumesImageMetadata-2087605176 tempest-VolumesImageMetadata-2087605176-project] Empty body provided in request {{(pid=100757) get_body /opt/stack/cinder/cinder/api/openstack/wsgi.py:703}}
Sep 01 11:30:03.700005 dv-cinder-788782-7-smb devstack@c-api.service[100757]: /usr/local/lib/python3.8/dist-packages/webob/acceptparse.py:1047: DeprecationWarning: The behavior of AcceptValidHeader.best_match is currently being maintained for backward compatibility, but it will be deprecated in the future, as it does not conform to the RFC.
Sep 01 11:30:03.700005 dv-cinder-788782-7-smb devstack@c-api.service[100757]: warnings.warn(
Sep 01 11:30:03.700005 dv-cinder-788782-7-smb devstack@c-api.service[100757]: DEBUG cinder.api.openstack.wsgi [None req-cd049c37-027a-4d6e-b7fc-9b12e8aea1d1 tempest-VolumesImageMetadata-2087605176 tempest-VolumesImageMetadata-2087605176-project] Calling method 'delete' {{(pid=100757) _process_stack /opt/stack/cinder/cinder/api/openstack/wsgi.py:856}}
Sep 01 11:30:03.700349 dv-cinder-788782-7-smb devstack@c-api.service[100757]: INFO cinder.api.v3.volumes [None req-cd049c37-027a-4d6e-b7fc-9b12e8aea1d1 tempest-VolumesImageMetadata-2087605176 tempest-VolumesImageMetadata-2087605176-project] Delete volume with id: 7a949d13-0107-434f-9df5-4e26a2f8247e
Sep 01 11:30:03.714631 dv-cinder-788782-7-smb devstack@c-api.service[100757]: /usr/local/lib/python3.8/dist-packages/oslo_context/context.py:105: DeprecationWarning: Policy enforcement is depending on the value of is_admin. This key is deprecated. Please update your policy file to use the standard policy values.
Sep 01 11:30:03.714631 dv-cinder-788782-7-smb devstack@c-api.service[100757]: warnings.warn('Policy enforcement is depending on the value of '
Sep 01 11:30:03.715760 dv-cinder-788782-7-smb devstack@c-api.service[100757]: INFO cinder.volume.api [None req-cd049c37-027a-4d6e-b7fc-9b12e8aea1d1 tempest-VolumesImageMetadata-2087605176 tempest-VolumesImageMetadata-2087605176-project] Volume info retrieved successfully.
Sep 01 11:30:03.748780 dv-cinder-788782-7-smb devstack@c-api.service[100757]: INFO cinder.volume.api [None req-cd049c37-027a-4d6e-b7fc-9b12e8aea1d1 tempest-VolumesImageMetadata-2087605176 tempest-VolumesImageMetadata-2087605176-project] Delete volume request issued successfully.
Sep 01 11:30:03.749779 dv-cinder-788782-7-smb devstack@c-api.service[100757]: INFO cinder.api.openstack.wsgi [None req-cd049c37-027a-4d6e-b7fc-9b12e8aea1d1 tempest-VolumesImageMetadata-2087605176 tempest-VolumesImageMetadata-2087605176-project] http://10.222.0.11/volume/v3/eb92b17b2b624ef6af5353e5ee22d78a/volumes/7a949d13-0107-434f-9df5-4e26a2f8247e returned with HTTP 202
Sep 01 11:30:03.751224 dv-cinder-788782-7-smb devstack@c-api.service[100757]: [pid: 100757|app: 0|req: 147/304] 10.222.0.11 () {58 vars in 1328 bytes} [Wed Sep 1 11:30:03 2021] DELETE /volume/v3/eb92b17b2b624ef6af5353e5ee22d78a/volumes/7a949d13-0107-434f-9df5-4e26a2f8247e => generated 0 bytes in 57 msecs (HTTP/1.1 202) 6 headers in 233 bytes (2 switches on core 0)
Sep 01 11:30:03.761235 dv-cinder-788782-7-smb devstack@c-api.service[100757]: INFO cinder.api.openstack.wsgi [None req-e5e541a3-0bbc-4907-bbf1-cd5604c761be tempest-VolumesImageMetadata-2087605176 tempest-VolumesImageMetadata-2087605176-project] GET http://10.222.0.11/volume/v3/eb92b17b2b624ef6af5353e5ee22d78a/volumes/7a949d13-0107-434f-9df5-4e26a2f8247e
Sep 01 11:30:03.762176 dv-cinder-788782-7-smb devstack@c-api.service[100757]: DEBUG cinder.api.openstack.wsgi [None req-e5e541a3-0bbc-4907-bbf1-cd5604c761be tempest-VolumesImageMetadata-2087605176 tempest-VolumesImageMetadata-2087605176-project] Empty body provided in request {{(pid=100757) get_body /opt/stack/cinder/cinder/api/openstack/wsgi.py:703}}
Sep 01 11:30:03.762506 dv-cinder-788782-7-smb devstack@c-api.service[100757]: /usr/local/lib/python3.8/dist-packages/webob/acceptparse.py:1047: DeprecationWarning: The behavior of AcceptValidHeader.best_match is currently being maintained for backward compatibility, but it will be deprecated in the future, as it does not conform to the RFC.
Sep 01 11:30:03.762506 dv-cinder-788782-7-smb devstack@c-api.service[100757]: warnings.warn(
Sep 01 11:30:03.763368 dv-cinder-788782-7-smb devstack@c-api.service[100757]: DEBUG cinder.api.openstack.wsgi [None req-e5e541a3-0bbc-4907-bbf1-cd5604c761be tempest-VolumesImageMetadata-2087605176 tempest-VolumesImageMetadata-2087605176-project] Calling method 'show' {{(pid=100757) _process_stack /opt/stack/cinder/cinder/api/openstack/wsgi.py:856}}
Sep 01 11:30:03.771676 dv-cinder-788782-7-smb devstack@c-api.service[100758]: WARNING cinder.quota [None req-514a15e6-f2e3-4798-a3c1-ad797e835589 tempest-VolumeSnapshotQuotasNegativeTestJSON-1155920209 tempest-VolumeSnapshotQuotasNegativeTestJSON-1155920209-project-admin] Deprecated: Default quota for resource: snapshots_tempest-UserMessagesTest-volume-type-146166875 is set by the default quota flag: quota_snapshots_tempest-UserMessagesTest-volume-type-146166875, it is now deprecated. Please use the default quota class for default quota.
Sep 01 11:30:03.783517 dv-cinder-788782-7-smb devstack@c-api.service[100757]: /usr/local/lib/python3.8/dist-packages/oslo_context/context.py:105: DeprecationWarning: Policy enforcement is depending on the value of is_admin. This key is deprecated. Please update your policy file to use the standard policy values.
Sep 01 11:30:03.783517 dv-cinder-788782-7-smb devstack@c-api.service[100757]: warnings.warn('Policy enforcement is depending on the value of '
Sep 01 11:30:03.786646 dv-cinder-788782-7-smb devstack@c-api.service[100758]: INFO cinder.api.openstack.wsgi [None req-514a15e6-f2e3-4798-a3c1-ad797e835589 tempest-VolumeSnapshotQuotasNegativeTestJSON-1155920209 tempest-VolumeSnapshotQuotasNegativeTestJSON-1155920209-project-admin] http://10.222.0.11/volume/v3/afafeb888c474d039e72e40b422a176e/os-quota-sets/c517ccd1cd524bb6a50062484c4b8656 returned with HTTP 200
Sep 01 11:30:03.794988 dv-cinder-788782-7-smb devstack@c-api.service[100758]: [pid: 100758|app: 0|req: 158/305] 10.222.0.11 () {60 vars in 1351 bytes} [Wed Sep 1 11:30:03 2021] PUT /volume/v3/afafeb888c474d039e72e40b422a176e/os-quota-sets/c517ccd1cd524bb6a50062484c4b8656 => generated 504 bytes in 114 msecs (HTTP/1.1 200) 7 headers in 285 bytes (1 switches on core 0)
Sep 01 11:30:03.804316 dv-cinder-788782-7-smb devstack@c-api.service[100758]: INFO cinder.api.openstack.wsgi [None req-dfb371e5-9212-428b-bb37-2071e52ebc7f tempest-VolumeSnapshotQuotasNegativeTestJSON-699114151 tempest-VolumeSnapshotQuotasNegativeTestJSON-699114151-project] POST http://10.222.0.11/volume/v3/c517ccd1cd524bb6a50062484c4b8656/snapshots
Sep 01 11:30:03.806094 dv-cinder-788782-7-smb devstack@c-api.service[100758]: DEBUG cinder.api.openstack.wsgi [None req-dfb371e5-9212-428b-bb37-2071e52ebc7f tempest-VolumeSnapshotQuotasNegativeTestJSON-699114151 tempest-VolumeSnapshotQuotasNegativeTestJSON-699114151-project] Action: 'create', calling method: create, body: {"snapshot": {"volume_id": "6c09b2cd-2bb1-476d-bfac-70d567a633a4"}} {{(pid=100758) _process_stack /opt/stack/cinder/cinder/api/openstack/wsgi.py:854}}
Sep 01 11:30:03.806813 dv-cinder-788782-7-smb devstack@c-api.service[100757]: INFO cinder.volume.api [None req-e5e541a3-0bbc-4907-bbf1-cd5604c761be tempest-VolumesImageMetadata-2087605176 tempest-VolumesImageMetadata-2087605176-project] Volume info retrieved successfully.
Sep 01 11:30:03.831371 dv-cinder-788782-7-smb devstack@c-api.service[100757]: INFO cinder.api.openstack.wsgi [None req-e5e541a3-0bbc-4907-bbf1-cd5604c761be tempest-VolumesImageMetadata-2087605176 tempest-VolumesImageMetadata-2087605176-project] http://10.222.0.11/volume/v3/eb92b17b2b624ef6af5353e5ee22d78a/volumes/7a949d13-0107-434f-9df5-4e26a2f8247e returned with HTTP 200
