Aug 31 12:52:08.492431 dv-cinder-788782-6-smb neutron-server[100316]: INFO neutron.wsgi [req-c1cbf524-b32d-4252-af69-a96b509f322c req-e4b3b4b8-93f9-4500-a198-a4b3815b4169 tempest-DeleteServersTestJSON-1609133627 tempest-DeleteServersTestJSON-1609133627-project] 10.222.0.49 "GET /v2.0/quotas/efe48130e7db4a96ad1f249b4ae3a903 HTTP/1.1" status: 200 len: 375 time: 0.0274189
Aug 31 12:52:08.574042 dv-cinder-788782-6-smb neutron-server[100318]: DEBUG neutron.api.rpc.handlers.dhcp_rpc [None req-ad744d32-2e94-42fe-9853-552203a17a1b None None] Create dhcp port {'port': {'name': '', 'admin_state_up': True, 'device_id': 'dhcp42561b20-0266-5cf2-b177-4ef1a48c53c0-7350d0fa-ef31-4958-bc94-9eea38a94faf', 'network_id': '7350d0fa-ef31-4958-bc94-9eea38a94faf', 'tenant_id': '24dc05bba3214e3ca73541530ee63505', 'fixed_ips': [{'subnet_id': '00ffa376-e87a-46c5-9010-5cb7a5d02344'}]}} from dv-cinder-788782-6-smb. {{(pid=100318) create_dhcp_port /opt/stack/neutron/neutron/api/rpc/handlers/dhcp_rpc.py:285}}
Aug 31 12:52:08.574500 dv-cinder-788782-6-smb neutron-server[100318]: DEBUG neutron_lib.callbacks.manager [None req-ad744d32-2e94-42fe-9853-552203a17a1b None None] Notify callbacks ['neutron.plugins.ml2.plugin.SecurityGroupDbMixin._ensure_default_security_group_handler-735216'] for port, before_create {{(pid=100318) _notify_loop /usr/local/lib/python3.8/dist-packages/neutron_lib/callbacks/manager.py:192}}
Aug 31 12:52:08.581358 dv-cinder-788782-6-smb neutron-server[100316]: INFO neutron.wsgi [req-c1cbf524-b32d-4252-af69-a96b509f322c req-19ec04ef-75ae-47b5-aa5a-75f173cf310a tempest-DeleteServersTestJSON-1609133627 tempest-DeleteServersTestJSON-1609133627-project] 10.222.0.49 "GET /v2.0/ports?tenant_id=efe48130e7db4a96ad1f249b4ae3a903&fields=id HTTP/1.1" status: 200 len: 210 time: 0.0708058
Aug 31 12:52:08.589878 dv-cinder-788782-6-smb neutron-server[100316]: DEBUG neutron.wsgi [req-c1cbf524-b32d-4252-af69-a96b509f322c req-cb6fd1a2-110f-4aa0-9a49-2f5be02704e9 tempest-DeleteServersTestJSON-1609133627 tempest-DeleteServersTestJSON-1609133627-project] http://10.222.0.49:9696/v2.0/extensions returned with HTTP 200 {{(pid=100316) __call__ /opt/stack/neutron/neutron/wsgi.py:729}}
Aug 31 12:52:08.604480 dv-cinder-788782-6-smb neutron-server[100316]: INFO neutron.wsgi [req-c1cbf524-b32d-4252-af69-a96b509f322c req-cb6fd1a2-110f-4aa0-9a49-2f5be02704e9 tempest-DeleteServersTestJSON-1609133627 tempest-DeleteServersTestJSON-1609133627-project] 10.222.0.49 "GET /v2.0/extensions HTTP/1.1" status: 200 len: 13640 time: 0.0212595
Aug 31 12:52:08.605718 dv-cinder-788782-6-smb neutron-server[100316]: DEBUG neutron.scheduler.dhcp_agent_scheduler [None req-defae02f-d9cb-4261-88d5-82590985a450 admin admin] Network 10b12fe5-0fba-49b0-8def-ee60cc68ef96 is scheduled to be hosted by DHCP agent 362cc862-73ce-4498-9e0b-094e05926cd4 with binding_index 1 {{(pid=100316) bind /opt/stack/neutron/neutron/scheduler/dhcp_agent_scheduler.py:227}}
Aug 31 12:52:08.615543 dv-cinder-788782-6-smb neutron-server[100316]: DEBUG neutron_lib.callbacks.manager [None req-c4f34b9d-d325-4ba4-b010-5e818e9cdd5f admin admin] Notify callbacks ['neutron.services.l3_router.l3_router_plugin.L3_HA_NAT_db_mixin._before_router_create_handler-8109575', 'neutron.services.l3_router.service_providers.driver_controller.DriverController._check_router_request-5346'] for router, before_create {{(pid=100316) _notify_loop /usr/local/lib/python3.8/dist-packages/neutron_lib/callbacks/manager.py:192}}
Aug 31 12:52:08.623507 dv-cinder-788782-6-smb neutron-server[100316]: DEBUG neutron_lib.callbacks.manager [None req-c4f34b9d-d325-4ba4-b010-5e818e9cdd5f admin admin] Notify callbacks ['neutron.services.l3_router.l3_router_plugin.L3_HA_NAT_db_mixin._precommit_router_create-368865', 'neutron.services.l3_router.l3_router_plugin.DVRResourceOperationHandler._set_distributed_flag-370066', 'neutron.services.l3_router.l3_router_plugin.RouterAvailabilityZoneMixin._process_az_request-372849', 'neutron.services.l3_router.service_providers.driver_controller.DriverController._set_router_provider-5365'] for router, precommit_create {{(pid=100316) _notify_loop /usr/local/lib/python3.8/dist-packages/neutron_lib/callbacks/manager.py:192}}
Aug 31 12:52:08.632335 dv-cinder-788782-6-smb neutron-server[100316]: DEBUG neutron.scheduler.base_scheduler [None req-defae02f-d9cb-4261-88d5-82590985a450 admin admin] Resources bound (agent type, host, resource id): (DHCP agent, dv-cinder-788782-6-smb, 10b12fe5-0fba-49b0-8def-ee60cc68ef96) {{(pid=100316) schedule /opt/stack/neutron/neutron/scheduler/base_scheduler.py:57}}
Aug 31 12:52:08.661492 dv-cinder-788782-6-smb neutron-server[100316]: DEBUG neutron.pecan_wsgi.hooks.policy_enforcement [None req-defae02f-d9cb-4261-88d5-82590985a450 admin admin] Attributes excluded by policy engine: ['standard_attr_id', 'shared', 'network'] {{(pid=100316) _exclude_attributes_by_policy /opt/stack/neutron/neutron/pecan_wsgi/hooks/policy_enforcement.py:255}}
Aug 31 12:52:08.663428 dv-cinder-788782-6-smb neutron-server[100316]: DEBUG neutron_lib.callbacks.manager [None req-defae02f-d9cb-4261-88d5-82590985a450 admin admin] Notify callbacks ['neutron.api.rpc.agentnotifiers.dhcp_rpc_agent_api.DhcpAgentNotifyAPI._send_dhcp_notification-7900832'] for subnet, before_response {{(pid=100316) _notify_loop /usr/local/lib/python3.8/dist-packages/neutron_lib/callbacks/manager.py:192}}
Aug 31 12:52:08.698135 dv-cinder-788782-6-smb neutron-server[100318]: DEBUG neutron.api.rpc.handlers.dhcp_rpc [None req-b028b70b-9664-4561-b9bd-0c394babdca1 None None] Network 10b12fe5-0fba-49b0-8def-ee60cc68ef96 requested from dv-cinder-788782-6-smb {{(pid=100318) get_network_info /opt/stack/neutron/neutron/api/rpc/handlers/dhcp_rpc.py:218}}
Aug 31 12:52:08.761414 dv-cinder-788782-6-smb neutron-server[100318]: DEBUG neutron.api.rpc.handlers.dhcp_rpc [None req-669547ec-f1d0-448a-9c2d-a304415336f3 None None] Network 2b0b7a91-de9d-4cbf-a4d6-1adef2bee196 requested from dv-cinder-788782-6-smb {{(pid=100318) get_network_info /opt/stack/neutron/neutron/api/rpc/handlers/dhcp_rpc.py:218}}
Aug 31 12:52:08.793520 dv-cinder-788782-6-smb neutron-server[100317]: DEBUG neutron_lib.callbacks.manager [None req-181a8759-d378-4b9b-b261-510af521b8eb admin admin] Notify callbacks [] for router_gateway, precommit_update {{(pid=100317) _notify_loop /usr/local/lib/python3.8/dist-packages/neutron_lib/callbacks/manager.py:192}}
Aug 31 12:52:08.816854 dv-cinder-788782-6-smb neutron-server[100316]: DEBUG neutron_lib.callbacks.manager [None req-c4f34b9d-d325-4ba4-b010-5e818e9cdd5f admin admin] Notify callbacks [] for router_controller, precommit_add_association {{(pid=100316) _notify_loop /usr/local/lib/python3.8/dist-packages/neutron_lib/callbacks/manager.py:192}}
Aug 31 12:52:08.822589 dv-cinder-788782-6-smb neutron-server[100316]: INFO neutron.wsgi [None req-defae02f-d9cb-4261-88d5-82590985a450 admin admin] 10.222.0.49 "POST /v2.0/subnets HTTP/1.1" status: 201 len: 853 time: 1.4976280
Aug 31 12:52:08.824004 dv-cinder-788782-6-smb neutron-server[100317]: DEBUG neutron.wsgi [-] (100317) accepted ('10.222.0.49', 49206) {{(pid=100317) server /usr/local/lib/python3.8/dist-packages/eventlet/wsgi.py:982}}
Aug 31 12:52:08.829147 dv-cinder-788782-6-smb neutron-server[100317]: DEBUG neutron.api.v2.base [None req-fb0876e7-5ded-4246-b5ca-91e734ab0bd0 admin admin] Request body: {'router': {'name': 'tempest-AttachVolumeShelveTestJSON-1464722489-router', 'tenant_id': '49ff6bed792b46fd8d51c9f27a621c6b', 'external_gateway_info': {'network_id': '51f5a734-8c07-4860-8828-ed939077852d'}}} {{(pid=100317) prepare_request_body /opt/stack/neutron/neutron/api/v2/base.py:730}}
Aug 31 12:52:08.942594 dv-cinder-788782-6-smb neutron-server[100317]: INFO neutron.wsgi [req-c0273744-a9d5-434b-8400-58ff9abaf4b1 req-20175aad-7291-428f-86bd-e251ca96bc4e service neutron] 10.222.0.49 "GET /v2.0/networks/d90540b7-ebdc-4ace-9c7e-a24784a345dc?fields=segments HTTP/1.1" status: 200 len: 212 time: 0.4322746
Aug 31 12:52:08.959993 dv-cinder-788782-6-smb neutron-server[100317]: DEBUG neutron_lib.callbacks.manager [None req-fb0876e7-5ded-4246-b5ca-91e734ab0bd0 admin admin] Notify callbacks ['neutron.services.l3_router.l3_router_plugin.L3_HA_NAT_db_mixin._before_router_create_handler-8109575', 'neutron.services.l3_router.service_providers.driver_controller.DriverController._check_router_request-5346'] for router, before_create {{(pid=100317) _notify_loop /usr/local/lib/python3.8/dist-packages/neutron_lib/callbacks/manager.py:192}}
Aug 31 12:52:08.961118 dv-cinder-788782-6-smb neutron-server[100317]: DEBUG neutron_lib.callbacks.manager [None req-fb0876e7-5ded-4246-b5ca-91e734ab0bd0 admin admin] Notify callbacks ['neutron.services.l3_router.l3_router_plugin.L3_HA_NAT_db_mixin._precommit_router_create-368865', 'neutron.services.l3_router.l3_router_plugin.DVRResourceOperationHandler._set_distributed_flag-370066', 'neutron.services.l3_router.l3_router_plugin.RouterAvailabilityZoneMixin._process_az_request-372849', 'neutron.services.l3_router.service_providers.driver_controller.DriverController._set_router_provider-5365'] for router, precommit_create {{(pid=100317) _notify_loop /usr/local/lib/python3.8/dist-packages/neutron_lib/callbacks/manager.py:192}}
Aug 31 12:52:08.974210 dv-cinder-788782-6-smb neutron-server[100318]: DEBUG neutron.db.db_base_plugin_common [None req-ad744d32-2e94-42fe-9853-552203a17a1b None None] Allocated IP 172.20.0.2 (7350d0fa-ef31-4958-bc94-9eea38a94faf/00ffa376-e87a-46c5-9010-5cb7a5d02344/c74122c1-e944-4d28-8576-9ee050cee16e) {{(pid=100318) _store_ip_allocation /opt/stack/neutron/neutron/db/db_base_plugin_common.py:131}}
Aug 31 12:52:09.079216 dv-cinder-788782-6-smb neutron-server[100316]: DEBUG neutron_lib.callbacks.manager [None req-c4f34b9d-d325-4ba4-b010-5e818e9cdd5f admin admin] Notify callbacks [] for router_gateway, precommit_update {{(pid=100316) _notify_loop /usr/local/lib/python3.8/dist-packages/neutron_lib/callbacks/manager.py:192}}
Aug 31 12:52:09.097138 dv-cinder-788782-6-smb neutron-server[100317]: DEBUG neutron_lib.callbacks.manager [None req-fb0876e7-5ded-4246-b5ca-91e734ab0bd0 admin admin] Notify callbacks [] for router_controller, precommit_add_association {{(pid=100317) _notify_loop /usr/local/lib/python3.8/dist-packages/neutron_lib/callbacks/manager.py:192}}
Aug 31 12:52:09.111988 dv-cinder-788782-6-smb neutron-server[100318]: DEBUG neutron.api.rpc.handlers.dhcp_rpc [None req-2a5ac863-67c3-49de-9879-69082a9eaa2e None None] Create dhcp port {'port': {'name': '', 'admin_state_up': True, 'device_id': 'dhcp42561b20-0266-5cf2-b177-4ef1a48c53c0-10b12fe5-0fba-49b0-8def-ee60cc68ef96', 'network_id': '10b12fe5-0fba-49b0-8def-ee60cc68ef96', 'tenant_id': '49ff6bed792b46fd8d51c9f27a621c6b', 'fixed_ips': [{'subnet_id': '4a278adf-fea1-4dba-9928-81fb235be6aa'}]}} from dv-cinder-788782-6-smb. {{(pid=100318) create_dhcp_port /opt/stack/neutron/neutron/api/rpc/handlers/dhcp_rpc.py:285}}
Aug 31 12:52:09.113381 dv-cinder-788782-6-smb neutron-server[100318]: DEBUG neutron_lib.callbacks.manager [None req-2a5ac863-67c3-49de-9879-69082a9eaa2e None None] Notify callbacks ['neutron.plugins.ml2.plugin.SecurityGroupDbMixin._ensure_default_security_group_handler-735216'] for port, before_create {{(pid=100318) _notify_loop /usr/local/lib/python3.8/dist-packages/neutron_lib/callbacks/manager.py:192}}
Aug 31 12:52:09.179263 dv-cinder-788782-6-smb neutron-server[100317]: INFO neutron.wsgi [req-c0273744-a9d5-434b-8400-58ff9abaf4b1 req-8864fced-66ae-4eb7-bc56-1a915084825f service neutron] 10.222.0.49 "GET /v2.0/networks/d90540b7-ebdc-4ace-9c7e-a24784a345dc?fields=provider%3Aphysical_network&fields=provider%3Anetwork_type HTTP/1.1" status: 200 len: 281 time: 0.2278340
Aug 31 12:52:09.182476 dv-cinder-788782-6-smb neutron-server[100316]: INFO neutron.wsgi [req-c1cbf524-b32d-4252-af69-a96b509f322c req-572f060e-3b1d-46c9-8c0d-9a70d49910ae service neutron] 10.222.0.49 "GET /v2.0/networks/31592588-88e3-48c1-9274-a415ec9a53a7?fields=segments HTTP/1.1" status: 200 len: 212 time: 0.3606830
Aug 31 12:52:09.296232 dv-cinder-788782-6-smb neutron-server[100316]: INFO neutron.wsgi [req-c1cbf524-b32d-4252-af69-a96b509f322c req-62cbe0b9-57c1-4f60-bad5-be1330255c5d service neutron] 10.222.0.49 "GET /v2.0/networks/31592588-88e3-48c1-9274-a415ec9a53a7?fields=provider%3Aphysical_network&fields=provider%3Anetwork_type HTTP/1.1" status: 200 len: 281 time: 0.1133492
Aug 31 12:52:09.314702 dv-cinder-788782-6-smb neutron-server[100317]: DEBUG neutron_lib.callbacks.manager [None req-181a8759-d378-4b9b-b261-510af521b8eb admin admin] Notify callbacks [] for router_gateway, before_create {{(pid=100317) _notify_loop /usr/local/lib/python3.8/dist-packages/neutron_lib/callbacks/manager.py:192}}
Aug 31 12:52:09.393277 dv-cinder-788782-6-smb neutron-server[100318]: DEBUG neutron.db.db_base_plugin_common [None req-2a5ac863-67c3-49de-9879-69082a9eaa2e None None] Allocated IP 172.20.0.2 (10b12fe5-0fba-49b0-8def-ee60cc68ef96/4a278adf-fea1-4dba-9928-81fb235be6aa/6447e50f-cfa2-468d-b319-9f27241431ad) {{(pid=100318) _store_ip_allocation /opt/stack/neutron/neutron/db/db_base_plugin_common.py:131}}
Aug 31 12:52:09.404993 dv-cinder-788782-6-smb neutron-server[100317]: DEBUG neutron_lib.callbacks.manager [None req-181a8759-d378-4b9b-b261-510af521b8eb admin admin] Notify callbacks ['neutron.plugins.ml2.plugin.SecurityGroupDbMixin._ensure_default_security_group_handler-735216'] for port, before_create {{(pid=100317) _notify_loop /usr/local/lib/python3.8/dist-packages/neutron_lib/callbacks/manager.py:192}}
Aug 31 12:52:09.419093 dv-cinder-788782-6-smb neutron-server[100317]: DEBUG neutron_lib.callbacks.manager [None req-fb0876e7-5ded-4246-b5ca-91e734ab0bd0 admin admin] Notify callbacks [] for router_gateway, precommit_update {{(pid=100317) _notify_loop /usr/local/lib/python3.8/dist-packages/neutron_lib/callbacks/manager.py:192}}
Aug 31 12:52:09.588038 dv-cinder-788782-6-smb neutron-server[100316]: DEBUG neutron_lib.callbacks.manager [None req-c4f34b9d-d325-4ba4-b010-5e818e9cdd5f admin admin] Notify callbacks [] for router_gateway, before_create {{(pid=100316) _notify_loop /usr/local/lib/python3.8/dist-packages/neutron_lib/callbacks/manager.py:192}}
Aug 31 12:52:09.596048 dv-cinder-788782-6-smb neutron-server[100318]: DEBUG neutron_lib.callbacks.manager [None req-ad744d32-2e94-42fe-9853-552203a17a1b None None] Notify callbacks [] for port, precommit_create {{(pid=100318) _notify_loop /usr/local/lib/python3.8/dist-packages/neutron_lib/callbacks/manager.py:192}}
Aug 31 12:52:09.622779 dv-cinder-788782-6-smb neutron-server[100316]: DEBUG neutron_lib.callbacks.manager [None req-c4f34b9d-d325-4ba4-b010-5e818e9cdd5f admin admin] Notify callbacks ['neutron.plugins.ml2.plugin.SecurityGroupDbMixin._ensure_default_security_group_handler-735216'] for port, before_create {{(pid=100316) _notify_loop /usr/local/lib/python3.8/dist-packages/neutron_lib/callbacks/manager.py:192}}
Aug 31 12:52:09.657940 dv-cinder-788782-6-smb neutron-server[100317]: DEBUG neutron.db.db_base_plugin_common [None req-181a8759-d378-4b9b-b261-510af521b8eb admin admin] Allocated IP 172.28.1.37 (51f5a734-8c07-4860-8828-ed939077852d/827f832a-531a-4d5e-84b3-be1f98d8dd6c/c87ab147-a4ad-42a6-aa45-a401e5b33489) {{(pid=100317) _store_ip_allocation /opt/stack/neutron/neutron/db/db_base_plugin_common.py:131}}
Aug 31 12:52:09.674582 dv-cinder-788782-6-smb neutron-server[100318]: DEBUG neutron.db.provisioning_blocks [None req-ad744d32-2e94-42fe-9853-552203a17a1b None None] Transition to ACTIVE for port object c74122c1-e944-4d28-8576-9ee050cee16e will not be triggered until provisioned by entity L2. {{(pid=100318) add_provisioning_component /opt/stack/neutron/neutron/db/provisioning_blocks.py:73}}
Aug 31 12:52:09.711240 dv-cinder-788782-6-smb neutron-server[100318]: DEBUG neutron.db.provisioning_blocks [None req-ad744d32-2e94-42fe-9853-552203a17a1b None None] Transition to ACTIVE for port object c74122c1-e944-4d28-8576-9ee050cee16e will not be triggered until provisioned by entity DHCP. {{(pid=100318) add_provisioning_component /opt/stack/neutron/neutron/db/provisioning_blocks.py:73}}
Aug 31 12:52:09.744078 dv-cinder-788782-6-smb neutron-server[100318]: DEBUG neutron_lib.callbacks.manager [None req-ad744d32-2e94-42fe-9853-552203a17a1b None None] Notify callbacks ['neutron.plugins.ml2.plugin.SecurityGroupServerNotifierRpcMixin._notify_sg_on_port_change-735159', 'neutron.plugins.ml2.ovo_rpc._ObjectChangeHandler.handle_event-148748', 'neutron.api.rpc.agentnotifiers.dhcp_rpc_agent_api.DhcpAgentNotifyAPI._native_event_send_dhcp_notification-7900754', 'neutron.db.l3_dvrscheduler_db._notify_l3_agent_new_port-8785233564968'] for port, after_create {{(pid=100318) _notify_loop /usr/local/lib/python3.8/dist-packages/neutron_lib/callbacks/manager.py:192}}
Aug 31 12:52:09.828345 dv-cinder-788782-6-smb neutron-server[100318]: DEBUG neutron.scheduler.dhcp_agent_scheduler [None req-ad744d32-2e94-42fe-9853-552203a17a1b None None] Network 7350d0fa-ef31-4958-bc94-9eea38a94faf is already hosted by enough agents. {{(pid=100318) _get_dhcp_agents_hosting_network /opt/stack/neutron/neutron/scheduler/dhcp_agent_scheduler.py:275}}
Aug 31 12:52:09.832857 dv-cinder-788782-6-smb neutron-server[100318]: DEBUG neutron.scheduler.base_scheduler [None req-ad744d32-2e94-42fe-9853-552203a17a1b None None] Resources bound (agent type, host, resource id): {{(pid=100318) schedule /opt/stack/neutron/neutron/scheduler/base_scheduler.py:57}}
Aug 31 12:52:09.847684 dv-cinder-788782-6-smb neutron-server[100318]: DEBUG neutron.db.l3_dvrscheduler_db [None req-ad744d32-2e94-42fe-9853-552203a17a1b None None] Received port after_create {{(pid=100318) _notify_l3_agent_new_port /opt/stack/neutron/neutron/db/l3_dvrscheduler_db.py:535}}
Aug 31 12:52:09.861771 dv-cinder-788782-6-smb neutron-server[100318]: DEBUG neutron_lib.callbacks.manager [None req-2a5ac863-67c3-49de-9879-69082a9eaa2e None None] Notify callbacks [] for port, precommit_create {{(pid=100318) _notify_loop /usr/local/lib/python3.8/dist-packages/neutron_lib/callbacks/manager.py:192}}
Aug 31 12:52:09.878066 dv-cinder-788782-6-smb neutron-server[100318]: DEBUG neutron.api.rpc.handlers.resources_rpc [None req-ad744d32-2e94-42fe-9853-552203a17a1b None None] Pushing event updated for resources: {'Port': ['ID=c74122c1-e944-4d28-8576-9ee050cee16e,revision_number=1']} {{(pid=100318) push /opt/stack/neutron/neutron/api/rpc/handlers/resources_rpc.py:237}}
Aug 31 12:52:09.882721 dv-cinder-788782-6-smb neutron-server[100318]: DEBUG neutron.db.provisioning_blocks [None req-2a5ac863-67c3-49de-9879-69082a9eaa2e None None] Transition to ACTIVE for port object 6447e50f-cfa2-468d-b319-9f27241431ad will not be triggered until provisioned by entity L2. {{(pid=100318) add_provisioning_component /opt/stack/neutron/neutron/db/provisioning_blocks.py:73}}
Aug 31 12:52:09.909787 dv-cinder-788782-6-smb neutron-server[100318]: DEBUG neutron.api.rpc.callbacks.version_manager [None req-ad744d32-2e94-42fe-9853-552203a17a1b None None] Version for resource type AddressGroup changed None to 1.2 on consumer Open vSwitch agent@dv-cinder-788782-6-smb {{(pid=100318) _set_version /opt/stack/neutron/neutron/api/rpc/callbacks/version_manager.py:113}}
Aug 31 12:52:09.909787 dv-cinder-788782-6-smb neutron-server[100318]: DEBUG neutron.api.rpc.callbacks.version_manager [None req-ad744d32-2e94-42fe-9853-552203a17a1b None None] Version for resource type ConntrackHelper changed None to 1.0 on consumer Open vSwitch agent@dv-cinder-788782-6-smb {{(pid=100318) _set_version /opt/stack/neutron/neutron/api/rpc/callbacks/version_manager.py:113}}
Aug 31 12:52:09.910145 dv-cinder-788782-6-smb neutron-server[100318]: DEBUG neutron.api.rpc.callbacks.version_manager [None req-ad744d32-2e94-42fe-9853-552203a17a1b None None] Version for resource type Log changed None to 1.0 on consumer Open vSwitch agent@dv-cinder-788782-6-smb {{(pid=100318) _set_version /opt/stack/neutron/neutron/api/rpc/callbacks/version_manager.py:113}}
Aug 31 12:52:09.910481 dv-cinder-788782-6-smb neutron-server[100318]: DEBUG neutron.api.rpc.callbacks.version_manager [None req-ad744d32-2e94-42fe-9853-552203a17a1b None None] Version for resource type Network changed None to 1.1 on consumer Open vSwitch agent@dv-cinder-788782-6-smb {{(pid=100318) _set_version /opt/stack/neutron/neutron/api/rpc/callbacks/version_manager.py:113}}
Aug 31 12:52:09.911312 dv-cinder-788782-6-smb neutron-server[100318]: DEBUG neutron.api.rpc.callbacks.version_manager [None req-ad744d32-2e94-42fe-9853-552203a17a1b None None] Version for resource type Port changed None to 1.7 on consumer Open vSwitch agent@dv-cinder-788782-6-smb {{(pid=100318) _set_version /opt/stack/neutron/neutron/api/rpc/callbacks/version_manager.py:113}}
Aug 31 12:52:09.923970 dv-cinder-788782-6-smb neutron-server[100318]: DEBUG neutron.api.rpc.callbacks.version_manager [None req-ad744d32-2e94-42fe-9853-552203a17a1b None None] Version for resource type PortForwarding changed None to 1.2 on consumer Open vSwitch agent@dv-cinder-788782-6-smb {{(pid=100318) _set_version /opt/stack/neutron/neutron/api/rpc/callbacks/version_manager.py:113}}
Aug 31 12:52:09.924425 dv-cinder-788782-6-smb neutron-server[100318]: DEBUG neutron.api.rpc.callbacks.version_manager [None req-ad744d32-2e94-42fe-9853-552203a17a1b None None] Version for resource type QosPolicy changed None to 1.9 on consumer Open vSwitch agent@dv-cinder-788782-6-smb {{(pid=100318) _set_version /opt/stack/neutron/neutron/api/rpc/callbacks/version_manager.py:113}}
Aug 31 12:52:09.924789 dv-cinder-788782-6-smb neutron-server[100318]: DEBUG neutron.api.rpc.callbacks.version_manager [None req-ad744d32-2e94-42fe-9853-552203a17a1b None None] Version for resource type SecurityGroup changed None to 1.4 on consumer Open vSwitch agent@dv-cinder-788782-6-smb {{(pid=100318) _set_version /opt/stack/neutron/neutron/api/rpc/callbacks/version_manager.py:113}}
Aug 31 12:52:09.925139 dv-cinder-788782-6-smb neutron-server[100318]: DEBUG neutron.api.rpc.callbacks.version_manager [None req-ad744d32-2e94-42fe-9853-552203a17a1b None None] Version for resource type SecurityGroupRule changed None to 1.2 on consumer Open vSwitch agent@dv-cinder-788782-6-smb {{(pid=100318) _set_version /opt/stack/neutron/neutron/api/rpc/callbacks/version_manager.py:113}}
Aug 31 12:52:09.925483 dv-cinder-788782-6-smb neutron-server[100318]: DEBUG neutron.api.rpc.callbacks.version_manager [None req-ad744d32-2e94-42fe-9853-552203a17a1b None None] Version for resource type SubPort changed None to 1.0 on consumer Open vSwitch agent@dv-cinder-788782-6-smb {{(pid=100318) _set_version /opt/stack/neutron/neutron/api/rpc/callbacks/version_manager.py:113}}
Aug 31 12:52:09.925808 dv-cinder-788782-6-smb neutron-server[100318]: DEBUG neutron.api.rpc.callbacks.version_manager [None req-ad744d32-2e94-42fe-9853-552203a17a1b None None] Version for resource type Subnet changed None to 1.1 on consumer Open vSwitch agent@dv-cinder-788782-6-smb {{(pid=100318) _set_version /opt/stack/neutron/neutron/api/rpc/callbacks/version_manager.py:113}}
Aug 31 12:52:09.926178 dv-cinder-788782-6-smb neutron-server[100318]: DEBUG neutron.api.rpc.callbacks.version_manager [None req-ad744d32-2e94-42fe-9853-552203a17a1b None None] Version for resource type Trunk changed None to 1.1 on consumer Open vSwitch agent@dv-cinder-788782-6-smb {{(pid=100318) _set_version /opt/stack/neutron/neutron/api/rpc/callbacks/version_manager.py:113}}
Aug 31 12:52:09.927278 dv-cinder-788782-6-smb neutron-server[100318]: DEBUG neutron.api.rpc.callbacks.version_manager [None req-ad744d32-2e94-42fe-9853-552203a17a1b None None] Tracked resource versions report:
Aug 31 12:52:09.927278 dv-cinder-788782-6-smb neutron-server[100318]: pushed versions:
Aug 31 12:52:09.927278 dv-cinder-788782-6-smb neutron-server[100318]: { 'AddressGroup': {'1.2'},
Aug 31 12:52:09.927278 dv-cinder-788782-6-smb neutron-server[100318]: 'ConntrackHelper': {'1.0'},
Aug 31 12:52:09.927278 dv-cinder-788782-6-smb neutron-server[100318]: 'Log': {'1.0'},
Aug 31 12:52:09.927278 dv-cinder-788782-6-smb neutron-server[100318]: 'Network': {'1.1'},
Aug 31 12:52:09.927278 dv-cinder-788782-6-smb neutron-server[100318]: 'Port': {'1.7'},
Aug 31 12:52:09.927278 dv-cinder-788782-6-smb neutron-server[100318]: 'PortForwarding': {'1.2'},
Aug 31 12:52:09.927278 dv-cinder-788782-6-smb neutron-server[100318]: 'QosPolicy': {'1.9'},
Aug 31 12:52:09.927278 dv-cinder-788782-6-smb neutron-server[100318]: 'SecurityGroup': {'1.4'},
Aug 31 12:52:09.927278 dv-cinder-788782-6-smb neutron-server[100318]: 'SecurityGroupRule': {'1.2'},
Aug 31 12:52:09.927278 dv-cinder-788782-6-smb neutron-server[100318]: 'SubPort': {'1.0'},
Aug 31 12:52:09.927278 dv-cinder-788782-6-smb neutron-server[100318]: 'Subnet': {'1.1'},
Aug 31 12:52:09.927278 dv-cinder-788782-6-smb neutron-server[100318]: 'Trunk': {'1.1'}}
Aug 31 12:52:09.927278 dv-cinder-788782-6-smb neutron-server[100318]: consumer versions:
Aug 31 12:52:09.927278 dv-cinder-788782-6-smb neutron-server[100318]: { DHCP agent@dv-cinder-788782-6-smb: {},
Aug 31 12:52:09.927278 dv-cinder-788782-6-smb neutron-server[100318]: HyperV agent@hv-cinder-78878: {},
Aug 31 12:52:09.927278 dv-cinder-788782-6-smb neutron-server[100318]: L3 agent@dv-cinder-788782-6-smb: {},
Aug 31 12:52:09.927278 dv-cinder-788782-6-smb neutron-server[100318]: Metadata agent@dv-cinder-788782-6-smb: {},
Aug 31 12:52:09.927278 dv-cinder-788782-6-smb neutron-server[100318]: Metering agent@dv-cinder-788782-6-smb: {},
Aug 31 12:52:09.927278 dv-cinder-788782-6-smb neutron-server[100318]: Open vSwitch agent@dv-cinder-788782-6-smb: { 'AddressGroup': '1.2',
Aug 31 12:52:09.927278 dv-cinder-788782-6-smb neutron-server[100318]: 'ConntrackHelper': '1.0',
Aug 31 12:52:09.927278 dv-cinder-788782-6-smb neutron-server[100318]: 'Log': '1.0',
Aug 31 12:52:09.927278 dv-cinder-788782-6-smb neutron-server[100318]: 'Network': '1.1',
Aug 31 12:52:09.927278 dv-cinder-788782-6-smb neutron-server[100318]: 'Port': '1.7',
Aug 31 12:52:09.927278 dv-cinder-788782-6-smb neutron-server[100318]: 'PortForwarding': '1.2',
Aug 31 12:52:09.927278 dv-cinder-788782-6-smb neutron-server[100318]: 'QosPolicy': '1.9',
Aug 31 12:52:09.927278 dv-cinder-788782-6-smb neutron-server[100318]: 'SecurityGroup': '1.4',
Aug 31 12:52:09.927278 dv-cinder-788782-6-smb neutron-server[100318]: 'SecurityGroupRule': '1.2',
Aug 31 12:52:09.927278 dv-cinder-788782-6-smb neutron-server[100318]: 'SubPort': '1.0',
Aug 31 12:52:09.927278 dv-cinder-788782-6-smb neutron-server[100318]: 'Subnet': '1.1',
Aug 31 12:52:09.927278 dv-cinder-788782-6-smb neutron-server[100318]: 'Trunk': '1.1'}}
Aug 31 12:52:09.927278 dv-cinder-788782-6-smb neutron-server[100318]: {{(pid=100318) report /opt/stack/neutron/neutron/api/rpc/callbacks/version_manager.py:175}}
Aug 31 12:52:09.971685 dv-cinder-788782-6-smb neutron-server[100317]: INFO neutron.wsgi [req-fe8b44bd-8caa-450b-b851-aa7f2e544c0b req-ddb17d7f-8e1e-449e-9805-b506583187a0 tempest-AttachVolumeNegativeTest-1972286246 tempest-AttachVolumeNegativeTest-1972286246-project] 10.222.0.49 "GET /v2.0/ports?device_id=348c63c5-eb50-494f-90b7-41005388f3d4 HTTP/1.1" status: 200 len: 210 time: 0.0793588
Aug 31 12:52:10.012281 dv-cinder-788782-6-smb neutron-server[100316]: INFO neutron.wsgi [req-95709730-694d-4629-9d36-64d11104aa12 req-e0d8b7c8-a157-4791-8a18-060a07b47912 tempest-DeleteServersTestJSON-1609133627 tempest-DeleteServersTestJSON-1609133627-project] 10.222.0.49 "GET /v2.0/ports?device_id=16db151e-8c8e-457c-a4da-5ce954c0d532 HTTP/1.1" status: 200 len: 210 time: 0.0997148
Aug 31 12:52:10.015643 dv-cinder-788782-6-smb neutron-server[100318]: DEBUG neutron.db.provisioning_blocks [None req-2a5ac863-67c3-49de-9879-69082a9eaa2e None None] Transition to ACTIVE for port object 6447e50f-cfa2-468d-b319-9f27241431ad will not be triggered until provisioned by entity DHCP. {{(pid=100318) add_provisioning_component /opt/stack/neutron/neutron/db/provisioning_blocks.py:73}}
Aug 31 12:52:10.020938 dv-cinder-788782-6-smb neutron-server[100318]: DEBUG neutron.plugins.ml2.managers [None req-ad744d32-2e94-42fe-9853-552203a17a1b None None] Attempting to bind port c74122c1-e944-4d28-8576-9ee050cee16e on host dv-cinder-788782-6-smb for vnic_type normal with profile {{(pid=100318) bind_port /opt/stack/neutron/neutron/plugins/ml2/managers.py:790}}
Aug 31 12:52:10.021300 dv-cinder-788782-6-smb neutron-server[100318]: DEBUG neutron.plugins.ml2.managers [None req-ad744d32-2e94-42fe-9853-552203a17a1b None None] Attempting to bind port c74122c1-e944-4d28-8576-9ee050cee16e by drivers openvswitch,hyperv on host dv-cinder-788782-6-smb at level 0 using segments [{'id': 'd757ac86-60b0-4947-8296-54d4b0f905ac', 'network_type': 'vlan', 'physical_network': 'physnet1', 'segmentation_id': 175, 'network_id': '7350d0fa-ef31-4958-bc94-9eea38a94faf'}] {{(pid=100318) _bind_port_level /opt/stack/neutron/neutron/plugins/ml2/managers.py:815}}
Aug 31 12:52:10.021695 dv-cinder-788782-6-smb neutron-server[100318]: DEBUG neutron.plugins.ml2.drivers.mech_agent [None req-ad744d32-2e94-42fe-9853-552203a17a1b None None] Attempting to bind port c74122c1-e944-4d28-8576-9ee050cee16e on network 7350d0fa-ef31-4958-bc94-9eea38a94faf {{(pid=100318) bind_port /opt/stack/neutron/neutron/plugins/ml2/drivers/mech_agent.py:85}}
Aug 31 12:52:10.026347 dv-cinder-788782-6-smb neutron-server[100318]: DEBUG neutron_lib.callbacks.manager [None req-2a5ac863-67c3-49de-9879-69082a9eaa2e None None] Notify callbacks ['neutron.plugins.ml2.plugin.SecurityGroupServerNotifierRpcMixin._notify_sg_on_port_change-735159', 'neutron.plugins.ml2.ovo_rpc._ObjectChangeHandler.handle_event-148748', 'neutron.api.rpc.agentnotifiers.dhcp_rpc_agent_api.DhcpAgentNotifyAPI._native_event_send_dhcp_notification-7900754', 'neutron.db.l3_dvrscheduler_db._notify_l3_agent_new_port-8785233564968'] for port, after_create {{(pid=100318) _notify_loop /usr/local/lib/python3.8/dist-packages/neutron_lib/callbacks/manager.py:192}}
Aug 31 12:52:10.046973 dv-cinder-788782-6-smb neutron-server[100318]: DEBUG neutron.plugins.ml2.drivers.mech_agent [None req-ad744d32-2e94-42fe-9853-552203a17a1b None None] Checking agent: {'id': '8741399d-746c-4ba9-8409-ec704ff905cb', 'agent_type': 'Open vSwitch agent', 'binary': 'neutron-openvswitch-agent', 'topic': 'N/A', 'host': 'dv-cinder-788782-6-smb', 'admin_state_up': True, 'created_at': datetime.datetime(2021, 8, 31, 12, 43, 55), 'started_at': datetime.datetime(2021, 8, 31, 12, 44, 25), 'heartbeat_timestamp': datetime.datetime(2021, 8, 31, 12, 51, 55), 'description': None, 'resources_synced': None, 'availability_zone': None, 'alive': True, 'configurations': {'arp_responder_enabled': False, 'baremetal_smartnic': False, 'bridge_mappings': {'physnet1': 'br-data'}, 'datapath_type': 'system', 'devices': 0, 'enable_distributed_routing': False, 'extensions': [], 'in_distributed_mode': False, 'integration_bridge': 'br-int', 'l2_population': False, 'log_agent_heartbeats': False, 'ovs_capabilities': {'datapath_types': ['netdev', 'system'], 'iface_types': ['erspan', 'geneve', 'gre', 'internal', 'ip6erspan', 'ip6gre', 'lisp', 'patch', 'stt', 'system', 'tap', 'vxlan']}, 'ovs_hybrid_plug': False, 'resource_provider_bandwidths': {}, 'resource_provider_hypervisors': {'br-data': 'dv-cinder-788782-6-smb'}, 'resource_provider_inventory_defaults': {'allocation_ratio': 1.0, 'min_unit': 1, 'step_size': 1, 'reserved': 0}, 'tunnel_types': [], 'tunneling_ip': None, 'vhostuser_socket_dir': '/var/run/openvswitch'}, 'resource_versions': {'AddressGroup': '1.2', 'ConntrackHelper': '1.0', 'Log': '1.0', 'Network': '1.1', 'Port': '1.7', 'PortForwarding': '1.2', 'QosPolicy': '1.9', 'SecurityGroup': '1.4', 'SecurityGroupRule': '1.2', 'SubPort': '1.0', 'Subnet': '1.1', 'Trunk': '1.1'}} {{(pid=100318) bind_port /opt/stack/neutron/neutron/plugins/ml2/drivers/mech_agent.py:104}}
Aug 31 12:52:10.047507 dv-cinder-788782-6-smb neutron-server[100318]: DEBUG neutron.plugins.ml2.drivers.mech_agent [None req-ad744d32-2e94-42fe-9853-552203a17a1b None None] Checking segment: {'id': 'd757ac86-60b0-4947-8296-54d4b0f905ac', 'network_type': 'vlan', 'physical_network': 'physnet1', 'segmentation_id': 175, 'network_id': '7350d0fa-ef31-4958-bc94-9eea38a94faf'} for mappings: {'physnet1': 'br-data'} with network types: ['local', 'flat', 'vlan'] {{(pid=100318) check_segment_for_agent /opt/stack/neutron/neutron/plugins/ml2/drivers/mech_agent.py:352}}
Aug 31 12:52:10.047930 dv-cinder-788782-6-smb neutron-server[100318]: DEBUG neutron_lib.callbacks.manager [None req-ad744d32-2e94-42fe-9853-552203a17a1b None None] Notify callbacks [] for ovs_bridge_name, before_read {{(pid=100318) _notify_loop /usr/local/lib/python3.8/dist-packages/neutron_lib/callbacks/manager.py:192}}
Aug 31 12:52:10.048323 dv-cinder-788782-6-smb neutron-server[100318]: DEBUG neutron.plugins.ml2.drivers.mech_agent [None req-ad744d32-2e94-42fe-9853-552203a17a1b None None] Bound using segment: {'id': 'd757ac86-60b0-4947-8296-54d4b0f905ac', 'network_type': 'vlan', 'physical_network': 'physnet1', 'segmentation_id': 175, 'network_id': '7350d0fa-ef31-4958-bc94-9eea38a94faf'} {{(pid=100318) bind_port /opt/stack/neutron/neutron/plugins/ml2/drivers/mech_agent.py:114}}
Aug 31 12:52:10.048821 dv-cinder-788782-6-smb neutron-server[100318]: DEBUG neutron.plugins.ml2.managers [None req-ad744d32-2e94-42fe-9853-552203a17a1b None None] Bound port: c74122c1-e944-4d28-8576-9ee050cee16e, host: dv-cinder-788782-6-smb, vif_type: ovs, vif_details: {"connectivity": "l2", "port_filter": true, "ovs_hybrid_plug": false, "datapath_type": "system", "bridge_name": "br-int"}, binding_levels: [{'bound_driver': 'openvswitch', 'bound_segment': {'id': 'd757ac86-60b0-4947-8296-54d4b0f905ac', 'network_type': 'vlan', 'physical_network': 'physnet1', 'segmentation_id': 175, 'network_id': '7350d0fa-ef31-4958-bc94-9eea38a94faf'}}] {{(pid=100318) _bind_port_level /opt/stack/neutron/neutron/plugins/ml2/managers.py:928}}
Aug 31 12:52:10.049269 dv-cinder-788782-6-smb neutron-server[100318]: DEBUG neutron_lib.callbacks.manager [None req-ad744d32-2e94-42fe-9853-552203a17a1b None None] Notify callbacks ['neutron.plugins.ml2.plugin.SecurityGroupDbMixin._ensure_default_security_group_handler-735216'] for port, before_update {{(pid=100318) _notify_loop /usr/local/lib/python3.8/dist-packages/neutron_lib/callbacks/manager.py:192}}
Aug 31 12:52:10.090022 dv-cinder-788782-6-smb neutron-server[100318]: DEBUG neutron.scheduler.dhcp_agent_scheduler [None req-2a5ac863-67c3-49de-9879-69082a9eaa2e None None] Network 10b12fe5-0fba-49b0-8def-ee60cc68ef96 is already hosted by enough agents. {{(pid=100318) _get_dhcp_agents_hosting_network /opt/stack/neutron/neutron/scheduler/dhcp_agent_scheduler.py:275}}
Aug 31 12:52:10.107177 dv-cinder-788782-6-smb neutron-server[100317]: DEBUG neutron_lib.callbacks.manager [None req-fb0876e7-5ded-4246-b5ca-91e734ab0bd0 admin admin] Notify callbacks [] for router_gateway, before_create {{(pid=100317) _notify_loop /usr/local/lib/python3.8/dist-packages/neutron_lib/callbacks/manager.py:192}}
Aug 31 12:52:10.127940 dv-cinder-788782-6-smb neutron-server[100318]: DEBUG neutron.scheduler.base_scheduler [None req-2a5ac863-67c3-49de-9879-69082a9eaa2e None None] Resources bound (agent type, host, resource id): {{(pid=100318) schedule /opt/stack/neutron/neutron/scheduler/base_scheduler.py:57}}
Aug 31 12:52:10.134640 dv-cinder-788782-6-smb neutron-server[100318]: DEBUG neutron.db.l3_dvrscheduler_db [None req-2a5ac863-67c3-49de-9879-69082a9eaa2e None None] Received port after_create {{(pid=100318) _notify_l3_agent_new_port /opt/stack/neutron/neutron/db/l3_dvrscheduler_db.py:535}}
Aug 31 12:52:10.141999 dv-cinder-788782-6-smb neutron-server[100318]: DEBUG neutron.api.rpc.handlers.resources_rpc [None req-2a5ac863-67c3-49de-9879-69082a9eaa2e None None] Pushing event updated for resources: {'Port': ['ID=6447e50f-cfa2-468d-b319-9f27241431ad,revision_number=1']} {{(pid=100318) push /opt/stack/neutron/neutron/api/rpc/handlers/resources_rpc.py:237}}
Aug 31 12:52:10.154931 dv-cinder-788782-6-smb neutron-server[100317]: DEBUG neutron_lib.callbacks.manager [None req-fb0876e7-5ded-4246-b5ca-91e734ab0bd0 admin admin] Notify callbacks ['neutron.plugins.ml2.plugin.SecurityGroupDbMixin._ensure_default_security_group_handler-735216'] for port, before_create {{(pid=100317) _notify_loop /usr/local/lib/python3.8/dist-packages/neutron_lib/callbacks/manager.py:192}}
Aug 31 12:52:10.218871 dv-cinder-788782-6-smb neutron-server[100317]: DEBUG neutron_lib.callbacks.manager [None req-181a8759-d378-4b9b-b261-510af521b8eb admin admin] Notify callbacks [] for port, precommit_create {{(pid=100317) _notify_loop /usr/local/lib/python3.8/dist-packages/neutron_lib/callbacks/manager.py:192}}
Aug 31 12:52:10.266360 dv-cinder-788782-6-smb neutron-server[100318]: DEBUG neutron.plugins.ml2.db [None req-ad744d32-2e94-42fe-9853-552203a17a1b None None] For port c74122c1-e944-4d28-8576-9ee050cee16e, host dv-cinder-788782-6-smb, cleared binding levels {{(pid=100318) clear_binding_levels /opt/stack/neutron/neutron/plugins/ml2/db.py:87}}
Aug 31 12:52:10.279768 dv-cinder-788782-6-smb neutron-server[100318]: DEBUG neutron.plugins.ml2.managers [None req-2a5ac863-67c3-49de-9879-69082a9eaa2e None None] Attempting to bind port 6447e50f-cfa2-468d-b319-9f27241431ad on host dv-cinder-788782-6-smb for vnic_type normal with profile {{(pid=100318) bind_port /opt/stack/neutron/neutron/plugins/ml2/managers.py:790}}
Aug 31 12:52:10.280246 dv-cinder-788782-6-smb neutron-server[100318]: DEBUG neutron.plugins.ml2.managers [None req-2a5ac863-67c3-49de-9879-69082a9eaa2e None None] Attempting to bind port 6447e50f-cfa2-468d-b319-9f27241431ad by drivers openvswitch,hyperv on host dv-cinder-788782-6-smb at level 0 using segments [{'id': 'cd709767-dbec-46aa-ac0e-93c1d0f19af1', 'network_type': 'vlan', 'physical_network': 'physnet1', 'segmentation_id': 165, 'network_id': '10b12fe5-0fba-49b0-8def-ee60cc68ef96'}] {{(pid=100318) _bind_port_level /opt/stack/neutron/neutron/plugins/ml2/managers.py:815}}
Aug 31 12:52:10.280641 dv-cinder-788782-6-smb neutron-server[100318]: DEBUG neutron.plugins.ml2.drivers.mech_agent [None req-2a5ac863-67c3-49de-9879-69082a9eaa2e None None] Attempting to bind port 6447e50f-cfa2-468d-b319-9f27241431ad on network 10b12fe5-0fba-49b0-8def-ee60cc68ef96 {{(pid=100318) bind_port /opt/stack/neutron/neutron/plugins/ml2/drivers/mech_agent.py:85}}
Aug 31 12:52:10.292574 dv-cinder-788782-6-smb neutron-server[100318]: DEBUG neutron.plugins.ml2.db [None req-ad744d32-2e94-42fe-9853-552203a17a1b None None] For port c74122c1-e944-4d28-8576-9ee050cee16e, host dv-cinder-788782-6-smb, set binding levels [PortBindingLevel(driver='openvswitch',host='dv-cinder-788782-6-smb',level=0,port_id=c74122c1-e944-4d28-8576-9ee050cee16e,segment=NetworkSegment(d757ac86-60b0-4947-8296-54d4b0f905ac),segment_id=d757ac86-60b0-4947-8296-54d4b0f905ac)] {{(pid=100318) set_binding_levels /opt/stack/neutron/neutron/plugins/ml2/db.py:59}}
Aug 31 12:52:10.294357 dv-cinder-788782-6-smb neutron-server[100318]: DEBUG neutron.plugins.ml2.drivers.mech_agent [None req-2a5ac863-67c3-49de-9879-69082a9eaa2e None None] Checking agent: {'id': '8741399d-746c-4ba9-8409-ec704ff905cb', 'agent_type': 'Open vSwitch agent', 'binary': 'neutron-openvswitch-agent', 'topic': 'N/A', 'host': 'dv-cinder-788782-6-smb', 'admin_state_up': True, 'created_at': datetime.datetime(2021, 8, 31, 12, 43, 55), 'started_at': datetime.datetime(2021, 8, 31, 12, 44, 25), 'heartbeat_timestamp': datetime.datetime(2021, 8, 31, 12, 51, 55), 'description': None, 'resources_synced': None, 'availability_zone': None, 'alive': True, 'configurations': {'arp_responder_enabled': False, 'baremetal_smartnic': False, 'bridge_mappings': {'physnet1': 'br-data'}, 'datapath_type': 'system', 'devices': 0, 'enable_distributed_routing': False, 'extensions': [], 'in_distributed_mode': False, 'integration_bridge': 'br-int', 'l2_population': False, 'log_agent_heartbeats': False, 'ovs_capabilities': {'datapath_types': ['netdev', 'system'], 'iface_types': ['erspan', 'geneve', 'gre', 'internal', 'ip6erspan', 'ip6gre', 'lisp', 'patch', 'stt', 'system', 'tap', 'vxlan']}, 'ovs_hybrid_plug': False, 'resource_provider_bandwidths': {}, 'resource_provider_hypervisors': {'br-data': 'dv-cinder-788782-6-smb'}, 'resource_provider_inventory_defaults': {'allocation_ratio': 1.0, 'min_unit': 1, 'step_size': 1, 'reserved': 0}, 'tunnel_types': [], 'tunneling_ip': None, 'vhostuser_socket_dir': '/var/run/openvswitch'}, 'resource_versions': {'AddressGroup': '1.2', 'ConntrackHelper': '1.0', 'Log': '1.0', 'Network': '1.1', 'Port': '1.7', 'PortForwarding': '1.2', 'QosPolicy': '1.9', 'SecurityGroup': '1.4', 'SecurityGroupRule': '1.2', 'SubPort': '1.0', 'Subnet': '1.1', 'Trunk': '1.1'}} {{(pid=100318) bind_port /opt/stack/neutron/neutron/plugins/ml2/drivers/mech_agent.py:104}}
Aug 31 12:52:10.294918 dv-cinder-788782-6-smb neutron-server[100318]: DEBUG neutron.plugins.ml2.drivers.mech_agent [None req-2a5ac863-67c3-49de-9879-69082a9eaa2e None None] Checking segment: {'id': 'cd709767-dbec-46aa-ac0e-93c1d0f19af1', 'network_type': 'vlan', 'physical_network': 'physnet1', 'segmentation_id': 165, 'network_id': '10b12fe5-0fba-49b0-8def-ee60cc68ef96'} for mappings: {'physnet1': 'br-data'} with network types: ['local', 'flat', 'vlan'] {{(pid=100318) check_segment_for_agent /opt/stack/neutron/neutron/plugins/ml2/drivers/mech_agent.py:352}}
Aug 31 12:52:10.295330 dv-cinder-788782-6-smb neutron-server[100318]: DEBUG neutron_lib.callbacks.manager [None req-2a5ac863-67c3-49de-9879-69082a9eaa2e None None] Notify callbacks [] for ovs_bridge_name, before_read {{(pid=100318) _notify_loop /usr/local/lib/python3.8/dist-packages/neutron_lib/callbacks/manager.py:192}}
Aug 31 12:52:10.295736 dv-cinder-788782-6-smb neutron-server[100318]: DEBUG neutron.plugins.ml2.drivers.mech_agent [None req-2a5ac863-67c3-49de-9879-69082a9eaa2e None None] Bound using segment: {'id': 'cd709767-dbec-46aa-ac0e-93c1d0f19af1', 'network_type': 'vlan', 'physical_network': 'physnet1', 'segmentation_id': 165, 'network_id': '10b12fe5-0fba-49b0-8def-ee60cc68ef96'} {{(pid=100318) bind_port /opt/stack/neutron/neutron/plugins/ml2/drivers/mech_agent.py:114}}
Aug 31 12:52:10.296303 dv-cinder-788782-6-smb neutron-server[100318]: DEBUG neutron.plugins.ml2.managers [None req-2a5ac863-67c3-49de-9879-69082a9eaa2e None None] Bound port: 6447e50f-cfa2-468d-b319-9f27241431ad, host: dv-cinder-788782-6-smb, vif_type: ovs, vif_details: {"connectivity": "l2", "port_filter": true, "ovs_hybrid_plug": false, "datapath_type": "system", "bridge_name": "br-int"}, binding_levels: [{'bound_driver': 'openvswitch', 'bound_segment': {'id': 'cd709767-dbec-46aa-ac0e-93c1d0f19af1', 'network_type': 'vlan', 'physical_network': 'physnet1', 'segmentation_id': 165, 'network_id': '10b12fe5-0fba-49b0-8def-ee60cc68ef96'}}] {{(pid=100318) _bind_port_level /opt/stack/neutron/neutron/plugins/ml2/managers.py:928}}
Aug 31 12:52:10.296712 dv-cinder-788782-6-smb neutron-server[100318]: DEBUG neutron_lib.callbacks.manager [None req-2a5ac863-67c3-49de-9879-69082a9eaa2e None None] Notify callbacks ['neutron.plugins.ml2.plugin.SecurityGroupDbMixin._ensure_default_security_group_handler-735216'] for port, before_update {{(pid=100318) _notify_loop /usr/local/lib/python3.8/dist-packages/neutron_lib/callbacks/manager.py:192}}
Aug 31 12:52:10.317082 dv-cinder-788782-6-smb neutron-server[100318]: DEBUG neutron_lib.callbacks.manager [None req-ad744d32-2e94-42fe-9853-552203a17a1b None None] Notify callbacks ['neutron.plugins.ml2.plugin.SecurityGroupServerNotifierRpcMixin._notify_sg_on_port_change-735159', 'neutron.plugins.ml2.ovo_rpc._ObjectChangeHandler.handle_event-148748', 'neutron.api.rpc.agentnotifiers.dhcp_rpc_agent_api.DhcpAgentNotifyAPI._native_event_send_dhcp_notification-7900754', 'neutron.db.l3_db.L3RpcNotifierMixin._notify_gateway_port_ip_changed-8785234092243', 'neutron.db.l3_dvrscheduler_db._notify_l3_agent_port_update-8785233564986', 'neutron.db.l3_hascheduler_db._notify_l3_agent_ha_port_update-8785233565004'] for port, after_update {{(pid=100318) _notify_loop /usr/local/lib/python3.8/dist-packages/neutron_lib/callbacks/manager.py:192}}
Aug 31 12:52:10.526577 dv-cinder-788782-6-smb neutron-server[100318]: DEBUG neutron.api.rpc.handlers.resources_rpc [None req-ad744d32-2e94-42fe-9853-552203a17a1b None None] Pushing event updated for resources: {'Port': ['ID=c74122c1-e944-4d28-8576-9ee050cee16e,revision_number=2']} {{(pid=100318) push /opt/stack/neutron/neutron/api/rpc/handlers/resources_rpc.py:237}}
Aug 31 12:52:10.547735 dv-cinder-788782-6-smb neutron-server[100317]: DEBUG neutron_lib.callbacks.manager [None req-181a8759-d378-4b9b-b261-510af521b8eb admin admin] Notify callbacks ['neutron.plugins.ml2.plugin.SecurityGroupServerNotifierRpcMixin._notify_sg_on_port_change-735159', 'neutron.plugins.ml2.ovo_rpc._ObjectChangeHandler.handle_event-148748', 'neutron.api.rpc.agentnotifiers.dhcp_rpc_agent_api.DhcpAgentNotifyAPI._native_event_send_dhcp_notification-7900754', 'neutron.db.l3_dvrscheduler_db._notify_l3_agent_new_port-8785233564968'] for port, after_create {{(pid=100317) _notify_loop /usr/local/lib/python3.8/dist-packages/neutron_lib/callbacks/manager.py:192}}
Aug 31 12:52:10.606814 dv-cinder-788782-6-smb neutron-server[100318]: DEBUG neutron.plugins.ml2.db [None req-2a5ac863-67c3-49de-9879-69082a9eaa2e None None] For port 6447e50f-cfa2-468d-b319-9f27241431ad, host dv-cinder-788782-6-smb, cleared binding levels {{(pid=100318) clear_binding_levels /opt/stack/neutron/neutron/plugins/ml2/db.py:87}}
Aug 31 12:52:10.613667 dv-cinder-788782-6-smb neutron-server[100318]: DEBUG neutron.plugins.ml2.db [None req-2a5ac863-67c3-49de-9879-69082a9eaa2e None None] For port 6447e50f-cfa2-468d-b319-9f27241431ad, host dv-cinder-788782-6-smb, set binding levels [PortBindingLevel(driver='openvswitch',host='dv-cinder-788782-6-smb',level=0,port_id=6447e50f-cfa2-468d-b319-9f27241431ad,segment=NetworkSegment(cd709767-dbec-46aa-ac0e-93c1d0f19af1),segment_id=cd709767-dbec-46aa-ac0e-93c1d0f19af1)] {{(pid=100318) set_binding_levels /opt/stack/neutron/neutron/plugins/ml2/db.py:59}}
Aug 31 12:52:10.623498 dv-cinder-788782-6-smb neutron-server[100318]: DEBUG neutron_lib.callbacks.manager [None req-2a5ac863-67c3-49de-9879-69082a9eaa2e None None] Notify callbacks ['neutron.plugins.ml2.plugin.SecurityGroupServerNotifierRpcMixin._notify_sg_on_port_change-735159', 'neutron.plugins.ml2.ovo_rpc._ObjectChangeHandler.handle_event-148748', 'neutron.api.rpc.agentnotifiers.dhcp_rpc_agent_api.DhcpAgentNotifyAPI._native_event_send_dhcp_notification-7900754', 'neutron.db.l3_db.L3RpcNotifierMixin._notify_gateway_port_ip_changed-8785234092243', 'neutron.db.l3_dvrscheduler_db._notify_l3_agent_port_update-8785233564986', 'neutron.db.l3_hascheduler_db._notify_l3_agent_ha_port_update-8785233565004'] for port, after_update {{(pid=100318) _notify_loop /usr/local/lib/python3.8/dist-packages/neutron_lib/callbacks/manager.py:192}}
Aug 31 12:52:10.694649 dv-cinder-788782-6-smb neutron-server[100316]: DEBUG neutron.db.db_base_plugin_common [None req-c4f34b9d-d325-4ba4-b010-5e818e9cdd5f admin admin] Allocated IP 172.28.1.4 (51f5a734-8c07-4860-8828-ed939077852d/827f832a-531a-4d5e-84b3-be1f98d8dd6c/44c2265f-40c4-4a56-bf48-78df6ca62a13) {{(pid=100316) _store_ip_allocation /opt/stack/neutron/neutron/db/db_base_plugin_common.py:131}}
Aug 31 12:52:10.791321 dv-cinder-788782-6-smb neutron-server[100317]: DEBUG neutron.scheduler.dhcp_agent_scheduler [None req-181a8759-d378-4b9b-b261-510af521b8eb admin admin] Network 51f5a734-8c07-4860-8828-ed939077852d is already hosted by enough agents. {{(pid=100317) _get_dhcp_agents_hosting_network /opt/stack/neutron/neutron/scheduler/dhcp_agent_scheduler.py:275}}
Aug 31 12:52:10.797944 dv-cinder-788782-6-smb neutron-server[100317]: DEBUG neutron.scheduler.base_scheduler [None req-181a8759-d378-4b9b-b261-510af521b8eb admin admin] Resources bound (agent type, host, resource id): {{(pid=100317) schedule /opt/stack/neutron/neutron/scheduler/base_scheduler.py:57}}
Aug 31 12:52:10.809288 dv-cinder-788782-6-smb neutron-server[100317]: DEBUG neutron.db.l3_dvrscheduler_db [None req-181a8759-d378-4b9b-b261-510af521b8eb admin admin] Received port after_create {{(pid=100317) _notify_l3_agent_new_port /opt/stack/neutron/neutron/db/l3_dvrscheduler_db.py:535}}
Aug 31 12:52:10.869735 dv-cinder-788782-6-smb neutron-server[100318]: DEBUG neutron.api.rpc.handlers.resources_rpc [None req-2a5ac863-67c3-49de-9879-69082a9eaa2e None None] Pushing event updated for resources: {'Port': ['ID=6447e50f-cfa2-468d-b319-9f27241431ad,revision_number=2']} {{(pid=100318) push /opt/stack/neutron/neutron/api/rpc/handlers/resources_rpc.py:237}}
Aug 31 12:52:10.958784 dv-cinder-788782-6-smb neutron-server[100316]: DEBUG neutron_lib.callbacks.manager [None req-c4f34b9d-d325-4ba4-b010-5e818e9cdd5f admin admin] Notify callbacks [] for port, precommit_create {{(pid=100316) _notify_loop /usr/local/lib/python3.8/dist-packages/neutron_lib/callbacks/manager.py:192}}
Aug 31 12:52:11.034983 dv-cinder-788782-6-smb neutron-server[100316]: DEBUG neutron_lib.callbacks.manager [None req-c4f34b9d-d325-4ba4-b010-5e818e9cdd5f admin admin] Notify callbacks ['neutron.plugins.ml2.plugin.SecurityGroupServerNotifierRpcMixin._notify_sg_on_port_change-735159', 'neutron.plugins.ml2.ovo_rpc._ObjectChangeHandler.handle_event-148748', 'neutron.api.rpc.agentnotifiers.dhcp_rpc_agent_api.DhcpAgentNotifyAPI._native_event_send_dhcp_notification-7900754', 'neutron.db.l3_dvrscheduler_db._notify_l3_agent_new_port-8785233564968'] for port, after_create {{(pid=100316) _notify_loop /usr/local/lib/python3.8/dist-packages/neutron_lib/callbacks/manager.py:192}}
