Aug 25 09:34:24.797450 dv-cinder-788782-5-smb devstack@c-api.service[100812]: DEBUG cinder.volume.api [None req-8b36f8a0-92fc-4354-9bac-ee5fc810df6d tempest-VolumeTypesTest-61495130 tempest-VolumeTypesTest-61495130-project] Task 'cinder.volume.flows.api.create_volume.QuotaReserveTask;volume:create' (2d33a435-3c1f-477b-997e-b66f27aef129) transitioned into state 'SUCCESS' from state 'RUNNING' with result '{'reservations': ['bc302a71-fb6b-4501-bd60-3b29070f7ee7', '0c9c5660-30c0-428d-805f-4201b6144dff', '96b6b14f-130c-4d2e-a046-a3c920dc0d7d', '99804ae2-55d1-41c5-b3c9-11dcec6056f6']}' {{(pid=100812) _task_receiver /usr/local/lib/python3.8/dist-packages/taskflow/listeners/logging.py:178}}
Aug 25 09:34:24.803759 dv-cinder-788782-5-smb devstack@c-api.service[100812]: DEBUG cinder.volume.api [None req-8b36f8a0-92fc-4354-9bac-ee5fc810df6d tempest-VolumeTypesTest-61495130 tempest-VolumeTypesTest-61495130-project] Task 'cinder.volume.flows.api.create_volume.EntryCreateTask;volume:create' (e8c6dc09-6e8a-45a7-af55-720ffbd6405b) transitioned into state 'RUNNING' from state 'PENDING' {{(pid=100812) _task_receiver /usr/local/lib/python3.8/dist-packages/taskflow/listeners/logging.py:190}}
Aug 25 09:34:24.836342 dv-cinder-788782-5-smb devstack@c-api.service[100812]: DEBUG cinder.volume.api [None req-8b36f8a0-92fc-4354-9bac-ee5fc810df6d tempest-VolumeTypesTest-61495130 tempest-VolumeTypesTest-61495130-project] Task 'cinder.volume.flows.api.create_volume.EntryCreateTask;volume:create' (e8c6dc09-6e8a-45a7-af55-720ffbd6405b) transitioned into state 'SUCCESS' from state 'RUNNING' with result '{'volume_id': 'ba401eed-9ae3-4e4e-bc81-68437b43a91a', 'volume_properties': VolumeProperties(attach_status='detached',availability_zone='nova',cgsnapshot_id=None,consistencygroup_id=None,display_description=None,display_name='tempest-VolumeTypesTest-volume-1613679233',encryption_key_id=None,group_id=None,group_type_id=,metadata={},multiattach=False,project_id='321b7195420e44d5827244ac6a8b18b7',qos_specs=None,replication_status=,reservations=['bc302a71-fb6b-4501-bd60-3b29070f7ee7','0c9c5660-30c0-428d-805f-4201b6144dff','96b6b14f-130c-4d2e-a046-a3c920dc0d7d','99804ae2-55d1-41c5-b3c9-11dcec6056f6'],size=1,snapshot_id=None,source_replicaid=,source_volid=None,status='creating',user_id='251eae8a125147e68d38795ee2c50189',volume_type_id=0d842f4f-9bd1-40a6-af1e-a68dba1b8d2a), 'volume': Volume(_name_id=None,admin_metadata=,attach_status='detached',availability_zone='nova',bootable=False,cluster=,cluster_name=None,consistencygroup=,consistencygroup_id=None,created_at=2021-08-25T09:34:24Z,deleted=False,deleted_at=None,display_description=None,display_name='tempest-VolumeTypesTest-volume-1613679233',ec2_id=None,encryption_key_id=None,glance_metadata=,group=,group_id=None,host=None,id=ba401eed-9ae3-4e4e-bc81-68437b43a91a,launched_at=None,metadata={},migration_status=None,multiattach=False,previous_status=None,project_id='321b7195420e44d5827244ac6a8b18b7',provider_auth=None,provider_geometry=None,provider_id=None,provider_location=None,replication_driver_data=None,replication_extended_status=None,replication_status=None,scheduled_at=None,service_uuid=None,shared_targets=True,size=1,snapshot_id=None,snapshots=,source_volid=None,status='creating',terminated_at=None,updated_at=None,user_id='251eae8a125147e68d38795ee2c50189',volume_attachment=,volume_type=VolumeType(0d842f4f-9bd1-40a6-af1e-a68dba1b8d2a),volume_type_id=0d842f4f-9bd1-40a6-af1e-a68dba1b8d2a)}' {{(pid=100812) _task_receiver /usr/local/lib/python3.8/dist-packages/taskflow/listeners/logging.py:178}}
Aug 25 09:34:24.838345 dv-cinder-788782-5-smb devstack@c-api.service[100812]: DEBUG cinder.volume.api [None req-8b36f8a0-92fc-4354-9bac-ee5fc810df6d tempest-VolumeTypesTest-61495130 tempest-VolumeTypesTest-61495130-project] Task 'cinder.volume.flows.api.create_volume.QuotaCommitTask;volume:create' (29a7e2f0-96dc-4d1b-8876-6af2600a0a90) transitioned into state 'RUNNING' from state 'PENDING' {{(pid=100812) _task_receiver /usr/local/lib/python3.8/dist-packages/taskflow/listeners/logging.py:190}}
Aug 25 09:34:24.845035 dv-cinder-788782-5-smb devstack@c-api.service[100811]: DEBUG cinder.volume.api [None req-ea1cdcd2-e6cc-49cf-a9ae-f3200bf315f4 tempest-GroupsV314Test-387591282 tempest-GroupsV314Test-387591282-project] Task 'cinder.volume.flows.api.create_volume.EntryCreateTask;volume:create' (a3ecca7d-9c2d-45e6-8148-bb7d759673e0) transitioned into state 'SUCCESS' from state 'RUNNING' with result '{'volume_id': '4cac1660-9599-4e49-b739-685fa94fcfd3', 'volume_properties': VolumeProperties(attach_status='detached',availability_zone='nova',cgsnapshot_id=None,consistencygroup_id=None,display_description=None,display_name=None,encryption_key_id=None,group_id=50977c38-d34a-4d6f-bf1a-59357bb5988b,group_type_id=,metadata={},multiattach=False,project_id='459e5ca168384c63a4c3690bb5adea6f',qos_specs=None,replication_status=,reservations=['825b5ac3-06e1-4dde-bd6a-c827174fc81e','45a29c41-ffc8-43b4-9c2a-ba4dce8d4f75','6f2d69b5-1fb7-46c2-ad85-926440a24ecf','eabaa647-80c9-4a06-a4b1-7e724a73e512'],size=1,snapshot_id=None,source_replicaid=,source_volid=d169ca7e-1ede-44f8-b5b2-a0111be32b8f,status='creating',user_id='59595ad3ec68492e858767278d4e009e',volume_type_id=1ca25008-3607-457d-a000-5926c2d7456c), 'volume': Volume(_name_id=None,admin_metadata=,attach_status='detached',availability_zone='nova',bootable=False,cluster=,cluster_name=None,consistencygroup=,consistencygroup_id=None,created_at=2021-08-25T09:34:24Z,deleted=False,deleted_at=None,display_description=None,display_name=None,ec2_id=None,encryption_key_id=None,glance_metadata=,group=,group_id=50977c38-d34a-4d6f-bf1a-59357bb5988b,host=None,id=4cac1660-9599-4e49-b739-685fa94fcfd3,launched_at=None,metadata={},migration_status=None,multiattach=False,previous_status=None,project_id='459e5ca168384c63a4c3690bb5adea6f',provider_auth=None,provider_geometry=None,provider_id=None,provider_location=None,replication_driver_data=None,replication_extended_status=None,replication_status=None,scheduled_at=None,service_uuid=None,shared_targets=True,size=1,snapshot_id=None,snapshots=,source_volid=d169ca7e-1ede-44f8-b5b2-a0111be32b8f,status='creating',terminated_at=None,updated_at=None,user_id='59595ad3ec68492e858767278d4e009e',volume_attachment=,volume_type=VolumeType(1ca25008-3607-457d-a000-5926c2d7456c),volume_type_id=1ca25008-3607-457d-a000-5926c2d7456c)}' {{(pid=100811) _task_receiver /usr/local/lib/python3.8/dist-packages/taskflow/listeners/logging.py:178}}
Aug 25 09:34:24.858748 dv-cinder-788782-5-smb devstack@c-api.service[100811]: DEBUG cinder.volume.api [None req-ea1cdcd2-e6cc-49cf-a9ae-f3200bf315f4 tempest-GroupsV314Test-387591282 tempest-GroupsV314Test-387591282-project] Task 'cinder.volume.flows.api.create_volume.QuotaCommitTask;volume:create' (cd85ccd4-10a1-4cb2-8df6-8000961cec95) transitioned into state 'RUNNING' from state 'PENDING' {{(pid=100811) _task_receiver /usr/local/lib/python3.8/dist-packages/taskflow/listeners/logging.py:190}}
Aug 25 09:34:24.870211 dv-cinder-788782-5-smb devstack@c-api.service[100812]: DEBUG cinder.volume.api [None req-8b36f8a0-92fc-4354-9bac-ee5fc810df6d tempest-VolumeTypesTest-61495130 tempest-VolumeTypesTest-61495130-project] Task 'cinder.volume.flows.api.create_volume.QuotaCommitTask;volume:create' (29a7e2f0-96dc-4d1b-8876-6af2600a0a90) transitioned into state 'SUCCESS' from state 'RUNNING' with result '{'volume_properties': VolumeProperties(attach_status='detached',availability_zone='nova',cgsnapshot_id=None,consistencygroup_id=None,display_description=None,display_name='tempest-VolumeTypesTest-volume-1613679233',encryption_key_id=None,group_id=None,group_type_id=,metadata={},multiattach=False,project_id='321b7195420e44d5827244ac6a8b18b7',qos_specs=None,replication_status=,reservations=['bc302a71-fb6b-4501-bd60-3b29070f7ee7','0c9c5660-30c0-428d-805f-4201b6144dff','96b6b14f-130c-4d2e-a046-a3c920dc0d7d','99804ae2-55d1-41c5-b3c9-11dcec6056f6'],size=1,snapshot_id=None,source_replicaid=,source_volid=None,status='creating',user_id='251eae8a125147e68d38795ee2c50189',volume_type_id=0d842f4f-9bd1-40a6-af1e-a68dba1b8d2a)}' {{(pid=100812) _task_receiver /usr/local/lib/python3.8/dist-packages/taskflow/listeners/logging.py:178}}
Aug 25 09:34:24.873021 dv-cinder-788782-5-smb devstack@c-api.service[100812]: DEBUG cinder.volume.api [None req-8b36f8a0-92fc-4354-9bac-ee5fc810df6d tempest-VolumeTypesTest-61495130 tempest-VolumeTypesTest-61495130-project] Task 'cinder.volume.flows.api.create_volume.VolumeCastTask;volume:create' (121abc3d-b77c-4192-9a3f-f1444cb48054) transitioned into state 'RUNNING' from state 'PENDING' {{(pid=100812) _task_receiver /usr/local/lib/python3.8/dist-packages/taskflow/listeners/logging.py:190}}
Aug 25 09:34:24.904844 dv-cinder-788782-5-smb devstack@c-api.service[100812]: DEBUG cinder.volume.api [None req-8b36f8a0-92fc-4354-9bac-ee5fc810df6d tempest-VolumeTypesTest-61495130 tempest-VolumeTypesTest-61495130-project] Task 'cinder.volume.flows.api.create_volume.VolumeCastTask;volume:create' (121abc3d-b77c-4192-9a3f-f1444cb48054) transitioned into state 'SUCCESS' from state 'RUNNING' with result 'None' {{(pid=100812) _task_receiver /usr/local/lib/python3.8/dist-packages/taskflow/listeners/logging.py:178}}
Aug 25 09:34:24.907488 dv-cinder-788782-5-smb devstack@c-api.service[100812]: DEBUG cinder.volume.api [None req-8b36f8a0-92fc-4354-9bac-ee5fc810df6d tempest-VolumeTypesTest-61495130 tempest-VolumeTypesTest-61495130-project] Flow 'volume_create_api' (c0eb4edb-1a01-4dd3-89fa-9a04ddfe272b) transitioned into state 'SUCCESS' from state 'RUNNING' {{(pid=100812) _flow_receiver /usr/local/lib/python3.8/dist-packages/taskflow/listeners/logging.py:141}}
Aug 25 09:34:24.908770 dv-cinder-788782-5-smb devstack@c-api.service[100812]: INFO cinder.volume.api [None req-8b36f8a0-92fc-4354-9bac-ee5fc810df6d tempest-VolumeTypesTest-61495130 tempest-VolumeTypesTest-61495130-project] Create volume request issued successfully.
Aug 25 09:34:24.909247 dv-cinder-788782-5-smb devstack@c-api.service[100811]: DEBUG cinder.volume.api [None req-ea1cdcd2-e6cc-49cf-a9ae-f3200bf315f4 tempest-GroupsV314Test-387591282 tempest-GroupsV314Test-387591282-project] Task 'cinder.volume.flows.api.create_volume.QuotaCommitTask;volume:create' (cd85ccd4-10a1-4cb2-8df6-8000961cec95) transitioned into state 'SUCCESS' from state 'RUNNING' with result '{'volume_properties': VolumeProperties(attach_status='detached',availability_zone='nova',cgsnapshot_id=None,consistencygroup_id=None,display_description=None,display_name=None,encryption_key_id=None,group_id=50977c38-d34a-4d6f-bf1a-59357bb5988b,group_type_id=,metadata={},multiattach=False,project_id='459e5ca168384c63a4c3690bb5adea6f',qos_specs=None,replication_status=,reservations=['825b5ac3-06e1-4dde-bd6a-c827174fc81e','45a29c41-ffc8-43b4-9c2a-ba4dce8d4f75','6f2d69b5-1fb7-46c2-ad85-926440a24ecf','eabaa647-80c9-4a06-a4b1-7e724a73e512'],size=1,snapshot_id=None,source_replicaid=,source_volid=d169ca7e-1ede-44f8-b5b2-a0111be32b8f,status='creating',user_id='59595ad3ec68492e858767278d4e009e',volume_type_id=1ca25008-3607-457d-a000-5926c2d7456c)}' {{(pid=100811) _task_receiver /usr/local/lib/python3.8/dist-packages/taskflow/listeners/logging.py:178}}
Aug 25 09:34:24.915254 dv-cinder-788782-5-smb devstack@c-api.service[100811]: DEBUG cinder.volume.api [None req-ea1cdcd2-e6cc-49cf-a9ae-f3200bf315f4 tempest-GroupsV314Test-387591282 tempest-GroupsV314Test-387591282-project] Flow 'volume_create_api' (d2ba7d1a-d021-4a6d-91af-178df4eb7bac) transitioned into state 'SUCCESS' from state 'RUNNING' {{(pid=100811) _flow_receiver /usr/local/lib/python3.8/dist-packages/taskflow/listeners/logging.py:141}}
Aug 25 09:34:24.917067 dv-cinder-788782-5-smb devstack@c-api.service[100811]: INFO cinder.volume.api [None req-ea1cdcd2-e6cc-49cf-a9ae-f3200bf315f4 tempest-GroupsV314Test-387591282 tempest-GroupsV314Test-387591282-project] Create volume request issued successfully.
Aug 25 09:34:24.919926 dv-cinder-788782-5-smb devstack@c-api.service[100812]: INFO cinder.api.openstack.wsgi [None req-8b36f8a0-92fc-4354-9bac-ee5fc810df6d tempest-VolumeTypesTest-61495130 tempest-VolumeTypesTest-61495130-project] http://10.222.0.13/volume/v3/321b7195420e44d5827244ac6a8b18b7/volumes returned with HTTP 202
Aug 25 09:34:24.920094 dv-cinder-788782-5-smb devstack@c-api.service[100812]: [pid: 100812|app: 0|req: 48/96] 10.222.0.13 () {60 vars in 1236 bytes} [Wed Aug 25 09:34:24 2021] POST /volume/v3/321b7195420e44d5827244ac6a8b18b7/volumes => generated 850 bytes in 792 msecs (HTTP/1.1 202) 7 headers in 291 bytes (1 switches on core 0)
Aug 25 09:34:24.934864 dv-cinder-788782-5-smb devstack@c-api.service[100812]: INFO cinder.api.openstack.wsgi [None req-da12daa1-7594-4d67-8b31-d413b6bcde1a tempest-VolumeTypesTest-61495130 tempest-VolumeTypesTest-61495130-project] GET http://10.222.0.13/volume/v3/321b7195420e44d5827244ac6a8b18b7/volumes/ba401eed-9ae3-4e4e-bc81-68437b43a91a
Aug 25 09:34:24.936518 dv-cinder-788782-5-smb devstack@c-api.service[100812]: DEBUG cinder.api.openstack.wsgi [None req-da12daa1-7594-4d67-8b31-d413b6bcde1a tempest-VolumeTypesTest-61495130 tempest-VolumeTypesTest-61495130-project] Empty body provided in request {{(pid=100812) get_body /opt/stack/cinder/cinder/api/openstack/wsgi.py:703}}
Aug 25 09:34:24.936518 dv-cinder-788782-5-smb devstack@c-api.service[100812]: /usr/local/lib/python3.8/dist-packages/webob/acceptparse.py:1047: DeprecationWarning: The behavior of AcceptValidHeader.best_match is currently being maintained for backward compatibility, but it will be deprecated in the future, as it does not conform to the RFC.
Aug 25 09:34:24.936518 dv-cinder-788782-5-smb devstack@c-api.service[100812]: warnings.warn(
Aug 25 09:34:24.936518 dv-cinder-788782-5-smb devstack@c-api.service[100812]: DEBUG cinder.api.openstack.wsgi [None req-da12daa1-7594-4d67-8b31-d413b6bcde1a tempest-VolumeTypesTest-61495130 tempest-VolumeTypesTest-61495130-project] Calling method 'show' {{(pid=100812) _process_stack /opt/stack/cinder/cinder/api/openstack/wsgi.py:856}}
Aug 25 09:34:24.950485 dv-cinder-788782-5-smb devstack@c-api.service[100811]: INFO cinder.api.openstack.wsgi [None req-ea1cdcd2-e6cc-49cf-a9ae-f3200bf315f4 tempest-GroupsV314Test-387591282 tempest-GroupsV314Test-387591282-project] http://10.222.0.13/volume/v3/459e5ca168384c63a4c3690bb5adea6f/groups/action returned with HTTP 202
Aug 25 09:34:24.952721 dv-cinder-788782-5-smb devstack@c-api.service[100811]: [pid: 100811|app: 0|req: 49/97] 10.222.0.13 () {62 vars in 1295 bytes} [Wed Aug 25 09:34:24 2021] POST /volume/v3/459e5ca168384c63a4c3690bb5adea6f/groups/action => generated 101 bytes in 625 msecs (HTTP/1.1 202) 7 headers in 292 bytes (2 switches on core 0)
Aug 25 09:34:24.956715 dv-cinder-788782-5-smb devstack@c-api.service[100812]: /usr/local/lib/python3.8/dist-packages/oslo_context/context.py:105: DeprecationWarning: Policy enforcement is depending on the value of is_admin. This key is deprecated. Please update your policy file to use the standard policy values.
Aug 25 09:34:24.956715 dv-cinder-788782-5-smb devstack@c-api.service[100812]: warnings.warn('Policy enforcement is depending on the value of '
Aug 25 09:34:24.986466 dv-cinder-788782-5-smb devstack@c-api.service[100811]: INFO cinder.api.openstack.wsgi [None req-8caef7e5-d5c6-4193-9214-1508900bacef tempest-VolumeManageAdminTest-1598743762 tempest-VolumeManageAdminTest-1598743762-project-admin] GET http://10.222.0.13/volume/v3/26c5cff6bb7d4341838aafe58bd385a3/volumes/859ff240-f15a-4b17-8ae1-a5d25ea4299b
Aug 25 09:34:24.986466 dv-cinder-788782-5-smb devstack@c-api.service[100811]: DEBUG cinder.api.openstack.wsgi [None req-8caef7e5-d5c6-4193-9214-1508900bacef tempest-VolumeManageAdminTest-1598743762 tempest-VolumeManageAdminTest-1598743762-project-admin] Empty body provided in request {{(pid=100811) get_body /opt/stack/cinder/cinder/api/openstack/wsgi.py:703}}
Aug 25 09:34:24.986915 dv-cinder-788782-5-smb devstack@c-api.service[100811]: /usr/local/lib/python3.8/dist-packages/webob/acceptparse.py:1047: DeprecationWarning: The behavior of AcceptValidHeader.best_match is currently being maintained for backward compatibility, but it will be deprecated in the future, as it does not conform to the RFC.
Aug 25 09:34:24.986915 dv-cinder-788782-5-smb devstack@c-api.service[100811]: warnings.warn(
Aug 25 09:34:24.987188 dv-cinder-788782-5-smb devstack@c-api.service[100812]: INFO cinder.volume.api [None req-da12daa1-7594-4d67-8b31-d413b6bcde1a tempest-VolumeTypesTest-61495130 tempest-VolumeTypesTest-61495130-project] Volume info retrieved successfully.
Aug 25 09:34:24.987297 dv-cinder-788782-5-smb devstack@c-api.service[100811]: DEBUG cinder.api.openstack.wsgi [None req-8caef7e5-d5c6-4193-9214-1508900bacef tempest-VolumeManageAdminTest-1598743762 tempest-VolumeManageAdminTest-1598743762-project-admin] Calling method 'show' {{(pid=100811) _process_stack /opt/stack/cinder/cinder/api/openstack/wsgi.py:856}}
Aug 25 09:34:25.017869 dv-cinder-788782-5-smb devstack@c-api.service[100812]: INFO cinder.api.openstack.wsgi [None req-da12daa1-7594-4d67-8b31-d413b6bcde1a tempest-VolumeTypesTest-61495130 tempest-VolumeTypesTest-61495130-project] http://10.222.0.13/volume/v3/321b7195420e44d5827244ac6a8b18b7/volumes/ba401eed-9ae3-4e4e-bc81-68437b43a91a returned with HTTP 200
Aug 25 09:34:25.022794 dv-cinder-788782-5-smb devstack@c-api.service[100812]: [pid: 100812|app: 0|req: 49/98] 10.222.0.13 () {58 vars in 1325 bytes} [Wed Aug 25 09:34:24 2021] GET /volume/v3/321b7195420e44d5827244ac6a8b18b7/volumes/ba401eed-9ae3-4e4e-bc81-68437b43a91a => generated 918 bytes in 94 msecs (HTTP/1.1 200) 7 headers in 285 bytes (2 switches on core 0)
Aug 25 09:34:25.041942 dv-cinder-788782-5-smb devstack@c-api.service[100811]: /usr/local/lib/python3.8/dist-packages/oslo_context/context.py:105: DeprecationWarning: Policy enforcement is depending on the value of is_admin. This key is deprecated. Please update your policy file to use the standard policy values.
Aug 25 09:34:25.041942 dv-cinder-788782-5-smb devstack@c-api.service[100811]: warnings.warn('Policy enforcement is depending on the value of '
Aug 25 09:34:25.045642 dv-cinder-788782-5-smb devstack@c-api.service[100812]: INFO cinder.api.openstack.wsgi [None req-bde5f402-1207-4288-ac73-8228e55ea2da tempest-GroupsV314Test-387591282 tempest-GroupsV314Test-387591282-project] GET http://10.222.0.13/volume/v3/459e5ca168384c63a4c3690bb5adea6f/volumes/detail
Aug 25 09:34:25.046290 dv-cinder-788782-5-smb devstack@c-api.service[100812]: DEBUG cinder.api.openstack.wsgi [None req-bde5f402-1207-4288-ac73-8228e55ea2da tempest-GroupsV314Test-387591282 tempest-GroupsV314Test-387591282-project] Empty body provided in request {{(pid=100812) get_body /opt/stack/cinder/cinder/api/openstack/wsgi.py:703}}
Aug 25 09:34:25.046599 dv-cinder-788782-5-smb devstack@c-api.service[100812]: /usr/local/lib/python3.8/dist-packages/webob/acceptparse.py:1047: DeprecationWarning: The behavior of AcceptValidHeader.best_match is currently being maintained for backward compatibility, but it will be deprecated in the future, as it does not conform to the RFC.
Aug 25 09:34:25.046599 dv-cinder-788782-5-smb devstack@c-api.service[100812]: warnings.warn(
Aug 25 09:34:25.047158 dv-cinder-788782-5-smb devstack@c-api.service[100812]: DEBUG cinder.api.openstack.wsgi [None req-bde5f402-1207-4288-ac73-8228e55ea2da tempest-GroupsV314Test-387591282 tempest-GroupsV314Test-387591282-project] Calling method 'detail' {{(pid=100812) _process_stack /opt/stack/cinder/cinder/api/openstack/wsgi.py:856}}
Aug 25 09:34:25.047991 dv-cinder-788782-5-smb devstack@c-api.service[100812]: DEBUG cinder.api.api_utils [None req-bde5f402-1207-4288-ac73-8228e55ea2da tempest-GroupsV314Test-387591282 tempest-GroupsV314Test-387591282-project] Removing options '' from query. {{(pid=100812) remove_invalid_filter_options /opt/stack/cinder/cinder/api/api_utils.py:73}}
Aug 25 09:34:25.050112 dv-cinder-788782-5-smb devstack@c-api.service[100812]: DEBUG cinder.volume.api [None req-bde5f402-1207-4288-ac73-8228e55ea2da tempest-GroupsV314Test-387591282 tempest-GroupsV314Test-387591282-project] Searching by: MultiDict([('no_migration_targets', True)]). {{(pid=100812) get_all /opt/stack/cinder/cinder/volume/api.py:619}}
Aug 25 09:34:25.055688 dv-cinder-788782-5-smb devstack@c-api.service[100811]: INFO cinder.volume.api [None req-8caef7e5-d5c6-4193-9214-1508900bacef tempest-VolumeManageAdminTest-1598743762 tempest-VolumeManageAdminTest-1598743762-project-admin] Volume info retrieved successfully.
Aug 25 09:34:25.111277 dv-cinder-788782-5-smb devstack@c-api.service[100811]: INFO cinder.api.openstack.wsgi [None req-8caef7e5-d5c6-4193-9214-1508900bacef tempest-VolumeManageAdminTest-1598743762 tempest-VolumeManageAdminTest-1598743762-project-admin] http://10.222.0.13/volume/v3/26c5cff6bb7d4341838aafe58bd385a3/volumes/859ff240-f15a-4b17-8ae1-a5d25ea4299b returned with HTTP 200
Aug 25 09:34:25.112763 dv-cinder-788782-5-smb devstack@c-api.service[100811]: [pid: 100811|app: 0|req: 50/99] 10.222.0.13 () {58 vars in 1325 bytes} [Wed Aug 25 09:34:24 2021] GET /volume/v3/26c5cff6bb7d4341838aafe58bd385a3/volumes/859ff240-f15a-4b17-8ae1-a5d25ea4299b => generated 1080 bytes in 158 msecs (HTTP/1.1 200) 7 headers in 286 bytes (1 switches on core 0)
Aug 25 09:34:25.116072 dv-cinder-788782-5-smb devstack@c-api.service[100812]: INFO cinder.volume.api [None req-bde5f402-1207-4288-ac73-8228e55ea2da tempest-GroupsV314Test-387591282 tempest-GroupsV314Test-387591282-project] Get all volumes completed successfully.
Aug 25 09:34:25.117742 dv-cinder-788782-5-smb devstack@c-api.service[100812]: WARNING stevedore.named [None req-bde5f402-1207-4288-ac73-8228e55ea2da tempest-GroupsV314Test-387591282 tempest-GroupsV314Test-387591282-project] Could not load cinder.keymgr.conf_key_mgr.ConfKeyManager
Aug 25 09:34:25.118345 dv-cinder-788782-5-smb devstack@c-api.service[100812]: WARNING castellan.key_manager [None req-bde5f402-1207-4288-ac73-8228e55ea2da tempest-GroupsV314Test-387591282 tempest-GroupsV314Test-387591282-project] Deprecation Warning : cinder.keymgr.conf_key_mgr.ConfKeyManager is not a stevedore based driver, trying to load it as a class: stevedore.exception.NoMatches: No 'castellan.drivers' driver found, looking for 'cinder.keymgr.conf_key_mgr.ConfKeyManager'
Aug 25 09:34:25.131465 dv-cinder-788782-5-smb devstack@c-api.service[100811]: INFO cinder.api.openstack.wsgi [None req-7c0d7e1d-7c7f-4f57-8b62-05934b24b4e7 tempest-VolumeManageAdminTest-1598743762 tempest-VolumeManageAdminTest-1598743762-project-admin] GET http://10.222.0.13/volume/v3/26c5cff6bb7d4341838aafe58bd385a3/volumes/859ff240-f15a-4b17-8ae1-a5d25ea4299b
Aug 25 09:34:25.131924 dv-cinder-788782-5-smb devstack@c-api.service[100811]: DEBUG cinder.api.openstack.wsgi [None req-7c0d7e1d-7c7f-4f57-8b62-05934b24b4e7 tempest-VolumeManageAdminTest-1598743762 tempest-VolumeManageAdminTest-1598743762-project-admin] Empty body provided in request {{(pid=100811) get_body /opt/stack/cinder/cinder/api/openstack/wsgi.py:703}}
Aug 25 09:34:25.132150 dv-cinder-788782-5-smb devstack@c-api.service[100811]: /usr/local/lib/python3.8/dist-packages/webob/acceptparse.py:1047: DeprecationWarning: The behavior of AcceptValidHeader.best_match is currently being maintained for backward compatibility, but it will be deprecated in the future, as it does not conform to the RFC.
Aug 25 09:34:25.132150 dv-cinder-788782-5-smb devstack@c-api.service[100811]: warnings.warn(
Aug 25 09:34:25.132404 dv-cinder-788782-5-smb devstack@c-api.service[100811]: DEBUG cinder.api.openstack.wsgi [None req-7c0d7e1d-7c7f-4f57-8b62-05934b24b4e7 tempest-VolumeManageAdminTest-1598743762 tempest-VolumeManageAdminTest-1598743762-project-admin] Calling method 'show' {{(pid=100811) _process_stack /opt/stack/cinder/cinder/api/openstack/wsgi.py:856}}
Aug 25 09:34:25.142847 dv-cinder-788782-5-smb devstack@c-api.service[100812]: DEBUG oslo_db.sqlalchemy.engines [None req-bde5f402-1207-4288-ac73-8228e55ea2da tempest-GroupsV314Test-387591282 tempest-GroupsV314Test-387591282-project] MySQL server mode set to STRICT_TRANS_TABLES,STRICT_ALL_TABLES,NO_ZERO_IN_DATE,NO_ZERO_DATE,ERROR_FOR_DIVISION_BY_ZERO,TRADITIONAL,NO_ENGINE_SUBSTITUTION {{(pid=100812) _check_effective_sql_mode /usr/local/lib/python3.8/dist-packages/oslo_db/sqlalchemy/engines.py:314}}
Aug 25 09:34:25.157319 dv-cinder-788782-5-smb devstack@c-api.service[100812]: /usr/local/lib/python3.8/dist-packages/oslo_context/context.py:105: DeprecationWarning: Policy enforcement is depending on the value of is_admin. This key is deprecated. Please update your policy file to use the standard policy values.
Aug 25 09:34:25.157319 dv-cinder-788782-5-smb devstack@c-api.service[100812]: warnings.warn('Policy enforcement is depending on the value of '
Aug 25 09:34:25.176898 dv-cinder-788782-5-smb devstack@c-api.service[100812]: WARNING stevedore.named [None req-bde5f402-1207-4288-ac73-8228e55ea2da tempest-GroupsV314Test-387591282 tempest-GroupsV314Test-387591282-project] Could not load cinder.keymgr.conf_key_mgr.ConfKeyManager
Aug 25 09:34:25.178901 dv-cinder-788782-5-smb devstack@c-api.service[100812]: WARNING castellan.key_manager [None req-bde5f402-1207-4288-ac73-8228e55ea2da tempest-GroupsV314Test-387591282 tempest-GroupsV314Test-387591282-project] Deprecation Warning : cinder.keymgr.conf_key_mgr.ConfKeyManager is not a stevedore based driver, trying to load it as a class: stevedore.exception.NoMatches: No 'castellan.drivers' driver found, looking for 'cinder.keymgr.conf_key_mgr.ConfKeyManager'
Aug 25 09:34:25.196123 dv-cinder-788782-5-smb devstack@c-api.service[100812]: DEBUG oslo_db.sqlalchemy.engines [None req-bde5f402-1207-4288-ac73-8228e55ea2da tempest-GroupsV314Test-387591282 tempest-GroupsV314Test-387591282-project] MySQL server mode set to STRICT_TRANS_TABLES,STRICT_ALL_TABLES,NO_ZERO_IN_DATE,NO_ZERO_DATE,ERROR_FOR_DIVISION_BY_ZERO,TRADITIONAL,NO_ENGINE_SUBSTITUTION {{(pid=100812) _check_effective_sql_mode /usr/local/lib/python3.8/dist-packages/oslo_db/sqlalchemy/engines.py:314}}
Aug 25 09:34:25.206184 dv-cinder-788782-5-smb devstack@c-api.service[100812]: /usr/local/lib/python3.8/dist-packages/oslo_context/context.py:105: DeprecationWarning: Policy enforcement is depending on the value of is_admin. This key is deprecated. Please update your policy file to use the standard policy values.
Aug 25 09:34:25.206184 dv-cinder-788782-5-smb devstack@c-api.service[100812]: warnings.warn('Policy enforcement is depending on the value of '
Aug 25 09:34:25.246465 dv-cinder-788782-5-smb devstack@c-api.service[100811]: /usr/local/lib/python3.8/dist-packages/oslo_context/context.py:105: DeprecationWarning: Policy enforcement is depending on the value of is_admin. This key is deprecated. Please update your policy file to use the standard policy values.
Aug 25 09:34:25.246465 dv-cinder-788782-5-smb devstack@c-api.service[100811]: warnings.warn('Policy enforcement is depending on the value of '
Aug 25 09:34:25.250879 dv-cinder-788782-5-smb devstack@c-api.service[100812]: INFO cinder.api.openstack.wsgi [None req-bde5f402-1207-4288-ac73-8228e55ea2da tempest-GroupsV314Test-387591282 tempest-GroupsV314Test-387591282-project] http://10.222.0.13/volume/v3/459e5ca168384c63a4c3690bb5adea6f/volumes/detail returned with HTTP 200
Aug 25 09:34:25.251817 dv-cinder-788782-5-smb devstack@c-api.service[100812]: [pid: 100812|app: 0|req: 50/100] 10.222.0.13 () {60 vars in 1276 bytes} [Wed Aug 25 09:34:25 2021] GET /volume/v3/459e5ca168384c63a4c3690bb5adea6f/volumes/detail => generated 1969 bytes in 214 msecs (HTTP/1.1 200) 7 headers in 287 bytes (1 switches on core 0)
Aug 25 09:34:25.270346 dv-cinder-788782-5-smb devstack@c-api.service[100812]: INFO cinder.api.openstack.wsgi [None req-1e371fb0-d894-4c73-a571-637b5a552e4f tempest-GroupsV314Test-387591282 tempest-GroupsV314Test-387591282-project] GET http://10.222.0.13/volume/v3/459e5ca168384c63a4c3690bb5adea6f/volumes/4cac1660-9599-4e49-b739-685fa94fcfd3
Aug 25 09:34:25.270866 dv-cinder-788782-5-smb devstack@c-api.service[100812]: DEBUG cinder.api.openstack.wsgi [None req-1e371fb0-d894-4c73-a571-637b5a552e4f tempest-GroupsV314Test-387591282 tempest-GroupsV314Test-387591282-project] Empty body provided in request {{(pid=100812) get_body /opt/stack/cinder/cinder/api/openstack/wsgi.py:703}}
Aug 25 09:34:25.270999 dv-cinder-788782-5-smb devstack@c-api.service[100812]: /usr/local/lib/python3.8/dist-packages/webob/acceptparse.py:1047: DeprecationWarning: The behavior of AcceptValidHeader.best_match is currently being maintained for backward compatibility, but it will be deprecated in the future, as it does not conform to the RFC.
Aug 25 09:34:25.270999 dv-cinder-788782-5-smb devstack@c-api.service[100812]: warnings.warn(
Aug 25 09:34:25.277338 dv-cinder-788782-5-smb devstack@c-api.service[100811]: INFO cinder.volume.api [None req-7c0d7e1d-7c7f-4f57-8b62-05934b24b4e7 tempest-VolumeManageAdminTest-1598743762 tempest-VolumeManageAdminTest-1598743762-project-admin] Volume info retrieved successfully.
Aug 25 09:34:25.280155 dv-cinder-788782-5-smb devstack@c-api.service[100812]: DEBUG cinder.api.openstack.wsgi [None req-1e371fb0-d894-4c73-a571-637b5a552e4f tempest-GroupsV314Test-387591282 tempest-GroupsV314Test-387591282-project] Calling method 'show' {{(pid=100812) _process_stack /opt/stack/cinder/cinder/api/openstack/wsgi.py:856}}
Aug 25 09:34:25.316663 dv-cinder-788782-5-smb devstack@c-api.service[100811]: INFO cinder.api.openstack.wsgi [None req-7c0d7e1d-7c7f-4f57-8b62-05934b24b4e7 tempest-VolumeManageAdminTest-1598743762 tempest-VolumeManageAdminTest-1598743762-project-admin] http://10.222.0.13/volume/v3/26c5cff6bb7d4341838aafe58bd385a3/volumes/859ff240-f15a-4b17-8ae1-a5d25ea4299b returned with HTTP 200
Aug 25 09:34:25.317475 dv-cinder-788782-5-smb devstack@c-api.service[100811]: [pid: 100811|app: 0|req: 51/101] 10.222.0.13 () {58 vars in 1325 bytes} [Wed Aug 25 09:34:25 2021] GET /volume/v3/26c5cff6bb7d4341838aafe58bd385a3/volumes/859ff240-f15a-4b17-8ae1-a5d25ea4299b => generated 1080 bytes in 192 msecs (HTTP/1.1 200) 7 headers in 286 bytes (2 switches on core 0)
Aug 25 09:34:25.318937 dv-cinder-788782-5-smb devstack@c-api.service[100812]: /usr/local/lib/python3.8/dist-packages/oslo_context/context.py:105: DeprecationWarning: Policy enforcement is depending on the value of is_admin. This key is deprecated. Please update your policy file to use the standard policy values.
Aug 25 09:34:25.318937 dv-cinder-788782-5-smb devstack@c-api.service[100812]: warnings.warn('Policy enforcement is depending on the value of '
Aug 25 09:34:25.335814 dv-cinder-788782-5-smb devstack@c-api.service[100811]: INFO cinder.api.openstack.wsgi [None req-c6eff3a8-2446-4307-90b7-05db5386b5c4 tempest-VolumeManageAdminTest-1598743762 tempest-VolumeManageAdminTest-1598743762-project-admin] DELETE http://10.222.0.13/volume/v3/26c5cff6bb7d4341838aafe58bd385a3/volumes/859ff240-f15a-4b17-8ae1-a5d25ea4299b
Aug 25 09:34:25.336284 dv-cinder-788782-5-smb devstack@c-api.service[100811]: DEBUG cinder.api.openstack.wsgi [None req-c6eff3a8-2446-4307-90b7-05db5386b5c4 tempest-VolumeManageAdminTest-1598743762 tempest-VolumeManageAdminTest-1598743762-project-admin] Empty body provided in request {{(pid=100811) get_body /opt/stack/cinder/cinder/api/openstack/wsgi.py:703}}
Aug 25 09:34:25.336456 dv-cinder-788782-5-smb devstack@c-api.service[100811]: /usr/local/lib/python3.8/dist-packages/webob/acceptparse.py:1047: DeprecationWarning: The behavior of AcceptValidHeader.best_match is currently being maintained for backward compatibility, but it will be deprecated in the future, as it does not conform to the RFC.
Aug 25 09:34:25.336456 dv-cinder-788782-5-smb devstack@c-api.service[100811]: warnings.warn(
Aug 25 09:34:25.336801 dv-cinder-788782-5-smb devstack@c-api.service[100811]: DEBUG cinder.api.openstack.wsgi [None req-c6eff3a8-2446-4307-90b7-05db5386b5c4 tempest-VolumeManageAdminTest-1598743762 tempest-VolumeManageAdminTest-1598743762-project-admin] Calling method 'delete' {{(pid=100811) _process_stack /opt/stack/cinder/cinder/api/openstack/wsgi.py:856}}
Aug 25 09:34:25.341394 dv-cinder-788782-5-smb devstack@c-api.service[100811]: INFO cinder.api.v3.volumes [None req-c6eff3a8-2446-4307-90b7-05db5386b5c4 tempest-VolumeManageAdminTest-1598743762 tempest-VolumeManageAdminTest-1598743762-project-admin] Delete volume with id: 859ff240-f15a-4b17-8ae1-a5d25ea4299b
Aug 25 09:34:25.344089 dv-cinder-788782-5-smb devstack@c-api.service[100812]: INFO cinder.volume.api [None req-1e371fb0-d894-4c73-a571-637b5a552e4f tempest-GroupsV314Test-387591282 tempest-GroupsV314Test-387591282-project] Volume info retrieved successfully.
Aug 25 09:34:25.360487 dv-cinder-788782-5-smb devstack@c-api.service[100812]: WARNING stevedore.named [None req-1e371fb0-d894-4c73-a571-637b5a552e4f tempest-GroupsV314Test-387591282 tempest-GroupsV314Test-387591282-project] Could not load cinder.keymgr.conf_key_mgr.ConfKeyManager
Aug 25 09:34:25.361369 dv-cinder-788782-5-smb devstack@c-api.service[100812]: WARNING castellan.key_manager [None req-1e371fb0-d894-4c73-a571-637b5a552e4f tempest-GroupsV314Test-387591282 tempest-GroupsV314Test-387591282-project] Deprecation Warning : cinder.keymgr.conf_key_mgr.ConfKeyManager is not a stevedore based driver, trying to load it as a class: stevedore.exception.NoMatches: No 'castellan.drivers' driver found, looking for 'cinder.keymgr.conf_key_mgr.ConfKeyManager'
Aug 25 09:34:25.371351 dv-cinder-788782-5-smb devstack@c-api.service[100812]: DEBUG oslo_db.sqlalchemy.engines [None req-1e371fb0-d894-4c73-a571-637b5a552e4f tempest-GroupsV314Test-387591282 tempest-GroupsV314Test-387591282-project] MySQL server mode set to STRICT_TRANS_TABLES,STRICT_ALL_TABLES,NO_ZERO_IN_DATE,NO_ZERO_DATE,ERROR_FOR_DIVISION_BY_ZERO,TRADITIONAL,NO_ENGINE_SUBSTITUTION {{(pid=100812) _check_effective_sql_mode /usr/local/lib/python3.8/dist-packages/oslo_db/sqlalchemy/engines.py:314}}
Aug 25 09:34:25.372848 dv-cinder-788782-5-smb devstack@c-api.service[100811]: /usr/local/lib/python3.8/dist-packages/oslo_context/context.py:105: DeprecationWarning: Policy enforcement is depending on the value of is_admin. This key is deprecated. Please update your policy file to use the standard policy values.
Aug 25 09:34:25.372848 dv-cinder-788782-5-smb devstack@c-api.service[100811]: warnings.warn('Policy enforcement is depending on the value of '
Aug 25 09:34:25.373849 dv-cinder-788782-5-smb devstack@c-api.service[100811]: INFO cinder.volume.api [None req-c6eff3a8-2446-4307-90b7-05db5386b5c4 tempest-VolumeManageAdminTest-1598743762 tempest-VolumeManageAdminTest-1598743762-project-admin] Volume info retrieved successfully.
Aug 25 09:34:25.387218 dv-cinder-788782-5-smb devstack@c-api.service[100812]: /usr/local/lib/python3.8/dist-packages/oslo_context/context.py:105: DeprecationWarning: Policy enforcement is depending on the value of is_admin. This key is deprecated. Please update your policy file to use the standard policy values.
Aug 25 09:34:25.387218 dv-cinder-788782-5-smb devstack@c-api.service[100812]: warnings.warn('Policy enforcement is depending on the value of '
Aug 25 09:34:25.427181 dv-cinder-788782-5-smb devstack@c-api.service[100812]: INFO cinder.api.openstack.wsgi [None req-1e371fb0-d894-4c73-a571-637b5a552e4f tempest-GroupsV314Test-387591282 tempest-GroupsV314Test-387591282-project] http://10.222.0.13/volume/v3/459e5ca168384c63a4c3690bb5adea6f/volumes/4cac1660-9599-4e49-b739-685fa94fcfd3 returned with HTTP 200
Aug 25 09:34:25.432442 dv-cinder-788782-5-smb devstack@c-api.service[100812]: [pid: 100812|app: 0|req: 51/102] 10.222.0.13 () {60 vars in 1366 bytes} [Wed Aug 25 09:34:25 2021] GET /volume/v3/459e5ca168384c63a4c3690bb5adea6f/volumes/4cac1660-9599-4e49-b739-685fa94fcfd3 => generated 988 bytes in 169 msecs (HTTP/1.1 200) 7 headers in 286 bytes (1 switches on core 0)
Aug 25 09:34:25.444092 dv-cinder-788782-5-smb devstack@c-api.service[100811]: INFO cinder.volume.api [None req-c6eff3a8-2446-4307-90b7-05db5386b5c4 tempest-VolumeManageAdminTest-1598743762 tempest-VolumeManageAdminTest-1598743762-project-admin] Delete volume request issued successfully.
Aug 25 09:34:25.444880 dv-cinder-788782-5-smb devstack@c-api.service[100811]: INFO cinder.api.openstack.wsgi [None req-c6eff3a8-2446-4307-90b7-05db5386b5c4 tempest-VolumeManageAdminTest-1598743762 tempest-VolumeManageAdminTest-1598743762-project-admin] http://10.222.0.13/volume/v3/26c5cff6bb7d4341838aafe58bd385a3/volumes/859ff240-f15a-4b17-8ae1-a5d25ea4299b returned with HTTP 202
Aug 25 09:34:25.445954 dv-cinder-788782-5-smb devstack@c-api.service[100811]: [pid: 100811|app: 0|req: 52/103] 10.222.0.13 () {58 vars in 1328 bytes} [Wed Aug 25 09:34:25 2021] DELETE /volume/v3/26c5cff6bb7d4341838aafe58bd385a3/volumes/859ff240-f15a-4b17-8ae1-a5d25ea4299b => generated 0 bytes in 117 msecs (HTTP/1.1 202) 6 headers in 233 bytes (1 switches on core 0)
Aug 25 09:34:25.450552 dv-cinder-788782-5-smb devstack@c-api.service[100812]: INFO cinder.api.openstack.wsgi [None req-5be74d35-a935-4dd7-8628-805d10f22570 tempest-GroupsV314Test-387591282 tempest-GroupsV314Test-387591282-project] GET http://10.222.0.13/volume/v3/459e5ca168384c63a4c3690bb5adea6f/groups/50977c38-d34a-4d6f-bf1a-59357bb5988b
Aug 25 09:34:25.451465 dv-cinder-788782-5-smb devstack@c-api.service[100812]: DEBUG cinder.api.openstack.wsgi [None req-5be74d35-a935-4dd7-8628-805d10f22570 tempest-GroupsV314Test-387591282 tempest-GroupsV314Test-387591282-project] Empty body provided in request {{(pid=100812) get_body /opt/stack/cinder/cinder/api/openstack/wsgi.py:703}}
Aug 25 09:34:25.451719 dv-cinder-788782-5-smb devstack@c-api.service[100812]: /usr/local/lib/python3.8/dist-packages/webob/acceptparse.py:1047: DeprecationWarning: The behavior of AcceptValidHeader.best_match is currently being maintained for backward compatibility, but it will be deprecated in the future, as it does not conform to the RFC.
Aug 25 09:34:25.451719 dv-cinder-788782-5-smb devstack@c-api.service[100812]: warnings.warn(
Aug 25 09:34:25.452209 dv-cinder-788782-5-smb devstack@c-api.service[100812]: DEBUG cinder.api.openstack.wsgi [None req-5be74d35-a935-4dd7-8628-805d10f22570 tempest-GroupsV314Test-387591282 tempest-GroupsV314Test-387591282-project] Calling method 'version_select' {{(pid=100812) _process_stack /opt/stack/cinder/cinder/api/openstack/wsgi.py:856}}
Aug 25 09:34:25.452690 dv-cinder-788782-5-smb devstack@c-api.service[100812]: DEBUG cinder.api.v3.groups [None req-5be74d35-a935-4dd7-8628-805d10f22570 tempest-GroupsV314Test-387591282 tempest-GroupsV314Test-387591282-project] show called for member 50977c38-d34a-4d6f-bf1a-59357bb5988b {{(pid=100812) show /opt/stack/cinder/cinder/api/v3/groups.py:58}}
Aug 25 09:34:25.453571 dv-cinder-788782-5-smb devstack@c-api.service[100811]: INFO cinder.api.openstack.wsgi [None req-eb062301-e551-41db-9c20-1dc39b1256c6 tempest-VolumeManageAdminTest-1598743762 tempest-VolumeManageAdminTest-1598743762-project-admin] GET http://10.222.0.13/volume/v3/26c5cff6bb7d4341838aafe58bd385a3/volumes/859ff240-f15a-4b17-8ae1-a5d25ea4299b
Aug 25 09:34:25.454029 dv-cinder-788782-5-smb devstack@c-api.service[100811]: DEBUG cinder.api.openstack.wsgi [None req-eb062301-e551-41db-9c20-1dc39b1256c6 tempest-VolumeManageAdminTest-1598743762 tempest-VolumeManageAdminTest-1598743762-project-admin] Empty body provided in request {{(pid=100811) get_body /opt/stack/cinder/cinder/api/openstack/wsgi.py:703}}
Aug 25 09:34:25.454189 dv-cinder-788782-5-smb devstack@c-api.service[100811]: /usr/local/lib/python3.8/dist-packages/webob/acceptparse.py:1047: DeprecationWarning: The behavior of AcceptValidHeader.best_match is currently being maintained for backward compatibility, but it will be deprecated in the future, as it does not conform to the RFC.
Aug 25 09:34:25.454189 dv-cinder-788782-5-smb devstack@c-api.service[100811]: warnings.warn(
Aug 25 09:34:25.454746 dv-cinder-788782-5-smb devstack@c-api.service[100811]: DEBUG cinder.api.openstack.wsgi [None req-eb062301-e551-41db-9c20-1dc39b1256c6 tempest-VolumeManageAdminTest-1598743762 tempest-VolumeManageAdminTest-1598743762-project-admin] Calling method 'show' {{(pid=100811) _process_stack /opt/stack/cinder/cinder/api/openstack/wsgi.py:856}}
Aug 25 09:34:25.464224 dv-cinder-788782-5-smb devstack@c-api.service[100812]: /usr/local/lib/python3.8/dist-packages/oslo_context/context.py:105: DeprecationWarning: Policy enforcement is depending on the value of is_admin. This key is deprecated. Please update your policy file to use the standard policy values.
Aug 25 09:34:25.464224 dv-cinder-788782-5-smb devstack@c-api.service[100812]: warnings.warn('Policy enforcement is depending on the value of '
Aug 25 09:34:25.475532 dv-cinder-788782-5-smb devstack@c-api.service[100811]: /usr/local/lib/python3.8/dist-packages/oslo_context/context.py:105: DeprecationWarning: Policy enforcement is depending on the value of is_admin. This key is deprecated. Please update your policy file to use the standard policy values.
Aug 25 09:34:25.475532 dv-cinder-788782-5-smb devstack@c-api.service[100811]: warnings.warn('Policy enforcement is depending on the value of '
Aug 25 09:34:25.484887 dv-cinder-788782-5-smb devstack@c-api.service[100811]: INFO cinder.volume.api [None req-eb062301-e551-41db-9c20-1dc39b1256c6 tempest-VolumeManageAdminTest-1598743762 tempest-VolumeManageAdminTest-1598743762-project-admin] Volume info retrieved successfully.
Aug 25 09:34:25.491280 dv-cinder-788782-5-smb devstack@c-api.service[100812]: INFO cinder.api.openstack.wsgi [None req-5be74d35-a935-4dd7-8628-805d10f22570 tempest-GroupsV314Test-387591282 tempest-GroupsV314Test-387591282-project] http://10.222.0.13/volume/v3/459e5ca168384c63a4c3690bb5adea6f/groups/50977c38-d34a-4d6f-bf1a-59357bb5988b returned with HTTP 200
Aug 25 09:34:25.492637 dv-cinder-788782-5-smb devstack@c-api.service[100812]: [pid: 100812|app: 0|req: 52/104] 10.222.0.13 () {60 vars in 1363 bytes} [Wed Aug 25 09:34:25 2021] GET /volume/v3/459e5ca168384c63a4c3690bb5adea6f/groups/50977c38-d34a-4d6f-bf1a-59357bb5988b => generated 416 bytes in 48 msecs (HTTP/1.1 200) 7 headers in 286 bytes (1 switches on core 0)
Aug 25 09:34:25.502238 dv-cinder-788782-5-smb devstack@c-api.service[100811]: INFO cinder.api.openstack.wsgi [None req-eb062301-e551-41db-9c20-1dc39b1256c6 tempest-VolumeManageAdminTest-1598743762 tempest-VolumeManageAdminTest-1598743762-project-admin] http://10.222.0.13/volume/v3/26c5cff6bb7d4341838aafe58bd385a3/volumes/859ff240-f15a-4b17-8ae1-a5d25ea4299b returned with HTTP 200
Aug 25 09:34:25.505860 dv-cinder-788782-5-smb devstack@c-api.service[100811]: [pid: 100811|app: 0|req: 53/105] 10.222.0.13 () {58 vars in 1325 bytes} [Wed Aug 25 09:34:25 2021] GET /volume/v3/26c5cff6bb7d4341838aafe58bd385a3/volumes/859ff240-f15a-4b17-8ae1-a5d25ea4299b => generated 1079 bytes in 56 msecs (HTTP/1.1 200) 7 headers in 286 bytes (2 switches on core 0)
Aug 25 09:34:25.510004 dv-cinder-788782-5-smb devstack@c-api.service[100812]: INFO cinder.api.openstack.wsgi [None req-f9235394-3422-459d-82f8-90ab05077349 tempest-GroupsV314Test-387591282 tempest-GroupsV314Test-387591282-project] GET http://10.222.0.13/volume/v3/459e5ca168384c63a4c3690bb5adea6f/volumes/detail
Aug 25 09:34:25.511196 dv-cinder-788782-5-smb devstack@c-api.service[100812]: DEBUG cinder.api.openstack.wsgi [None req-f9235394-3422-459d-82f8-90ab05077349 tempest-GroupsV314Test-387591282 tempest-GroupsV314Test-387591282-project] Empty body provided in request {{(pid=100812) get_body /opt/stack/cinder/cinder/api/openstack/wsgi.py:703}}
Aug 25 09:34:25.511523 dv-cinder-788782-5-smb devstack@c-api.service[100812]: /usr/local/lib/python3.8/dist-packages/webob/acceptparse.py:1047: DeprecationWarning: The behavior of AcceptValidHeader.best_match is currently being maintained for backward compatibility, but it will be deprecated in the future, as it does not conform to the RFC.
Aug 25 09:34:25.511523 dv-cinder-788782-5-smb devstack@c-api.service[100812]: warnings.warn(
Aug 25 09:34:25.512049 dv-cinder-788782-5-smb devstack@c-api.service[100812]: DEBUG cinder.api.openstack.wsgi [None req-f9235394-3422-459d-82f8-90ab05077349 tempest-GroupsV314Test-387591282 tempest-GroupsV314Test-387591282-project] Calling method 'detail' {{(pid=100812) _process_stack /opt/stack/cinder/cinder/api/openstack/wsgi.py:856}}
Aug 25 09:34:25.513076 dv-cinder-788782-5-smb devstack@c-api.service[100812]: DEBUG cinder.api.api_utils [None req-f9235394-3422-459d-82f8-90ab05077349 tempest-GroupsV314Test-387591282 tempest-GroupsV314Test-387591282-project] Removing options '' from query. {{(pid=100812) remove_invalid_filter_options /opt/stack/cinder/cinder/api/api_utils.py:73}}
Aug 25 09:34:25.513949 dv-cinder-788782-5-smb devstack@c-api.service[100812]: /usr/local/lib/python3.8/dist-packages/oslo_context/context.py:105: DeprecationWarning: Policy enforcement is depending on the value of is_admin. This key is deprecated. Please update your policy file to use the standard policy values.
Aug 25 09:34:25.513949 dv-cinder-788782-5-smb devstack@c-api.service[100812]: warnings.warn('Policy enforcement is depending on the value of '
Aug 25 09:34:25.515983 dv-cinder-788782-5-smb devstack@c-api.service[100812]: DEBUG cinder.volume.api [None req-f9235394-3422-459d-82f8-90ab05077349 tempest-GroupsV314Test-387591282 tempest-GroupsV314Test-387591282-project] Searching by: MultiDict([('no_migration_targets', True)]). {{(pid=100812) get_all /opt/stack/cinder/cinder/volume/api.py:619}}
Aug 25 09:34:25.600035 dv-cinder-788782-5-smb devstack@c-api.service[100812]: INFO cinder.volume.api [None req-f9235394-3422-459d-82f8-90ab05077349 tempest-GroupsV314Test-387591282 tempest-GroupsV314Test-387591282-project] Get all volumes completed successfully.
Aug 25 09:34:25.602704 dv-cinder-788782-5-smb devstack@c-api.service[100812]: WARNING stevedore.named [None req-f9235394-3422-459d-82f8-90ab05077349 tempest-GroupsV314Test-387591282 tempest-GroupsV314Test-387591282-project] Could not load cinder.keymgr.conf_key_mgr.ConfKeyManager
Aug 25 09:34:25.604225 dv-cinder-788782-5-smb devstack@c-api.service[100812]: WARNING castellan.key_manager [None req-f9235394-3422-459d-82f8-90ab05077349 tempest-GroupsV314Test-387591282 tempest-GroupsV314Test-387591282-project] Deprecation Warning : cinder.keymgr.conf_key_mgr.ConfKeyManager is not a stevedore based driver, trying to load it as a class: stevedore.exception.NoMatches: No 'castellan.drivers' driver found, looking for 'cinder.keymgr.conf_key_mgr.ConfKeyManager'
Aug 25 09:34:25.614068 dv-cinder-788782-5-smb devstack@c-api.service[100812]: DEBUG oslo_db.sqlalchemy.engines [None req-f9235394-3422-459d-82f8-90ab05077349 tempest-GroupsV314Test-387591282 tempest-GroupsV314Test-387591282-project] MySQL server mode set to STRICT_TRANS_TABLES,STRICT_ALL_TABLES,NO_ZERO_IN_DATE,NO_ZERO_DATE,ERROR_FOR_DIVISION_BY_ZERO,TRADITIONAL,NO_ENGINE_SUBSTITUTION {{(pid=100812) _check_effective_sql_mode /usr/local/lib/python3.8/dist-packages/oslo_db/sqlalchemy/engines.py:314}}
Aug 25 09:34:25.627285 dv-cinder-788782-5-smb devstack@c-api.service[100812]: /usr/local/lib/python3.8/dist-packages/oslo_context/context.py:105: DeprecationWarning: Policy enforcement is depending on the value of is_admin. This key is deprecated. Please update your policy file to use the standard policy values.
Aug 25 09:34:25.627285 dv-cinder-788782-5-smb devstack@c-api.service[100812]: warnings.warn('Policy enforcement is depending on the value of '
Aug 25 09:34:25.641729 dv-cinder-788782-5-smb devstack@c-api.service[100812]: WARNING stevedore.named [None req-f9235394-3422-459d-82f8-90ab05077349 tempest-GroupsV314Test-387591282 tempest-GroupsV314Test-387591282-project] Could not load cinder.keymgr.conf_key_mgr.ConfKeyManager
Aug 25 09:34:25.642561 dv-cinder-788782-5-smb devstack@c-api.service[100812]: WARNING castellan.key_manager [None req-f9235394-3422-459d-82f8-90ab05077349 tempest-GroupsV314Test-387591282 tempest-GroupsV314Test-387591282-project] Deprecation Warning : cinder.keymgr.conf_key_mgr.ConfKeyManager is not a stevedore based driver, trying to load it as a class: stevedore.exception.NoMatches: No 'castellan.drivers' driver found, looking for 'cinder.keymgr.conf_key_mgr.ConfKeyManager'
Aug 25 09:34:25.654953 dv-cinder-788782-5-smb devstack@c-api.service[100812]: DEBUG oslo_db.sqlalchemy.engines [None req-f9235394-3422-459d-82f8-90ab05077349 tempest-GroupsV314Test-387591282 tempest-GroupsV314Test-387591282-project] MySQL server mode set to STRICT_TRANS_TABLES,STRICT_ALL_TABLES,NO_ZERO_IN_DATE,NO_ZERO_DATE,ERROR_FOR_DIVISION_BY_ZERO,TRADITIONAL,NO_ENGINE_SUBSTITUTION {{(pid=100812) _check_effective_sql_mode /usr/local/lib/python3.8/dist-packages/oslo_db/sqlalchemy/engines.py:314}}
Aug 25 09:34:25.665377 dv-cinder-788782-5-smb devstack@c-api.service[100812]: /usr/local/lib/python3.8/dist-packages/oslo_context/context.py:105: DeprecationWarning: Policy enforcement is depending on the value of is_admin. This key is deprecated. Please update your policy file to use the standard policy values.
Aug 25 09:34:25.665377 dv-cinder-788782-5-smb devstack@c-api.service[100812]: warnings.warn('Policy enforcement is depending on the value of '
Aug 25 09:34:25.689868 dv-cinder-788782-5-smb devstack@c-api.service[100812]: INFO cinder.api.openstack.wsgi [None req-f9235394-3422-459d-82f8-90ab05077349 tempest-GroupsV314Test-387591282 tempest-GroupsV314Test-387591282-project] http://10.222.0.13/volume/v3/459e5ca168384c63a4c3690bb5adea6f/volumes/detail returned with HTTP 200
Aug 25 09:34:25.702760 dv-cinder-788782-5-smb devstack@c-api.service[100812]: [pid: 100812|app: 0|req: 53/106] 10.222.0.13 () {60 vars in 1276 bytes} [Wed Aug 25 09:34:25 2021] GET /volume/v3/459e5ca168384c63a4c3690bb5adea6f/volumes/detail => generated 1970 bytes in 203 msecs (HTTP/1.1 200) 7 headers in 287 bytes (1 switches on core 0)
