May 27 09:45:02.640978 dv-cinder-788782-3-iscsi neutron-server[108801]: DEBUG oslo_concurrency.lockutils [None req-46d6c35e-2650-48f5-9878-1df75f2664ec None None] Lock "event-dispatch" released by "neutron.plugins.ml2.ovo_rpc._ObjectChangeHandler.dispatch_events" :: held 0.369s {{(pid=108801) inner /usr/local/lib/python3.8/dist-packages/oslo_concurrency/lockutils.py:367}}
May 27 09:45:02.643533 dv-cinder-788782-3-iscsi neutron-server[108800]: INFO neutron.wsgi [req-17ad6e90-5b0c-4469-b72e-45a816e694f7 req-29d410f9-0a64-41e5-b031-9bfcfca7fef5 service neutron] 10.222.0.45 "GET /v2.0/networks/96d6daca-e43a-41a5-949d-c37e06296a68?fields=segments HTTP/1.1" status: 200 len: 212 time: 0.2871809
May 27 09:45:02.647846 dv-cinder-788782-3-iscsi neutron-server[108800]: DEBUG neutron.scheduler.dhcp_agent_scheduler [req-b90b5b75-0679-4b18-9b69-f6f0c36f2165 req-da113cb9-096c-45fd-8b24-ca20949c5c93 tempest-ServerRescueNegativeTestJSON-712004680 tempest-ServerRescueNegativeTestJSON-712004680-project] Network 921c5312-2832-4749-8b94-ac07787dd31a is already hosted by enough agents. {{(pid=108800) _get_dhcp_agents_hosting_network /opt/stack/neutron/neutron/scheduler/dhcp_agent_scheduler.py:275}}
May 27 09:45:02.653574 dv-cinder-788782-3-iscsi neutron-server[108800]: DEBUG neutron.scheduler.base_scheduler [req-b90b5b75-0679-4b18-9b69-f6f0c36f2165 req-da113cb9-096c-45fd-8b24-ca20949c5c93 tempest-ServerRescueNegativeTestJSON-712004680 tempest-ServerRescueNegativeTestJSON-712004680-project] Resources bound (agent type, host, resource id): {{(pid=108800) schedule /opt/stack/neutron/neutron/scheduler/base_scheduler.py:57}}
May 27 09:45:02.677711 dv-cinder-788782-3-iscsi neutron-server[108800]: DEBUG neutron.db.l3_dvrscheduler_db [req-b90b5b75-0679-4b18-9b69-f6f0c36f2165 req-da113cb9-096c-45fd-8b24-ca20949c5c93 tempest-ServerRescueNegativeTestJSON-712004680 tempest-ServerRescueNegativeTestJSON-712004680-project] Received port after_create {{(pid=108800) _notify_l3_agent_new_port /opt/stack/neutron/neutron/db/l3_dvrscheduler_db.py:537}}
May 27 09:45:02.726934 dv-cinder-788782-3-iscsi neutron-server[108800]: DEBUG neutron.api.rpc.handlers.resources_rpc [None req-da113cb9-096c-45fd-8b24-ca20949c5c93 tempest-ServerRescueNegativeTestJSON-712004680 tempest-ServerRescueNegativeTestJSON-712004680-project] Pushing event updated for resources: {'Port': ['ID=1b005f5d-e5fd-451d-ae65-820c3e7375ae,revision_number=1']} {{(pid=108800) push /opt/stack/neutron/neutron/api/rpc/handlers/resources_rpc.py:237}}
May 27 09:45:02.763919 dv-cinder-788782-3-iscsi neutron-server[108801]: DEBUG neutron.plugins.ml2.db [None req-46d6c35e-2650-48f5-9878-1df75f2664ec None None] For port 44da3312-b5ec-4691-8b63-7b9dd75ac56a, host hv-cinder-78878, got binding levels [PortBindingLevel(driver='hyperv',host='hv-cinder-78878',level=0,port_id=44da3312-b5ec-4691-8b63-7b9dd75ac56a,segment=NetworkSegment(b2c0306b-703f-4003-a30e-21bd09539e6e),segment_id=b2c0306b-703f-4003-a30e-21bd09539e6e)] {{(pid=108801) get_binding_level_objs /opt/stack/neutron/neutron/plugins/ml2/db.py:75}}
May 27 09:45:02.785177 dv-cinder-788782-3-iscsi neutron-server[108801]: DEBUG neutron.db.provisioning_blocks [None req-aadc974c-5bcd-462d-a161-7f7cf9f36c82 None None] Provisioning complete for port d50051d9-ba16-41d4-924d-4daddb961e40 triggered by entity L2. {{(pid=108801) provisioning_complete /opt/stack/neutron/neutron/db/provisioning_blocks.py:139}}
May 27 09:45:02.785761 dv-cinder-788782-3-iscsi neutron-server[108801]: DEBUG neutron_lib.callbacks.manager [None req-aadc974c-5bcd-462d-a161-7f7cf9f36c82 None None] Notify callbacks ['neutron.plugins.ml2.plugin.Ml2Plugin._port_provisioned-4028143'] for port, provisioning_complete {{(pid=108801) _notify_loop /usr/local/lib/python3.8/dist-packages/neutron_lib/callbacks/manager.py:192}}
May 27 09:45:02.834982 dv-cinder-788782-3-iscsi neutron-server[108799]: INFO neutron.wsgi [req-9e186388-1b3c-4493-ad62-0fbe6ab0b750 req-2ccc52d3-e21d-4078-9c09-8be87fbfea74 tempest-DeleteServersTestJSON-1396772135 tempest-DeleteServersTestJSON-1396772135-project] 10.222.0.20 "GET /v2.0/security-groups?id=97119abd-6345-4163-a876-70729037dee9&fields=id&fields=name HTTP/1.1" status: 200 len: 286 time: 0.3400030
May 27 09:45:02.849295 dv-cinder-788782-3-iscsi neutron-server[108801]: DEBUG neutron.plugins.ml2.rpc [None req-46d6c35e-2650-48f5-9878-1df75f2664ec None None] Returning: {'device': '44da3312-b5ec-4691-8b63-7b9dd75ac56a', 'network_id': '45bc2549-c0ff-47ce-a77c-ba480b0b1495', 'port_id': '44da3312-b5ec-4691-8b63-7b9dd75ac56a', 'mac_address': 'fa:16:3e:5b:1c:ea', 'admin_state_up': True, 'network_type': 'vlan', 'segmentation_id': 746, 'physical_network': 'physnet1', 'mtu': 1500, 'fixed_ips': [{'subnet_id': '530e0862-b549-4c0d-bd80-9e2351dc74a9', 'ip_address': '172.20.0.11'}], 'device_owner': 'compute:nova', 'allowed_address_pairs': [], 'port_security_enabled': True, 'qos_policy_id': None, 'network_qos_policy_id': None, 'profile': {}, 'propagate_uplink_status': False} {{(pid=108801) _get_device_details /opt/stack/neutron/neutron/plugins/ml2/rpc.py:168}}
May 27 09:45:02.898374 dv-cinder-788782-3-iscsi neutron-server[108800]: DEBUG oslo_concurrency.lockutils [None req-da113cb9-096c-45fd-8b24-ca20949c5c93 tempest-ServerRescueNegativeTestJSON-712004680 tempest-ServerRescueNegativeTestJSON-712004680-project] Lock "event-dispatch" released by "neutron.plugins.ml2.ovo_rpc._ObjectChangeHandler.dispatch_events" :: held 0.358s {{(pid=108800) inner /usr/local/lib/python3.8/dist-packages/oslo_concurrency/lockutils.py:367}}
May 27 09:45:02.928687 dv-cinder-788782-3-iscsi neutron-server[108800]: DEBUG neutron_lib.callbacks.manager [None req-a6fced70-0412-4a58-ae36-cfe9e7fe5631 admin admin] Notify callbacks [] for security_group, before_delete {{(pid=108800) _notify_loop /usr/local/lib/python3.8/dist-packages/neutron_lib/callbacks/manager.py:192}}
May 27 09:45:02.959841 dv-cinder-788782-3-iscsi neutron-server[108800]: DEBUG neutron.quota.resource [req-0fef220c-a2e5-4e61-8b01-bf63c2701b41 req-0233d9bc-dcd4-4c56-87aa-47e68c8c95cb tempest-ServerRescueNegativeTestJSON-712004680 tempest-ServerRescueNegativeTestJSON-712004680-project] Synchronizing usage tracker for tenant:483f02bc51f2488fb4546e24e4300ba1 on resource:port {{(pid=108800) resync /opt/stack/neutron/neutron/quota/resource.py:241}}
May 27 09:45:03.022861 dv-cinder-788782-3-iscsi neutron-server[108801]: DEBUG neutron_lib.callbacks.manager [None req-46d6c35e-2650-48f5-9878-1df75f2664ec None None] Notify callbacks ['neutron.plugins.ml2.plugin.SecurityGroupDbMixin._ensure_default_security_group_handler_port-3818017'] for port, before_update {{(pid=108801) _notify_loop /usr/local/lib/python3.8/dist-packages/neutron_lib/callbacks/manager.py:192}}
May 27 09:45:03.055765 dv-cinder-788782-3-iscsi neutron-server[108801]: DEBUG neutron.notifiers.nova [None req-46d6c35e-2650-48f5-9878-1df75f2664ec None None] Ignoring state change previous_port_status: DOWN current_port_status: BUILD port_id 44da3312-b5ec-4691-8b63-7b9dd75ac56a {{(pid=108801) record_port_status_changed /opt/stack/neutron/neutron/notifiers/nova.py:224}}
May 27 09:45:03.073902 dv-cinder-788782-3-iscsi neutron-server[108800]: DEBUG neutron.pecan_wsgi.hooks.policy_enforcement [req-b90b5b75-0679-4b18-9b69-f6f0c36f2165 req-da113cb9-096c-45fd-8b24-ca20949c5c93 tempest-ServerRescueNegativeTestJSON-712004680 tempest-ServerRescueNegativeTestJSON-712004680-project] Attributes excluded by policy engine: ['standard_attr_id', 'binding:profile', 'binding:host_id', 'binding:vif_type', 'binding:vif_details', 'network'] {{(pid=108800) _exclude_attributes_by_policy /opt/stack/neutron/neutron/pecan_wsgi/hooks/policy_enforcement.py:255}}
May 27 09:45:03.074618 dv-cinder-788782-3-iscsi neutron-server[108800]: DEBUG neutron_lib.callbacks.manager [req-b90b5b75-0679-4b18-9b69-f6f0c36f2165 req-da113cb9-096c-45fd-8b24-ca20949c5c93 tempest-ServerRescueNegativeTestJSON-712004680 tempest-ServerRescueNegativeTestJSON-712004680-project] Notify callbacks ['neutron.notifiers.nova.Notifier._send_nova_notification-485917', 'neutron.api.rpc.agentnotifiers.dhcp_rpc_agent_api.DhcpAgentNotifyAPI._send_dhcp_notification-546017'] for port, before_response {{(pid=108800) _notify_loop /usr/local/lib/python3.8/dist-packages/neutron_lib/callbacks/manager.py:192}}
May 27 09:45:03.080007 dv-cinder-788782-3-iscsi neutron-server[108799]: DEBUG neutron_lib.callbacks.manager [None req-1759aea3-738a-4450-86ab-9f21eadc23e6 tempest-AttachVolumeShelveTestJSON-829148995 tempest-AttachVolumeShelveTestJSON-829148995-project] Notify callbacks [] for port, precommit_create {{(pid=108799) _notify_loop /usr/local/lib/python3.8/dist-packages/neutron_lib/callbacks/manager.py:192}}
May 27 09:45:03.099385 dv-cinder-788782-3-iscsi neutron-server[108801]: DEBUG neutron.plugins.ml2.db [None req-46d6c35e-2650-48f5-9878-1df75f2664ec None None] For port 44da3312-b5ec-4691-8b63-7b9dd75ac56a, host hv-cinder-78878, got binding levels [PortBindingLevel(driver='hyperv',host='hv-cinder-78878',level=0,port_id=44da3312-b5ec-4691-8b63-7b9dd75ac56a,segment=NetworkSegment(b2c0306b-703f-4003-a30e-21bd09539e6e),segment_id=b2c0306b-703f-4003-a30e-21bd09539e6e)] {{(pid=108801) get_binding_level_objs /opt/stack/neutron/neutron/plugins/ml2/db.py:75}}
May 27 09:45:03.114948 dv-cinder-788782-3-iscsi neutron-server[108801]: DEBUG neutron_lib.callbacks.manager [None req-46d6c35e-2650-48f5-9878-1df75f2664ec None None] Notify callbacks ['neutron.plugins.ml2.plugin.SecurityGroupServerNotifierRpcMixin.notify_sg_on_port_change-3817716', 'neutron.plugins.ml2.ovo_rpc._ObjectChangeHandler.handle_event-41598', 'neutron.api.rpc.agentnotifiers.dhcp_rpc_agent_api.DhcpAgentNotifyAPI._native_event_send_dhcp_notification-545999', 'neutron.db.l3_db.L3RpcNotifierMixin._notify_gateway_port_ip_changed-8742277831051', 'neutron.db.l3_dvrscheduler_db._notify_l3_agent_port_update-8742277397998', 'neutron.db.l3_hascheduler_db._notify_l3_agent_ha_port_update-8742277398303'] for port, after_update {{(pid=108801) _notify_loop /usr/local/lib/python3.8/dist-packages/neutron_lib/callbacks/manager.py:192}}
May 27 09:45:03.117240 dv-cinder-788782-3-iscsi neutron-server[108801]: DEBUG oslo_concurrency.lockutils [-] Lock "event-dispatch" acquired by "neutron.plugins.ml2.ovo_rpc._ObjectChangeHandler.dispatch_events" :: waited 0.000s {{(pid=108801) inner /usr/local/lib/python3.8/dist-packages/oslo_concurrency/lockutils.py:355}}
May 27 09:45:03.200813 dv-cinder-788782-3-iscsi neutron-server[108800]: DEBUG neutron_lib.callbacks.manager [None req-a6fced70-0412-4a58-ae36-cfe9e7fe5631 admin admin] Notify callbacks [] for security_group, precommit_delete {{(pid=108800) _notify_loop /usr/local/lib/python3.8/dist-packages/neutron_lib/callbacks/manager.py:192}}
May 27 09:45:03.215811 dv-cinder-788782-3-iscsi neutron-server[108801]: DEBUG neutron_lib.callbacks.manager [None req-aadc974c-5bcd-462d-a161-7f7cf9f36c82 None None] Notify callbacks ['neutron.services.segments.db._update_segment_host_mapping_for_agent-8742277843447', 'neutron.plugins.ml2.plugin.Ml2Plugin._retry_binding_revived_agents-4028094'] for agent, after_update {{(pid=108801) _notify_loop /usr/local/lib/python3.8/dist-packages/neutron_lib/callbacks/manager.py:192}}
May 27 09:45:03.218723 dv-cinder-788782-3-iscsi neutron-server[108799]: DEBUG neutron.pecan_wsgi.hooks.policy_enforcement [req-da648363-3544-46b3-990d-038b783c36e1 req-05ea097c-199f-4355-a684-ae0ccf91b5f7 tempest-ServerRescueNegativeTestJSON-712004680 tempest-ServerRescueNegativeTestJSON-712004680-project] Attributes excluded by policy engine: ['standard_attr_id', 'vlan_transparent', 'provider:network_type', 'provider:physical_network', 'provider:segmentation_id'] {{(pid=108799) _exclude_attributes_by_policy /opt/stack/neutron/neutron/pecan_wsgi/hooks/policy_enforcement.py:255}}
May 27 09:45:03.220234 dv-cinder-788782-3-iscsi neutron-server[108799]: INFO neutron.wsgi [req-da648363-3544-46b3-990d-038b783c36e1 req-05ea097c-199f-4355-a684-ae0ccf91b5f7 tempest-ServerRescueNegativeTestJSON-712004680 tempest-ServerRescueNegativeTestJSON-712004680-project] 10.222.0.45 "GET /v2.0/networks?id=921c5312-2832-4749-8b94-ac07787dd31a HTTP/1.1" status: 200 len: 819 time: 0.3747833
May 27 09:45:03.233061 dv-cinder-788782-3-iscsi neutron-server[108801]: DEBUG neutron.api.rpc.handlers.resources_rpc [None req-46d6c35e-2650-48f5-9878-1df75f2664ec None None] Pushing event updated for resources: {'Port': ['ID=44da3312-b5ec-4691-8b63-7b9dd75ac56a,revision_number=4']} {{(pid=108801) push /opt/stack/neutron/neutron/api/rpc/handlers/resources_rpc.py:237}}
May 27 09:45:03.234480 dv-cinder-788782-3-iscsi neutron-server[108799]: DEBUG neutron.api.v2.base [req-da648363-3544-46b3-990d-038b783c36e1 req-13d3f2a3-9e0f-40ae-988d-5f8c389041dc tempest-ServerRescueNegativeTestJSON-712004680 tempest-ServerRescueNegativeTestJSON-712004680-project] Request body: {'port': {'device_id': 'cecf452b-0c0b-499a-924f-af4ce3aff956', 'network_id': '921c5312-2832-4749-8b94-ac07787dd31a', 'admin_state_up': True, 'tenant_id': '483f02bc51f2488fb4546e24e4300ba1'}} {{(pid=108799) prepare_request_body /opt/stack/neutron/neutron/api/v2/base.py:729}}
May 27 09:45:03.250548 dv-cinder-788782-3-iscsi neutron-server[108801]: DEBUG oslo_concurrency.lockutils [None req-46d6c35e-2650-48f5-9878-1df75f2664ec None None] Lock "event-dispatch" released by "neutron.plugins.ml2.ovo_rpc._ObjectChangeHandler.dispatch_events" :: held 0.133s {{(pid=108801) inner /usr/local/lib/python3.8/dist-packages/oslo_concurrency/lockutils.py:367}}
May 27 09:45:03.252402 dv-cinder-788782-3-iscsi neutron-server[108800]: DEBUG neutron.quota.resource [req-0fef220c-a2e5-4e61-8b01-bf63c2701b41 req-0233d9bc-dcd4-4c56-87aa-47e68c8c95cb tempest-ServerRescueNegativeTestJSON-712004680 tempest-ServerRescueNegativeTestJSON-712004680-project] Unset dirty status for tenant:483f02bc51f2488fb4546e24e4300ba1 on resource:port {{(pid=108800) _resync /opt/stack/neutron/neutron/quota/resource.py:233}}
May 27 09:45:03.257350 dv-cinder-788782-3-iscsi neutron-server[108800]: INFO neutron.wsgi [req-0fef220c-a2e5-4e61-8b01-bf63c2701b41 req-0233d9bc-dcd4-4c56-87aa-47e68c8c95cb tempest-ServerRescueNegativeTestJSON-712004680 tempest-ServerRescueNegativeTestJSON-712004680-project] 10.222.0.20 "GET /v2.0/ports?device_id=cecf452b-0c0b-499a-924f-af4ce3aff956 HTTP/1.1" status: 200 len: 210 time: 0.5370975
May 27 09:45:03.281486 dv-cinder-788782-3-iscsi neutron-server[108800]: INFO neutron.wsgi [req-b90b5b75-0679-4b18-9b69-f6f0c36f2165 req-da113cb9-096c-45fd-8b24-ca20949c5c93 tempest-ServerRescueNegativeTestJSON-712004680 tempest-ServerRescueNegativeTestJSON-712004680-project] 10.222.0.45 "POST /v2.0/ports HTTP/1.1" status: 201 len: 934 time: 4.6514592
May 27 09:45:03.339468 dv-cinder-788782-3-iscsi neutron-server[108800]: DEBUG neutron.api.v2.base [req-b90b5b75-0679-4b18-9b69-f6f0c36f2165 req-bd13946e-5a94-4b0b-b292-0963c0454a3d service neutron] Request body: {'port': {'device_id': 'ae8e901b-1694-48e1-9cc2-714b546cd53d', 'device_owner': 'compute:nova', 'binding:host_id': 'hv-cinder-78878'}} {{(pid=108800) prepare_request_body /opt/stack/neutron/neutron/api/v2/base.py:729}}
May 27 09:45:03.383982 dv-cinder-788782-3-iscsi neutron-server[108801]: DEBUG neutron_lib.callbacks.manager [None req-3556d513-caf6-4525-a2f0-ad88938f9e58 None None] Notify callbacks ['neutron.services.segments.db._update_segment_host_mapping_for_agent-8742277843447', 'neutron.plugins.ml2.plugin.Ml2Plugin._retry_binding_revived_agents-4028094'] for agent, after_update {{(pid=108801) _notify_loop /usr/local/lib/python3.8/dist-packages/neutron_lib/callbacks/manager.py:192}}
May 27 09:45:03.392677 dv-cinder-788782-3-iscsi neutron-server[108801]: DEBUG neutron.plugins.ml2.db [None req-46d6c35e-2650-48f5-9878-1df75f2664ec None None] get_ports_and_sgs() called for port_ids ['44da3312-b5ec-4691-8b63-7b9dd75ac56a'] {{(pid=108801) get_ports_and_sgs /opt/stack/neutron/neutron/plugins/ml2/db.py:164}}
May 27 09:45:03.408426 dv-cinder-788782-3-iscsi neutron-server[108800]: INFO neutron.wsgi [req-17ad6e90-5b0c-4469-b72e-45a816e694f7 req-93ba60b7-f9f0-49bc-a5ff-e82c30255f40 service neutron] 10.222.0.45 "GET /v2.0/networks/96d6daca-e43a-41a5-949d-c37e06296a68?fields=provider%3Aphysical_network&fields=provider%3Anetwork_type HTTP/1.1" status: 200 len: 281 time: 0.7523570
May 27 09:45:03.494086 dv-cinder-788782-3-iscsi neutron-server[108799]: DEBUG neutron_lib.callbacks.manager [None req-1759aea3-738a-4450-86ab-9f21eadc23e6 tempest-AttachVolumeShelveTestJSON-829148995 tempest-AttachVolumeShelveTestJSON-829148995-project] Notify callbacks ['neutron.plugins.ml2.plugin.SecurityGroupServerNotifierRpcMixin.notify_sg_on_port_change-3817716', 'neutron.plugins.ml2.ovo_rpc._ObjectChangeHandler.handle_event-41598', 'neutron.api.rpc.agentnotifiers.dhcp_rpc_agent_api.DhcpAgentNotifyAPI._native_event_send_dhcp_notification-545999', 'neutron.db.l3_dvrscheduler_db._notify_l3_agent_new_port-8742277397980', 'neutron.services.segments.plugin.NovaSegmentNotifier._notify_port_created_or_deleted-1936850'] for port, after_create {{(pid=108799) _notify_loop /usr/local/lib/python3.8/dist-packages/neutron_lib/callbacks/manager.py:192}}
May 27 09:45:03.499354 dv-cinder-788782-3-iscsi neutron-server[108799]: DEBUG neutron.db.quota.driver [req-da648363-3544-46b3-990d-038b783c36e1 req-13d3f2a3-9e0f-40ae-988d-5f8c389041dc tempest-ServerRescueNegativeTestJSON-712004680 tempest-ServerRescueNegativeTestJSON-712004680-project] Resources subnetpool have unlimited quota limit. It is not required to calculate headroom {{(pid=108799) make_reservation /opt/stack/neutron/neutron/db/quota/driver.py:219}}
May 27 09:45:03.501423 dv-cinder-788782-3-iscsi neutron-server[108801]: DEBUG neutron.plugins.ml2.db [None req-46d6c35e-2650-48f5-9878-1df75f2664ec None None] get_ports_and_sgs() called for port_ids ['a84fb61a-2987-4eb0-b471-7df4feeb4563'] {{(pid=108801) get_ports_and_sgs /opt/stack/neutron/neutron/plugins/ml2/db.py:164}}
May 27 09:45:03.502006 dv-cinder-788782-3-iscsi neutron-server[108799]: DEBUG oslo_concurrency.lockutils [-] Lock "event-dispatch" acquired by "neutron.plugins.ml2.ovo_rpc._ObjectChangeHandler.dispatch_events" :: waited 0.000s {{(pid=108799) inner /usr/local/lib/python3.8/dist-packages/oslo_concurrency/lockutils.py:355}}
May 27 09:45:03.532897 dv-cinder-788782-3-iscsi neutron-server[108800]: DEBUG neutron_lib.callbacks.manager [None req-a6fced70-0412-4a58-ae36-cfe9e7fe5631 admin admin] Notify callbacks ['neutron.plugins.ml2.ovo_rpc._ObjectChangeHandler.handle_event-721513'] for security_group, after_delete {{(pid=108800) _notify_loop /usr/local/lib/python3.8/dist-packages/neutron_lib/callbacks/manager.py:192}}
May 27 09:45:03.544787 dv-cinder-788782-3-iscsi neutron-server[108800]: DEBUG oslo_concurrency.lockutils [-] Lock "event-dispatch" acquired by "neutron.plugins.ml2.ovo_rpc._ObjectChangeHandler.dispatch_events" :: waited 0.000s {{(pid=108800) inner /usr/local/lib/python3.8/dist-packages/oslo_concurrency/lockutils.py:355}}
May 27 09:45:03.577855 dv-cinder-788782-3-iscsi neutron-server[108799]: DEBUG neutron.db.quota.driver [req-da648363-3544-46b3-990d-038b783c36e1 req-13d3f2a3-9e0f-40ae-988d-5f8c389041dc tempest-ServerRescueNegativeTestJSON-712004680 tempest-ServerRescueNegativeTestJSON-712004680-project] Attempting to reserve 1 items for resource port. Total usage: 2; quota limit: 500; headroom:498 {{(pid=108799) make_reservation /opt/stack/neutron/neutron/db/quota/driver.py:246}}
May 27 09:45:03.604490 dv-cinder-788782-3-iscsi neutron-server[108799]: DEBUG neutron.scheduler.dhcp_agent_scheduler [None req-1759aea3-738a-4450-86ab-9f21eadc23e6 tempest-AttachVolumeShelveTestJSON-829148995 tempest-AttachVolumeShelveTestJSON-829148995-project] Network 16559824-bbb3-4266-bcef-88f73ae55875 is already hosted by enough agents. {{(pid=108799) _get_dhcp_agents_hosting_network /opt/stack/neutron/neutron/scheduler/dhcp_agent_scheduler.py:275}}
May 27 09:45:03.609060 dv-cinder-788782-3-iscsi neutron-server[108799]: DEBUG neutron.scheduler.base_scheduler [None req-1759aea3-738a-4450-86ab-9f21eadc23e6 tempest-AttachVolumeShelveTestJSON-829148995 tempest-AttachVolumeShelveTestJSON-829148995-project] Resources bound (agent type, host, resource id): {{(pid=108799) schedule /opt/stack/neutron/neutron/scheduler/base_scheduler.py:57}}
May 27 09:45:03.613986 dv-cinder-788782-3-iscsi neutron-server[108799]: DEBUG neutron.api.rpc.handlers.resources_rpc [None req-1759aea3-738a-4450-86ab-9f21eadc23e6 tempest-AttachVolumeShelveTestJSON-829148995 tempest-AttachVolumeShelveTestJSON-829148995-project] Pushing event updated for resources: {'Port': ['ID=86fe9269-51b0-4a2f-b1ea-ffd7ccd7bcd4,revision_number=1']} {{(pid=108799) push /opt/stack/neutron/neutron/api/rpc/handlers/resources_rpc.py:237}}
May 27 09:45:03.618003 dv-cinder-788782-3-iscsi neutron-server[108799]: DEBUG neutron.db.l3_dvrscheduler_db [None req-1759aea3-738a-4450-86ab-9f21eadc23e6 tempest-AttachVolumeShelveTestJSON-829148995 tempest-AttachVolumeShelveTestJSON-829148995-project] Received port after_create {{(pid=108799) _notify_l3_agent_new_port /opt/stack/neutron/neutron/db/l3_dvrscheduler_db.py:537}}
May 27 09:45:03.637550 dv-cinder-788782-3-iscsi neutron-server[108800]: DEBUG neutron.api.rpc.handlers.resources_rpc [None req-a6fced70-0412-4a58-ae36-cfe9e7fe5631 admin admin] Pushing event deleted for resources: {'SecurityGroup': ['ID=5c5bb3cf-1bf0-4f34-9ab1-8c1a34dd6c02,revision_number=None']} {{(pid=108800) push /opt/stack/neutron/neutron/api/rpc/handlers/resources_rpc.py:237}}
May 27 09:45:03.680481 dv-cinder-788782-3-iscsi neutron-server[108800]: DEBUG oslo_concurrency.lockutils [None req-a6fced70-0412-4a58-ae36-cfe9e7fe5631 admin admin] Lock "event-dispatch" released by "neutron.plugins.ml2.ovo_rpc._ObjectChangeHandler.dispatch_events" :: held 0.135s {{(pid=108800) inner /usr/local/lib/python3.8/dist-packages/oslo_concurrency/lockutils.py:367}}
May 27 09:45:03.685056 dv-cinder-788782-3-iscsi neutron-server[108800]: DEBUG neutron_lib.callbacks.manager [None req-a6fced70-0412-4a58-ae36-cfe9e7fe5631 admin admin] Notify callbacks [] for security_group, before_response {{(pid=108800) _notify_loop /usr/local/lib/python3.8/dist-packages/neutron_lib/callbacks/manager.py:192}}
May 27 09:45:03.687734 dv-cinder-788782-3-iscsi neutron-server[108800]: INFO neutron.wsgi [None req-a6fced70-0412-4a58-ae36-cfe9e7fe5631 admin admin] 10.222.0.20 "DELETE /v2.0/security-groups/5c5bb3cf-1bf0-4f34-9ab1-8c1a34dd6c02 HTTP/1.1" status: 204 len: 168 time: 1.2051921
May 27 09:45:03.759453 dv-cinder-788782-3-iscsi neutron-server[108800]: DEBUG neutron_lib.callbacks.manager [req-b90b5b75-0679-4b18-9b69-f6f0c36f2165 req-bd13946e-5a94-4b0b-b292-0963c0454a3d service neutron] Notify callbacks ['neutron.plugins.ml2.plugin.SecurityGroupDbMixin._ensure_default_security_group_handler_port-3818017'] for port, before_update {{(pid=108800) _notify_loop /usr/local/lib/python3.8/dist-packages/neutron_lib/callbacks/manager.py:192}}
May 27 09:45:03.782873 dv-cinder-788782-3-iscsi neutron-server[108799]: DEBUG neutron_lib.callbacks.manager [None req-1759aea3-738a-4450-86ab-9f21eadc23e6 tempest-AttachVolumeShelveTestJSON-829148995 tempest-AttachVolumeShelveTestJSON-829148995-project] Notify callbacks [] for floatingip, precommit_create {{(pid=108799) _notify_loop /usr/local/lib/python3.8/dist-packages/neutron_lib/callbacks/manager.py:192}}
May 27 09:45:03.793140 dv-cinder-788782-3-iscsi neutron-server[108799]: DEBUG oslo_concurrency.lockutils [None req-1759aea3-738a-4450-86ab-9f21eadc23e6 tempest-AttachVolumeShelveTestJSON-829148995 tempest-AttachVolumeShelveTestJSON-829148995-project] Lock "event-dispatch" released by "neutron.plugins.ml2.ovo_rpc._ObjectChangeHandler.dispatch_events" :: held 0.291s {{(pid=108799) inner /usr/local/lib/python3.8/dist-packages/oslo_concurrency/lockutils.py:367}}
May 27 09:45:03.793946 dv-cinder-788782-3-iscsi neutron-server[108799]: DEBUG neutron.pecan_wsgi.hooks.quota_enforcement [req-da648363-3544-46b3-990d-038b783c36e1 req-13d3f2a3-9e0f-40ae-988d-5f8c389041dc tempest-ServerRescueNegativeTestJSON-712004680 tempest-ServerRescueNegativeTestJSON-712004680-project] Made reservation on behalf of 483f02bc51f2488fb4546e24e4300ba1 for: {'port': 1} {{(pid=108799) before /opt/stack/neutron/neutron/pecan_wsgi/hooks/quota_enforcement.py:53}}
May 27 09:45:03.797912 dv-cinder-788782-3-iscsi neutron-server[108799]: DEBUG neutron_lib.callbacks.manager [req-da648363-3544-46b3-990d-038b783c36e1 req-13d3f2a3-9e0f-40ae-988d-5f8c389041dc tempest-ServerRescueNegativeTestJSON-712004680 tempest-ServerRescueNegativeTestJSON-712004680-project] Notify callbacks ['neutron.plugins.ml2.plugin.SecurityGroupDbMixin._ensure_default_security_group_handler_port-3818017'] for port, before_create {{(pid=108799) _notify_loop /usr/local/lib/python3.8/dist-packages/neutron_lib/callbacks/manager.py:192}}
May 27 09:45:04.130166 dv-cinder-788782-3-iscsi neutron-server[108799]: DEBUG neutron_lib.callbacks.manager [None req-1759aea3-738a-4450-86ab-9f21eadc23e6 tempest-AttachVolumeShelveTestJSON-829148995 tempest-AttachVolumeShelveTestJSON-829148995-project] Notify callbacks ['neutron.plugins.ml2.plugin.SecurityGroupDbMixin._ensure_default_security_group_handler_port-3818017'] for port, before_update {{(pid=108799) _notify_loop /usr/local/lib/python3.8/dist-packages/neutron_lib/callbacks/manager.py:192}}
May 27 09:45:04.221053 dv-cinder-788782-3-iscsi neutron-server[108801]: DEBUG neutron_lib.callbacks.manager [None req-5885d5ef-8a3a-477a-9f8a-67859065fd27 None None] Notify callbacks ['neutron.services.segments.db._update_segment_host_mapping_for_agent-8742277843447', 'neutron.plugins.ml2.plugin.Ml2Plugin._retry_binding_revived_agents-4028094'] for agent, after_update {{(pid=108801) _notify_loop /usr/local/lib/python3.8/dist-packages/neutron_lib/callbacks/manager.py:192}}
May 27 09:45:04.332162 dv-cinder-788782-3-iscsi neutron-server[108800]: DEBUG neutron.pecan_wsgi.hooks.policy_enforcement [req-5a1b7d12-9070-447c-a79a-c5d7905381f6 req-41583ca4-4412-4370-9d87-f9a186a58c0b tempest-DeleteServersTestJSON-1396772135 tempest-DeleteServersTestJSON-1396772135-project] Attributes excluded by policy engine: ['standard_attr_id', 'binding:profile', 'binding:host_id', 'binding:vif_type', 'binding:vif_details'] {{(pid=108800) _exclude_attributes_by_policy /opt/stack/neutron/neutron/pecan_wsgi/hooks/policy_enforcement.py:255}}
May 27 09:45:04.333702 dv-cinder-788782-3-iscsi neutron-server[108800]: INFO neutron.wsgi [req-5a1b7d12-9070-447c-a79a-c5d7905381f6 req-41583ca4-4412-4370-9d87-f9a186a58c0b tempest-DeleteServersTestJSON-1396772135 tempest-DeleteServersTestJSON-1396772135-project] 10.222.0.20 "GET /v2.0/ports?device_id=72282031-8298-4e88-bdfc-aeb92ac2b80e HTTP/1.1" status: 200 len: 944 time: 0.2219226
May 27 09:45:04.403657 dv-cinder-788782-3-iscsi neutron-server[108799]: DEBUG neutron.wsgi [-] (108799) accepted ('10.222.0.20', 36436) {{(pid=108799) server /usr/local/lib/python3.8/dist-packages/eventlet/wsgi.py:992}}
May 27 09:45:04.436837 dv-cinder-788782-3-iscsi neutron-server[108799]: DEBUG neutron_lib.callbacks.manager [None req-2536d7ca-c229-4a42-9941-c38ec2883e0d admin admin] Notify callbacks [] for security_group, before_create {{(pid=108799) _notify_loop /usr/local/lib/python3.8/dist-packages/neutron_lib/callbacks/manager.py:192}}
May 27 09:45:04.446235 dv-cinder-788782-3-iscsi neutron-server[108800]: INFO neutron.wsgi [req-5a1b7d12-9070-447c-a79a-c5d7905381f6 req-7765ef4b-f96e-44ec-947f-5c6b9318952d tempest-DeleteServersTestJSON-1396772135 tempest-DeleteServersTestJSON-1396772135-project] 10.222.0.20 "GET /v2.0/security-groups?id=97119abd-6345-4163-a876-70729037dee9&fields=id&fields=name HTTP/1.1" status: 200 len: 286 time: 0.1069980
May 27 09:45:04.451488 dv-cinder-788782-3-iscsi neutron-server[108800]: DEBUG neutron.notifiers.nova [req-b90b5b75-0679-4b18-9b69-f6f0c36f2165 req-bd13946e-5a94-4b0b-b292-0963c0454a3d service neutron] Ignoring state change previous_port_status: DOWN current_port_status: DOWN port_id 1b005f5d-e5fd-451d-ae65-820c3e7375ae {{(pid=108800) record_port_status_changed /opt/stack/neutron/neutron/notifiers/nova.py:224}}
May 27 09:45:04.460839 dv-cinder-788782-3-iscsi neutron-server[108800]: DEBUG neutron_lib.callbacks.manager [req-b90b5b75-0679-4b18-9b69-f6f0c36f2165 req-bd13946e-5a94-4b0b-b292-0963c0454a3d service neutron] Notify callbacks [] for port, precommit_update {{(pid=108800) _notify_loop /usr/local/lib/python3.8/dist-packages/neutron_lib/callbacks/manager.py:192}}
May 27 09:45:04.463267 dv-cinder-788782-3-iscsi neutron-server[108799]: DEBUG neutron.pecan_wsgi.hooks.policy_enforcement [req-ca618e2e-2b71-432b-b259-ae578cb300a6 req-2dde2b47-2f9c-4505-937d-d5ab3b2cde62 tempest-AttachVolumeNegativeTest-490834740 tempest-AttachVolumeNegativeTest-490834740-project] Attributes excluded by policy engine: ['standard_attr_id', 'binding:profile', 'binding:host_id', 'binding:vif_type', 'binding:vif_details'] {{(pid=108799) _exclude_attributes_by_policy /opt/stack/neutron/neutron/pecan_wsgi/hooks/policy_enforcement.py:255}}
May 27 09:45:04.464785 dv-cinder-788782-3-iscsi neutron-server[108799]: INFO neutron.wsgi [req-ca618e2e-2b71-432b-b259-ae578cb300a6 req-2dde2b47-2f9c-4505-937d-d5ab3b2cde62 tempest-AttachVolumeNegativeTest-490834740 tempest-AttachVolumeNegativeTest-490834740-project] 10.222.0.20 "GET /v2.0/ports?device_id=3e3c1041-244a-47f9-806a-faa1921dc749 HTTP/1.1" status: 200 len: 945 time: 0.6730995
May 27 09:45:04.468931 dv-cinder-788782-3-iscsi neutron-server[108799]: DEBUG neutron.db.quota.driver [None req-2536d7ca-c229-4a42-9941-c38ec2883e0d admin admin] Resources subnetpool have unlimited quota limit. It is not required to calculate headroom {{(pid=108799) make_reservation /opt/stack/neutron/neutron/db/quota/driver.py:219}}
May 27 09:45:04.480054 dv-cinder-788782-3-iscsi neutron-server[108800]: DEBUG neutron.db.provisioning_blocks [req-b90b5b75-0679-4b18-9b69-f6f0c36f2165 req-bd13946e-5a94-4b0b-b292-0963c0454a3d service neutron] Transition to ACTIVE for port object 1b005f5d-e5fd-451d-ae65-820c3e7375ae will not be triggered until provisioned by entity L2. {{(pid=108800) add_provisioning_component /opt/stack/neutron/neutron/db/provisioning_blocks.py:73}}
May 27 09:45:04.485642 dv-cinder-788782-3-iscsi neutron-server[108800]: DEBUG neutron_lib.callbacks.manager [req-b90b5b75-0679-4b18-9b69-f6f0c36f2165 req-bd13946e-5a94-4b0b-b292-0963c0454a3d service neutron] Notify callbacks ['neutron.plugins.ml2.plugin.SecurityGroupServerNotifierRpcMixin.notify_sg_on_port_change-3817716', 'neutron.plugins.ml2.ovo_rpc._ObjectChangeHandler.handle_event-41598', 'neutron.api.rpc.agentnotifiers.dhcp_rpc_agent_api.DhcpAgentNotifyAPI._native_event_send_dhcp_notification-545999', 'neutron.db.l3_db.L3RpcNotifierMixin._notify_gateway_port_ip_changed-8742277831051', 'neutron.db.l3_dvrscheduler_db._notify_l3_agent_port_update-8742277397998', 'neutron.db.l3_hascheduler_db._notify_l3_agent_ha_port_update-8742277398303', 'neutron.services.segments.plugin.NovaSegmentNotifier._notify_port_updated-262722360'] for port, after_update {{(pid=108800) _notify_loop /usr/local/lib/python3.8/dist-packages/neutron_lib/callbacks/manager.py:192}}
May 27 09:45:04.491491 dv-cinder-788782-3-iscsi neutron-server[108800]: DEBUG oslo_concurrency.lockutils [-] Lock "event-dispatch" acquired by "neutron.plugins.ml2.ovo_rpc._ObjectChangeHandler.dispatch_events" :: waited 0.000s {{(pid=108800) inner /usr/local/lib/python3.8/dist-packages/oslo_concurrency/lockutils.py:355}}
May 27 09:45:04.511434 dv-cinder-788782-3-iscsi neutron-server[108799]: DEBUG neutron.quota.resource [None req-2536d7ca-c229-4a42-9941-c38ec2883e0d admin admin] Usage tracker for resource:security_group_rule and tenant:a2033121c79c4d9680d2dd477673da01 is out of sync, need to count used quota {{(pid=108799) count_used /opt/stack/neutron/neutron/quota/resource.py:270}}
May 27 09:45:04.520587 dv-cinder-788782-3-iscsi neutron-server[108799]: DEBUG neutron.quota.resource [None req-2536d7ca-c229-4a42-9941-c38ec2883e0d admin admin] Quota usage for security_group_rule was recalculated. Used quota:0. {{(pid=108799) count_used /opt/stack/neutron/neutron/quota/resource.py:290}}
May 27 09:45:04.572911 dv-cinder-788782-3-iscsi neutron-server[108799]: DEBUG neutron.db.quota.driver [None req-2536d7ca-c229-4a42-9941-c38ec2883e0d admin admin] Attempting to reserve 4 items for resource security_group_rule. Total usage: 0; quota limit: 100; headroom:100 {{(pid=108799) make_reservation /opt/stack/neutron/neutron/db/quota/driver.py:246}}
May 27 09:45:04.666457 dv-cinder-788782-3-iscsi neutron-server[108799]: INFO neutron.wsgi [req-ca618e2e-2b71-432b-b259-ae578cb300a6 req-30b9bae5-c0ba-411a-b66b-cc91b7ba171e tempest-AttachVolumeNegativeTest-490834740 tempest-AttachVolumeNegativeTest-490834740-project] 10.222.0.20 "GET /v2.0/security-groups?id=c1039b96-50e6-4c67-9987-bd7676aa5699&fields=id&fields=name HTTP/1.1" status: 200 len: 286 time: 0.1925559
May 27 09:45:04.670629 dv-cinder-788782-3-iscsi neutron-server[108800]: DEBUG neutron.api.rpc.handlers.resources_rpc [None req-bd13946e-5a94-4b0b-b292-0963c0454a3d service neutron] Pushing event updated for resources: {'Port': ['ID=1b005f5d-e5fd-451d-ae65-820c3e7375ae,revision_number=2']} {{(pid=108800) push /opt/stack/neutron/neutron/api/rpc/handlers/resources_rpc.py:237}}
May 27 09:45:04.673083 dv-cinder-788782-3-iscsi neutron-server[108799]: DEBUG neutron.db.db_base_plugin_common [req-da648363-3544-46b3-990d-038b783c36e1 req-13d3f2a3-9e0f-40ae-988d-5f8c389041dc tempest-ServerRescueNegativeTestJSON-712004680 tempest-ServerRescueNegativeTestJSON-712004680-project] Allocated IP 172.20.0.7 (921c5312-2832-4749-8b94-ac07787dd31a/1bca4593-d2af-4662-b254-e5f850c43127/b67ccf43-6425-404a-9613-b17463abf875) {{(pid=108799) _store_ip_allocation /opt/stack/neutron/neutron/db/db_base_plugin_common.py:131}}
May 27 09:45:04.684536 dv-cinder-788782-3-iscsi neutron-server[108800]: DEBUG oslo_concurrency.lockutils [None req-bd13946e-5a94-4b0b-b292-0963c0454a3d service neutron] Lock "event-dispatch" released by "neutron.plugins.ml2.ovo_rpc._ObjectChangeHandler.dispatch_events" :: held 0.193s {{(pid=108800) inner /usr/local/lib/python3.8/dist-packages/oslo_concurrency/lockutils.py:367}}
May 27 09:45:04.719999 dv-cinder-788782-3-iscsi neutron-server[108799]: DEBUG neutron_lib.callbacks.manager [None req-1759aea3-738a-4450-86ab-9f21eadc23e6 tempest-AttachVolumeShelveTestJSON-829148995 tempest-AttachVolumeShelveTestJSON-829148995-project] Notify callbacks [] for port, precommit_update {{(pid=108799) _notify_loop /usr/local/lib/python3.8/dist-packages/neutron_lib/callbacks/manager.py:192}}
May 27 09:45:04.739068 dv-cinder-788782-3-iscsi neutron-server[108799]: DEBUG neutron_lib.callbacks.manager [None req-1759aea3-738a-4450-86ab-9f21eadc23e6 tempest-AttachVolumeShelveTestJSON-829148995 tempest-AttachVolumeShelveTestJSON-829148995-project] Notify callbacks ['neutron.plugins.ml2.plugin.SecurityGroupServerNotifierRpcMixin.notify_sg_on_port_change-3817716', 'neutron.plugins.ml2.ovo_rpc._ObjectChangeHandler.handle_event-41598', 'neutron.api.rpc.agentnotifiers.dhcp_rpc_agent_api.DhcpAgentNotifyAPI._native_event_send_dhcp_notification-545999', 'neutron.db.l3_db.L3RpcNotifierMixin._notify_gateway_port_ip_changed-8742277831051', 'neutron.db.l3_dvrscheduler_db._notify_l3_agent_port_update-8742277397998', 'neutron.db.l3_hascheduler_db._notify_l3_agent_ha_port_update-8742277398303', 'neutron.services.segments.plugin.NovaSegmentNotifier._notify_port_updated-1936869'] for port, after_update {{(pid=108799) _notify_loop /usr/local/lib/python3.8/dist-packages/neutron_lib/callbacks/manager.py:192}}
May 27 09:45:04.754378 dv-cinder-788782-3-iscsi neutron-server[108799]: DEBUG oslo_concurrency.lockutils [None req-2752cb9e-8477-45ae-8626-68f61fb387b8 admin admin] Lock "event-dispatch" acquired by "neutron.plugins.ml2.ovo_rpc._ObjectChangeHandler.dispatch_events" :: waited 0.000s {{(pid=108799) inner /usr/local/lib/python3.8/dist-packages/oslo_concurrency/lockutils.py:355}}
May 27 09:45:04.958349 dv-cinder-788782-3-iscsi neutron-server[108799]: DEBUG neutron.api.rpc.handlers.resources_rpc [None req-1759aea3-738a-4450-86ab-9f21eadc23e6 tempest-AttachVolumeShelveTestJSON-829148995 tempest-AttachVolumeShelveTestJSON-829148995-project] Pushing event updated for resources: {'Port': ['ID=86fe9269-51b0-4a2f-b1ea-ffd7ccd7bcd4,revision_number=2']} {{(pid=108799) push /opt/stack/neutron/neutron/api/rpc/handlers/resources_rpc.py:237}}
May 27 09:45:04.960211 dv-cinder-788782-3-iscsi neutron-server[108800]: INFO neutron.wsgi [req-0c6e5d2b-255e-4e28-8887-fa9c3b41f499 req-4aaa304a-f640-4457-b8b1-fc637030c0c9 tempest-ServerRescueNegativeTestJSON-712004680 tempest-ServerRescueNegativeTestJSON-712004680-project] 10.222.0.20 "GET /v2.0/ports?device_id=cecf452b-0c0b-499a-924f-af4ce3aff956 HTTP/1.1" status: 200 len: 210 time: 0.1907382
May 27 09:45:04.961432 dv-cinder-788782-3-iscsi neutron-server[108800]: DEBUG neutron.plugins.ml2.managers [req-b90b5b75-0679-4b18-9b69-f6f0c36f2165 req-bd13946e-5a94-4b0b-b292-0963c0454a3d service neutron] Attempting to bind port 1b005f5d-e5fd-451d-ae65-820c3e7375ae on host hv-cinder-78878 for vnic_type normal with profile {{(pid=108800) bind_port /opt/stack/neutron/neutron/plugins/ml2/managers.py:790}}
May 27 09:45:04.961896 dv-cinder-788782-3-iscsi neutron-server[108800]: DEBUG neutron.plugins.ml2.managers [req-b90b5b75-0679-4b18-9b69-f6f0c36f2165 req-bd13946e-5a94-4b0b-b292-0963c0454a3d service neutron] Attempting to bind port 1b005f5d-e5fd-451d-ae65-820c3e7375ae by drivers openvswitch,hyperv on host hv-cinder-78878 at level 0 using segments [{'id': '27d3e05b-0e05-4fda-a004-680666a4b8ee', 'network_type': 'vlan', 'physical_network': 'physnet1', 'segmentation_id': 741, 'network_id': '921c5312-2832-4749-8b94-ac07787dd31a'}] {{(pid=108800) _bind_port_level /opt/stack/neutron/neutron/plugins/ml2/managers.py:815}}
May 27 09:45:04.962303 dv-cinder-788782-3-iscsi neutron-server[108800]: DEBUG neutron.plugins.ml2.drivers.mech_agent [req-b90b5b75-0679-4b18-9b69-f6f0c36f2165 req-bd13946e-5a94-4b0b-b292-0963c0454a3d service neutron] Attempting to bind port 1b005f5d-e5fd-451d-ae65-820c3e7375ae on network 921c5312-2832-4749-8b94-ac07787dd31a {{(pid=108800) bind_port /opt/stack/neutron/neutron/plugins/ml2/drivers/mech_agent.py:86}}
May 27 09:45:04.985478 dv-cinder-788782-3-iscsi neutron-server[108800]: DEBUG neutron.plugins.ml2.drivers.mech_agent [req-b90b5b75-0679-4b18-9b69-f6f0c36f2165 req-bd13946e-5a94-4b0b-b292-0963c0454a3d service neutron] Port 1b005f5d-e5fd-451d-ae65-820c3e7375ae on network 921c5312-2832-4749-8b94-ac07787dd31a not bound, no agent of type Open vSwitch agent registered on host hv-cinder-78878 {{(pid=108800) bind_port /opt/stack/neutron/neutron/plugins/ml2/drivers/mech_agent.py:98}}
May 27 09:45:04.985824 dv-cinder-788782-3-iscsi neutron-server[108800]: DEBUG neutron.plugins.ml2.drivers.mech_agent [req-b90b5b75-0679-4b18-9b69-f6f0c36f2165 req-bd13946e-5a94-4b0b-b292-0963c0454a3d service neutron] Attempting to bind port 1b005f5d-e5fd-451d-ae65-820c3e7375ae on network 921c5312-2832-4749-8b94-ac07787dd31a {{(pid=108800) bind_port /opt/stack/neutron/neutron/plugins/ml2/drivers/mech_agent.py:86}}
May 27 09:45:04.996148 dv-cinder-788782-3-iscsi neutron-server[108799]: DEBUG oslo_concurrency.lockutils [None req-1759aea3-738a-4450-86ab-9f21eadc23e6 tempest-AttachVolumeShelveTestJSON-829148995 tempest-AttachVolumeShelveTestJSON-829148995-project] Lock "event-dispatch" released by "neutron.plugins.ml2.ovo_rpc._ObjectChangeHandler.dispatch_events" :: held 0.242s {{(pid=108799) inner /usr/local/lib/python3.8/dist-packages/oslo_concurrency/lockutils.py:367}}
May 27 09:45:05.005081 dv-cinder-788782-3-iscsi neutron-server[108800]: DEBUG neutron.plugins.ml2.drivers.mech_agent [req-b90b5b75-0679-4b18-9b69-f6f0c36f2165 req-bd13946e-5a94-4b0b-b292-0963c0454a3d service neutron] Checking agent: {'id': '20b95490-0f03-49ca-96d9-4e83ccc8e2c4', 'agent_type': 'HyperV agent', 'binary': 'neutron-hyperv-agent', 'topic': 'N/A', 'host': 'hv-cinder-78878', 'admin_state_up': True, 'created_at': datetime.datetime(2021, 5, 27, 9, 42, 56), 'started_at': datetime.datetime(2021, 5, 27, 9, 42, 56), 'heartbeat_timestamp': datetime.datetime(2021, 5, 27, 9, 44, 56), 'description': None, 'resources_synced': None, 'availability_zone': None, 'alive': True, 'configurations': {'vswitch_mappings': {'physnet1$': 'br-data'}}, 'resource_versions': {}} {{(pid=108800) bind_port /opt/stack/neutron/neutron/plugins/ml2/drivers/mech_agent.py:105}}
May 27 09:45:05.005333 dv-cinder-788782-3-iscsi neutron-server[108800]: DEBUG neutron.plugins.ml2.drivers.mech_agent [req-b90b5b75-0679-4b18-9b69-f6f0c36f2165 req-bd13946e-5a94-4b0b-b292-0963c0454a3d service neutron] Checking segment: {'id': '27d3e05b-0e05-4fda-a004-680666a4b8ee', 'network_type': 'vlan', 'physical_network': 'physnet1', 'segmentation_id': 741, 'network_id': '921c5312-2832-4749-8b94-ac07787dd31a'} for mappings: {'physnet1$': 'br-data'} with network types: ['local', 'flat', 'vlan'] {{(pid=108800) check_segment_for_agent /opt/stack/neutron/neutron/plugins/ml2/drivers/mech_agent.py:341}}
May 27 09:45:05.005738 dv-cinder-788782-3-iscsi neutron-server[108800]: DEBUG neutron.plugins.ml2.drivers.mech_agent [req-b90b5b75-0679-4b18-9b69-f6f0c36f2165 req-bd13946e-5a94-4b0b-b292-0963c0454a3d service neutron] Bound using segment: {'id': '27d3e05b-0e05-4fda-a004-680666a4b8ee', 'network_type': 'vlan', 'physical_network': 'physnet1', 'segmentation_id': 741, 'network_id': '921c5312-2832-4749-8b94-ac07787dd31a'} {{(pid=108800) bind_port /opt/stack/neutron/neutron/plugins/ml2/drivers/mech_agent.py:115}}
May 27 09:45:05.006194 dv-cinder-788782-3-iscsi neutron-server[108800]: DEBUG neutron.plugins.ml2.managers [req-b90b5b75-0679-4b18-9b69-f6f0c36f2165 req-bd13946e-5a94-4b0b-b292-0963c0454a3d service neutron] Bound port: 1b005f5d-e5fd-451d-ae65-820c3e7375ae, host: hv-cinder-78878, vif_type: hyperv, vif_details: {"connectivity": "legacy", "port_filter": false}, binding_levels: [{'bound_driver': 'hyperv', 'bound_segment': {'id': '27d3e05b-0e05-4fda-a004-680666a4b8ee', 'network_type': 'vlan', 'physical_network': 'physnet1', 'segmentation_id': 741, 'network_id': '921c5312-2832-4749-8b94-ac07787dd31a'}}] {{(pid=108800) _bind_port_level /opt/stack/neutron/neutron/plugins/ml2/managers.py:928}}
May 27 09:45:05.006552 dv-cinder-788782-3-iscsi neutron-server[108800]: DEBUG neutron_lib.callbacks.manager [req-b90b5b75-0679-4b18-9b69-f6f0c36f2165 req-bd13946e-5a94-4b0b-b292-0963c0454a3d service neutron] Notify callbacks ['neutron.plugins.ml2.plugin.SecurityGroupDbMixin._ensure_default_security_group_handler_port-3818017'] for port, before_update {{(pid=108800) _notify_loop /usr/local/lib/python3.8/dist-packages/neutron_lib/callbacks/manager.py:192}}
May 27 09:45:05.050157 dv-cinder-788782-3-iscsi neutron-server[108799]: DEBUG neutron_lib.callbacks.manager [None req-2536d7ca-c229-4a42-9941-c38ec2883e0d admin admin] Notify callbacks [] for security_group, precommit_create {{(pid=108799) _notify_loop /usr/local/lib/python3.8/dist-packages/neutron_lib/callbacks/manager.py:192}}
May 27 09:45:05.055768 dv-cinder-788782-3-iscsi neutron-server[108799]: DEBUG neutron_lib.callbacks.manager [None req-1759aea3-738a-4450-86ab-9f21eadc23e6 tempest-AttachVolumeShelveTestJSON-829148995 tempest-AttachVolumeShelveTestJSON-829148995-project] Notify callbacks ['neutron.services.l3_router.l3_router_plugin.DVRResourceOperationHandler._create_dvr_floating_gw_port-667118'] for floatingip, after_update {{(pid=108799) _notify_loop /usr/local/lib/python3.8/dist-packages/neutron_lib/callbacks/manager.py:192}}
May 27 09:45:05.064072 dv-cinder-788782-3-iscsi neutron-server[108799]: DEBUG neutron_lib.callbacks.manager [None req-2536d7ca-c229-4a42-9941-c38ec2883e0d admin admin] Notify callbacks ['neutron.plugins.ml2.ovo_rpc._ObjectChangeHandler.handle_event-721513'] for security_group, after_create {{(pid=108799) _notify_loop /usr/local/lib/python3.8/dist-packages/neutron_lib/callbacks/manager.py:192}}
May 27 09:45:05.094871 dv-cinder-788782-3-iscsi neutron-server[108799]: DEBUG oslo_concurrency.lockutils [None req-ab14de84-b585-4ea4-b427-a6e29807cad2 admin admin] Lock "event-dispatch" acquired by "neutron.plugins.ml2.ovo_rpc._ObjectChangeHandler.dispatch_events" :: waited 0.000s {{(pid=108799) inner /usr/local/lib/python3.8/dist-packages/oslo_concurrency/lockutils.py:355}}
May 27 09:45:05.127089 dv-cinder-788782-3-iscsi neutron-server[108800]: DEBUG neutron.plugins.ml2.db [req-b90b5b75-0679-4b18-9b69-f6f0c36f2165 req-bd13946e-5a94-4b0b-b292-0963c0454a3d service neutron] For port 1b005f5d-e5fd-451d-ae65-820c3e7375ae, host hv-cinder-78878, cleared binding levels {{(pid=108800) clear_binding_levels /opt/stack/neutron/neutron/plugins/ml2/db.py:88}}
May 27 09:45:05.133268 dv-cinder-788782-3-iscsi neutron-server[108801]: DEBUG neutron.plugins.ml2.rpc [None req-46d6c35e-2650-48f5-9878-1df75f2664ec None None] Device a84fb61a-2987-4eb0-b471-7df4feeb4563 up at agent hyperv_hv-cinder-78878 {{(pid=108801) update_device_up /opt/stack/neutron/neutron/plugins/ml2/rpc.py:278}}
May 27 09:45:05.134231 dv-cinder-788782-3-iscsi neutron-server[108800]: DEBUG neutron.plugins.ml2.db [req-b90b5b75-0679-4b18-9b69-f6f0c36f2165 req-bd13946e-5a94-4b0b-b292-0963c0454a3d service neutron] For port 1b005f5d-e5fd-451d-ae65-820c3e7375ae, host hv-cinder-78878, set binding levels [PortBindingLevel(driver='hyperv',host='hv-cinder-78878',level=0,port_id=1b005f5d-e5fd-451d-ae65-820c3e7375ae,segment=NetworkSegment(27d3e05b-0e05-4fda-a004-680666a4b8ee),segment_id=27d3e05b-0e05-4fda-a004-680666a4b8ee)] {{(pid=108800) set_binding_levels /opt/stack/neutron/neutron/plugins/ml2/db.py:60}}
May 27 09:45:05.140384 dv-cinder-788782-3-iscsi neutron-server[108800]: DEBUG neutron_lib.callbacks.manager [req-b90b5b75-0679-4b18-9b69-f6f0c36f2165 req-bd13946e-5a94-4b0b-b292-0963c0454a3d service neutron] Notify callbacks ['neutron.plugins.ml2.plugin.SecurityGroupServerNotifierRpcMixin.notify_sg_on_port_change-3817716', 'neutron.plugins.ml2.ovo_rpc._ObjectChangeHandler.handle_event-41598', 'neutron.api.rpc.agentnotifiers.dhcp_rpc_agent_api.DhcpAgentNotifyAPI._native_event_send_dhcp_notification-545999', 'neutron.db.l3_db.L3RpcNotifierMixin._notify_gateway_port_ip_changed-8742277831051', 'neutron.db.l3_dvrscheduler_db._notify_l3_agent_port_update-8742277397998', 'neutron.db.l3_hascheduler_db._notify_l3_agent_ha_port_update-8742277398303', 'neutron.services.segments.plugin.NovaSegmentNotifier._notify_port_updated-262722360'] for port, after_update {{(pid=108800) _notify_loop /usr/local/lib/python3.8/dist-packages/neutron_lib/callbacks/manager.py:192}}
May 27 09:45:05.144654 dv-cinder-788782-3-iscsi neutron-server[108800]: DEBUG oslo_concurrency.lockutils [-] Lock "event-dispatch" acquired by "neutron.plugins.ml2.ovo_rpc._ObjectChangeHandler.dispatch_events" :: waited 0.000s {{(pid=108800) inner /usr/local/lib/python3.8/dist-packages/oslo_concurrency/lockutils.py:355}}
May 27 09:45:05.145432 dv-cinder-788782-3-iscsi neutron-server[108799]: INFO neutron.wsgi [None req-2536d7ca-c229-4a42-9941-c38ec2883e0d admin admin] 10.222.0.20 "GET /v2.0/security-groups?tenant_id=a2033121c79c4d9680d2dd477673da01&name=default HTTP/1.1" status: 200 len: 2979 time: 0.7385247
May 27 09:45:05.152624 dv-cinder-788782-3-iscsi neutron-server[108799]: DEBUG neutron.wsgi [-] (108799) accepted ('10.222.0.20', 36470) {{(pid=108799) server /usr/local/lib/python3.8/dist-packages/eventlet/wsgi.py:992}}
May 27 09:45:05.212838 dv-cinder-788782-3-iscsi neutron-server[108800]: DEBUG neutron.pecan_wsgi.hooks.policy_enforcement [req-b90b5b75-0679-4b18-9b69-f6f0c36f2165 req-bd13946e-5a94-4b0b-b292-0963c0454a3d service neutron] Attributes excluded by policy engine: ['standard_attr_id'] {{(pid=108800) _exclude_attributes_by_policy /opt/stack/neutron/neutron/pecan_wsgi/hooks/policy_enforcement.py:255}}
May 27 09:45:05.213469 dv-cinder-788782-3-iscsi neutron-server[108800]: DEBUG neutron_lib.callbacks.manager [req-b90b5b75-0679-4b18-9b69-f6f0c36f2165 req-bd13946e-5a94-4b0b-b292-0963c0454a3d service neutron] Notify callbacks ['neutron.notifiers.nova.Notifier._send_nova_notification-485917', 'neutron.api.rpc.agentnotifiers.dhcp_rpc_agent_api.DhcpAgentNotifyAPI._send_dhcp_notification-546017'] for port, before_response {{(pid=108800) _notify_loop /usr/local/lib/python3.8/dist-packages/neutron_lib/callbacks/manager.py:192}}
May 27 09:45:05.215010 dv-cinder-788782-3-iscsi neutron-server[108800]: INFO neutron.wsgi [req-b90b5b75-0679-4b18-9b69-f6f0c36f2165 req-bd13946e-5a94-4b0b-b292-0963c0454a3d service neutron] 10.222.0.45 "PUT /v2.0/ports/1b005f5d-e5fd-451d-ae65-820c3e7375ae HTTP/1.1" status: 200 len: 1094 time: 1.8956096
May 27 09:45:05.215811 dv-cinder-788782-3-iscsi neutron-server[108800]: DEBUG neutron.notifiers.nova [-] Sending events: [{'name': 'network-changed', 'server_uuid': 'ae8e901b-1694-48e1-9cc2-714b546cd53d', 'tag': '1b005f5d-e5fd-451d-ae65-820c3e7375ae'}] {{(pid=108800) send_events /opt/stack/neutron/neutron/notifiers/nova.py:262}}
May 27 09:45:05.236661 dv-cinder-788782-3-iscsi neutron-server[108800]: DEBUG neutron.api.rpc.handlers.resources_rpc [None req-bd13946e-5a94-4b0b-b292-0963c0454a3d service neutron] Pushing event updated for resources: {'Port': ['ID=1b005f5d-e5fd-451d-ae65-820c3e7375ae,revision_number=3']} {{(pid=108800) push /opt/stack/neutron/neutron/api/rpc/handlers/resources_rpc.py:237}}
May 27 09:45:05.241370 dv-cinder-788782-3-iscsi neutron-server[108800]: DEBUG oslo_concurrency.lockutils [None req-bd13946e-5a94-4b0b-b292-0963c0454a3d service neutron] Lock "event-dispatch" released by "neutron.plugins.ml2.ovo_rpc._ObjectChangeHandler.dispatch_events" :: held 0.096s {{(pid=108800) inner /usr/local/lib/python3.8/dist-packages/oslo_concurrency/lockutils.py:367}}
