May 27 09:44:44.583382 dv-cinder-788782-3-iscsi devstack@n-api.service[122914]: DEBUG oslo_concurrency.lockutils [None req-7c58a1b7-2a19-448f-b462-7813dffa4095 tempest-AttachVolumeNegativeTest-490834740 tempest-AttachVolumeNegativeTest-490834740-project] Lock "fd000332-40f3-42ce-91b8-cd5adaa3ad9f" acquired by "nova.context.set_target_cell..get_or_set_cached_cell_and_set_connections" :: waited 0.000s {{(pid=122914) inner /usr/local/lib/python3.8/dist-packages/oslo_concurrency/lockutils.py:355}}
May 27 09:44:44.583819 dv-cinder-788782-3-iscsi devstack@n-api.service[122914]: DEBUG oslo_concurrency.lockutils [None req-7c58a1b7-2a19-448f-b462-7813dffa4095 tempest-AttachVolumeNegativeTest-490834740 tempest-AttachVolumeNegativeTest-490834740-project] Lock "fd000332-40f3-42ce-91b8-cd5adaa3ad9f" released by "nova.context.set_target_cell..get_or_set_cached_cell_and_set_connections" :: held 0.000s {{(pid=122914) inner /usr/local/lib/python3.8/dist-packages/oslo_concurrency/lockutils.py:367}}
May 27 09:44:44.812324 dv-cinder-788782-3-iscsi devstack@n-api.service[122915]: INFO nova.api.openstack.wsgi [None req-71f0747b-295b-4c77-9181-6aa2e3452255 tempest-VolumesSnapshotsTestJSON-1025819911 tempest-VolumesSnapshotsTestJSON-1025819911-project] HTTP exception thrown: Volume 64aaaa58-db10-43ae-a43e-8ff11bd6bcba could not be found.
May 27 09:44:44.812944 dv-cinder-788782-3-iscsi devstack@n-api.service[122915]: DEBUG nova.api.openstack.wsgi [None req-71f0747b-295b-4c77-9181-6aa2e3452255 tempest-VolumesSnapshotsTestJSON-1025819911 tempest-VolumesSnapshotsTestJSON-1025819911-project] Returning 404 to user: Volume 64aaaa58-db10-43ae-a43e-8ff11bd6bcba could not be found. {{(pid=122915) __call__ /opt/stack/nova/nova/api/openstack/wsgi.py:927}}
May 27 09:44:44.813788 dv-cinder-788782-3-iscsi devstack@n-api.service[122915]: INFO nova.api.openstack.requestlog [None req-71f0747b-295b-4c77-9181-6aa2e3452255 tempest-VolumesSnapshotsTestJSON-1025819911 tempest-VolumesSnapshotsTestJSON-1025819911-project] 10.222.0.20 "DELETE /compute/v2.1/os-volumes/64aaaa58-db10-43ae-a43e-8ff11bd6bcba" status: 404 len: 109 microversion: 2.1 time: 0.271227
May 27 09:44:44.817398 dv-cinder-788782-3-iscsi devstack@n-api.service[122915]: [pid: 122915|app: 0|req: 20/38] 10.222.0.20 () {58 vars in 1248 bytes} [Thu May 27 09:44:44 2021] DELETE /compute/v2.1/os-volumes/64aaaa58-db10-43ae-a43e-8ff11bd6bcba => generated 109 bytes in 272 msecs (HTTP/1.1 404) 9 headers in 379 bytes (2 switches on core 0)
May 27 09:44:44.822225 dv-cinder-788782-3-iscsi devstack@n-api.service[122915]: DEBUG nova.api.openstack.wsgi [None req-e2f517e6-4708-4662-97e2-f93c18528d68 tempest-VolumesSnapshotsTestJSON-1025819911 tempest-VolumesSnapshotsTestJSON-1025819911-project] Calling method '.version_select at 0x7f4f50ec1ee0>' {{(pid=122915) _process_stack /opt/stack/nova/nova/api/openstack/wsgi.py:513}}
May 27 09:44:45.006553 dv-cinder-788782-3-iscsi devstack@n-api.service[122915]: INFO nova.api.openstack.wsgi [None req-e2f517e6-4708-4662-97e2-f93c18528d68 tempest-VolumesSnapshotsTestJSON-1025819911 tempest-VolumesSnapshotsTestJSON-1025819911-project] HTTP exception thrown: Volume 64aaaa58-db10-43ae-a43e-8ff11bd6bcba could not be found.
May 27 09:44:45.007466 dv-cinder-788782-3-iscsi devstack@n-api.service[122915]: DEBUG nova.api.openstack.wsgi [None req-e2f517e6-4708-4662-97e2-f93c18528d68 tempest-VolumesSnapshotsTestJSON-1025819911 tempest-VolumesSnapshotsTestJSON-1025819911-project] Returning 404 to user: Volume 64aaaa58-db10-43ae-a43e-8ff11bd6bcba could not be found. {{(pid=122915) __call__ /opt/stack/nova/nova/api/openstack/wsgi.py:927}}
May 27 09:44:45.008307 dv-cinder-788782-3-iscsi devstack@n-api.service[122915]: INFO nova.api.openstack.requestlog [None req-e2f517e6-4708-4662-97e2-f93c18528d68 tempest-VolumesSnapshotsTestJSON-1025819911 tempest-VolumesSnapshotsTestJSON-1025819911-project] 10.222.0.20 "GET /compute/v2.1/os-volumes/64aaaa58-db10-43ae-a43e-8ff11bd6bcba" status: 404 len: 109 microversion: 2.1 time: 0.189746
May 27 09:44:45.009121 dv-cinder-788782-3-iscsi devstack@n-api.service[122915]: [pid: 122915|app: 0|req: 21/39] 10.222.0.20 () {58 vars in 1245 bytes} [Thu May 27 09:44:44 2021] GET /compute/v2.1/os-volumes/64aaaa58-db10-43ae-a43e-8ff11bd6bcba => generated 109 bytes in 191 msecs (HTTP/1.1 404) 9 headers in 379 bytes (1 switches on core 0)
May 27 09:44:45.022741 dv-cinder-788782-3-iscsi devstack@n-api.service[122915]: DEBUG nova.api.openstack.wsgi [None req-f35bc07c-a6b3-4c69-9611-9969e8e57d17 tempest-DeleteServersTestJSON-1396772135 tempest-DeleteServersTestJSON-1396772135-project] Calling method '>' {{(pid=122915) _process_stack /opt/stack/nova/nova/api/openstack/wsgi.py:513}}
May 27 09:44:45.023404 dv-cinder-788782-3-iscsi devstack@n-api.service[122915]: DEBUG nova.compute.api [None req-f35bc07c-a6b3-4c69-9611-9969e8e57d17 tempest-DeleteServersTestJSON-1396772135 tempest-DeleteServersTestJSON-1396772135-project] [instance: 72282031-8298-4e88-bdfc-aeb92ac2b80e] Fetching instance by UUID {{(pid=122915) get /opt/stack/nova/nova/compute/api.py:2790}}
May 27 09:44:45.042002 dv-cinder-788782-3-iscsi devstack@n-api.service[122915]: DEBUG oslo_concurrency.lockutils [None req-f35bc07c-a6b3-4c69-9611-9969e8e57d17 tempest-DeleteServersTestJSON-1396772135 tempest-DeleteServersTestJSON-1396772135-project] Lock "fd000332-40f3-42ce-91b8-cd5adaa3ad9f" acquired by "nova.context.set_target_cell..get_or_set_cached_cell_and_set_connections" :: waited 0.000s {{(pid=122915) inner /usr/local/lib/python3.8/dist-packages/oslo_concurrency/lockutils.py:355}}
May 27 09:44:45.042722 dv-cinder-788782-3-iscsi devstack@n-api.service[122915]: DEBUG oslo_concurrency.lockutils [None req-f35bc07c-a6b3-4c69-9611-9969e8e57d17 tempest-DeleteServersTestJSON-1396772135 tempest-DeleteServersTestJSON-1396772135-project] Lock "fd000332-40f3-42ce-91b8-cd5adaa3ad9f" released by "nova.context.set_target_cell..get_or_set_cached_cell_and_set_connections" :: held 0.001s {{(pid=122915) inner /usr/local/lib/python3.8/dist-packages/oslo_concurrency/lockutils.py:367}}
May 27 09:44:45.043729 dv-cinder-788782-3-iscsi devstack@n-api.service[122915]: DEBUG oslo_concurrency.lockutils [None req-f35bc07c-a6b3-4c69-9611-9969e8e57d17 tempest-DeleteServersTestJSON-1396772135 tempest-DeleteServersTestJSON-1396772135-project] Lock "fd000332-40f3-42ce-91b8-cd5adaa3ad9f" acquired by "nova.context.set_target_cell..get_or_set_cached_cell_and_set_connections" :: waited 0.000s {{(pid=122915) inner /usr/local/lib/python3.8/dist-packages/oslo_concurrency/lockutils.py:355}}
May 27 09:44:45.044335 dv-cinder-788782-3-iscsi devstack@n-api.service[122915]: DEBUG oslo_concurrency.lockutils [None req-f35bc07c-a6b3-4c69-9611-9969e8e57d17 tempest-DeleteServersTestJSON-1396772135 tempest-DeleteServersTestJSON-1396772135-project] Lock "fd000332-40f3-42ce-91b8-cd5adaa3ad9f" released by "nova.context.set_target_cell..get_or_set_cached_cell_and_set_connections" :: held 0.001s {{(pid=122915) inner /usr/local/lib/python3.8/dist-packages/oslo_concurrency/lockutils.py:367}}
May 27 09:44:45.237306 dv-cinder-788782-3-iscsi devstack@n-api.service[122914]: DEBUG nova.policy [None req-7c58a1b7-2a19-448f-b462-7813dffa4095 tempest-AttachVolumeNegativeTest-490834740 tempest-AttachVolumeNegativeTest-490834740-project] Policy check for os_compute_api:os-extended-server-attributes failed with credentials {'is_admin': False, 'user_id': 'f591ec70cadb4f7ab78f3a054fb97892', 'user_domain_id': 'default', 'system_scope': None, 'domain_id': None, 'project_id': '382575c197584524ae228bcd7a5a1d5e', 'project_domain_id': 'default', 'roles': ['member', 'reader'], 'is_admin_project': True, 'service_user_id': None, 'service_user_domain_id': None, 'service_project_id': None, 'service_project_domain_id': None, 'service_roles': []} {{(pid=122914) authorize /opt/stack/nova/nova/policy.py:199}}
May 27 09:44:45.248228 dv-cinder-788782-3-iscsi devstack@n-api.service[122914]: INFO nova.api.openstack.requestlog [None req-7c58a1b7-2a19-448f-b462-7813dffa4095 tempest-AttachVolumeNegativeTest-490834740 tempest-AttachVolumeNegativeTest-490834740-project] 10.222.0.20 "GET /compute/v2.1/servers/3e3c1041-244a-47f9-806a-faa1921dc749" status: 200 len: 1275 microversion: 2.1 time: 0.718491
May 27 09:44:45.248835 dv-cinder-788782-3-iscsi devstack@n-api.service[122914]: [pid: 122914|app: 0|req: 19/40] 10.222.0.20 () {58 vars in 1236 bytes} [Thu May 27 09:44:44 2021] GET /compute/v2.1/servers/3e3c1041-244a-47f9-806a-faa1921dc749 => generated 1275 bytes in 720 msecs (HTTP/1.1 200) 9 headers in 358 bytes (2 switches on core 0)
May 27 09:44:46.267157 dv-cinder-788782-3-iscsi devstack@n-api.service[122914]: DEBUG nova.api.openstack.wsgi [None req-c4732e2f-7140-4703-ac1b-5b744a5628bd tempest-AttachVolumeNegativeTest-490834740 tempest-AttachVolumeNegativeTest-490834740-project] Calling method '>' {{(pid=122914) _process_stack /opt/stack/nova/nova/api/openstack/wsgi.py:513}}
May 27 09:44:46.269405 dv-cinder-788782-3-iscsi devstack@n-api.service[122914]: DEBUG nova.compute.api [None req-c4732e2f-7140-4703-ac1b-5b744a5628bd tempest-AttachVolumeNegativeTest-490834740 tempest-AttachVolumeNegativeTest-490834740-project] [instance: 3e3c1041-244a-47f9-806a-faa1921dc749] Fetching instance by UUID {{(pid=122914) get /opt/stack/nova/nova/compute/api.py:2790}}
May 27 09:44:46.285158 dv-cinder-788782-3-iscsi devstack@n-api.service[122914]: DEBUG oslo_concurrency.lockutils [None req-c4732e2f-7140-4703-ac1b-5b744a5628bd tempest-AttachVolumeNegativeTest-490834740 tempest-AttachVolumeNegativeTest-490834740-project] Lock "fd000332-40f3-42ce-91b8-cd5adaa3ad9f" acquired by "nova.context.set_target_cell..get_or_set_cached_cell_and_set_connections" :: waited 0.000s {{(pid=122914) inner /usr/local/lib/python3.8/dist-packages/oslo_concurrency/lockutils.py:355}}
May 27 09:44:46.287150 dv-cinder-788782-3-iscsi devstack@n-api.service[122914]: DEBUG oslo_concurrency.lockutils [None req-c4732e2f-7140-4703-ac1b-5b744a5628bd tempest-AttachVolumeNegativeTest-490834740 tempest-AttachVolumeNegativeTest-490834740-project] Lock "fd000332-40f3-42ce-91b8-cd5adaa3ad9f" released by "nova.context.set_target_cell..get_or_set_cached_cell_and_set_connections" :: held 0.003s {{(pid=122914) inner /usr/local/lib/python3.8/dist-packages/oslo_concurrency/lockutils.py:367}}
May 27 09:44:46.288975 dv-cinder-788782-3-iscsi devstack@n-api.service[122914]: DEBUG oslo_concurrency.lockutils [None req-c4732e2f-7140-4703-ac1b-5b744a5628bd tempest-AttachVolumeNegativeTest-490834740 tempest-AttachVolumeNegativeTest-490834740-project] Lock "fd000332-40f3-42ce-91b8-cd5adaa3ad9f" acquired by "nova.context.set_target_cell..get_or_set_cached_cell_and_set_connections" :: waited 0.000s {{(pid=122914) inner /usr/local/lib/python3.8/dist-packages/oslo_concurrency/lockutils.py:355}}
May 27 09:44:46.292713 dv-cinder-788782-3-iscsi devstack@n-api.service[122914]: DEBUG oslo_concurrency.lockutils [None req-c4732e2f-7140-4703-ac1b-5b744a5628bd tempest-AttachVolumeNegativeTest-490834740 tempest-AttachVolumeNegativeTest-490834740-project] Lock "fd000332-40f3-42ce-91b8-cd5adaa3ad9f" released by "nova.context.set_target_cell..get_or_set_cached_cell_and_set_connections" :: held 0.002s {{(pid=122914) inner /usr/local/lib/python3.8/dist-packages/oslo_concurrency/lockutils.py:367}}
May 27 09:44:46.344497 dv-cinder-788782-3-iscsi devstack@n-api.service[122915]: DEBUG nova.policy [None req-f35bc07c-a6b3-4c69-9611-9969e8e57d17 tempest-DeleteServersTestJSON-1396772135 tempest-DeleteServersTestJSON-1396772135-project] Policy check for os_compute_api:os-extended-server-attributes failed with credentials {'is_admin': False, 'user_id': 'c150d23462414edf9e9b8e14fa9ed738', 'user_domain_id': 'default', 'system_scope': None, 'domain_id': None, 'project_id': '1ed0b87f96b043f2836c5131006f2958', 'project_domain_id': 'default', 'roles': ['member', 'reader'], 'is_admin_project': True, 'service_user_id': None, 'service_user_domain_id': None, 'service_project_id': None, 'service_project_domain_id': None, 'service_roles': []} {{(pid=122915) authorize /opt/stack/nova/nova/policy.py:199}}
May 27 09:44:46.354148 dv-cinder-788782-3-iscsi devstack@n-api.service[122915]: INFO nova.api.openstack.requestlog [None req-f35bc07c-a6b3-4c69-9611-9969e8e57d17 tempest-DeleteServersTestJSON-1396772135 tempest-DeleteServersTestJSON-1396772135-project] 10.222.0.20 "GET /compute/v2.1/servers/72282031-8298-4e88-bdfc-aeb92ac2b80e" status: 200 len: 1272 microversion: 2.1 time: 1.341090
May 27 09:44:46.354737 dv-cinder-788782-3-iscsi devstack@n-api.service[122915]: [pid: 122915|app: 0|req: 22/41] 10.222.0.20 () {58 vars in 1236 bytes} [Thu May 27 09:44:45 2021] GET /compute/v2.1/servers/72282031-8298-4e88-bdfc-aeb92ac2b80e => generated 1272 bytes in 1345 msecs (HTTP/1.1 200) 9 headers in 358 bytes (1 switches on core 0)
May 27 09:44:47.370494 dv-cinder-788782-3-iscsi devstack@n-api.service[122915]: DEBUG nova.api.openstack.wsgi [None req-6ef1774b-bf0f-41b2-9a67-d3995c5d8eb1 tempest-DeleteServersTestJSON-1396772135 tempest-DeleteServersTestJSON-1396772135-project] Calling method '>' {{(pid=122915) _process_stack /opt/stack/nova/nova/api/openstack/wsgi.py:513}}
May 27 09:44:47.372044 dv-cinder-788782-3-iscsi devstack@n-api.service[122915]: DEBUG nova.compute.api [None req-6ef1774b-bf0f-41b2-9a67-d3995c5d8eb1 tempest-DeleteServersTestJSON-1396772135 tempest-DeleteServersTestJSON-1396772135-project] [instance: 72282031-8298-4e88-bdfc-aeb92ac2b80e] Fetching instance by UUID {{(pid=122915) get /opt/stack/nova/nova/compute/api.py:2790}}
May 27 09:44:47.386091 dv-cinder-788782-3-iscsi devstack@n-api.service[122915]: DEBUG oslo_concurrency.lockutils [None req-6ef1774b-bf0f-41b2-9a67-d3995c5d8eb1 tempest-DeleteServersTestJSON-1396772135 tempest-DeleteServersTestJSON-1396772135-project] Lock "fd000332-40f3-42ce-91b8-cd5adaa3ad9f" acquired by "nova.context.set_target_cell..get_or_set_cached_cell_and_set_connections" :: waited 0.000s {{(pid=122915) inner /usr/local/lib/python3.8/dist-packages/oslo_concurrency/lockutils.py:355}}
May 27 09:44:47.386836 dv-cinder-788782-3-iscsi devstack@n-api.service[122915]: DEBUG oslo_concurrency.lockutils [None req-6ef1774b-bf0f-41b2-9a67-d3995c5d8eb1 tempest-DeleteServersTestJSON-1396772135 tempest-DeleteServersTestJSON-1396772135-project] Lock "fd000332-40f3-42ce-91b8-cd5adaa3ad9f" released by "nova.context.set_target_cell..get_or_set_cached_cell_and_set_connections" :: held 0.001s {{(pid=122915) inner /usr/local/lib/python3.8/dist-packages/oslo_concurrency/lockutils.py:367}}
May 27 09:44:47.389943 dv-cinder-788782-3-iscsi devstack@n-api.service[122915]: DEBUG oslo_concurrency.lockutils [None req-6ef1774b-bf0f-41b2-9a67-d3995c5d8eb1 tempest-DeleteServersTestJSON-1396772135 tempest-DeleteServersTestJSON-1396772135-project] Lock "fd000332-40f3-42ce-91b8-cd5adaa3ad9f" acquired by "nova.context.set_target_cell..get_or_set_cached_cell_and_set_connections" :: waited 0.000s {{(pid=122915) inner /usr/local/lib/python3.8/dist-packages/oslo_concurrency/lockutils.py:355}}
May 27 09:44:47.390569 dv-cinder-788782-3-iscsi devstack@n-api.service[122915]: DEBUG oslo_concurrency.lockutils [None req-6ef1774b-bf0f-41b2-9a67-d3995c5d8eb1 tempest-DeleteServersTestJSON-1396772135 tempest-DeleteServersTestJSON-1396772135-project] Lock "fd000332-40f3-42ce-91b8-cd5adaa3ad9f" released by "nova.context.set_target_cell..get_or_set_cached_cell_and_set_connections" :: held 0.001s {{(pid=122915) inner /usr/local/lib/python3.8/dist-packages/oslo_concurrency/lockutils.py:367}}
May 27 09:44:50.242095 dv-cinder-788782-3-iscsi devstack@n-api.service[122914]: DEBUG nova.policy [None req-c4732e2f-7140-4703-ac1b-5b744a5628bd tempest-AttachVolumeNegativeTest-490834740 tempest-AttachVolumeNegativeTest-490834740-project] Policy check for os_compute_api:os-extended-server-attributes failed with credentials {'is_admin': False, 'user_id': 'f591ec70cadb4f7ab78f3a054fb97892', 'user_domain_id': 'default', 'system_scope': None, 'domain_id': None, 'project_id': '382575c197584524ae228bcd7a5a1d5e', 'project_domain_id': 'default', 'roles': ['member', 'reader'], 'is_admin_project': True, 'service_user_id': None, 'service_user_domain_id': None, 'service_project_id': None, 'service_project_domain_id': None, 'service_roles': []} {{(pid=122914) authorize /opt/stack/nova/nova/policy.py:199}}
May 27 09:44:50.251102 dv-cinder-788782-3-iscsi devstack@n-api.service[122914]: INFO nova.api.openstack.requestlog [None req-c4732e2f-7140-4703-ac1b-5b744a5628bd tempest-AttachVolumeNegativeTest-490834740 tempest-AttachVolumeNegativeTest-490834740-project] 10.222.0.20 "GET /compute/v2.1/servers/3e3c1041-244a-47f9-806a-faa1921dc749" status: 200 len: 1317 microversion: 2.1 time: 3.988148
May 27 09:44:50.262113 dv-cinder-788782-3-iscsi devstack@n-api.service[122914]: [pid: 122914|app: 0|req: 20/42] 10.222.0.20 () {58 vars in 1236 bytes} [Thu May 27 09:44:46 2021] GET /compute/v2.1/servers/3e3c1041-244a-47f9-806a-faa1921dc749 => generated 1317 bytes in 4000 msecs (HTTP/1.1 200) 9 headers in 358 bytes (2 switches on core 0)
May 27 09:44:50.534020 dv-cinder-788782-3-iscsi devstack@n-api.service[122915]: DEBUG nova.policy [None req-6ef1774b-bf0f-41b2-9a67-d3995c5d8eb1 tempest-DeleteServersTestJSON-1396772135 tempest-DeleteServersTestJSON-1396772135-project] Policy check for os_compute_api:os-extended-server-attributes failed with credentials {'is_admin': False, 'user_id': 'c150d23462414edf9e9b8e14fa9ed738', 'user_domain_id': 'default', 'system_scope': None, 'domain_id': None, 'project_id': '1ed0b87f96b043f2836c5131006f2958', 'project_domain_id': 'default', 'roles': ['member', 'reader'], 'is_admin_project': True, 'service_user_id': None, 'service_user_domain_id': None, 'service_project_id': None, 'service_project_domain_id': None, 'service_roles': []} {{(pid=122915) authorize /opt/stack/nova/nova/policy.py:199}}
May 27 09:44:50.543743 dv-cinder-788782-3-iscsi devstack@n-api.service[122915]: INFO nova.api.openstack.requestlog [None req-6ef1774b-bf0f-41b2-9a67-d3995c5d8eb1 tempest-DeleteServersTestJSON-1396772135 tempest-DeleteServersTestJSON-1396772135-project] 10.222.0.20 "GET /compute/v2.1/servers/72282031-8298-4e88-bdfc-aeb92ac2b80e" status: 200 len: 1314 microversion: 2.1 time: 3.176723
May 27 09:44:50.563103 dv-cinder-788782-3-iscsi devstack@n-api.service[122915]: [pid: 122915|app: 0|req: 23/43] 10.222.0.20 () {58 vars in 1236 bytes} [Thu May 27 09:44:47 2021] GET /compute/v2.1/servers/72282031-8298-4e88-bdfc-aeb92ac2b80e => generated 1314 bytes in 3197 msecs (HTTP/1.1 200) 9 headers in 358 bytes (2 switches on core 0)
May 27 09:44:50.602580 dv-cinder-788782-3-iscsi devstack@n-api.service[122914]: DEBUG nova.api.openstack.wsgi [None req-b90b5b75-0679-4b18-9b69-f6f0c36f2165 tempest-ServerRescueNegativeTestJSON-712004680 tempest-ServerRescueNegativeTestJSON-712004680-project] Action: 'create', calling method: >, body: {"server": {"name": "tempest-ServerRescueNegativeTestJSON-server-1427327787", "imageRef": "47ca4bcd-801b-4bfc-87ee-e8383599470f", "flavorRef": "452", "adminPass": "***", "networks": [{"uuid": "921c5312-2832-4749-8b94-ac07787dd31a"}]}} {{(pid=122914) _process_stack /opt/stack/nova/nova/api/openstack/wsgi.py:511}}
May 27 09:44:50.739467 dv-cinder-788782-3-iscsi devstack@n-api.service[122914]: DEBUG nova.network.neutron [None req-b90b5b75-0679-4b18-9b69-f6f0c36f2165 tempest-ServerRescueNegativeTestJSON-712004680 tempest-ServerRescueNegativeTestJSON-712004680-project] validate_networks() for [('921c5312-2832-4749-8b94-ac07787dd31a', None, None, None)] {{(pid=122914) validate_networks /opt/stack/nova/nova/network/neutron.py:2374}}
May 27 09:44:51.274863 dv-cinder-788782-3-iscsi devstack@n-api.service[122915]: DEBUG nova.api.openstack.wsgi [None req-4cc54879-e5ed-4896-a519-c31e43008245 tempest-AttachVolumeNegativeTest-490834740 tempest-AttachVolumeNegativeTest-490834740-project] Calling method '>' {{(pid=122915) _process_stack /opt/stack/nova/nova/api/openstack/wsgi.py:513}}
May 27 09:44:51.275678 dv-cinder-788782-3-iscsi devstack@n-api.service[122915]: DEBUG nova.compute.api [None req-4cc54879-e5ed-4896-a519-c31e43008245 tempest-AttachVolumeNegativeTest-490834740 tempest-AttachVolumeNegativeTest-490834740-project] [instance: 3e3c1041-244a-47f9-806a-faa1921dc749] Fetching instance by UUID {{(pid=122915) get /opt/stack/nova/nova/compute/api.py:2790}}
May 27 09:44:51.300417 dv-cinder-788782-3-iscsi devstack@n-api.service[122915]: DEBUG oslo_concurrency.lockutils [None req-4cc54879-e5ed-4896-a519-c31e43008245 tempest-AttachVolumeNegativeTest-490834740 tempest-AttachVolumeNegativeTest-490834740-project] Lock "fd000332-40f3-42ce-91b8-cd5adaa3ad9f" acquired by "nova.context.set_target_cell..get_or_set_cached_cell_and_set_connections" :: waited 0.000s {{(pid=122915) inner /usr/local/lib/python3.8/dist-packages/oslo_concurrency/lockutils.py:355}}
May 27 09:44:51.301005 dv-cinder-788782-3-iscsi devstack@n-api.service[122915]: DEBUG oslo_concurrency.lockutils [None req-4cc54879-e5ed-4896-a519-c31e43008245 tempest-AttachVolumeNegativeTest-490834740 tempest-AttachVolumeNegativeTest-490834740-project] Lock "fd000332-40f3-42ce-91b8-cd5adaa3ad9f" released by "nova.context.set_target_cell..get_or_set_cached_cell_and_set_connections" :: held 0.001s {{(pid=122915) inner /usr/local/lib/python3.8/dist-packages/oslo_concurrency/lockutils.py:367}}
May 27 09:44:51.302258 dv-cinder-788782-3-iscsi devstack@n-api.service[122915]: DEBUG oslo_concurrency.lockutils [None req-4cc54879-e5ed-4896-a519-c31e43008245 tempest-AttachVolumeNegativeTest-490834740 tempest-AttachVolumeNegativeTest-490834740-project] Lock "fd000332-40f3-42ce-91b8-cd5adaa3ad9f" acquired by "nova.context.set_target_cell..get_or_set_cached_cell_and_set_connections" :: waited 0.000s {{(pid=122915) inner /usr/local/lib/python3.8/dist-packages/oslo_concurrency/lockutils.py:355}}
May 27 09:44:51.304569 dv-cinder-788782-3-iscsi devstack@n-api.service[122915]: DEBUG oslo_concurrency.lockutils [None req-4cc54879-e5ed-4896-a519-c31e43008245 tempest-AttachVolumeNegativeTest-490834740 tempest-AttachVolumeNegativeTest-490834740-project] Lock "fd000332-40f3-42ce-91b8-cd5adaa3ad9f" released by "nova.context.set_target_cell..get_or_set_cached_cell_and_set_connections" :: held 0.002s {{(pid=122915) inner /usr/local/lib/python3.8/dist-packages/oslo_concurrency/lockutils.py:367}}
May 27 09:44:53.044788 dv-cinder-788782-3-iscsi devstack@n-api.service[122915]: DEBUG nova.policy [None req-4cc54879-e5ed-4896-a519-c31e43008245 tempest-AttachVolumeNegativeTest-490834740 tempest-AttachVolumeNegativeTest-490834740-project] Policy check for os_compute_api:os-extended-server-attributes failed with credentials {'is_admin': False, 'user_id': 'f591ec70cadb4f7ab78f3a054fb97892', 'user_domain_id': 'default', 'system_scope': None, 'domain_id': None, 'project_id': '382575c197584524ae228bcd7a5a1d5e', 'project_domain_id': 'default', 'roles': ['member', 'reader'], 'is_admin_project': True, 'service_user_id': None, 'service_user_domain_id': None, 'service_project_id': None, 'service_project_domain_id': None, 'service_roles': []} {{(pid=122915) authorize /opt/stack/nova/nova/policy.py:199}}
May 27 09:44:53.068819 dv-cinder-788782-3-iscsi devstack@n-api.service[122915]: INFO nova.api.openstack.requestlog [None req-4cc54879-e5ed-4896-a519-c31e43008245 tempest-AttachVolumeNegativeTest-490834740 tempest-AttachVolumeNegativeTest-490834740-project] 10.222.0.20 "GET /compute/v2.1/servers/3e3c1041-244a-47f9-806a-faa1921dc749" status: 200 len: 1317 microversion: 2.1 time: 1.798176
May 27 09:44:53.078601 dv-cinder-788782-3-iscsi devstack@n-api.service[122915]: [pid: 122915|app: 0|req: 24/44] 10.222.0.20 () {58 vars in 1236 bytes} [Thu May 27 09:44:51 2021] GET /compute/v2.1/servers/3e3c1041-244a-47f9-806a-faa1921dc749 => generated 1317 bytes in 1800 msecs (HTTP/1.1 200) 9 headers in 358 bytes (2 switches on core 0)
May 27 09:44:53.078601 dv-cinder-788782-3-iscsi devstack@n-api.service[122915]: DEBUG nova.api.openstack.wsgi [None req-58f4e3a3-ac9f-4f59-a316-97e0513d4d09 tempest-DeleteServersTestJSON-1396772135 tempest-DeleteServersTestJSON-1396772135-project] Calling method '>' {{(pid=122915) _process_stack /opt/stack/nova/nova/api/openstack/wsgi.py:513}}
May 27 09:44:53.078601 dv-cinder-788782-3-iscsi devstack@n-api.service[122915]: DEBUG nova.compute.api [None req-58f4e3a3-ac9f-4f59-a316-97e0513d4d09 tempest-DeleteServersTestJSON-1396772135 tempest-DeleteServersTestJSON-1396772135-project] [instance: 72282031-8298-4e88-bdfc-aeb92ac2b80e] Fetching instance by UUID {{(pid=122915) get /opt/stack/nova/nova/compute/api.py:2790}}
May 27 09:44:53.086573 dv-cinder-788782-3-iscsi devstack@n-api.service[122915]: DEBUG oslo_concurrency.lockutils [None req-58f4e3a3-ac9f-4f59-a316-97e0513d4d09 tempest-DeleteServersTestJSON-1396772135 tempest-DeleteServersTestJSON-1396772135-project] Lock "fd000332-40f3-42ce-91b8-cd5adaa3ad9f" acquired by "nova.context.set_target_cell..get_or_set_cached_cell_and_set_connections" :: waited 0.000s {{(pid=122915) inner /usr/local/lib/python3.8/dist-packages/oslo_concurrency/lockutils.py:355}}
May 27 09:44:53.087071 dv-cinder-788782-3-iscsi devstack@n-api.service[122915]: DEBUG oslo_concurrency.lockutils [None req-58f4e3a3-ac9f-4f59-a316-97e0513d4d09 tempest-DeleteServersTestJSON-1396772135 tempest-DeleteServersTestJSON-1396772135-project] Lock "fd000332-40f3-42ce-91b8-cd5adaa3ad9f" released by "nova.context.set_target_cell..get_or_set_cached_cell_and_set_connections" :: held 0.001s {{(pid=122915) inner /usr/local/lib/python3.8/dist-packages/oslo_concurrency/lockutils.py:367}}
May 27 09:44:53.087879 dv-cinder-788782-3-iscsi devstack@n-api.service[122915]: DEBUG oslo_concurrency.lockutils [None req-58f4e3a3-ac9f-4f59-a316-97e0513d4d09 tempest-DeleteServersTestJSON-1396772135 tempest-DeleteServersTestJSON-1396772135-project] Lock "fd000332-40f3-42ce-91b8-cd5adaa3ad9f" acquired by "nova.context.set_target_cell..get_or_set_cached_cell_and_set_connections" :: waited 0.000s {{(pid=122915) inner /usr/local/lib/python3.8/dist-packages/oslo_concurrency/lockutils.py:355}}
May 27 09:44:53.088323 dv-cinder-788782-3-iscsi devstack@n-api.service[122915]: DEBUG oslo_concurrency.lockutils [None req-58f4e3a3-ac9f-4f59-a316-97e0513d4d09 tempest-DeleteServersTestJSON-1396772135 tempest-DeleteServersTestJSON-1396772135-project] Lock "fd000332-40f3-42ce-91b8-cd5adaa3ad9f" released by "nova.context.set_target_cell..get_or_set_cached_cell_and_set_connections" :: held 0.000s {{(pid=122915) inner /usr/local/lib/python3.8/dist-packages/oslo_concurrency/lockutils.py:367}}
May 27 09:44:53.746374 dv-cinder-788782-3-iscsi devstack@n-api.service[122915]: DEBUG nova.policy [None req-58f4e3a3-ac9f-4f59-a316-97e0513d4d09 tempest-DeleteServersTestJSON-1396772135 tempest-DeleteServersTestJSON-1396772135-project] Policy check for os_compute_api:os-extended-server-attributes failed with credentials {'is_admin': False, 'user_id': 'c150d23462414edf9e9b8e14fa9ed738', 'user_domain_id': 'default', 'system_scope': None, 'domain_id': None, 'project_id': '1ed0b87f96b043f2836c5131006f2958', 'project_domain_id': 'default', 'roles': ['member', 'reader'], 'is_admin_project': True, 'service_user_id': None, 'service_user_domain_id': None, 'service_project_id': None, 'service_project_domain_id': None, 'service_roles': []} {{(pid=122915) authorize /opt/stack/nova/nova/policy.py:199}}
May 27 09:44:53.756930 dv-cinder-788782-3-iscsi devstack@n-api.service[122915]: INFO nova.api.openstack.requestlog [None req-58f4e3a3-ac9f-4f59-a316-97e0513d4d09 tempest-DeleteServersTestJSON-1396772135 tempest-DeleteServersTestJSON-1396772135-project] 10.222.0.20 "GET /compute/v2.1/servers/72282031-8298-4e88-bdfc-aeb92ac2b80e" status: 200 len: 1314 microversion: 2.1 time: 0.685929
May 27 09:44:53.760785 dv-cinder-788782-3-iscsi devstack@n-api.service[122915]: [pid: 122915|app: 0|req: 25/45] 10.222.0.20 () {58 vars in 1236 bytes} [Thu May 27 09:44:53 2021] GET /compute/v2.1/servers/72282031-8298-4e88-bdfc-aeb92ac2b80e => generated 1314 bytes in 690 msecs (HTTP/1.1 200) 9 headers in 358 bytes (1 switches on core 0)
May 27 09:44:53.881247 dv-cinder-788782-3-iscsi devstack@n-api.service[122915]: DEBUG nova.api.openstack.wsgi [req-31aed988-aeda-4a4d-b436-a1e669444979 req-7df366cf-60da-4417-a414-2c5d058fb5ff service nova] Action: 'create', calling method: >, body: {"events": [{"name": "network-changed", "server_uuid": "3e3c1041-244a-47f9-806a-faa1921dc749", "tag": "44da3312-b5ec-4691-8b63-7b9dd75ac56a"}]} {{(pid=122915) _process_stack /opt/stack/nova/nova/api/openstack/wsgi.py:511}}
May 27 09:44:53.884744 dv-cinder-788782-3-iscsi devstack@n-api.service[122915]: /usr/local/lib/python3.8/dist-packages/oslo_policy/policy.py:1064: UserWarning: Policy os_compute_api:os-server-external-events:create failed scope check. The token used to make the request was project scoped but the policy requires ['system'] scope. This behavior may change in the future where using the intended scope is required
May 27 09:44:53.884744 dv-cinder-788782-3-iscsi devstack@n-api.service[122915]: warnings.warn(msg)
May 27 09:44:53.894481 dv-cinder-788782-3-iscsi devstack@n-api.service[122915]: DEBUG oslo_concurrency.lockutils [req-31aed988-aeda-4a4d-b436-a1e669444979 req-7df366cf-60da-4417-a414-2c5d058fb5ff service nova] Lock "fd000332-40f3-42ce-91b8-cd5adaa3ad9f" acquired by "nova.context.set_target_cell..get_or_set_cached_cell_and_set_connections" :: waited 0.000s {{(pid=122915) inner /usr/local/lib/python3.8/dist-packages/oslo_concurrency/lockutils.py:355}}
May 27 09:44:53.895293 dv-cinder-788782-3-iscsi devstack@n-api.service[122915]: DEBUG oslo_concurrency.lockutils [req-31aed988-aeda-4a4d-b436-a1e669444979 req-7df366cf-60da-4417-a414-2c5d058fb5ff service nova] Lock "fd000332-40f3-42ce-91b8-cd5adaa3ad9f" released by "nova.context.set_target_cell..get_or_set_cached_cell_and_set_connections" :: held 0.001s {{(pid=122915) inner /usr/local/lib/python3.8/dist-packages/oslo_concurrency/lockutils.py:367}}
May 27 09:44:53.918291 dv-cinder-788782-3-iscsi devstack@n-api.service[122915]: INFO nova.api.openstack.compute.server_external_events [req-31aed988-aeda-4a4d-b436-a1e669444979 req-7df366cf-60da-4417-a414-2c5d058fb5ff service nova] Creating event network-changed:44da3312-b5ec-4691-8b63-7b9dd75ac56a for instance 3e3c1041-244a-47f9-806a-faa1921dc749 on hv-cinder-78878
May 27 09:44:53.930002 dv-cinder-788782-3-iscsi devstack@n-api.service[122915]: DEBUG oslo_concurrency.lockutils [req-31aed988-aeda-4a4d-b436-a1e669444979 req-7df366cf-60da-4417-a414-2c5d058fb5ff service nova] Acquired lock "compute-rpcapi-router" {{(pid=122915) lock /usr/local/lib/python3.8/dist-packages/oslo_concurrency/lockutils.py:266}}
May 27 09:44:53.931478 dv-cinder-788782-3-iscsi devstack@n-api.service[122915]: DEBUG oslo_concurrency.lockutils [None req-5e8e7253-dc7c-45d8-b276-6dcaae828636 None None] Lock "00000000-0000-0000-0000-000000000000" acquired by "nova.context.set_target_cell..get_or_set_cached_cell_and_set_connections" :: waited 0.000s {{(pid=122915) inner /usr/local/lib/python3.8/dist-packages/oslo_concurrency/lockutils.py:355}}
May 27 09:44:53.932057 dv-cinder-788782-3-iscsi devstack@n-api.service[122915]: DEBUG oslo_concurrency.lockutils [None req-5e8e7253-dc7c-45d8-b276-6dcaae828636 None None] Lock "00000000-0000-0000-0000-000000000000" released by "nova.context.set_target_cell..get_or_set_cached_cell_and_set_connections" :: held 0.001s {{(pid=122915) inner /usr/local/lib/python3.8/dist-packages/oslo_concurrency/lockutils.py:367}}
May 27 09:44:53.933120 dv-cinder-788782-3-iscsi devstack@n-api.service[122915]: DEBUG oslo_concurrency.lockutils [None req-5e8e7253-dc7c-45d8-b276-6dcaae828636 None None] Lock "fd000332-40f3-42ce-91b8-cd5adaa3ad9f" acquired by "nova.context.set_target_cell..get_or_set_cached_cell_and_set_connections" :: waited 0.000s {{(pid=122915) inner /usr/local/lib/python3.8/dist-packages/oslo_concurrency/lockutils.py:355}}
May 27 09:44:53.933678 dv-cinder-788782-3-iscsi devstack@n-api.service[122915]: DEBUG oslo_concurrency.lockutils [None req-5e8e7253-dc7c-45d8-b276-6dcaae828636 None None] Lock "fd000332-40f3-42ce-91b8-cd5adaa3ad9f" released by "nova.context.set_target_cell..get_or_set_cached_cell_and_set_connections" :: held 0.001s {{(pid=122915) inner /usr/local/lib/python3.8/dist-packages/oslo_concurrency/lockutils.py:367}}
May 27 09:44:53.967731 dv-cinder-788782-3-iscsi devstack@n-api.service[122915]: INFO nova.compute.rpcapi [None req-5e8e7253-dc7c-45d8-b276-6dcaae828636 None None] Automatically selected compute RPC version 6.0 from minimum service version 56
May 27 09:44:53.978152 dv-cinder-788782-3-iscsi devstack@n-api.service[122915]: DEBUG oslo_concurrency.lockutils [None req-5e8e7253-dc7c-45d8-b276-6dcaae828636 None None] Releasing lock "compute-rpcapi-router" {{(pid=122915) lock /usr/local/lib/python3.8/dist-packages/oslo_concurrency/lockutils.py:282}}
May 27 09:44:54.050461 dv-cinder-788782-3-iscsi devstack@n-api.service[122915]: INFO nova.api.openstack.requestlog [None req-5e8e7253-dc7c-45d8-b276-6dcaae828636 None None] 10.222.0.20 "POST /compute/v2.1/os-server-external-events" status: 200 len: 179 microversion: 2.1 time: 0.287378
May 27 09:44:54.052260 dv-cinder-788782-3-iscsi devstack@n-api.service[122915]: [pid: 122915|app: 0|req: 26/46] 10.222.0.20 () {64 vars in 1318 bytes} [Thu May 27 09:44:53 2021] POST /compute/v2.1/os-server-external-events => generated 179 bytes in 291 msecs (HTTP/1.1 200) 9 headers in 357 bytes (1 switches on core 0)
May 27 09:44:54.539666 dv-cinder-788782-3-iscsi devstack@n-api.service[122915]: DEBUG nova.api.openstack.wsgi [None req-3fd0d59f-d278-49d9-a61c-613179d52cb7 tempest-AttachVolumeShelveTestJSON-829148995 tempest-AttachVolumeShelveTestJSON-829148995-project] Action: 'create', calling method: .version_select at 0x7f4f50ec1670>, body: {"keypair": {"name": "tempest-keypair-60129727"}} {{(pid=122915) _process_stack /opt/stack/nova/nova/api/openstack/wsgi.py:511}}
May 27 09:44:54.602380 dv-cinder-788782-3-iscsi devstack@n-api.service[122915]: DEBUG nova.quota [None req-3fd0d59f-d278-49d9-a61c-613179d52cb7 tempest-AttachVolumeShelveTestJSON-829148995 tempest-AttachVolumeShelveTestJSON-829148995-project] Getting quotas for project 3b330abb3b9042a3b420a8d642e8057d. Resources: {'key_pairs'} {{(pid=122915) _get_quotas /opt/stack/nova/nova/quota.py:387}}
May 27 09:44:54.617027 dv-cinder-788782-3-iscsi devstack@n-api.service[122915]: DEBUG nova.quota [None req-3fd0d59f-d278-49d9-a61c-613179d52cb7 tempest-AttachVolumeShelveTestJSON-829148995 tempest-AttachVolumeShelveTestJSON-829148995-project] Getting quotas for user de4fc6e894a64259830b5ca18fee4f50 and project 3b330abb3b9042a3b420a8d642e8057d. Resources: {'key_pairs'} {{(pid=122915) _get_quotas /opt/stack/nova/nova/quota.py:377}}
May 27 09:44:55.026124 dv-cinder-788782-3-iscsi devstack@n-api.service[122915]: DEBUG nova.quota [None req-3fd0d59f-d278-49d9-a61c-613179d52cb7 tempest-AttachVolumeShelveTestJSON-829148995 tempest-AttachVolumeShelveTestJSON-829148995-project] Getting quotas for project 3b330abb3b9042a3b420a8d642e8057d. Resources: {'key_pairs'} {{(pid=122915) _get_quotas /opt/stack/nova/nova/quota.py:387}}
May 27 09:44:55.042077 dv-cinder-788782-3-iscsi devstack@n-api.service[122915]: DEBUG nova.quota [None req-3fd0d59f-d278-49d9-a61c-613179d52cb7 tempest-AttachVolumeShelveTestJSON-829148995 tempest-AttachVolumeShelveTestJSON-829148995-project] Getting quotas for user de4fc6e894a64259830b5ca18fee4f50 and project 3b330abb3b9042a3b420a8d642e8057d. Resources: {'key_pairs'} {{(pid=122915) _get_quotas /opt/stack/nova/nova/quota.py:377}}
May 27 09:44:55.110322 dv-cinder-788782-3-iscsi devstack@n-api.service[122915]: INFO nova.api.openstack.requestlog [None req-3fd0d59f-d278-49d9-a61c-613179d52cb7 tempest-AttachVolumeShelveTestJSON-829148995 tempest-AttachVolumeShelveTestJSON-829148995-project] 10.222.0.20 "POST /compute/v2.1/os-keypairs" status: 201 len: 2314 microversion: 2.20 time: 1.054879
May 27 09:44:55.116894 dv-cinder-788782-3-iscsi devstack@n-api.service[122914]: DEBUG nova.virt.hardware [None req-b90b5b75-0679-4b18-9b69-f6f0c36f2165 tempest-ServerRescueNegativeTestJSON-712004680 tempest-ServerRescueNegativeTestJSON-712004680-project] Flavor limits 0:0:0 {{(pid=122914) get_cpu_topology_constraints /opt/stack/nova/nova/virt/hardware.py:344}}
May 27 09:44:55.117436 dv-cinder-788782-3-iscsi devstack@n-api.service[122915]: [pid: 122915|app: 0|req: 27/47] 10.222.0.20 () {62 vars in 1199 bytes} [Thu May 27 09:44:54 2021] POST /compute/v2.1/os-keypairs => generated 2314 bytes in 1064 msecs (HTTP/1.1 201) 9 headers in 365 bytes (1 switches on core 0)
May 27 09:44:55.120119 dv-cinder-788782-3-iscsi devstack@n-api.service[122914]: DEBUG nova.virt.hardware [None req-b90b5b75-0679-4b18-9b69-f6f0c36f2165 tempest-ServerRescueNegativeTestJSON-712004680 tempest-ServerRescueNegativeTestJSON-712004680-project] Image limits 0:0:0 {{(pid=122914) get_cpu_topology_constraints /opt/stack/nova/nova/virt/hardware.py:348}}
May 27 09:44:55.120776 dv-cinder-788782-3-iscsi devstack@n-api.service[122914]: DEBUG nova.virt.hardware [None req-b90b5b75-0679-4b18-9b69-f6f0c36f2165 tempest-ServerRescueNegativeTestJSON-712004680 tempest-ServerRescueNegativeTestJSON-712004680-project] Flavor pref 0:0:0 {{(pid=122914) get_cpu_topology_constraints /opt/stack/nova/nova/virt/hardware.py:384}}
May 27 09:44:55.121200 dv-cinder-788782-3-iscsi devstack@n-api.service[122914]: DEBUG nova.virt.hardware [None req-b90b5b75-0679-4b18-9b69-f6f0c36f2165 tempest-ServerRescueNegativeTestJSON-712004680 tempest-ServerRescueNegativeTestJSON-712004680-project] Image pref 0:0:0 {{(pid=122914) get_cpu_topology_constraints /opt/stack/nova/nova/virt/hardware.py:388}}
May 27 09:44:55.121701 dv-cinder-788782-3-iscsi devstack@n-api.service[122914]: DEBUG nova.virt.hardware [None req-b90b5b75-0679-4b18-9b69-f6f0c36f2165 tempest-ServerRescueNegativeTestJSON-712004680 tempest-ServerRescueNegativeTestJSON-712004680-project] Chose sockets=0, cores=0, threads=0; limits were sockets=65536, cores=65536, threads=65536 {{(pid=122914) get_cpu_topology_constraints /opt/stack/nova/nova/virt/hardware.py:426}}
May 27 09:44:55.123995 dv-cinder-788782-3-iscsi devstack@n-api.service[122915]: DEBUG nova.api.openstack.wsgi [None req-ff330199-3090-44f5-a752-54e4d4ef7ab1 tempest-AttachVolumeNegativeTest-490834740 tempest-AttachVolumeNegativeTest-490834740-project] Calling method '>' {{(pid=122915) _process_stack /opt/stack/nova/nova/api/openstack/wsgi.py:513}}
May 27 09:44:55.124949 dv-cinder-788782-3-iscsi devstack@n-api.service[122915]: DEBUG nova.compute.api [None req-ff330199-3090-44f5-a752-54e4d4ef7ab1 tempest-AttachVolumeNegativeTest-490834740 tempest-AttachVolumeNegativeTest-490834740-project] [instance: 3e3c1041-244a-47f9-806a-faa1921dc749] Fetching instance by UUID {{(pid=122915) get /opt/stack/nova/nova/compute/api.py:2790}}
May 27 09:44:55.150653 dv-cinder-788782-3-iscsi devstack@n-api.service[122914]: DEBUG oslo_concurrency.lockutils [None req-b90b5b75-0679-4b18-9b69-f6f0c36f2165 tempest-ServerRescueNegativeTestJSON-712004680 tempest-ServerRescueNegativeTestJSON-712004680-project] Lock "00000000-0000-0000-0000-000000000000" acquired by "nova.context.set_target_cell..get_or_set_cached_cell_and_set_connections" :: waited 0.000s {{(pid=122914) inner /usr/local/lib/python3.8/dist-packages/oslo_concurrency/lockutils.py:355}}
May 27 09:44:55.154685 dv-cinder-788782-3-iscsi devstack@n-api.service[122914]: DEBUG oslo_concurrency.lockutils [None req-b90b5b75-0679-4b18-9b69-f6f0c36f2165 tempest-ServerRescueNegativeTestJSON-712004680 tempest-ServerRescueNegativeTestJSON-712004680-project] Lock "00000000-0000-0000-0000-000000000000" released by "nova.context.set_target_cell..get_or_set_cached_cell_and_set_connections" :: held 0.003s {{(pid=122914) inner /usr/local/lib/python3.8/dist-packages/oslo_concurrency/lockutils.py:367}}
May 27 09:44:55.155843 dv-cinder-788782-3-iscsi devstack@n-api.service[122915]: DEBUG oslo_concurrency.lockutils [None req-ff330199-3090-44f5-a752-54e4d4ef7ab1 tempest-AttachVolumeNegativeTest-490834740 tempest-AttachVolumeNegativeTest-490834740-project] Lock "fd000332-40f3-42ce-91b8-cd5adaa3ad9f" acquired by "nova.context.set_target_cell..get_or_set_cached_cell_and_set_connections" :: waited 0.000s {{(pid=122915) inner /usr/local/lib/python3.8/dist-packages/oslo_concurrency/lockutils.py:355}}
May 27 09:44:55.155967 dv-cinder-788782-3-iscsi devstack@n-api.service[122914]: DEBUG oslo_concurrency.lockutils [None req-b90b5b75-0679-4b18-9b69-f6f0c36f2165 tempest-ServerRescueNegativeTestJSON-712004680 tempest-ServerRescueNegativeTestJSON-712004680-project] Lock "fd000332-40f3-42ce-91b8-cd5adaa3ad9f" acquired by "nova.context.set_target_cell..get_or_set_cached_cell_and_set_connections" :: waited 0.000s {{(pid=122914) inner /usr/local/lib/python3.8/dist-packages/oslo_concurrency/lockutils.py:355}}
May 27 09:44:55.156312 dv-cinder-788782-3-iscsi devstack@n-api.service[122915]: DEBUG oslo_concurrency.lockutils [None req-ff330199-3090-44f5-a752-54e4d4ef7ab1 tempest-AttachVolumeNegativeTest-490834740 tempest-AttachVolumeNegativeTest-490834740-project] Lock "fd000332-40f3-42ce-91b8-cd5adaa3ad9f" released by "nova.context.set_target_cell..get_or_set_cached_cell_and_set_connections" :: held 0.001s {{(pid=122915) inner /usr/local/lib/python3.8/dist-packages/oslo_concurrency/lockutils.py:367}}
May 27 09:44:55.156428 dv-cinder-788782-3-iscsi devstack@n-api.service[122914]: DEBUG oslo_concurrency.lockutils [None req-b90b5b75-0679-4b18-9b69-f6f0c36f2165 tempest-ServerRescueNegativeTestJSON-712004680 tempest-ServerRescueNegativeTestJSON-712004680-project] Lock "fd000332-40f3-42ce-91b8-cd5adaa3ad9f" released by "nova.context.set_target_cell..get_or_set_cached_cell_and_set_connections" :: held 0.000s {{(pid=122914) inner /usr/local/lib/python3.8/dist-packages/oslo_concurrency/lockutils.py:367}}
May 27 09:44:55.157421 dv-cinder-788782-3-iscsi devstack@n-api.service[122915]: DEBUG oslo_concurrency.lockutils [None req-ff330199-3090-44f5-a752-54e4d4ef7ab1 tempest-AttachVolumeNegativeTest-490834740 tempest-AttachVolumeNegativeTest-490834740-project] Lock "fd000332-40f3-42ce-91b8-cd5adaa3ad9f" acquired by "nova.context.set_target_cell..get_or_set_cached_cell_and_set_connections" :: waited 0.000s {{(pid=122915) inner /usr/local/lib/python3.8/dist-packages/oslo_concurrency/lockutils.py:355}}
May 27 09:44:55.157803 dv-cinder-788782-3-iscsi devstack@n-api.service[122915]: DEBUG oslo_concurrency.lockutils [None req-ff330199-3090-44f5-a752-54e4d4ef7ab1 tempest-AttachVolumeNegativeTest-490834740 tempest-AttachVolumeNegativeTest-490834740-project] Lock "fd000332-40f3-42ce-91b8-cd5adaa3ad9f" released by "nova.context.set_target_cell..get_or_set_cached_cell_and_set_connections" :: held 0.000s {{(pid=122915) inner /usr/local/lib/python3.8/dist-packages/oslo_concurrency/lockutils.py:367}}
May 27 09:44:55.179364 dv-cinder-788782-3-iscsi devstack@n-api.service[122914]: DEBUG nova.quota [None req-b90b5b75-0679-4b18-9b69-f6f0c36f2165 tempest-ServerRescueNegativeTestJSON-712004680 tempest-ServerRescueNegativeTestJSON-712004680-project] Getting quotas for project 483f02bc51f2488fb4546e24e4300ba1. Resources: {'instances', 'ram', 'cores'} {{(pid=122914) _get_quotas /opt/stack/nova/nova/quota.py:387}}
May 27 09:44:55.179364 dv-cinder-788782-3-iscsi devstack@n-api.service[122914]: DEBUG nova.quota [None req-b90b5b75-0679-4b18-9b69-f6f0c36f2165 tempest-ServerRescueNegativeTestJSON-712004680 tempest-ServerRescueNegativeTestJSON-712004680-project] Getting quotas for user a896665dd2624450aa5d051baf09de4d and project 483f02bc51f2488fb4546e24e4300ba1. Resources: {'instances', 'ram', 'cores'} {{(pid=122914) _get_quotas /opt/stack/nova/nova/quota.py:377}}
May 27 09:44:55.200024 dv-cinder-788782-3-iscsi devstack@n-api.service[122914]: DEBUG nova.compute.api [None req-b90b5b75-0679-4b18-9b69-f6f0c36f2165 tempest-ServerRescueNegativeTestJSON-712004680 tempest-ServerRescueNegativeTestJSON-712004680-project] Going to run 1 instances... {{(pid=122914) _provision_instances /opt/stack/nova/nova/compute/api.py:1283}}
May 27 09:44:55.202933 dv-cinder-788782-3-iscsi devstack@n-api.service[122914]: DEBUG nova.compute.api [None req-b90b5b75-0679-4b18-9b69-f6f0c36f2165 tempest-ServerRescueNegativeTestJSON-712004680 tempest-ServerRescueNegativeTestJSON-712004680-project] [instance: ae8e901b-1694-48e1-9cc2-714b546cd53d] block_device_mapping [BlockDeviceMapping(attachment_id=,boot_index=0,connection_info=None,created_at=,delete_on_termination=True,deleted=,deleted_at=,destination_type='local',device_name=None,device_type='disk',disk_bus=None,guest_format=None,id=,image_id='47ca4bcd-801b-4bfc-87ee-e8383599470f',instance=,instance_uuid=,no_device=False,snapshot_id=None,source_type='image',tag=None,updated_at=,uuid=,volume_id=None,volume_size=None,volume_type=None)] {{(pid=122914) _bdm_validate_set_size_and_instance /opt/stack/nova/nova/compute/api.py:1685}}
May 27 09:44:55.345257 dv-cinder-788782-3-iscsi devstack@n-api.service[122914]: INFO nova.api.openstack.requestlog [None req-b90b5b75-0679-4b18-9b69-f6f0c36f2165 tempest-ServerRescueNegativeTestJSON-712004680 tempest-ServerRescueNegativeTestJSON-712004680-project] 10.222.0.20 "POST /compute/v2.1/servers" status: 202 len: 383 microversion: 2.1 time: 5.075330
May 27 09:44:55.356586 dv-cinder-788782-3-iscsi devstack@n-api.service[122914]: [pid: 122914|app: 0|req: 21/48] 10.222.0.20 () {60 vars in 1147 bytes} [Thu May 27 09:44:50 2021] POST /compute/v2.1/servers => generated 383 bytes in 5094 msecs (HTTP/1.1 202) 10 headers in 451 bytes (1 switches on core 0)
May 27 09:44:55.375022 dv-cinder-788782-3-iscsi devstack@n-api.service[122914]: DEBUG nova.api.openstack.wsgi [None req-0e774b0a-f25f-4e4d-854b-5f9f6aa65c82 tempest-DeleteServersTestJSON-1396772135 tempest-DeleteServersTestJSON-1396772135-project] Calling method '>' {{(pid=122914) _process_stack /opt/stack/nova/nova/api/openstack/wsgi.py:513}}
May 27 09:44:55.376044 dv-cinder-788782-3-iscsi devstack@n-api.service[122914]: DEBUG nova.compute.api [None req-0e774b0a-f25f-4e4d-854b-5f9f6aa65c82 tempest-DeleteServersTestJSON-1396772135 tempest-DeleteServersTestJSON-1396772135-project] [instance: 72282031-8298-4e88-bdfc-aeb92ac2b80e] Fetching instance by UUID {{(pid=122914) get /opt/stack/nova/nova/compute/api.py:2790}}
May 27 09:44:55.400192 dv-cinder-788782-3-iscsi devstack@n-api.service[122914]: DEBUG oslo_concurrency.lockutils [None req-0e774b0a-f25f-4e4d-854b-5f9f6aa65c82 tempest-DeleteServersTestJSON-1396772135 tempest-DeleteServersTestJSON-1396772135-project] Lock "fd000332-40f3-42ce-91b8-cd5adaa3ad9f" acquired by "nova.context.set_target_cell..get_or_set_cached_cell_and_set_connections" :: waited 0.000s {{(pid=122914) inner /usr/local/lib/python3.8/dist-packages/oslo_concurrency/lockutils.py:355}}
May 27 09:44:55.403043 dv-cinder-788782-3-iscsi devstack@n-api.service[122914]: DEBUG oslo_concurrency.lockutils [None req-0e774b0a-f25f-4e4d-854b-5f9f6aa65c82 tempest-DeleteServersTestJSON-1396772135 tempest-DeleteServersTestJSON-1396772135-project] Lock "fd000332-40f3-42ce-91b8-cd5adaa3ad9f" released by "nova.context.set_target_cell..get_or_set_cached_cell_and_set_connections" :: held 0.003s {{(pid=122914) inner /usr/local/lib/python3.8/dist-packages/oslo_concurrency/lockutils.py:367}}
May 27 09:44:55.404049 dv-cinder-788782-3-iscsi devstack@n-api.service[122914]: DEBUG oslo_concurrency.lockutils [None req-0e774b0a-f25f-4e4d-854b-5f9f6aa65c82 tempest-DeleteServersTestJSON-1396772135 tempest-DeleteServersTestJSON-1396772135-project] Lock "fd000332-40f3-42ce-91b8-cd5adaa3ad9f" acquired by "nova.context.set_target_cell..get_or_set_cached_cell_and_set_connections" :: waited 0.000s {{(pid=122914) inner /usr/local/lib/python3.8/dist-packages/oslo_concurrency/lockutils.py:355}}
May 27 09:44:55.404641 dv-cinder-788782-3-iscsi devstack@n-api.service[122914]: DEBUG oslo_concurrency.lockutils [None req-0e774b0a-f25f-4e4d-854b-5f9f6aa65c82 tempest-DeleteServersTestJSON-1396772135 tempest-DeleteServersTestJSON-1396772135-project] Lock "fd000332-40f3-42ce-91b8-cd5adaa3ad9f" released by "nova.context.set_target_cell..get_or_set_cached_cell_and_set_connections" :: held 0.001s {{(pid=122914) inner /usr/local/lib/python3.8/dist-packages/oslo_concurrency/lockutils.py:367}}
May 27 09:44:56.604928 dv-cinder-788782-3-iscsi devstack@n-api.service[122915]: DEBUG nova.policy [None req-ff330199-3090-44f5-a752-54e4d4ef7ab1 tempest-AttachVolumeNegativeTest-490834740 tempest-AttachVolumeNegativeTest-490834740-project] Policy check for os_compute_api:os-extended-server-attributes failed with credentials {'is_admin': False, 'user_id': 'f591ec70cadb4f7ab78f3a054fb97892', 'user_domain_id': 'default', 'system_scope': None, 'domain_id': None, 'project_id': '382575c197584524ae228bcd7a5a1d5e', 'project_domain_id': 'default', 'roles': ['member', 'reader'], 'is_admin_project': True, 'service_user_id': None, 'service_user_domain_id': None, 'service_project_id': None, 'service_project_domain_id': None, 'service_roles': []} {{(pid=122915) authorize /opt/stack/nova/nova/policy.py:199}}
May 27 09:44:56.640861 dv-cinder-788782-3-iscsi devstack@n-api.service[122915]: INFO nova.api.openstack.requestlog [None req-ff330199-3090-44f5-a752-54e4d4ef7ab1 tempest-AttachVolumeNegativeTest-490834740 tempest-AttachVolumeNegativeTest-490834740-project] 10.222.0.20 "GET /compute/v2.1/servers/3e3c1041-244a-47f9-806a-faa1921dc749" status: 200 len: 1317 microversion: 2.1 time: 1.522466
May 27 09:44:56.641459 dv-cinder-788782-3-iscsi devstack@n-api.service[122915]: [pid: 122915|app: 0|req: 28/49] 10.222.0.20 () {58 vars in 1236 bytes} [Thu May 27 09:44:55 2021] GET /compute/v2.1/servers/3e3c1041-244a-47f9-806a-faa1921dc749 => generated 1317 bytes in 1524 msecs (HTTP/1.1 200) 9 headers in 358 bytes (1 switches on core 0)
