Apr 04 17:48:05.415050 dv-cinder-788368-5-smb devstack@n-api.service[128793]: DEBUG oslo_concurrency.lockutils [None req-49b348b9-6496-4116-8aa1-f1b35d64bee9 tempest-ServerRescueNegativeTestJSON-1976708103 tempest-ServerRescueNegativeTestJSON-1976708103-project] Lock "062b274a-3f21-404e-b17c-614ed793861f" "released" by "nova.context.set_target_cell..get_or_set_cached_cell_and_set_connections" :: held 0.001s {{(pid=128793) inner /usr/local/lib/python3.8/dist-packages/oslo_concurrency/lockutils.py:400}}
Apr 04 17:48:05.640485 dv-cinder-788368-5-smb devstack@n-api.service[128794]: DEBUG nova.policy [None req-0a39867a-079f-4153-9d75-a61f8e8a0c43 tempest-VolumesNegativeTest-1926775535 tempest-VolumesNegativeTest-1926775535-project] Policy check for os_compute_api:os-extended-server-attributes failed with credentials {'is_admin': False, 'user_id': '5f9bb1a8e623422589159a15202818ec', 'user_domain_id': 'default', 'system_scope': None, 'domain_id': None, 'project_id': 'af8a5b1e223247c7b4bbdfbf7d355ec5', 'project_domain_id': 'default', 'roles': ['member', 'reader'], 'is_admin_project': True, 'service_user_id': None, 'service_user_domain_id': None, 'service_project_id': None, 'service_project_domain_id': None, 'service_roles': []} {{(pid=128794) authorize /opt/stack/nova/nova/policy.py:199}}
Apr 04 17:48:05.656365 dv-cinder-788368-5-smb devstack@n-api.service[128794]: INFO nova.api.openstack.requestlog [None req-0a39867a-079f-4153-9d75-a61f8e8a0c43 tempest-VolumesNegativeTest-1926775535 tempest-VolumesNegativeTest-1926775535-project] 10.222.0.26 "GET /compute/v2.1/servers/aea560ed-4f44-4595-ae5d-5174a81c5724" status: 200 len: 1470 microversion: 2.1 time: 0.751296
Apr 04 17:48:05.659131 dv-cinder-788368-5-smb devstack@n-api.service[128794]: [pid: 128794|app: 0|req: 131/238] 10.222.0.26 () {58 vars in 1235 bytes} [Mon Apr 4 17:48:04 2022] GET /compute/v2.1/servers/aea560ed-4f44-4595-ae5d-5174a81c5724 => generated 1470 bytes in 755 msecs (HTTP/1.1 200) 9 headers in 358 bytes (1 switches on core 0)
Apr 04 17:48:05.720631 dv-cinder-788368-5-smb devstack@n-api.service[128793]: DEBUG nova.policy [None req-49b348b9-6496-4116-8aa1-f1b35d64bee9 tempest-ServerRescueNegativeTestJSON-1976708103 tempest-ServerRescueNegativeTestJSON-1976708103-project] Policy check for os_compute_api:os-extended-server-attributes failed with credentials {'is_admin': False, 'user_id': '405ca45e66974c8192787999d7fed996', 'user_domain_id': 'default', 'system_scope': None, 'domain_id': None, 'project_id': '34768a235265471ea8338834c092d2ff', 'project_domain_id': 'default', 'roles': ['member', 'reader'], 'is_admin_project': True, 'service_user_id': None, 'service_user_domain_id': None, 'service_project_id': None, 'service_project_domain_id': None, 'service_roles': []} {{(pid=128793) authorize /opt/stack/nova/nova/policy.py:199}}
Apr 04 17:48:05.732822 dv-cinder-788368-5-smb devstack@n-api.service[128793]: INFO nova.api.openstack.requestlog [None req-49b348b9-6496-4116-8aa1-f1b35d64bee9 tempest-ServerRescueNegativeTestJSON-1976708103 tempest-ServerRescueNegativeTestJSON-1976708103-project] 10.222.0.26 "GET /compute/v2.1/servers/139d142d-05ba-4690-8fc0-365bf764ecbb" status: 200 len: 1370 microversion: 2.1 time: 0.350515
Apr 04 17:48:05.733701 dv-cinder-788368-5-smb devstack@n-api.service[128793]: [pid: 128793|app: 0|req: 108/239] 10.222.0.26 () {58 vars in 1235 bytes} [Mon Apr 4 17:48:05 2022] GET /compute/v2.1/servers/139d142d-05ba-4690-8fc0-365bf764ecbb => generated 1370 bytes in 352 msecs (HTTP/1.1 200) 9 headers in 358 bytes (1 switches on core 0)
Apr 04 17:48:06.292974 dv-cinder-788368-5-smb devstack@n-api.service[128794]: DEBUG nova.api.openstack.wsgi [req-7484aa2b-8333-41c3-8262-66ac95f4896d req-24645c37-95e5-4491-a7fb-dec8b48df6c5 service nova] Action: 'create', calling method: >, body: {"events": [{"server_uuid": "aea560ed-4f44-4595-ae5d-5174a81c5724", "name": "network-vif-deleted", "tag": "2b66469d-45e8-4413-aec2-617aad6e255d"}]} {{(pid=128794) _process_stack /opt/stack/nova/nova/api/openstack/wsgi.py:511}}
Apr 04 17:48:06.302577 dv-cinder-788368-5-smb devstack@n-api.service[128794]: DEBUG oslo_concurrency.lockutils [req-7484aa2b-8333-41c3-8262-66ac95f4896d req-24645c37-95e5-4491-a7fb-dec8b48df6c5 service nova] Lock "062b274a-3f21-404e-b17c-614ed793861f" acquired by "nova.context.set_target_cell..get_or_set_cached_cell_and_set_connections" :: waited 0.000s {{(pid=128794) inner /usr/local/lib/python3.8/dist-packages/oslo_concurrency/lockutils.py:386}}
Apr 04 17:48:06.303221 dv-cinder-788368-5-smb devstack@n-api.service[128794]: DEBUG oslo_concurrency.lockutils [req-7484aa2b-8333-41c3-8262-66ac95f4896d req-24645c37-95e5-4491-a7fb-dec8b48df6c5 service nova] Lock "062b274a-3f21-404e-b17c-614ed793861f" "released" by "nova.context.set_target_cell..get_or_set_cached_cell_and_set_connections" :: held 0.001s {{(pid=128794) inner /usr/local/lib/python3.8/dist-packages/oslo_concurrency/lockutils.py:400}}
Apr 04 17:48:06.329674 dv-cinder-788368-5-smb devstack@n-api.service[128794]: INFO nova.api.openstack.compute.server_external_events [req-7484aa2b-8333-41c3-8262-66ac95f4896d req-24645c37-95e5-4491-a7fb-dec8b48df6c5 service nova] Creating event network-vif-deleted:2b66469d-45e8-4413-aec2-617aad6e255d for instance aea560ed-4f44-4595-ae5d-5174a81c5724 on hv-cinder-78836
Apr 04 17:48:06.335958 dv-cinder-788368-5-smb devstack@n-api.service[128794]: INFO nova.api.openstack.requestlog [req-7484aa2b-8333-41c3-8262-66ac95f4896d req-24645c37-95e5-4491-a7fb-dec8b48df6c5 service nova] 10.222.0.26 "POST /compute/v2.1/os-server-external-events" status: 200 len: 183 microversion: 2.1 time: 0.053226
Apr 04 17:48:06.341147 dv-cinder-788368-5-smb devstack@n-api.service[128794]: [pid: 128794|app: 0|req: 132/240] 10.222.0.26 () {64 vars in 1317 bytes} [Mon Apr 4 17:48:06 2022] POST /compute/v2.1/os-server-external-events => generated 183 bytes in 55 msecs (HTTP/1.1 200) 9 headers in 357 bytes (1 switches on core 0)
Apr 04 17:48:06.682062 dv-cinder-788368-5-smb devstack@n-api.service[128793]: DEBUG nova.api.openstack.wsgi [None req-0c278430-10c5-468b-a6c3-7a389e0acdb9 tempest-VolumesNegativeTest-1926775535 tempest-VolumesNegativeTest-1926775535-project] Calling method '>' {{(pid=128793) _process_stack /opt/stack/nova/nova/api/openstack/wsgi.py:513}}
Apr 04 17:48:06.683253 dv-cinder-788368-5-smb devstack@n-api.service[128793]: DEBUG nova.compute.api [None req-0c278430-10c5-468b-a6c3-7a389e0acdb9 tempest-VolumesNegativeTest-1926775535 tempest-VolumesNegativeTest-1926775535-project] [instance: aea560ed-4f44-4595-ae5d-5174a81c5724] Fetching instance by UUID {{(pid=128793) get /opt/stack/nova/nova/compute/api.py:2918}}
Apr 04 17:48:06.690832 dv-cinder-788368-5-smb devstack@n-api.service[128793]: DEBUG oslo_concurrency.lockutils [None req-0c278430-10c5-468b-a6c3-7a389e0acdb9 tempest-VolumesNegativeTest-1926775535 tempest-VolumesNegativeTest-1926775535-project] Lock "062b274a-3f21-404e-b17c-614ed793861f" acquired by "nova.context.set_target_cell..get_or_set_cached_cell_and_set_connections" :: waited 0.000s {{(pid=128793) inner /usr/local/lib/python3.8/dist-packages/oslo_concurrency/lockutils.py:386}}
Apr 04 17:48:06.691772 dv-cinder-788368-5-smb devstack@n-api.service[128793]: DEBUG oslo_concurrency.lockutils [None req-0c278430-10c5-468b-a6c3-7a389e0acdb9 tempest-VolumesNegativeTest-1926775535 tempest-VolumesNegativeTest-1926775535-project] Lock "062b274a-3f21-404e-b17c-614ed793861f" "released" by "nova.context.set_target_cell..get_or_set_cached_cell_and_set_connections" :: held 0.001s {{(pid=128793) inner /usr/local/lib/python3.8/dist-packages/oslo_concurrency/lockutils.py:400}}
Apr 04 17:48:06.692840 dv-cinder-788368-5-smb devstack@n-api.service[128793]: DEBUG oslo_concurrency.lockutils [None req-0c278430-10c5-468b-a6c3-7a389e0acdb9 tempest-VolumesNegativeTest-1926775535 tempest-VolumesNegativeTest-1926775535-project] Lock "062b274a-3f21-404e-b17c-614ed793861f" acquired by "nova.context.set_target_cell..get_or_set_cached_cell_and_set_connections" :: waited 0.000s {{(pid=128793) inner /usr/local/lib/python3.8/dist-packages/oslo_concurrency/lockutils.py:386}}
Apr 04 17:48:06.693469 dv-cinder-788368-5-smb devstack@n-api.service[128793]: DEBUG oslo_concurrency.lockutils [None req-0c278430-10c5-468b-a6c3-7a389e0acdb9 tempest-VolumesNegativeTest-1926775535 tempest-VolumesNegativeTest-1926775535-project] Lock "062b274a-3f21-404e-b17c-614ed793861f" "released" by "nova.context.set_target_cell..get_or_set_cached_cell_and_set_connections" :: held 0.001s {{(pid=128793) inner /usr/local/lib/python3.8/dist-packages/oslo_concurrency/lockutils.py:400}}
Apr 04 17:48:06.750990 dv-cinder-788368-5-smb devstack@n-api.service[128794]: DEBUG nova.api.openstack.wsgi [None req-af8e021c-d38e-46cf-a4f5-73649b3e607d tempest-ServerRescueNegativeTestJSON-1976708103 tempest-ServerRescueNegativeTestJSON-1976708103-project] Calling method '>' {{(pid=128794) _process_stack /opt/stack/nova/nova/api/openstack/wsgi.py:513}}
Apr 04 17:48:06.751973 dv-cinder-788368-5-smb devstack@n-api.service[128794]: DEBUG nova.compute.api [None req-af8e021c-d38e-46cf-a4f5-73649b3e607d tempest-ServerRescueNegativeTestJSON-1976708103 tempest-ServerRescueNegativeTestJSON-1976708103-project] [instance: 139d142d-05ba-4690-8fc0-365bf764ecbb] Fetching instance by UUID {{(pid=128794) get /opt/stack/nova/nova/compute/api.py:2918}}
Apr 04 17:48:06.760933 dv-cinder-788368-5-smb devstack@n-api.service[128794]: DEBUG oslo_concurrency.lockutils [None req-af8e021c-d38e-46cf-a4f5-73649b3e607d tempest-ServerRescueNegativeTestJSON-1976708103 tempest-ServerRescueNegativeTestJSON-1976708103-project] Lock "062b274a-3f21-404e-b17c-614ed793861f" acquired by "nova.context.set_target_cell..get_or_set_cached_cell_and_set_connections" :: waited 0.000s {{(pid=128794) inner /usr/local/lib/python3.8/dist-packages/oslo_concurrency/lockutils.py:386}}
Apr 04 17:48:06.765096 dv-cinder-788368-5-smb devstack@n-api.service[128794]: DEBUG oslo_concurrency.lockutils [None req-af8e021c-d38e-46cf-a4f5-73649b3e607d tempest-ServerRescueNegativeTestJSON-1976708103 tempest-ServerRescueNegativeTestJSON-1976708103-project] Lock "062b274a-3f21-404e-b17c-614ed793861f" "released" by "nova.context.set_target_cell..get_or_set_cached_cell_and_set_connections" :: held 0.004s {{(pid=128794) inner /usr/local/lib/python3.8/dist-packages/oslo_concurrency/lockutils.py:400}}
Apr 04 17:48:06.767408 dv-cinder-788368-5-smb devstack@n-api.service[128794]: DEBUG oslo_concurrency.lockutils [None req-af8e021c-d38e-46cf-a4f5-73649b3e607d tempest-ServerRescueNegativeTestJSON-1976708103 tempest-ServerRescueNegativeTestJSON-1976708103-project] Lock "062b274a-3f21-404e-b17c-614ed793861f" acquired by "nova.context.set_target_cell..get_or_set_cached_cell_and_set_connections" :: waited 0.000s {{(pid=128794) inner /usr/local/lib/python3.8/dist-packages/oslo_concurrency/lockutils.py:386}}
Apr 04 17:48:06.771704 dv-cinder-788368-5-smb devstack@n-api.service[128794]: DEBUG oslo_concurrency.lockutils [None req-af8e021c-d38e-46cf-a4f5-73649b3e607d tempest-ServerRescueNegativeTestJSON-1976708103 tempest-ServerRescueNegativeTestJSON-1976708103-project] Lock "062b274a-3f21-404e-b17c-614ed793861f" "released" by "nova.context.set_target_cell..get_or_set_cached_cell_and_set_connections" :: held 0.004s {{(pid=128794) inner /usr/local/lib/python3.8/dist-packages/oslo_concurrency/lockutils.py:400}}
Apr 04 17:48:06.779637 dv-cinder-788368-5-smb devstack@n-api.service[128793]: DEBUG oslo_concurrency.lockutils [None req-0c278430-10c5-468b-a6c3-7a389e0acdb9 tempest-VolumesNegativeTest-1926775535 tempest-VolumesNegativeTest-1926775535-project] Lock "062b274a-3f21-404e-b17c-614ed793861f" acquired by "nova.context.set_target_cell..get_or_set_cached_cell_and_set_connections" :: waited 0.000s {{(pid=128793) inner /usr/local/lib/python3.8/dist-packages/oslo_concurrency/lockutils.py:386}}
Apr 04 17:48:06.780461 dv-cinder-788368-5-smb devstack@n-api.service[128793]: DEBUG oslo_concurrency.lockutils [None req-0c278430-10c5-468b-a6c3-7a389e0acdb9 tempest-VolumesNegativeTest-1926775535 tempest-VolumesNegativeTest-1926775535-project] Lock "062b274a-3f21-404e-b17c-614ed793861f" "released" by "nova.context.set_target_cell..get_or_set_cached_cell_and_set_connections" :: held 0.001s {{(pid=128793) inner /usr/local/lib/python3.8/dist-packages/oslo_concurrency/lockutils.py:400}}
Apr 04 17:48:06.781185 dv-cinder-788368-5-smb devstack@n-api.service[128793]: DEBUG nova.objects.instance [None req-0c278430-10c5-468b-a6c3-7a389e0acdb9 tempest-VolumesNegativeTest-1926775535 tempest-VolumesNegativeTest-1926775535-project] Lazy-loading 'fault' on Instance uuid aea560ed-4f44-4595-ae5d-5174a81c5724 {{(pid=128793) obj_load_attr /opt/stack/nova/nova/objects/instance.py:1099}}
Apr 04 17:48:06.901876 dv-cinder-788368-5-smb devstack@n-api.service[128793]: DEBUG nova.policy [None req-0c278430-10c5-468b-a6c3-7a389e0acdb9 tempest-VolumesNegativeTest-1926775535 tempest-VolumesNegativeTest-1926775535-project] Policy check for os_compute_api:os-extended-server-attributes failed with credentials {'is_admin': False, 'user_id': '5f9bb1a8e623422589159a15202818ec', 'user_domain_id': 'default', 'system_scope': None, 'domain_id': None, 'project_id': 'af8a5b1e223247c7b4bbdfbf7d355ec5', 'project_domain_id': 'default', 'roles': ['member', 'reader'], 'is_admin_project': True, 'service_user_id': None, 'service_user_domain_id': None, 'service_project_id': None, 'service_project_domain_id': None, 'service_roles': []} {{(pid=128793) authorize /opt/stack/nova/nova/policy.py:199}}
Apr 04 17:48:06.915504 dv-cinder-788368-5-smb devstack@n-api.service[128793]: INFO nova.api.openstack.requestlog [None req-0c278430-10c5-468b-a6c3-7a389e0acdb9 tempest-VolumesNegativeTest-1926775535 tempest-VolumesNegativeTest-1926775535-project] 10.222.0.26 "GET /compute/v2.1/servers/aea560ed-4f44-4595-ae5d-5174a81c5724" status: 200 len: 1304 microversion: 2.1 time: 0.241466
Apr 04 17:48:06.916737 dv-cinder-788368-5-smb devstack@n-api.service[128793]: [pid: 128793|app: 0|req: 109/241] 10.222.0.26 () {58 vars in 1235 bytes} [Mon Apr 4 17:48:06 2022] GET /compute/v2.1/servers/aea560ed-4f44-4595-ae5d-5174a81c5724 => generated 1304 bytes in 246 msecs (HTTP/1.1 200) 9 headers in 358 bytes (1 switches on core 0)
Apr 04 17:48:07.450555 dv-cinder-788368-5-smb devstack@n-api.service[128793]: DEBUG nova.api.openstack.wsgi [req-b709a9b4-7b9d-4ce7-b1c8-d3e198ca0e6c req-73aaa44e-2949-4cf5-9a53-264aafdcc164 admin admin] Action: 'create', calling method: >, body: {"snapshot": {"volume_id": "41c9203f-de3f-4a31-b112-325cc7aa1573", "create_info": {"type": "qcow2", "new_file": "volume-41c9203f-de3f-4a31-b112-325cc7aa1573.729c53d1-6814-40a1-9f8a-5355b8bfbed9.vhdx", "snapshot_id": "729c53d1-6814-40a1-9f8a-5355b8bfbed9"}}} {{(pid=128793) _process_stack /opt/stack/nova/nova/api/openstack/wsgi.py:511}}
Apr 04 17:48:07.452801 dv-cinder-788368-5-smb devstack@n-api.service[128793]: DEBUG oslo_concurrency.lockutils [req-b709a9b4-7b9d-4ce7-b1c8-d3e198ca0e6c req-73aaa44e-2949-4cf5-9a53-264aafdcc164 admin admin] Lock "00000000-0000-0000-0000-000000000000" acquired by "nova.context.set_target_cell..get_or_set_cached_cell_and_set_connections" :: waited 0.000s {{(pid=128793) inner /usr/local/lib/python3.8/dist-packages/oslo_concurrency/lockutils.py:386}}
Apr 04 17:48:07.453324 dv-cinder-788368-5-smb devstack@n-api.service[128793]: DEBUG oslo_concurrency.lockutils [req-b709a9b4-7b9d-4ce7-b1c8-d3e198ca0e6c req-73aaa44e-2949-4cf5-9a53-264aafdcc164 admin admin] Lock "00000000-0000-0000-0000-000000000000" "released" by "nova.context.set_target_cell..get_or_set_cached_cell_and_set_connections" :: held 0.001s {{(pid=128793) inner /usr/local/lib/python3.8/dist-packages/oslo_concurrency/lockutils.py:400}}
Apr 04 17:48:07.477876 dv-cinder-788368-5-smb devstack@n-api.service[128793]: DEBUG oslo_concurrency.lockutils [req-b709a9b4-7b9d-4ce7-b1c8-d3e198ca0e6c req-73aaa44e-2949-4cf5-9a53-264aafdcc164 admin admin] Lock "062b274a-3f21-404e-b17c-614ed793861f" acquired by "nova.context.set_target_cell..get_or_set_cached_cell_and_set_connections" :: waited 0.000s {{(pid=128793) inner /usr/local/lib/python3.8/dist-packages/oslo_concurrency/lockutils.py:386}}
Apr 04 17:48:07.479198 dv-cinder-788368-5-smb devstack@n-api.service[128793]: DEBUG oslo_concurrency.lockutils [req-b709a9b4-7b9d-4ce7-b1c8-d3e198ca0e6c req-73aaa44e-2949-4cf5-9a53-264aafdcc164 admin admin] Lock "062b274a-3f21-404e-b17c-614ed793861f" "released" by "nova.context.set_target_cell..get_or_set_cached_cell_and_set_connections" :: held 0.001s {{(pid=128793) inner /usr/local/lib/python3.8/dist-packages/oslo_concurrency/lockutils.py:400}}
Apr 04 17:48:07.513755 dv-cinder-788368-5-smb devstack@n-api.service[128793]: INFO nova.api.openstack.requestlog [req-b709a9b4-7b9d-4ce7-b1c8-d3e198ca0e6c req-73aaa44e-2949-4cf5-9a53-264aafdcc164 admin admin] 10.222.0.18 "POST /compute/v2.1/os-assisted-volume-snapshots" status: 200 len: 78 microversion: 2.1 time: 0.216276
Apr 04 17:48:07.514934 dv-cinder-788368-5-smb devstack@n-api.service[128793]: [pid: 128793|app: 0|req: 110/242] 10.222.0.18 () {64 vars in 1326 bytes} [Mon Apr 4 17:48:07 2022] POST /compute/v2.1/os-assisted-volume-snapshots => generated 78 bytes in 223 msecs (HTTP/1.1 200) 9 headers in 356 bytes (2 switches on core 0)
Apr 04 17:48:07.562156 dv-cinder-788368-5-smb devstack@n-api.service[128794]: DEBUG nova.policy [None req-af8e021c-d38e-46cf-a4f5-73649b3e607d tempest-ServerRescueNegativeTestJSON-1976708103 tempest-ServerRescueNegativeTestJSON-1976708103-project] Policy check for os_compute_api:os-extended-server-attributes failed with credentials {'is_admin': False, 'user_id': '405ca45e66974c8192787999d7fed996', 'user_domain_id': 'default', 'system_scope': None, 'domain_id': None, 'project_id': '34768a235265471ea8338834c092d2ff', 'project_domain_id': 'default', 'roles': ['member', 'reader'], 'is_admin_project': True, 'service_user_id': None, 'service_user_domain_id': None, 'service_project_id': None, 'service_project_domain_id': None, 'service_roles': []} {{(pid=128794) authorize /opt/stack/nova/nova/policy.py:199}}
Apr 04 17:48:07.575200 dv-cinder-788368-5-smb devstack@n-api.service[128794]: INFO nova.api.openstack.requestlog [None req-af8e021c-d38e-46cf-a4f5-73649b3e607d tempest-ServerRescueNegativeTestJSON-1976708103 tempest-ServerRescueNegativeTestJSON-1976708103-project] 10.222.0.26 "GET /compute/v2.1/servers/139d142d-05ba-4690-8fc0-365bf764ecbb" status: 200 len: 1370 microversion: 2.1 time: 0.828332
Apr 04 17:48:07.580495 dv-cinder-788368-5-smb devstack@n-api.service[128794]: [pid: 128794|app: 0|req: 133/243] 10.222.0.26 () {58 vars in 1235 bytes} [Mon Apr 4 17:48:06 2022] GET /compute/v2.1/servers/139d142d-05ba-4690-8fc0-365bf764ecbb => generated 1370 bytes in 835 msecs (HTTP/1.1 200) 9 headers in 358 bytes (1 switches on core 0)
Apr 04 17:48:07.935513 dv-cinder-788368-5-smb devstack@n-api.service[128793]: DEBUG nova.api.openstack.wsgi [None req-5b7597ec-2cad-4ee4-bbe0-89596047aca1 tempest-VolumesNegativeTest-1926775535 tempest-VolumesNegativeTest-1926775535-project] Calling method '>' {{(pid=128793) _process_stack /opt/stack/nova/nova/api/openstack/wsgi.py:513}}
Apr 04 17:48:07.936375 dv-cinder-788368-5-smb devstack@n-api.service[128793]: DEBUG nova.compute.api [None req-5b7597ec-2cad-4ee4-bbe0-89596047aca1 tempest-VolumesNegativeTest-1926775535 tempest-VolumesNegativeTest-1926775535-project] [instance: aea560ed-4f44-4595-ae5d-5174a81c5724] Fetching instance by UUID {{(pid=128793) get /opt/stack/nova/nova/compute/api.py:2918}}
Apr 04 17:48:07.959242 dv-cinder-788368-5-smb devstack@n-api.service[128793]: DEBUG oslo_concurrency.lockutils [None req-5b7597ec-2cad-4ee4-bbe0-89596047aca1 tempest-VolumesNegativeTest-1926775535 tempest-VolumesNegativeTest-1926775535-project] Lock "062b274a-3f21-404e-b17c-614ed793861f" acquired by "nova.context.set_target_cell..get_or_set_cached_cell_and_set_connections" :: waited 0.000s {{(pid=128793) inner /usr/local/lib/python3.8/dist-packages/oslo_concurrency/lockutils.py:386}}
Apr 04 17:48:07.959711 dv-cinder-788368-5-smb devstack@n-api.service[128793]: DEBUG oslo_concurrency.lockutils [None req-5b7597ec-2cad-4ee4-bbe0-89596047aca1 tempest-VolumesNegativeTest-1926775535 tempest-VolumesNegativeTest-1926775535-project] Lock "062b274a-3f21-404e-b17c-614ed793861f" "released" by "nova.context.set_target_cell..get_or_set_cached_cell_and_set_connections" :: held 0.001s {{(pid=128793) inner /usr/local/lib/python3.8/dist-packages/oslo_concurrency/lockutils.py:400}}
Apr 04 17:48:07.961642 dv-cinder-788368-5-smb devstack@n-api.service[128793]: DEBUG oslo_concurrency.lockutils [None req-5b7597ec-2cad-4ee4-bbe0-89596047aca1 tempest-VolumesNegativeTest-1926775535 tempest-VolumesNegativeTest-1926775535-project] Lock "062b274a-3f21-404e-b17c-614ed793861f" acquired by "nova.context.set_target_cell..get_or_set_cached_cell_and_set_connections" :: waited 0.000s {{(pid=128793) inner /usr/local/lib/python3.8/dist-packages/oslo_concurrency/lockutils.py:386}}
Apr 04 17:48:07.962893 dv-cinder-788368-5-smb devstack@n-api.service[128793]: DEBUG oslo_concurrency.lockutils [None req-5b7597ec-2cad-4ee4-bbe0-89596047aca1 tempest-VolumesNegativeTest-1926775535 tempest-VolumesNegativeTest-1926775535-project] Lock "062b274a-3f21-404e-b17c-614ed793861f" "released" by "nova.context.set_target_cell..get_or_set_cached_cell_and_set_connections" :: held 0.002s {{(pid=128793) inner /usr/local/lib/python3.8/dist-packages/oslo_concurrency/lockutils.py:400}}
Apr 04 17:48:08.001863 dv-cinder-788368-5-smb devstack@n-api.service[128793]: INFO nova.api.openstack.wsgi [None req-5b7597ec-2cad-4ee4-bbe0-89596047aca1 tempest-VolumesNegativeTest-1926775535 tempest-VolumesNegativeTest-1926775535-project] HTTP exception thrown: Instance aea560ed-4f44-4595-ae5d-5174a81c5724 could not be found.
Apr 04 17:48:08.002603 dv-cinder-788368-5-smb devstack@n-api.service[128793]: DEBUG nova.api.openstack.wsgi [None req-5b7597ec-2cad-4ee4-bbe0-89596047aca1 tempest-VolumesNegativeTest-1926775535 tempest-VolumesNegativeTest-1926775535-project] Returning 404 to user: Instance aea560ed-4f44-4595-ae5d-5174a81c5724 could not be found. {{(pid=128793) __call__ /opt/stack/nova/nova/api/openstack/wsgi.py:936}}
Apr 04 17:48:08.005307 dv-cinder-788368-5-smb devstack@n-api.service[128793]: INFO nova.api.openstack.requestlog [None req-5b7597ec-2cad-4ee4-bbe0-89596047aca1 tempest-VolumesNegativeTest-1926775535 tempest-VolumesNegativeTest-1926775535-project] 10.222.0.26 "GET /compute/v2.1/servers/aea560ed-4f44-4595-ae5d-5174a81c5724" status: 404 len: 111 microversion: 2.1 time: 0.073749
Apr 04 17:48:08.006048 dv-cinder-788368-5-smb devstack@n-api.service[128793]: [pid: 128793|app: 0|req: 111/244] 10.222.0.26 () {58 vars in 1235 bytes} [Mon Apr 4 17:48:07 2022] GET /compute/v2.1/servers/aea560ed-4f44-4595-ae5d-5174a81c5724 => generated 111 bytes in 77 msecs (HTTP/1.1 404) 9 headers in 379 bytes (1 switches on core 0)
Apr 04 17:48:08.598260 dv-cinder-788368-5-smb devstack@n-api.service[128794]: DEBUG nova.api.openstack.wsgi [None req-f079760b-cc04-4f0e-a600-08ed9715078d tempest-ServerRescueNegativeTestJSON-1976708103 tempest-ServerRescueNegativeTestJSON-1976708103-project] Calling method '>' {{(pid=128794) _process_stack /opt/stack/nova/nova/api/openstack/wsgi.py:513}}
Apr 04 17:48:08.599110 dv-cinder-788368-5-smb devstack@n-api.service[128794]: DEBUG nova.compute.api [None req-f079760b-cc04-4f0e-a600-08ed9715078d tempest-ServerRescueNegativeTestJSON-1976708103 tempest-ServerRescueNegativeTestJSON-1976708103-project] [instance: 139d142d-05ba-4690-8fc0-365bf764ecbb] Fetching instance by UUID {{(pid=128794) get /opt/stack/nova/nova/compute/api.py:2918}}
Apr 04 17:48:08.609850 dv-cinder-788368-5-smb devstack@n-api.service[128794]: DEBUG oslo_concurrency.lockutils [None req-f079760b-cc04-4f0e-a600-08ed9715078d tempest-ServerRescueNegativeTestJSON-1976708103 tempest-ServerRescueNegativeTestJSON-1976708103-project] Lock "062b274a-3f21-404e-b17c-614ed793861f" acquired by "nova.context.set_target_cell..get_or_set_cached_cell_and_set_connections" :: waited 0.000s {{(pid=128794) inner /usr/local/lib/python3.8/dist-packages/oslo_concurrency/lockutils.py:386}}
Apr 04 17:48:08.610130 dv-cinder-788368-5-smb devstack@n-api.service[128794]: DEBUG oslo_concurrency.lockutils [None req-f079760b-cc04-4f0e-a600-08ed9715078d tempest-ServerRescueNegativeTestJSON-1976708103 tempest-ServerRescueNegativeTestJSON-1976708103-project] Lock "062b274a-3f21-404e-b17c-614ed793861f" "released" by "nova.context.set_target_cell..get_or_set_cached_cell_and_set_connections" :: held 0.001s {{(pid=128794) inner /usr/local/lib/python3.8/dist-packages/oslo_concurrency/lockutils.py:400}}
Apr 04 17:48:08.610905 dv-cinder-788368-5-smb devstack@n-api.service[128794]: DEBUG oslo_concurrency.lockutils [None req-f079760b-cc04-4f0e-a600-08ed9715078d tempest-ServerRescueNegativeTestJSON-1976708103 tempest-ServerRescueNegativeTestJSON-1976708103-project] Lock "062b274a-3f21-404e-b17c-614ed793861f" acquired by "nova.context.set_target_cell..get_or_set_cached_cell_and_set_connections" :: waited 0.000s {{(pid=128794) inner /usr/local/lib/python3.8/dist-packages/oslo_concurrency/lockutils.py:386}}
Apr 04 17:48:08.613196 dv-cinder-788368-5-smb devstack@n-api.service[128794]: DEBUG oslo_concurrency.lockutils [None req-f079760b-cc04-4f0e-a600-08ed9715078d tempest-ServerRescueNegativeTestJSON-1976708103 tempest-ServerRescueNegativeTestJSON-1976708103-project] Lock "062b274a-3f21-404e-b17c-614ed793861f" "released" by "nova.context.set_target_cell..get_or_set_cached_cell_and_set_connections" :: held 0.002s {{(pid=128794) inner /usr/local/lib/python3.8/dist-packages/oslo_concurrency/lockutils.py:400}}
Apr 04 17:48:09.005480 dv-cinder-788368-5-smb devstack@n-api.service[128794]: DEBUG nova.policy [None req-f079760b-cc04-4f0e-a600-08ed9715078d tempest-ServerRescueNegativeTestJSON-1976708103 tempest-ServerRescueNegativeTestJSON-1976708103-project] Policy check for os_compute_api:os-extended-server-attributes failed with credentials {'is_admin': False, 'user_id': '405ca45e66974c8192787999d7fed996', 'user_domain_id': 'default', 'system_scope': None, 'domain_id': None, 'project_id': '34768a235265471ea8338834c092d2ff', 'project_domain_id': 'default', 'roles': ['member', 'reader'], 'is_admin_project': True, 'service_user_id': None, 'service_user_domain_id': None, 'service_project_id': None, 'service_project_domain_id': None, 'service_roles': []} {{(pid=128794) authorize /opt/stack/nova/nova/policy.py:199}}
Apr 04 17:48:09.025728 dv-cinder-788368-5-smb devstack@n-api.service[128794]: INFO nova.api.openstack.requestlog [None req-f079760b-cc04-4f0e-a600-08ed9715078d tempest-ServerRescueNegativeTestJSON-1976708103 tempest-ServerRescueNegativeTestJSON-1976708103-project] 10.222.0.26 "GET /compute/v2.1/servers/139d142d-05ba-4690-8fc0-365bf764ecbb" status: 200 len: 1370 microversion: 2.1 time: 0.431834
Apr 04 17:48:09.030574 dv-cinder-788368-5-smb devstack@n-api.service[128794]: [pid: 128794|app: 0|req: 134/245] 10.222.0.26 () {58 vars in 1235 bytes} [Mon Apr 4 17:48:08 2022] GET /compute/v2.1/servers/139d142d-05ba-4690-8fc0-365bf764ecbb => generated 1370 bytes in 438 msecs (HTTP/1.1 200) 9 headers in 358 bytes (1 switches on core 0)
Apr 04 17:48:10.047384 dv-cinder-788368-5-smb devstack@n-api.service[128794]: DEBUG nova.api.openstack.wsgi [None req-ac63bd9c-426c-4f53-9606-13282c25d950 tempest-ServerRescueNegativeTestJSON-1976708103 tempest-ServerRescueNegativeTestJSON-1976708103-project] Calling method '>' {{(pid=128794) _process_stack /opt/stack/nova/nova/api/openstack/wsgi.py:513}}
Apr 04 17:48:10.048049 dv-cinder-788368-5-smb devstack@n-api.service[128794]: DEBUG nova.compute.api [None req-ac63bd9c-426c-4f53-9606-13282c25d950 tempest-ServerRescueNegativeTestJSON-1976708103 tempest-ServerRescueNegativeTestJSON-1976708103-project] [instance: 139d142d-05ba-4690-8fc0-365bf764ecbb] Fetching instance by UUID {{(pid=128794) get /opt/stack/nova/nova/compute/api.py:2918}}
Apr 04 17:48:10.057265 dv-cinder-788368-5-smb devstack@n-api.service[128794]: DEBUG oslo_concurrency.lockutils [None req-ac63bd9c-426c-4f53-9606-13282c25d950 tempest-ServerRescueNegativeTestJSON-1976708103 tempest-ServerRescueNegativeTestJSON-1976708103-project] Lock "062b274a-3f21-404e-b17c-614ed793861f" acquired by "nova.context.set_target_cell..get_or_set_cached_cell_and_set_connections" :: waited 0.000s {{(pid=128794) inner /usr/local/lib/python3.8/dist-packages/oslo_concurrency/lockutils.py:386}}
Apr 04 17:48:10.057725 dv-cinder-788368-5-smb devstack@n-api.service[128794]: DEBUG oslo_concurrency.lockutils [None req-ac63bd9c-426c-4f53-9606-13282c25d950 tempest-ServerRescueNegativeTestJSON-1976708103 tempest-ServerRescueNegativeTestJSON-1976708103-project] Lock "062b274a-3f21-404e-b17c-614ed793861f" "released" by "nova.context.set_target_cell..get_or_set_cached_cell_and_set_connections" :: held 0.001s {{(pid=128794) inner /usr/local/lib/python3.8/dist-packages/oslo_concurrency/lockutils.py:400}}
Apr 04 17:48:10.058499 dv-cinder-788368-5-smb devstack@n-api.service[128794]: DEBUG oslo_concurrency.lockutils [None req-ac63bd9c-426c-4f53-9606-13282c25d950 tempest-ServerRescueNegativeTestJSON-1976708103 tempest-ServerRescueNegativeTestJSON-1976708103-project] Lock "062b274a-3f21-404e-b17c-614ed793861f" acquired by "nova.context.set_target_cell..get_or_set_cached_cell_and_set_connections" :: waited 0.000s {{(pid=128794) inner /usr/local/lib/python3.8/dist-packages/oslo_concurrency/lockutils.py:386}}
Apr 04 17:48:10.059826 dv-cinder-788368-5-smb devstack@n-api.service[128793]: DEBUG nova.api.openstack.wsgi [None req-523a7ca6-b58f-4341-ad43-6c9f7d8be44f tempest-TestShelveInstance-717281071 tempest-TestShelveInstance-717281071-project] Action: 'create', calling method: .version_select at 0x7f13c6728ee0>, body: {"keypair": {"name": "tempest-TestShelveInstance-824031810"}} {{(pid=128793) _process_stack /opt/stack/nova/nova/api/openstack/wsgi.py:511}}
Apr 04 17:48:10.062697 dv-cinder-788368-5-smb devstack@n-api.service[128794]: DEBUG oslo_concurrency.lockutils [None req-ac63bd9c-426c-4f53-9606-13282c25d950 tempest-ServerRescueNegativeTestJSON-1976708103 tempest-ServerRescueNegativeTestJSON-1976708103-project] Lock "062b274a-3f21-404e-b17c-614ed793861f" "released" by "nova.context.set_target_cell..get_or_set_cached_cell_and_set_connections" :: held 0.004s {{(pid=128794) inner /usr/local/lib/python3.8/dist-packages/oslo_concurrency/lockutils.py:400}}
Apr 04 17:48:10.080239 dv-cinder-788368-5-smb devstack@n-api.service[128793]: DEBUG nova.quota [None req-523a7ca6-b58f-4341-ad43-6c9f7d8be44f tempest-TestShelveInstance-717281071 tempest-TestShelveInstance-717281071-project] Getting quotas for project 3b41afd60af548ec839db02ea4ab16da. Resources: {'key_pairs'} {{(pid=128793) _get_quotas /opt/stack/nova/nova/quota.py:393}}
Apr 04 17:48:10.085683 dv-cinder-788368-5-smb devstack@n-api.service[128793]: DEBUG nova.quota [None req-523a7ca6-b58f-4341-ad43-6c9f7d8be44f tempest-TestShelveInstance-717281071 tempest-TestShelveInstance-717281071-project] Getting quotas for user 71b8a0acc49443529883436967fe77a0 and project 3b41afd60af548ec839db02ea4ab16da. Resources: {'key_pairs'} {{(pid=128793) _get_quotas /opt/stack/nova/nova/quota.py:383}}
Apr 04 17:48:10.245172 dv-cinder-788368-5-smb devstack@n-api.service[128794]: DEBUG nova.policy [None req-ac63bd9c-426c-4f53-9606-13282c25d950 tempest-ServerRescueNegativeTestJSON-1976708103 tempest-ServerRescueNegativeTestJSON-1976708103-project] Policy check for os_compute_api:os-extended-server-attributes failed with credentials {'is_admin': False, 'user_id': '405ca45e66974c8192787999d7fed996', 'user_domain_id': 'default', 'system_scope': None, 'domain_id': None, 'project_id': '34768a235265471ea8338834c092d2ff', 'project_domain_id': 'default', 'roles': ['member', 'reader'], 'is_admin_project': True, 'service_user_id': None, 'service_user_domain_id': None, 'service_project_id': None, 'service_project_domain_id': None, 'service_roles': []} {{(pid=128794) authorize /opt/stack/nova/nova/policy.py:199}}
Apr 04 17:48:10.252509 dv-cinder-788368-5-smb devstack@n-api.service[128794]: INFO nova.api.openstack.requestlog [None req-ac63bd9c-426c-4f53-9606-13282c25d950 tempest-ServerRescueNegativeTestJSON-1976708103 tempest-ServerRescueNegativeTestJSON-1976708103-project] 10.222.0.26 "GET /compute/v2.1/servers/139d142d-05ba-4690-8fc0-365bf764ecbb" status: 200 len: 1370 microversion: 2.1 time: 0.209634
Apr 04 17:48:10.253079 dv-cinder-788368-5-smb devstack@n-api.service[128794]: [pid: 128794|app: 0|req: 135/246] 10.222.0.26 () {58 vars in 1235 bytes} [Mon Apr 4 17:48:10 2022] GET /compute/v2.1/servers/139d142d-05ba-4690-8fc0-365bf764ecbb => generated 1370 bytes in 211 msecs (HTTP/1.1 200) 9 headers in 358 bytes (2 switches on core 0)
Apr 04 17:48:10.602543 dv-cinder-788368-5-smb devstack@n-api.service[128793]: DEBUG nova.quota [None req-523a7ca6-b58f-4341-ad43-6c9f7d8be44f tempest-TestShelveInstance-717281071 tempest-TestShelveInstance-717281071-project] Getting quotas for project 3b41afd60af548ec839db02ea4ab16da. Resources: {'key_pairs'} {{(pid=128793) _get_quotas /opt/stack/nova/nova/quota.py:393}}
Apr 04 17:48:10.607623 dv-cinder-788368-5-smb devstack@n-api.service[128793]: DEBUG nova.quota [None req-523a7ca6-b58f-4341-ad43-6c9f7d8be44f tempest-TestShelveInstance-717281071 tempest-TestShelveInstance-717281071-project] Getting quotas for user 71b8a0acc49443529883436967fe77a0 and project 3b41afd60af548ec839db02ea4ab16da. Resources: {'key_pairs'} {{(pid=128793) _get_quotas /opt/stack/nova/nova/quota.py:383}}
Apr 04 17:48:10.624490 dv-cinder-788368-5-smb devstack@n-api.service[128793]: INFO nova.api.openstack.requestlog [None req-523a7ca6-b58f-4341-ad43-6c9f7d8be44f tempest-TestShelveInstance-717281071 tempest-TestShelveInstance-717281071-project] 10.222.0.26 "POST /compute/v2.1/os-keypairs" status: 200 len: 2315 microversion: 2.1 time: 0.760734
Apr 04 17:48:10.627121 dv-cinder-788368-5-smb devstack@n-api.service[128793]: [pid: 128793|app: 0|req: 112/247] 10.222.0.26 () {60 vars in 1157 bytes} [Mon Apr 4 17:48:09 2022] POST /compute/v2.1/os-keypairs => generated 2315 bytes in 764 msecs (HTTP/1.1 200) 9 headers in 358 bytes (1 switches on core 0)
Apr 04 17:48:11.272007 dv-cinder-788368-5-smb devstack@n-api.service[128794]: DEBUG nova.api.openstack.wsgi [None req-143dd85b-6541-4dc5-8a25-8cffb2fcb6a5 tempest-ServerRescueNegativeTestJSON-1976708103 tempest-ServerRescueNegativeTestJSON-1976708103-project] Calling method '>' {{(pid=128794) _process_stack /opt/stack/nova/nova/api/openstack/wsgi.py:513}}
Apr 04 17:48:11.274808 dv-cinder-788368-5-smb devstack@n-api.service[128794]: DEBUG nova.compute.api [None req-143dd85b-6541-4dc5-8a25-8cffb2fcb6a5 tempest-ServerRescueNegativeTestJSON-1976708103 tempest-ServerRescueNegativeTestJSON-1976708103-project] [instance: 139d142d-05ba-4690-8fc0-365bf764ecbb] Fetching instance by UUID {{(pid=128794) get /opt/stack/nova/nova/compute/api.py:2918}}
Apr 04 17:48:11.294011 dv-cinder-788368-5-smb devstack@n-api.service[128794]: DEBUG oslo_concurrency.lockutils [None req-143dd85b-6541-4dc5-8a25-8cffb2fcb6a5 tempest-ServerRescueNegativeTestJSON-1976708103 tempest-ServerRescueNegativeTestJSON-1976708103-project] Lock "062b274a-3f21-404e-b17c-614ed793861f" acquired by "nova.context.set_target_cell..get_or_set_cached_cell_and_set_connections" :: waited 0.000s {{(pid=128794) inner /usr/local/lib/python3.8/dist-packages/oslo_concurrency/lockutils.py:386}}
Apr 04 17:48:11.294539 dv-cinder-788368-5-smb devstack@n-api.service[128794]: DEBUG oslo_concurrency.lockutils [None req-143dd85b-6541-4dc5-8a25-8cffb2fcb6a5 tempest-ServerRescueNegativeTestJSON-1976708103 tempest-ServerRescueNegativeTestJSON-1976708103-project] Lock "062b274a-3f21-404e-b17c-614ed793861f" "released" by "nova.context.set_target_cell..get_or_set_cached_cell_and_set_connections" :: held 0.001s {{(pid=128794) inner /usr/local/lib/python3.8/dist-packages/oslo_concurrency/lockutils.py:400}}
Apr 04 17:48:11.295604 dv-cinder-788368-5-smb devstack@n-api.service[128794]: DEBUG oslo_concurrency.lockutils [None req-143dd85b-6541-4dc5-8a25-8cffb2fcb6a5 tempest-ServerRescueNegativeTestJSON-1976708103 tempest-ServerRescueNegativeTestJSON-1976708103-project] Lock "062b274a-3f21-404e-b17c-614ed793861f" acquired by "nova.context.set_target_cell..get_or_set_cached_cell_and_set_connections" :: waited 0.000s {{(pid=128794) inner /usr/local/lib/python3.8/dist-packages/oslo_concurrency/lockutils.py:386}}
Apr 04 17:48:11.297818 dv-cinder-788368-5-smb devstack@n-api.service[128794]: DEBUG oslo_concurrency.lockutils [None req-143dd85b-6541-4dc5-8a25-8cffb2fcb6a5 tempest-ServerRescueNegativeTestJSON-1976708103 tempest-ServerRescueNegativeTestJSON-1976708103-project] Lock "062b274a-3f21-404e-b17c-614ed793861f" "released" by "nova.context.set_target_cell..get_or_set_cached_cell_and_set_connections" :: held 0.001s {{(pid=128794) inner /usr/local/lib/python3.8/dist-packages/oslo_concurrency/lockutils.py:400}}
Apr 04 17:48:11.549509 dv-cinder-788368-5-smb devstack@n-api.service[128794]: DEBUG nova.policy [None req-143dd85b-6541-4dc5-8a25-8cffb2fcb6a5 tempest-ServerRescueNegativeTestJSON-1976708103 tempest-ServerRescueNegativeTestJSON-1976708103-project] Policy check for os_compute_api:os-extended-server-attributes failed with credentials {'is_admin': False, 'user_id': '405ca45e66974c8192787999d7fed996', 'user_domain_id': 'default', 'system_scope': None, 'domain_id': None, 'project_id': '34768a235265471ea8338834c092d2ff', 'project_domain_id': 'default', 'roles': ['member', 'reader'], 'is_admin_project': True, 'service_user_id': None, 'service_user_domain_id': None, 'service_project_id': None, 'service_project_domain_id': None, 'service_roles': []} {{(pid=128794) authorize /opt/stack/nova/nova/policy.py:199}}
Apr 04 17:48:11.558304 dv-cinder-788368-5-smb devstack@n-api.service[128794]: INFO nova.api.openstack.requestlog [None req-143dd85b-6541-4dc5-8a25-8cffb2fcb6a5 tempest-ServerRescueNegativeTestJSON-1976708103 tempest-ServerRescueNegativeTestJSON-1976708103-project] 10.222.0.26 "GET /compute/v2.1/servers/139d142d-05ba-4690-8fc0-365bf764ecbb" status: 200 len: 1370 microversion: 2.1 time: 0.291816
Apr 04 17:48:11.562989 dv-cinder-788368-5-smb devstack@n-api.service[128794]: [pid: 128794|app: 0|req: 136/248] 10.222.0.26 () {58 vars in 1235 bytes} [Mon Apr 4 17:48:11 2022] GET /compute/v2.1/servers/139d142d-05ba-4690-8fc0-365bf764ecbb => generated 1370 bytes in 293 msecs (HTTP/1.1 200) 9 headers in 358 bytes (1 switches on core 0)
Apr 04 17:48:11.785076 dv-cinder-788368-5-smb devstack@n-api.service[128793]: DEBUG nova.api.openstack.wsgi [req-93d74d99-e338-4050-b7f7-c6f429622246 req-dbf4877c-7d2e-47c4-ba4a-b54765cb7708 admin admin] Action: 'create', calling method: >, body: {"snapshot": {"volume_id": "41c9203f-de3f-4a31-b112-325cc7aa1573", "create_info": {"type": "qcow2", "new_file": "volume-41c9203f-de3f-4a31-b112-325cc7aa1573.75b5362c-133c-4232-9f01-3dbd6947ce8b.vhdx", "snapshot_id": "75b5362c-133c-4232-9f01-3dbd6947ce8b"}}} {{(pid=128793) _process_stack /opt/stack/nova/nova/api/openstack/wsgi.py:511}}
Apr 04 17:48:11.795430 dv-cinder-788368-5-smb devstack@n-api.service[128793]: DEBUG oslo_concurrency.lockutils [req-93d74d99-e338-4050-b7f7-c6f429622246 req-dbf4877c-7d2e-47c4-ba4a-b54765cb7708 admin admin] Lock "00000000-0000-0000-0000-000000000000" acquired by "nova.context.set_target_cell..get_or_set_cached_cell_and_set_connections" :: waited 0.000s {{(pid=128793) inner /usr/local/lib/python3.8/dist-packages/oslo_concurrency/lockutils.py:386}}
Apr 04 17:48:11.798845 dv-cinder-788368-5-smb devstack@n-api.service[128793]: DEBUG oslo_concurrency.lockutils [req-93d74d99-e338-4050-b7f7-c6f429622246 req-dbf4877c-7d2e-47c4-ba4a-b54765cb7708 admin admin] Lock "00000000-0000-0000-0000-000000000000" "released" by "nova.context.set_target_cell..get_or_set_cached_cell_and_set_connections" :: held 0.004s {{(pid=128793) inner /usr/local/lib/python3.8/dist-packages/oslo_concurrency/lockutils.py:400}}
Apr 04 17:48:11.826574 dv-cinder-788368-5-smb devstack@n-api.service[128793]: DEBUG oslo_concurrency.lockutils [req-93d74d99-e338-4050-b7f7-c6f429622246 req-dbf4877c-7d2e-47c4-ba4a-b54765cb7708 admin admin] Lock "062b274a-3f21-404e-b17c-614ed793861f" acquired by "nova.context.set_target_cell..get_or_set_cached_cell_and_set_connections" :: waited 0.000s {{(pid=128793) inner /usr/local/lib/python3.8/dist-packages/oslo_concurrency/lockutils.py:386}}
Apr 04 17:48:11.827302 dv-cinder-788368-5-smb devstack@n-api.service[128793]: DEBUG oslo_concurrency.lockutils [req-93d74d99-e338-4050-b7f7-c6f429622246 req-dbf4877c-7d2e-47c4-ba4a-b54765cb7708 admin admin] Lock "062b274a-3f21-404e-b17c-614ed793861f" "released" by "nova.context.set_target_cell..get_or_set_cached_cell_and_set_connections" :: held 0.001s {{(pid=128793) inner /usr/local/lib/python3.8/dist-packages/oslo_concurrency/lockutils.py:400}}
Apr 04 17:48:11.843249 dv-cinder-788368-5-smb devstack@n-api.service[128793]: INFO nova.api.openstack.requestlog [req-93d74d99-e338-4050-b7f7-c6f429622246 req-dbf4877c-7d2e-47c4-ba4a-b54765cb7708 admin admin] 10.222.0.18 "POST /compute/v2.1/os-assisted-volume-snapshots" status: 200 len: 78 microversion: 2.1 time: 0.157578
Apr 04 17:48:11.844454 dv-cinder-788368-5-smb devstack@n-api.service[128793]: [pid: 128793|app: 0|req: 113/249] 10.222.0.18 () {64 vars in 1326 bytes} [Mon Apr 4 17:48:11 2022] POST /compute/v2.1/os-assisted-volume-snapshots => generated 78 bytes in 159 msecs (HTTP/1.1 200) 9 headers in 356 bytes (1 switches on core 0)
Apr 04 17:48:12.576943 dv-cinder-788368-5-smb devstack@n-api.service[128794]: DEBUG nova.api.openstack.wsgi [None req-b5787219-518b-4e17-a7a9-031bfa57228c tempest-ServerRescueNegativeTestJSON-1976708103 tempest-ServerRescueNegativeTestJSON-1976708103-project] Calling method '>' {{(pid=128794) _process_stack /opt/stack/nova/nova/api/openstack/wsgi.py:513}}
Apr 04 17:48:12.577557 dv-cinder-788368-5-smb devstack@n-api.service[128794]: DEBUG nova.compute.api [None req-b5787219-518b-4e17-a7a9-031bfa57228c tempest-ServerRescueNegativeTestJSON-1976708103 tempest-ServerRescueNegativeTestJSON-1976708103-project] [instance: 139d142d-05ba-4690-8fc0-365bf764ecbb] Fetching instance by UUID {{(pid=128794) get /opt/stack/nova/nova/compute/api.py:2918}}
Apr 04 17:48:12.589311 dv-cinder-788368-5-smb devstack@n-api.service[128794]: DEBUG oslo_concurrency.lockutils [None req-b5787219-518b-4e17-a7a9-031bfa57228c tempest-ServerRescueNegativeTestJSON-1976708103 tempest-ServerRescueNegativeTestJSON-1976708103-project] Lock "062b274a-3f21-404e-b17c-614ed793861f" acquired by "nova.context.set_target_cell..get_or_set_cached_cell_and_set_connections" :: waited 0.000s {{(pid=128794) inner /usr/local/lib/python3.8/dist-packages/oslo_concurrency/lockutils.py:386}}
Apr 04 17:48:12.590054 dv-cinder-788368-5-smb devstack@n-api.service[128794]: DEBUG oslo_concurrency.lockutils [None req-b5787219-518b-4e17-a7a9-031bfa57228c tempest-ServerRescueNegativeTestJSON-1976708103 tempest-ServerRescueNegativeTestJSON-1976708103-project] Lock "062b274a-3f21-404e-b17c-614ed793861f" "released" by "nova.context.set_target_cell..get_or_set_cached_cell_and_set_connections" :: held 0.001s {{(pid=128794) inner /usr/local/lib/python3.8/dist-packages/oslo_concurrency/lockutils.py:400}}
Apr 04 17:48:12.591223 dv-cinder-788368-5-smb devstack@n-api.service[128794]: DEBUG oslo_concurrency.lockutils [None req-b5787219-518b-4e17-a7a9-031bfa57228c tempest-ServerRescueNegativeTestJSON-1976708103 tempest-ServerRescueNegativeTestJSON-1976708103-project] Lock "062b274a-3f21-404e-b17c-614ed793861f" acquired by "nova.context.set_target_cell..get_or_set_cached_cell_and_set_connections" :: waited 0.000s {{(pid=128794) inner /usr/local/lib/python3.8/dist-packages/oslo_concurrency/lockutils.py:386}}
Apr 04 17:48:12.592186 dv-cinder-788368-5-smb devstack@n-api.service[128794]: DEBUG oslo_concurrency.lockutils [None req-b5787219-518b-4e17-a7a9-031bfa57228c tempest-ServerRescueNegativeTestJSON-1976708103 tempest-ServerRescueNegativeTestJSON-1976708103-project] Lock "062b274a-3f21-404e-b17c-614ed793861f" "released" by "nova.context.set_target_cell..get_or_set_cached_cell_and_set_connections" :: held 0.001s {{(pid=128794) inner /usr/local/lib/python3.8/dist-packages/oslo_concurrency/lockutils.py:400}}
Apr 04 17:48:12.732632 dv-cinder-788368-5-smb devstack@n-api.service[128794]: DEBUG nova.policy [None req-b5787219-518b-4e17-a7a9-031bfa57228c tempest-ServerRescueNegativeTestJSON-1976708103 tempest-ServerRescueNegativeTestJSON-1976708103-project] Policy check for os_compute_api:os-extended-server-attributes failed with credentials {'is_admin': False, 'user_id': '405ca45e66974c8192787999d7fed996', 'user_domain_id': 'default', 'system_scope': None, 'domain_id': None, 'project_id': '34768a235265471ea8338834c092d2ff', 'project_domain_id': 'default', 'roles': ['member', 'reader'], 'is_admin_project': True, 'service_user_id': None, 'service_user_domain_id': None, 'service_project_id': None, 'service_project_domain_id': None, 'service_roles': []} {{(pid=128794) authorize /opt/stack/nova/nova/policy.py:199}}
Apr 04 17:48:12.743854 dv-cinder-788368-5-smb devstack@n-api.service[128794]: INFO nova.api.openstack.requestlog [None req-b5787219-518b-4e17-a7a9-031bfa57228c tempest-ServerRescueNegativeTestJSON-1976708103 tempest-ServerRescueNegativeTestJSON-1976708103-project] 10.222.0.26 "GET /compute/v2.1/servers/139d142d-05ba-4690-8fc0-365bf764ecbb" status: 200 len: 1370 microversion: 2.1 time: 0.171386
Apr 04 17:48:12.745108 dv-cinder-788368-5-smb devstack@n-api.service[128794]: [pid: 128794|app: 0|req: 137/250] 10.222.0.26 () {58 vars in 1235 bytes} [Mon Apr 4 17:48:12 2022] GET /compute/v2.1/servers/139d142d-05ba-4690-8fc0-365bf764ecbb => generated 1370 bytes in 173 msecs (HTTP/1.1 200) 9 headers in 358 bytes (2 switches on core 0)
Apr 04 17:48:13.771579 dv-cinder-788368-5-smb devstack@n-api.service[128793]: DEBUG nova.api.openstack.wsgi [None req-426b2863-9651-465b-835e-b8046061038c tempest-ServerRescueNegativeTestJSON-1976708103 tempest-ServerRescueNegativeTestJSON-1976708103-project] Calling method '>' {{(pid=128793) _process_stack /opt/stack/nova/nova/api/openstack/wsgi.py:513}}
Apr 04 17:48:13.772455 dv-cinder-788368-5-smb devstack@n-api.service[128793]: DEBUG nova.compute.api [None req-426b2863-9651-465b-835e-b8046061038c tempest-ServerRescueNegativeTestJSON-1976708103 tempest-ServerRescueNegativeTestJSON-1976708103-project] [instance: 139d142d-05ba-4690-8fc0-365bf764ecbb] Fetching instance by UUID {{(pid=128793) get /opt/stack/nova/nova/compute/api.py:2918}}
Apr 04 17:48:13.783987 dv-cinder-788368-5-smb devstack@n-api.service[128793]: DEBUG oslo_concurrency.lockutils [None req-426b2863-9651-465b-835e-b8046061038c tempest-ServerRescueNegativeTestJSON-1976708103 tempest-ServerRescueNegativeTestJSON-1976708103-project] Lock "062b274a-3f21-404e-b17c-614ed793861f" acquired by "nova.context.set_target_cell..get_or_set_cached_cell_and_set_connections" :: waited 0.000s {{(pid=128793) inner /usr/local/lib/python3.8/dist-packages/oslo_concurrency/lockutils.py:386}}
Apr 04 17:48:13.784670 dv-cinder-788368-5-smb devstack@n-api.service[128793]: DEBUG oslo_concurrency.lockutils [None req-426b2863-9651-465b-835e-b8046061038c tempest-ServerRescueNegativeTestJSON-1976708103 tempest-ServerRescueNegativeTestJSON-1976708103-project] Lock "062b274a-3f21-404e-b17c-614ed793861f" "released" by "nova.context.set_target_cell..get_or_set_cached_cell_and_set_connections" :: held 0.003s {{(pid=128793) inner /usr/local/lib/python3.8/dist-packages/oslo_concurrency/lockutils.py:400}}
Apr 04 17:48:13.786415 dv-cinder-788368-5-smb devstack@n-api.service[128793]: DEBUG oslo_concurrency.lockutils [None req-426b2863-9651-465b-835e-b8046061038c tempest-ServerRescueNegativeTestJSON-1976708103 tempest-ServerRescueNegativeTestJSON-1976708103-project] Lock "062b274a-3f21-404e-b17c-614ed793861f" acquired by "nova.context.set_target_cell..get_or_set_cached_cell_and_set_connections" :: waited 0.000s {{(pid=128793) inner /usr/local/lib/python3.8/dist-packages/oslo_concurrency/lockutils.py:386}}
Apr 04 17:48:13.788160 dv-cinder-788368-5-smb devstack@n-api.service[128793]: DEBUG oslo_concurrency.lockutils [None req-426b2863-9651-465b-835e-b8046061038c tempest-ServerRescueNegativeTestJSON-1976708103 tempest-ServerRescueNegativeTestJSON-1976708103-project] Lock "062b274a-3f21-404e-b17c-614ed793861f" "released" by "nova.context.set_target_cell..get_or_set_cached_cell_and_set_connections" :: held 0.001s {{(pid=128793) inner /usr/local/lib/python3.8/dist-packages/oslo_concurrency/lockutils.py:400}}
Apr 04 17:48:13.912977 dv-cinder-788368-5-smb devstack@n-api.service[128794]: DEBUG nova.api.openstack.wsgi [req-5964c091-ccc9-43b7-b335-28110f7e0bdd req-e6645d87-6868-49b4-9db9-12cf287016fe service nova] Action: 'create', calling method: >, body: {"events": [{"server_uuid": "139d142d-05ba-4690-8fc0-365bf764ecbb", "name": "network-vif-plugged", "status": "completed", "tag": "a3c32aa2-e11d-4962-be3d-f0c5d443c38d"}]} {{(pid=128794) _process_stack /opt/stack/nova/nova/api/openstack/wsgi.py:511}}
Apr 04 17:48:13.923958 dv-cinder-788368-5-smb devstack@n-api.service[128794]: DEBUG oslo_concurrency.lockutils [req-5964c091-ccc9-43b7-b335-28110f7e0bdd req-e6645d87-6868-49b4-9db9-12cf287016fe service nova] Lock "062b274a-3f21-404e-b17c-614ed793861f" acquired by "nova.context.set_target_cell..get_or_set_cached_cell_and_set_connections" :: waited 0.000s {{(pid=128794) inner /usr/local/lib/python3.8/dist-packages/oslo_concurrency/lockutils.py:386}}
