Apr 04 17:39:01.514739 dv-cinder-788368-5-iscsi devstack@c-api.service[121862]: /usr/local/lib/python3.8/dist-packages/oslo_policy/policy.py:809: UserWarning: Policy "volume_extension:default_set_or_update":"rule:system_or_domain_or_project_admin" was deprecated in X in favor of "volume_extension:default_set_or_update":"rule:admin_api". Reason: Default policies now support the three Keystone default roles, namely 'admin', 'member', and 'reader' to implement three Cinder "personas". See "Policy Personas and Permissions" in the "Cinder Service Configuration" documentation (Xena release) for details.. Either ensure your deployment is ready for the new default or copy/paste the deprecated policy into your policy file and maintain it manually.
Apr 04 17:39:01.514739 dv-cinder-788368-5-iscsi devstack@c-api.service[121862]: warnings.warn(deprecated_msg)
Apr 04 17:39:01.514739 dv-cinder-788368-5-iscsi devstack@c-api.service[121862]: /usr/local/lib/python3.8/dist-packages/oslo_policy/policy.py:809: UserWarning: Policy "volume_extension:default_get":"rule:system_or_domain_or_project_admin" was deprecated in X in favor of "volume_extension:default_get":"rule:admin_api". Reason: Default policies now support the three Keystone default roles, namely 'admin', 'member', and 'reader' to implement three Cinder "personas". See "Policy Personas and Permissions" in the "Cinder Service Configuration" documentation (Xena release) for details.. Either ensure your deployment is ready for the new default or copy/paste the deprecated policy into your policy file and maintain it manually.
Apr 04 17:39:01.514739 dv-cinder-788368-5-iscsi devstack@c-api.service[121862]: warnings.warn(deprecated_msg)
Apr 04 17:39:01.514739 dv-cinder-788368-5-iscsi devstack@c-api.service[121862]: /usr/local/lib/python3.8/dist-packages/oslo_policy/policy.py:809: UserWarning: Policy "volume_extension:default_get_all":"role:admin and system_scope:all" was deprecated in X in favor of "volume_extension:default_get_all":"rule:admin_api". Reason: Default policies now support the three Keystone default roles, namely 'admin', 'member', and 'reader' to implement three Cinder "personas". See "Policy Personas and Permissions" in the "Cinder Service Configuration" documentation (Xena release) for details.. Either ensure your deployment is ready for the new default or copy/paste the deprecated policy into your policy file and maintain it manually.
Apr 04 17:39:01.515454 dv-cinder-788368-5-iscsi devstack@c-api.service[121862]: warnings.warn(deprecated_msg)
Apr 04 17:39:01.515454 dv-cinder-788368-5-iscsi devstack@c-api.service[121862]: /usr/local/lib/python3.8/dist-packages/oslo_policy/policy.py:809: UserWarning: Policy "volume_extension:default_unset":"rule:system_or_domain_or_project_admin" was deprecated in X in favor of "volume_extension:default_unset":"rule:admin_api". Reason: Default policies now support the three Keystone default roles, namely 'admin', 'member', and 'reader' to implement three Cinder "personas". See "Policy Personas and Permissions" in the "Cinder Service Configuration" documentation (Xena release) for details.. Either ensure your deployment is ready for the new default or copy/paste the deprecated policy into your policy file and maintain it manually.
Apr 04 17:39:01.515454 dv-cinder-788368-5-iscsi devstack@c-api.service[121862]: warnings.warn(deprecated_msg)
Apr 04 17:39:01.515454 dv-cinder-788368-5-iscsi devstack@c-api.service[121862]: DEBUG cinder.api.middleware.request_id [None req-26823252-fb5a-4dfa-b0e6-3d40552fec9a None None] RequestId filter calling following filter/app {{(pid=121862) _context_setter /opt/stack/cinder/cinder/api/middleware/request_id.py:62}}
Apr 04 17:39:02.423092 dv-cinder-788368-5-iscsi devstack@c-api.service[121862]: INFO cinder.api.openstack.wsgi [None req-26823252-fb5a-4dfa-b0e6-3d40552fec9a admin admin] POST http://10.222.0.24/volume/v3/a09ad3bc7d0142deb853d321e8eff315/types
Apr 04 17:39:02.424202 dv-cinder-788368-5-iscsi devstack@c-api.service[121862]: DEBUG cinder.api.openstack.wsgi [None req-26823252-fb5a-4dfa-b0e6-3d40552fec9a admin admin] Action: 'create', calling method: _create, body: {"volume_type": {"name": "lvmdriver-1", "description": null, "os-volume-type-access:is_public": true}} {{(pid=121862) _process_stack /opt/stack/cinder/cinder/api/openstack/wsgi.py:866}}
Apr 04 17:39:02.426132 dv-cinder-788368-5-iscsi devstack@c-api.service[121862]: /usr/local/lib/python3.8/dist-packages/oslo_context/context.py:100: DeprecationWarning: Policy enforcement is depending on the value of is_admin. This key is deprecated. Please update your policy file to use the standard policy values.
Apr 04 17:39:02.426132 dv-cinder-788368-5-iscsi devstack@c-api.service[121862]: warnings.warn('Policy enforcement is depending on the value of '
Apr 04 17:39:02.433633 dv-cinder-788368-5-iscsi devstack@c-api.service[121862]: DEBUG oslo_db.sqlalchemy.engines [None req-26823252-fb5a-4dfa-b0e6-3d40552fec9a admin admin] MySQL server mode set to STRICT_TRANS_TABLES,STRICT_ALL_TABLES,NO_ZERO_IN_DATE,NO_ZERO_DATE,ERROR_FOR_DIVISION_BY_ZERO,TRADITIONAL,NO_ENGINE_SUBSTITUTION {{(pid=121862) _check_effective_sql_mode /usr/local/lib/python3.8/dist-packages/oslo_db/sqlalchemy/engines.py:314}}
Apr 04 17:39:02.483418 dv-cinder-788368-5-iscsi devstack@c-api.service[121862]: INFO cinder.api.openstack.wsgi [None req-26823252-fb5a-4dfa-b0e6-3d40552fec9a admin admin] http://10.222.0.24/volume/v3/a09ad3bc7d0142deb853d321e8eff315/types returned with HTTP 200
Apr 04 17:39:02.488724 dv-cinder-788368-5-iscsi devstack@c-api.service[121862]: [pid: 121862|app: 0|req: 1/2] 10.222.0.24 () {60 vars in 1237 bytes} [Mon Apr 4 17:39:01 2022] POST /volume/v3/a09ad3bc7d0142deb853d321e8eff315/types => generated 186 bytes in 1015 msecs (HTTP/1.1 200) 7 headers in 285 bytes (1 switches on core 0)
Apr 04 17:39:02.492685 dv-cinder-788368-5-iscsi devstack@c-api.service[121861]: DEBUG cinder.api.middleware.request_id [req-26823252-fb5a-4dfa-b0e6-3d40552fec9a req-96e61f0a-ea8f-4f17-a044-bc8ac968f712 None None] RequestId filter calling following filter/app {{(pid=121861) _context_setter /opt/stack/cinder/cinder/api/middleware/request_id.py:62}}
Apr 04 17:39:03.254106 dv-cinder-788368-5-iscsi devstack@c-api.service[121861]: INFO cinder.api.openstack.wsgi [req-26823252-fb5a-4dfa-b0e6-3d40552fec9a req-96e61f0a-ea8f-4f17-a044-bc8ac968f712 admin admin] POST http://10.222.0.24/volume/v3/a09ad3bc7d0142deb853d321e8eff315/types/0cb7a6d4-9500-4898-9c93-8c7794046aa2/extra_specs
Apr 04 17:39:03.255278 dv-cinder-788368-5-iscsi devstack@c-api.service[121861]: DEBUG cinder.api.openstack.wsgi [req-26823252-fb5a-4dfa-b0e6-3d40552fec9a req-96e61f0a-ea8f-4f17-a044-bc8ac968f712 admin admin] Action: 'create', calling method: create, body: {"extra_specs": {"volume_backend_name": "lvmdriver-1"}} {{(pid=121861) _process_stack /opt/stack/cinder/cinder/api/openstack/wsgi.py:866}}
Apr 04 17:39:03.257375 dv-cinder-788368-5-iscsi devstack@c-api.service[121861]: /usr/local/lib/python3.8/dist-packages/oslo_context/context.py:100: DeprecationWarning: Policy enforcement is depending on the value of is_admin. This key is deprecated. Please update your policy file to use the standard policy values.
Apr 04 17:39:03.257375 dv-cinder-788368-5-iscsi devstack@c-api.service[121861]: warnings.warn('Policy enforcement is depending on the value of '
Apr 04 17:39:03.264194 dv-cinder-788368-5-iscsi devstack@c-api.service[121861]: DEBUG oslo_db.sqlalchemy.engines [req-26823252-fb5a-4dfa-b0e6-3d40552fec9a req-96e61f0a-ea8f-4f17-a044-bc8ac968f712 admin admin] MySQL server mode set to STRICT_TRANS_TABLES,STRICT_ALL_TABLES,NO_ZERO_IN_DATE,NO_ZERO_DATE,ERROR_FOR_DIVISION_BY_ZERO,TRADITIONAL,NO_ENGINE_SUBSTITUTION {{(pid=121861) _check_effective_sql_mode /usr/local/lib/python3.8/dist-packages/oslo_db/sqlalchemy/engines.py:314}}
Apr 04 17:39:03.382521 dv-cinder-788368-5-iscsi devstack@c-api.service[121861]: INFO cinder.api.openstack.wsgi [req-26823252-fb5a-4dfa-b0e6-3d40552fec9a req-96e61f0a-ea8f-4f17-a044-bc8ac968f712 admin admin] http://10.222.0.24/volume/v3/a09ad3bc7d0142deb853d321e8eff315/types/0cb7a6d4-9500-4898-9c93-8c7794046aa2/extra_specs returned with HTTP 200
Apr 04 17:39:03.383393 dv-cinder-788368-5-iscsi devstack@c-api.service[121861]: [pid: 121861|app: 0|req: 2/3] 10.222.0.24 () {62 vars in 1454 bytes} [Mon Apr 4 17:39:02 2022] POST /volume/v3/a09ad3bc7d0142deb853d321e8eff315/types/0cb7a6d4-9500-4898-9c93-8c7794046aa2/extra_specs => generated 55 bytes in 892 msecs (HTTP/1.1 200) 7 headers in 284 bytes (1 switches on core 0)
Apr 04 17:39:44.409017 dv-cinder-788368-5-iscsi devstack@c-api.service[121862]: DEBUG cinder.api.middleware.request_id [None req-8cd1d35e-d9d8-48c1-add3-b2d3061f0397 None None] RequestId filter calling following filter/app {{(pid=121862) _context_setter /opt/stack/cinder/cinder/api/middleware/request_id.py:62}}
Apr 04 17:39:44.410260 dv-cinder-788368-5-iscsi devstack@c-api.service[121862]: INFO cinder.api.openstack.wsgi [None req-8cd1d35e-d9d8-48c1-add3-b2d3061f0397 None None] GET http://10.222.0.24/volume//
Apr 04 17:39:44.410719 dv-cinder-788368-5-iscsi devstack@c-api.service[121862]: DEBUG cinder.api.openstack.wsgi [None req-8cd1d35e-d9d8-48c1-add3-b2d3061f0397 None None] Empty body provided in request {{(pid=121862) get_body /opt/stack/cinder/cinder/api/openstack/wsgi.py:715}}
Apr 04 17:39:44.411650 dv-cinder-788368-5-iscsi devstack@c-api.service[121862]: DEBUG cinder.api.openstack.wsgi [None req-8cd1d35e-d9d8-48c1-add3-b2d3061f0397 None None] Calling method 'all' {{(pid=121862) _process_stack /opt/stack/cinder/cinder/api/openstack/wsgi.py:868}}
Apr 04 17:39:44.412750 dv-cinder-788368-5-iscsi devstack@c-api.service[121862]: INFO cinder.api.openstack.wsgi [None req-8cd1d35e-d9d8-48c1-add3-b2d3061f0397 None None] http://10.222.0.24/volume// returned with HTTP 300
Apr 04 17:39:44.413306 dv-cinder-788368-5-iscsi devstack@c-api.service[121862]: [pid: 121862|app: 0|req: 2/4] 10.222.0.24 () {56 vars in 1098 bytes} [Mon Apr 4 17:39:44 2022] GET /volume/ => generated 386 bytes in 6 msecs (HTTP/1.1 300) 7 headers in 299 bytes (1 switches on core 0)
Apr 04 17:42:22.800784 dv-cinder-788368-5-iscsi devstack@c-api.service[121861]: DEBUG cinder.api.middleware.request_id [None req-1f9198cb-10c8-4daa-b735-54b75376a073 None None] RequestId filter calling following filter/app {{(pid=121861) _context_setter /opt/stack/cinder/cinder/api/middleware/request_id.py:62}}
Apr 04 17:42:22.806892 dv-cinder-788368-5-iscsi devstack@c-api.service[121861]: INFO cinder.api.openstack.wsgi [None req-1f9198cb-10c8-4daa-b735-54b75376a073 tempest-verify_tempest_config-131312131 tempest-verify_tempest_config-131312131-project] GET http://10.222.0.24/volume/v3/6d529a94d2af431d848cef67df2ef54a/extensions
Apr 04 17:42:22.807323 dv-cinder-788368-5-iscsi devstack@c-api.service[121861]: DEBUG cinder.api.openstack.wsgi [None req-1f9198cb-10c8-4daa-b735-54b75376a073 tempest-verify_tempest_config-131312131 tempest-verify_tempest_config-131312131-project] Empty body provided in request {{(pid=121861) get_body /opt/stack/cinder/cinder/api/openstack/wsgi.py:715}}
Apr 04 17:42:22.807791 dv-cinder-788368-5-iscsi devstack@c-api.service[121861]: DEBUG cinder.api.openstack.wsgi [None req-1f9198cb-10c8-4daa-b735-54b75376a073 tempest-verify_tempest_config-131312131 tempest-verify_tempest_config-131312131-project] Calling method 'index' {{(pid=121861) _process_stack /opt/stack/cinder/cinder/api/openstack/wsgi.py:868}}
Apr 04 17:42:22.808529 dv-cinder-788368-5-iscsi devstack@c-api.service[121861]: INFO cinder.api.openstack.wsgi [None req-1f9198cb-10c8-4daa-b735-54b75376a073 tempest-verify_tempest_config-131312131 tempest-verify_tempest_config-131312131-project] http://10.222.0.24/volume/v3/6d529a94d2af431d848cef67df2ef54a/extensions returned with HTTP 200
Apr 04 17:42:22.809192 dv-cinder-788368-5-iscsi devstack@c-api.service[121861]: [pid: 121861|app: 0|req: 3/5] 10.222.0.24 () {58 vars in 1222 bytes} [Mon Apr 4 17:42:22 2022] GET /volume/v3/6d529a94d2af431d848cef67df2ef54a/extensions => generated 5245 bytes in 10 msecs (HTTP/1.1 200) 7 headers in 286 bytes (1 switches on core 0)
Apr 04 17:44:23.466818 dv-cinder-788368-5-iscsi devstack@c-api.service[121862]: DEBUG cinder.api.middleware.request_id [None req-ee1d510d-6451-482b-88e2-c4a8c63fb15e None None] RequestId filter calling following filter/app {{(pid=121862) _context_setter /opt/stack/cinder/cinder/api/middleware/request_id.py:62}}
Apr 04 17:44:23.559972 dv-cinder-788368-5-iscsi devstack@c-api.service[121862]: INFO cinder.api.openstack.wsgi [None req-ee1d510d-6451-482b-88e2-c4a8c63fb15e admin admin] GET http://10.222.0.24/volume/v3/a09ad3bc7d0142deb853d321e8eff315/os-services
Apr 04 17:44:23.560450 dv-cinder-788368-5-iscsi devstack@c-api.service[121862]: DEBUG cinder.api.openstack.wsgi [None req-ee1d510d-6451-482b-88e2-c4a8c63fb15e admin admin] Empty body provided in request {{(pid=121862) get_body /opt/stack/cinder/cinder/api/openstack/wsgi.py:715}}
Apr 04 17:44:23.560904 dv-cinder-788368-5-iscsi devstack@c-api.service[121862]: DEBUG cinder.api.openstack.wsgi [None req-ee1d510d-6451-482b-88e2-c4a8c63fb15e admin admin] Calling method 'index' {{(pid=121862) _process_stack /opt/stack/cinder/cinder/api/openstack/wsgi.py:868}}
Apr 04 17:44:23.569781 dv-cinder-788368-5-iscsi devstack@c-api.service[121862]: INFO cinder.api.openstack.wsgi [None req-ee1d510d-6451-482b-88e2-c4a8c63fb15e admin admin] http://10.222.0.24/volume/v3/a09ad3bc7d0142deb853d321e8eff315/os-services returned with HTTP 200
Apr 04 17:44:23.570461 dv-cinder-788368-5-iscsi devstack@c-api.service[121862]: [pid: 121862|app: 0|req: 3/6] 10.222.0.24 () {56 vars in 1201 bytes} [Mon Apr 4 17:44:23 2022] GET /volume/v3/a09ad3bc7d0142deb853d321e8eff315/os-services => generated 642 bytes in 105 msecs (HTTP/1.1 200) 7 headers in 285 bytes (1 switches on core 0)
Apr 04 17:44:26.184080 dv-cinder-788368-5-iscsi devstack@c-api.service[121861]: DEBUG cinder.api.middleware.request_id [None req-5e09d274-102f-4b49-98b3-879c3c6f7548 None None] RequestId filter calling following filter/app {{(pid=121861) _context_setter /opt/stack/cinder/cinder/api/middleware/request_id.py:62}}
Apr 04 17:44:26.276646 dv-cinder-788368-5-iscsi devstack@c-api.service[121861]: INFO cinder.api.openstack.wsgi [None req-5e09d274-102f-4b49-98b3-879c3c6f7548 admin admin] GET http://10.222.0.24/volume/v3/a09ad3bc7d0142deb853d321e8eff315/os-services
Apr 04 17:44:26.277104 dv-cinder-788368-5-iscsi devstack@c-api.service[121861]: DEBUG cinder.api.openstack.wsgi [None req-5e09d274-102f-4b49-98b3-879c3c6f7548 admin admin] Empty body provided in request {{(pid=121861) get_body /opt/stack/cinder/cinder/api/openstack/wsgi.py:715}}
Apr 04 17:44:26.277570 dv-cinder-788368-5-iscsi devstack@c-api.service[121861]: DEBUG cinder.api.openstack.wsgi [None req-5e09d274-102f-4b49-98b3-879c3c6f7548 admin admin] Calling method 'index' {{(pid=121861) _process_stack /opt/stack/cinder/cinder/api/openstack/wsgi.py:868}}
Apr 04 17:44:26.286655 dv-cinder-788368-5-iscsi devstack@c-api.service[121861]: INFO cinder.api.openstack.wsgi [None req-5e09d274-102f-4b49-98b3-879c3c6f7548 admin admin] http://10.222.0.24/volume/v3/a09ad3bc7d0142deb853d321e8eff315/os-services returned with HTTP 200
Apr 04 17:44:26.287385 dv-cinder-788368-5-iscsi devstack@c-api.service[121861]: [pid: 121861|app: 0|req: 4/7] 10.222.0.24 () {56 vars in 1201 bytes} [Mon Apr 4 17:44:26 2022] GET /volume/v3/a09ad3bc7d0142deb853d321e8eff315/os-services => generated 642 bytes in 105 msecs (HTTP/1.1 200) 7 headers in 285 bytes (1 switches on core 0)
Apr 04 17:45:56.169536 dv-cinder-788368-5-iscsi devstack@c-api.service[121862]: DEBUG cinder.api.middleware.request_id [None req-fb3ee2df-1868-4cc2-ba34-82990d270027 None None] RequestId filter calling following filter/app {{(pid=121862) _context_setter /opt/stack/cinder/cinder/api/middleware/request_id.py:62}}
Apr 04 17:45:56.811581 dv-cinder-788368-5-iscsi devstack@c-api.service[121862]: INFO cinder.api.openstack.wsgi [None req-fb3ee2df-1868-4cc2-ba34-82990d270027 tempest-VolumesTestJSON-372921441 tempest-VolumesTestJSON-372921441-project] POST http://10.222.0.24/volume/v3/7e1e9adb68c14eada80d5dff32a3fe9a/volumes
Apr 04 17:45:56.812643 dv-cinder-788368-5-iscsi devstack@c-api.service[121862]: DEBUG cinder.api.openstack.wsgi [None req-fb3ee2df-1868-4cc2-ba34-82990d270027 tempest-VolumesTestJSON-372921441 tempest-VolumesTestJSON-372921441-project] Action: 'create', calling method: create, body: {"volume": {"metadata": {"Type": "work"}, "size": 1, "display_name": "tempest-VolumesTestJSON-volume-11874198"}} {{(pid=121862) _process_stack /opt/stack/cinder/cinder/api/openstack/wsgi.py:866}}
Apr 04 17:45:56.814505 dv-cinder-788368-5-iscsi devstack@c-api.service[121862]: DEBUG cinder.api.v3.volumes [None req-fb3ee2df-1868-4cc2-ba34-82990d270027 tempest-VolumesTestJSON-372921441 tempest-VolumesTestJSON-372921441-project] Create volume request body: {'volume': {'metadata': {'Type': 'work'}, 'size': 1, 'display_name': 'tempest-VolumesTestJSON-volume-11874198'}} {{(pid=121862) create /opt/stack/cinder/cinder/api/v3/volumes.py:298}}
Apr 04 17:45:56.816030 dv-cinder-788368-5-iscsi devstack@c-api.service[121862]: INFO cinder.api.v3.volumes [None req-fb3ee2df-1868-4cc2-ba34-82990d270027 tempest-VolumesTestJSON-372921441 tempest-VolumesTestJSON-372921441-project] Create volume of 1 GB
Apr 04 17:45:56.849482 dv-cinder-788368-5-iscsi devstack@c-api.service[121862]: DEBUG cinder.volume.api [None req-fb3ee2df-1868-4cc2-ba34-82990d270027 tempest-VolumesTestJSON-372921441 tempest-VolumesTestJSON-372921441-project] Availability zone cache updated, next update will occur around 2022-04-04 18:45:56.848656. {{(pid=121862) list_availability_zones /opt/stack/cinder/cinder/volume/api.py:152}}
Apr 04 17:45:56.849772 dv-cinder-788368-5-iscsi devstack@c-api.service[121862]: INFO cinder.volume.api [None req-fb3ee2df-1868-4cc2-ba34-82990d270027 tempest-VolumesTestJSON-372921441 tempest-VolumesTestJSON-372921441-project] Availability Zones retrieved successfully.
Apr 04 17:45:56.938641 dv-cinder-788368-5-iscsi devstack@c-api.service[121862]: DEBUG cinder.volume.api [None req-fb3ee2df-1868-4cc2-ba34-82990d270027 tempest-VolumesTestJSON-372921441 tempest-VolumesTestJSON-372921441-project] Flow 'volume_create_api' (7907a2dc-56f6-4e31-911e-d78532873b11) transitioned into state 'RUNNING' from state 'PENDING' {{(pid=121862) _flow_receiver /usr/local/lib/python3.8/dist-packages/taskflow/listeners/logging.py:141}}
Apr 04 17:45:56.953816 dv-cinder-788368-5-iscsi devstack@c-api.service[121862]: DEBUG cinder.volume.api [None req-fb3ee2df-1868-4cc2-ba34-82990d270027 tempest-VolumesTestJSON-372921441 tempest-VolumesTestJSON-372921441-project] Task 'cinder.volume.flows.api.create_volume.ExtractVolumeRequestTask;volume:create' (048b8cfd-65ad-4da8-a836-5d10500d89ce) transitioned into state 'RUNNING' from state 'PENDING' {{(pid=121862) _task_receiver /usr/local/lib/python3.8/dist-packages/taskflow/listeners/logging.py:190}}
Apr 04 17:45:56.964179 dv-cinder-788368-5-iscsi devstack@c-api.service[121862]: DEBUG cinder.volume.flows.api.create_volume [None req-fb3ee2df-1868-4cc2-ba34-82990d270027 tempest-VolumesTestJSON-372921441 tempest-VolumesTestJSON-372921441-project] Validating volume size '1' using validate_int {{(pid=121862) _extract_size /opt/stack/cinder/cinder/volume/flows/api/create_volume.py:225}}
Apr 04 17:45:57.062290 dv-cinder-788368-5-iscsi devstack@c-api.service[121862]: DEBUG cinder.volume.api [None req-fb3ee2df-1868-4cc2-ba34-82990d270027 tempest-VolumesTestJSON-372921441 tempest-VolumesTestJSON-372921441-project] Task 'cinder.volume.flows.api.create_volume.ExtractVolumeRequestTask;volume:create' (048b8cfd-65ad-4da8-a836-5d10500d89ce) transitioned into state 'SUCCESS' from state 'RUNNING' with result '{'size': 1, 'snapshot_id': None, 'source_volid': None, 'volume_type': VolumeType(created_at=2022-04-04T17:36:15Z,deleted=False,deleted_at=None,description='Default Volume Type',extra_specs={},id=ae0e7772-9977-44f0-a83f-8ec92a2b93da,is_public=True,name='__DEFAULT__',projects=[],qos_specs=,qos_specs_id=None,updated_at=2022-04-04T17:36:15Z), 'volume_type_id': 'ae0e7772-9977-44f0-a83f-8ec92a2b93da', 'encryption_key_id': None, 'qos_specs': None, 'consistencygroup_id': None, 'cgsnapshot_id': None, 'group_id': None, 'replication_status': 'disabled', 'refresh_az': False, 'backup_id': None, 'multiattach': False, 'availability_zones': ['nova']}' {{(pid=121862) _task_receiver /usr/local/lib/python3.8/dist-packages/taskflow/listeners/logging.py:178}}
Apr 04 17:45:57.064305 dv-cinder-788368-5-iscsi devstack@c-api.service[121862]: DEBUG cinder.volume.api [None req-fb3ee2df-1868-4cc2-ba34-82990d270027 tempest-VolumesTestJSON-372921441 tempest-VolumesTestJSON-372921441-project] Task 'cinder.volume.flows.api.create_volume.QuotaReserveTask;volume:create' (b19d8cf6-a478-4113-a9fb-bf9643c8988f) transitioned into state 'RUNNING' from state 'PENDING' {{(pid=121862) _task_receiver /usr/local/lib/python3.8/dist-packages/taskflow/listeners/logging.py:190}}
Apr 04 17:45:57.205009 dv-cinder-788368-5-iscsi devstack@c-api.service[121862]: WARNING cinder.quota [None req-fb3ee2df-1868-4cc2-ba34-82990d270027 tempest-VolumesTestJSON-372921441 tempest-VolumesTestJSON-372921441-project] Deprecated: Default quota for resource: volumes___DEFAULT__ is set by the default quota flag: quota_volumes___DEFAULT__, it is now deprecated. Please use the default quota class for default quota.
Apr 04 17:45:57.206682 dv-cinder-788368-5-iscsi devstack@c-api.service[121862]: WARNING cinder.quota [None req-fb3ee2df-1868-4cc2-ba34-82990d270027 tempest-VolumesTestJSON-372921441 tempest-VolumesTestJSON-372921441-project] Deprecated: Default quota for resource: gigabytes___DEFAULT__ is set by the default quota flag: quota_gigabytes___DEFAULT__, it is now deprecated. Please use the default quota class for default quota.
Apr 04 17:45:57.363010 dv-cinder-788368-5-iscsi devstack@c-api.service[121862]: DEBUG cinder.quota [None req-fb3ee2df-1868-4cc2-ba34-82990d270027 tempest-VolumesTestJSON-372921441 tempest-VolumesTestJSON-372921441-project] Created reservations ['9701311b-5f17-44e4-a0aa-d44f15477350', 'a7bbc979-da3e-4d03-aede-47e13f17a854', '143bb64e-df8a-45db-8dc2-99b77f65e966', '02f8f8c2-1dea-4199-8669-c8a9877cd732'] {{(pid=121862) reserve /opt/stack/cinder/cinder/quota.py:755}}
Apr 04 17:45:57.364939 dv-cinder-788368-5-iscsi devstack@c-api.service[121862]: DEBUG cinder.volume.api [None req-fb3ee2df-1868-4cc2-ba34-82990d270027 tempest-VolumesTestJSON-372921441 tempest-VolumesTestJSON-372921441-project] Task 'cinder.volume.flows.api.create_volume.QuotaReserveTask;volume:create' (b19d8cf6-a478-4113-a9fb-bf9643c8988f) transitioned into state 'SUCCESS' from state 'RUNNING' with result '{'reservations': ['9701311b-5f17-44e4-a0aa-d44f15477350', 'a7bbc979-da3e-4d03-aede-47e13f17a854', '143bb64e-df8a-45db-8dc2-99b77f65e966', '02f8f8c2-1dea-4199-8669-c8a9877cd732']}' {{(pid=121862) _task_receiver /usr/local/lib/python3.8/dist-packages/taskflow/listeners/logging.py:178}}
Apr 04 17:45:57.369303 dv-cinder-788368-5-iscsi devstack@c-api.service[121862]: DEBUG cinder.volume.api [None req-fb3ee2df-1868-4cc2-ba34-82990d270027 tempest-VolumesTestJSON-372921441 tempest-VolumesTestJSON-372921441-project] Task 'cinder.volume.flows.api.create_volume.EntryCreateTask;volume:create' (eaa328c8-10ac-4b85-b657-a4601a0a1ec7) transitioned into state 'RUNNING' from state 'PENDING' {{(pid=121862) _task_receiver /usr/local/lib/python3.8/dist-packages/taskflow/listeners/logging.py:190}}
Apr 04 17:45:57.580407 dv-cinder-788368-5-iscsi devstack@c-api.service[121862]: DEBUG cinder.volume.api [None req-fb3ee2df-1868-4cc2-ba34-82990d270027 tempest-VolumesTestJSON-372921441 tempest-VolumesTestJSON-372921441-project] Task 'cinder.volume.flows.api.create_volume.EntryCreateTask;volume:create' (eaa328c8-10ac-4b85-b657-a4601a0a1ec7) transitioned into state 'SUCCESS' from state 'RUNNING' with result '{'volume_id': '777ce51b-03b6-4d30-a756-060d6553ba02', 'volume_properties': VolumeProperties(attach_status='detached',availability_zone='nova',cgsnapshot_id=None,consistencygroup_id=None,display_description=None,display_name='tempest-VolumesTestJSON-volume-11874198',encryption_key_id=None,group_id=None,group_type_id=,metadata={Type='work'},multiattach=False,project_id='7e1e9adb68c14eada80d5dff32a3fe9a',qos_specs=None,replication_status=,reservations=['9701311b-5f17-44e4-a0aa-d44f15477350','a7bbc979-da3e-4d03-aede-47e13f17a854','143bb64e-df8a-45db-8dc2-99b77f65e966','02f8f8c2-1dea-4199-8669-c8a9877cd732'],size=1,snapshot_id=None,source_replicaid=,source_volid=None,status='creating',user_id='7aa3ebb54c1a42339762333bf1235ef1',volume_type_id=ae0e7772-9977-44f0-a83f-8ec92a2b93da), 'volume': Volume(_name_id=None,admin_metadata=,attach_status='detached',availability_zone='nova',bootable=False,cluster=,cluster_name=None,consistencygroup=,consistencygroup_id=None,created_at=2022-04-04T17:45:57Z,deleted=False,deleted_at=None,display_description=None,display_name='tempest-VolumesTestJSON-volume-11874198',ec2_id=None,encryption_key_id=None,glance_metadata=,group=,group_id=None,host=None,id=777ce51b-03b6-4d30-a756-060d6553ba02,launched_at=None,metadata={Type='work'},migration_status=None,multiattach=False,previous_status=None,project_id='7e1e9adb68c14eada80d5dff32a3fe9a',provider_auth=None,provider_geometry=None,provider_id=None,provider_location=None,replication_driver_data=None,replication_extended_status=None,replication_status=None,scheduled_at=None,service_uuid=None,shared_targets=True,size=1,snapshot_id=None,snapshots=,source_volid=None,status='creating',terminated_at=None,updated_at=None,use_quota=True,user_id='7aa3ebb54c1a42339762333bf1235ef1',volume_attachment=VolumeAttachmentList,volume_type=VolumeType(ae0e7772-9977-44f0-a83f-8ec92a2b93da),volume_type_id=ae0e7772-9977-44f0-a83f-8ec92a2b93da)}' {{(pid=121862) _task_receiver /usr/local/lib/python3.8/dist-packages/taskflow/listeners/logging.py:178}}
Apr 04 17:45:57.588373 dv-cinder-788368-5-iscsi devstack@c-api.service[121862]: DEBUG cinder.volume.api [None req-fb3ee2df-1868-4cc2-ba34-82990d270027 tempest-VolumesTestJSON-372921441 tempest-VolumesTestJSON-372921441-project] Task 'cinder.volume.flows.api.create_volume.QuotaCommitTask;volume:create' (6e86144f-25eb-424a-83f9-bb3e8a819ef6) transitioned into state 'RUNNING' from state 'PENDING' {{(pid=121862) _task_receiver /usr/local/lib/python3.8/dist-packages/taskflow/listeners/logging.py:190}}
Apr 04 17:45:57.676695 dv-cinder-788368-5-iscsi devstack@c-api.service[121862]: DEBUG cinder.volume.api [None req-fb3ee2df-1868-4cc2-ba34-82990d270027 tempest-VolumesTestJSON-372921441 tempest-VolumesTestJSON-372921441-project] Task 'cinder.volume.flows.api.create_volume.QuotaCommitTask;volume:create' (6e86144f-25eb-424a-83f9-bb3e8a819ef6) transitioned into state 'SUCCESS' from state 'RUNNING' with result '{'volume_properties': VolumeProperties(attach_status='detached',availability_zone='nova',cgsnapshot_id=None,consistencygroup_id=None,display_description=None,display_name='tempest-VolumesTestJSON-volume-11874198',encryption_key_id=None,group_id=None,group_type_id=,metadata={Type='work'},multiattach=False,project_id='7e1e9adb68c14eada80d5dff32a3fe9a',qos_specs=None,replication_status=,reservations=['9701311b-5f17-44e4-a0aa-d44f15477350','a7bbc979-da3e-4d03-aede-47e13f17a854','143bb64e-df8a-45db-8dc2-99b77f65e966','02f8f8c2-1dea-4199-8669-c8a9877cd732'],size=1,snapshot_id=None,source_replicaid=,source_volid=None,status='creating',user_id='7aa3ebb54c1a42339762333bf1235ef1',volume_type_id=ae0e7772-9977-44f0-a83f-8ec92a2b93da)}' {{(pid=121862) _task_receiver /usr/local/lib/python3.8/dist-packages/taskflow/listeners/logging.py:178}}
Apr 04 17:45:57.678463 dv-cinder-788368-5-iscsi devstack@c-api.service[121862]: DEBUG cinder.volume.api [None req-fb3ee2df-1868-4cc2-ba34-82990d270027 tempest-VolumesTestJSON-372921441 tempest-VolumesTestJSON-372921441-project] Task 'cinder.volume.flows.api.create_volume.VolumeCastTask;volume:create' (7e43f83e-8b17-4e33-bea7-805f4d14097f) transitioned into state 'RUNNING' from state 'PENDING' {{(pid=121862) _task_receiver /usr/local/lib/python3.8/dist-packages/taskflow/listeners/logging.py:190}}
Apr 04 17:45:57.706466 dv-cinder-788368-5-iscsi devstack@c-api.service[121861]: DEBUG cinder.api.middleware.request_id [req-e742f9b7-b983-466b-830e-b7df5d553f50 req-0560a94e-b260-499f-978e-1c7fdd3a503f None None] RequestId filter calling following filter/app {{(pid=121861) _context_setter /opt/stack/cinder/cinder/api/middleware/request_id.py:62}}
Apr 04 17:45:57.766993 dv-cinder-788368-5-iscsi devstack@c-api.service[121862]: DEBUG cinder.volume.api [None req-fb3ee2df-1868-4cc2-ba34-82990d270027 tempest-VolumesTestJSON-372921441 tempest-VolumesTestJSON-372921441-project] Task 'cinder.volume.flows.api.create_volume.VolumeCastTask;volume:create' (7e43f83e-8b17-4e33-bea7-805f4d14097f) transitioned into state 'SUCCESS' from state 'RUNNING' with result 'None' {{(pid=121862) _task_receiver /usr/local/lib/python3.8/dist-packages/taskflow/listeners/logging.py:178}}
Apr 04 17:45:57.772018 dv-cinder-788368-5-iscsi devstack@c-api.service[121862]: DEBUG cinder.volume.api [None req-fb3ee2df-1868-4cc2-ba34-82990d270027 tempest-VolumesTestJSON-372921441 tempest-VolumesTestJSON-372921441-project] Flow 'volume_create_api' (7907a2dc-56f6-4e31-911e-d78532873b11) transitioned into state 'SUCCESS' from state 'RUNNING' {{(pid=121862) _flow_receiver /usr/local/lib/python3.8/dist-packages/taskflow/listeners/logging.py:141}}
Apr 04 17:45:57.773031 dv-cinder-788368-5-iscsi devstack@c-api.service[121862]: INFO cinder.volume.api [None req-fb3ee2df-1868-4cc2-ba34-82990d270027 tempest-VolumesTestJSON-372921441 tempest-VolumesTestJSON-372921441-project] Create volume request issued successfully.
Apr 04 17:45:57.778467 dv-cinder-788368-5-iscsi devstack@c-api.service[121862]: INFO cinder.api.openstack.wsgi [None req-fb3ee2df-1868-4cc2-ba34-82990d270027 tempest-VolumesTestJSON-372921441 tempest-VolumesTestJSON-372921441-project] http://10.222.0.24/volume/v3/7e1e9adb68c14eada80d5dff32a3fe9a/volumes returned with HTTP 202
Apr 04 17:45:57.791306 dv-cinder-788368-5-iscsi devstack@c-api.service[121862]: [pid: 121862|app: 0|req: 4/8] 10.222.0.24 () {60 vars in 1235 bytes} [Mon Apr 4 17:45:56 2022] POST /volume/v3/7e1e9adb68c14eada80d5dff32a3fe9a/volumes => generated 827 bytes in 1613 msecs (HTTP/1.1 202) 7 headers in 291 bytes (1 switches on core 0)
Apr 04 17:45:57.793897 dv-cinder-788368-5-iscsi devstack@c-api.service[121862]: DEBUG cinder.api.middleware.request_id [None req-55639877-0497-4732-8b81-f4e2afa00c31 None None] RequestId filter calling following filter/app {{(pid=121862) _context_setter /opt/stack/cinder/cinder/api/middleware/request_id.py:62}}
Apr 04 17:45:57.798765 dv-cinder-788368-5-iscsi devstack@c-api.service[121862]: INFO cinder.api.openstack.wsgi [None req-55639877-0497-4732-8b81-f4e2afa00c31 tempest-VolumesTestJSON-372921441 tempest-VolumesTestJSON-372921441-project] GET http://10.222.0.24/volume/v3/7e1e9adb68c14eada80d5dff32a3fe9a/volumes/777ce51b-03b6-4d30-a756-060d6553ba02
Apr 04 17:45:57.799251 dv-cinder-788368-5-iscsi devstack@c-api.service[121862]: DEBUG cinder.api.openstack.wsgi [None req-55639877-0497-4732-8b81-f4e2afa00c31 tempest-VolumesTestJSON-372921441 tempest-VolumesTestJSON-372921441-project] Empty body provided in request {{(pid=121862) get_body /opt/stack/cinder/cinder/api/openstack/wsgi.py:715}}
Apr 04 17:45:57.799719 dv-cinder-788368-5-iscsi devstack@c-api.service[121862]: DEBUG cinder.api.openstack.wsgi [None req-55639877-0497-4732-8b81-f4e2afa00c31 tempest-VolumesTestJSON-372921441 tempest-VolumesTestJSON-372921441-project] Calling method 'show' {{(pid=121862) _process_stack /opt/stack/cinder/cinder/api/openstack/wsgi.py:868}}
Apr 04 17:45:57.810825 dv-cinder-788368-5-iscsi devstack@c-api.service[121861]: WARNING keystonemiddleware.auth_token [req-e742f9b7-b983-466b-830e-b7df5d553f50 req-0560a94e-b260-499f-978e-1c7fdd3a503f None None] A valid token was submitted as a service token, but it was not a valid service token. This is incorrect but backwards compatible behaviour. This will be removed in future releases.
Apr 04 17:45:57.815015 dv-cinder-788368-5-iscsi devstack@c-api.service[121861]: INFO cinder.api.openstack.wsgi [req-e742f9b7-b983-466b-830e-b7df5d553f50 req-0560a94e-b260-499f-978e-1c7fdd3a503f tempest-VolumesGetTestJSON-1861295499 tempest-VolumesGetTestJSON-1861295499-project] POST http://10.222.0.24/volume/v3/2f0dd4f2c6a64140abd9ea1eba6b4da3/volumes
Apr 04 17:45:57.816008 dv-cinder-788368-5-iscsi devstack@c-api.service[121861]: DEBUG cinder.api.openstack.wsgi [req-e742f9b7-b983-466b-830e-b7df5d553f50 req-0560a94e-b260-499f-978e-1c7fdd3a503f tempest-VolumesGetTestJSON-1861295499 tempest-VolumesGetTestJSON-1861295499-project] Action: 'create', calling method: create, body: {"volume": {"size": 1, "consistencygroup_id": null, "snapshot_id": null, "name": "tempest-VolumesGetTestJSON-Volume-1249446770", "description": null, "volume_type": null, "availability_zone": null, "metadata": {"Type": "work"}, "imageRef": null, "source_volid": null, "backup_id": null}} {{(pid=121861) _process_stack /opt/stack/cinder/cinder/api/openstack/wsgi.py:866}}
Apr 04 17:45:57.818346 dv-cinder-788368-5-iscsi devstack@c-api.service[121861]: DEBUG cinder.api.v3.volumes [req-e742f9b7-b983-466b-830e-b7df5d553f50 req-0560a94e-b260-499f-978e-1c7fdd3a503f tempest-VolumesGetTestJSON-1861295499 tempest-VolumesGetTestJSON-1861295499-project] Create volume request body: {'volume': {'size': 1, 'consistencygroup_id': None, 'snapshot_id': None, 'name': 'tempest-VolumesGetTestJSON-Volume-1249446770', 'description': None, 'volume_type': None, 'availability_zone': None, 'metadata': {'Type': 'work'}, 'imageRef': None, 'source_volid': None, 'backup_id': None}} {{(pid=121861) create /opt/stack/cinder/cinder/api/v3/volumes.py:298}}
Apr 04 17:45:57.819738 dv-cinder-788368-5-iscsi devstack@c-api.service[121861]: INFO cinder.api.v3.volumes [req-e742f9b7-b983-466b-830e-b7df5d553f50 req-0560a94e-b260-499f-978e-1c7fdd3a503f tempest-VolumesGetTestJSON-1861295499 tempest-VolumesGetTestJSON-1861295499-project] Create volume of 1 GB
Apr 04 17:45:57.830236 dv-cinder-788368-5-iscsi devstack@c-api.service[121862]: /usr/local/lib/python3.8/dist-packages/oslo_context/context.py:100: DeprecationWarning: Policy enforcement is depending on the value of is_admin. This key is deprecated. Please update your policy file to use the standard policy values.
Apr 04 17:45:57.830236 dv-cinder-788368-5-iscsi devstack@c-api.service[121862]: warnings.warn('Policy enforcement is depending on the value of '
Apr 04 17:45:57.851585 dv-cinder-788368-5-iscsi devstack@c-api.service[121861]: DEBUG cinder.volume.api [req-e742f9b7-b983-466b-830e-b7df5d553f50 req-0560a94e-b260-499f-978e-1c7fdd3a503f tempest-VolumesGetTestJSON-1861295499 tempest-VolumesGetTestJSON-1861295499-project] Availability zone cache updated, next update will occur around 2022-04-04 18:45:57.850332. {{(pid=121861) list_availability_zones /opt/stack/cinder/cinder/volume/api.py:152}}
Apr 04 17:45:57.853138 dv-cinder-788368-5-iscsi devstack@c-api.service[121861]: INFO cinder.volume.api [req-e742f9b7-b983-466b-830e-b7df5d553f50 req-0560a94e-b260-499f-978e-1c7fdd3a503f tempest-VolumesGetTestJSON-1861295499 tempest-VolumesGetTestJSON-1861295499-project] Availability Zones retrieved successfully.
Apr 04 17:45:57.860404 dv-cinder-788368-5-iscsi devstack@c-api.service[121862]: INFO cinder.volume.api [None req-55639877-0497-4732-8b81-f4e2afa00c31 tempest-VolumesTestJSON-372921441 tempest-VolumesTestJSON-372921441-project] Volume info retrieved successfully.
Apr 04 17:45:57.890617 dv-cinder-788368-5-iscsi devstack@c-api.service[121862]: INFO cinder.api.openstack.wsgi [None req-55639877-0497-4732-8b81-f4e2afa00c31 tempest-VolumesTestJSON-372921441 tempest-VolumesTestJSON-372921441-project] http://10.222.0.24/volume/v3/7e1e9adb68c14eada80d5dff32a3fe9a/volumes/777ce51b-03b6-4d30-a756-060d6553ba02 returned with HTTP 200
Apr 04 17:45:57.891291 dv-cinder-788368-5-iscsi devstack@c-api.service[121862]: [pid: 121862|app: 0|req: 5/9] 10.222.0.24 () {58 vars in 1324 bytes} [Mon Apr 4 17:45:57 2022] GET /volume/v3/7e1e9adb68c14eada80d5dff32a3fe9a/volumes/777ce51b-03b6-4d30-a756-060d6553ba02 => generated 895 bytes in 99 msecs (HTTP/1.1 200) 7 headers in 285 bytes (1 switches on core 0)
Apr 04 17:45:57.893591 dv-cinder-788368-5-iscsi devstack@c-api.service[121862]: DEBUG cinder.api.middleware.request_id [req-3b7526c5-a564-40fa-b8ab-128c98c204f7 req-f789cc25-0712-4339-af48-808058dfe0df None None] RequestId filter calling following filter/app {{(pid=121862) _context_setter /opt/stack/cinder/cinder/api/middleware/request_id.py:62}}
Apr 04 17:45:57.925980 dv-cinder-788368-5-iscsi devstack@c-api.service[121861]: DEBUG cinder.volume.api [req-e742f9b7-b983-466b-830e-b7df5d553f50 req-0560a94e-b260-499f-978e-1c7fdd3a503f tempest-VolumesGetTestJSON-1861295499 tempest-VolumesGetTestJSON-1861295499-project] Flow 'volume_create_api' (453c39c5-316b-4b6e-a967-a7f50e0ca05d) transitioned into state 'RUNNING' from state 'PENDING' {{(pid=121861) _flow_receiver /usr/local/lib/python3.8/dist-packages/taskflow/listeners/logging.py:141}}
Apr 04 17:45:57.929649 dv-cinder-788368-5-iscsi devstack@c-api.service[121861]: DEBUG cinder.volume.api [req-e742f9b7-b983-466b-830e-b7df5d553f50 req-0560a94e-b260-499f-978e-1c7fdd3a503f tempest-VolumesGetTestJSON-1861295499 tempest-VolumesGetTestJSON-1861295499-project] Task 'cinder.volume.flows.api.create_volume.ExtractVolumeRequestTask;volume:create' (1cbed4a6-80ac-4fb4-9e9a-d53a03263e28) transitioned into state 'RUNNING' from state 'PENDING' {{(pid=121861) _task_receiver /usr/local/lib/python3.8/dist-packages/taskflow/listeners/logging.py:190}}
Apr 04 17:45:57.932551 dv-cinder-788368-5-iscsi devstack@c-api.service[121861]: DEBUG cinder.volume.flows.api.create_volume [req-e742f9b7-b983-466b-830e-b7df5d553f50 req-0560a94e-b260-499f-978e-1c7fdd3a503f tempest-VolumesGetTestJSON-1861295499 tempest-VolumesGetTestJSON-1861295499-project] Validating volume size '1' using validate_int {{(pid=121861) _extract_size /opt/stack/cinder/cinder/volume/flows/api/create_volume.py:225}}
Apr 04 17:45:58.044737 dv-cinder-788368-5-iscsi devstack@c-api.service[121862]: WARNING keystonemiddleware.auth_token [req-3b7526c5-a564-40fa-b8ab-128c98c204f7 req-f789cc25-0712-4339-af48-808058dfe0df None None] A valid token was submitted as a service token, but it was not a valid service token. This is incorrect but backwards compatible behaviour. This will be removed in future releases.
Apr 04 17:45:58.049282 dv-cinder-788368-5-iscsi devstack@c-api.service[121862]: INFO cinder.api.openstack.wsgi [req-3b7526c5-a564-40fa-b8ab-128c98c204f7 req-f789cc25-0712-4339-af48-808058dfe0df tempest-VolumesSnapshotsTestJSON-1828236823 tempest-VolumesSnapshotsTestJSON-1828236823-project] POST http://10.222.0.24/volume/v3/f036dc5e4f29484c9e32d0fb817b9026/volumes
Apr 04 17:45:58.050024 dv-cinder-788368-5-iscsi devstack@c-api.service[121862]: DEBUG cinder.api.openstack.wsgi [req-3b7526c5-a564-40fa-b8ab-128c98c204f7 req-f789cc25-0712-4339-af48-808058dfe0df tempest-VolumesSnapshotsTestJSON-1828236823 tempest-VolumesSnapshotsTestJSON-1828236823-project] Action: 'create', calling method: create, body: {"volume": {"size": 1, "consistencygroup_id": null, "snapshot_id": null, "name": "tempest-VolumesSnapshotsTestJSON-volume-1206793329", "description": null, "volume_type": null, "availability_zone": null, "metadata": {}, "imageRef": null, "source_volid": null, "backup_id": null}} {{(pid=121862) _process_stack /opt/stack/cinder/cinder/api/openstack/wsgi.py:866}}
Apr 04 17:45:58.051551 dv-cinder-788368-5-iscsi devstack@c-api.service[121862]: DEBUG cinder.api.v3.volumes [req-3b7526c5-a564-40fa-b8ab-128c98c204f7 req-f789cc25-0712-4339-af48-808058dfe0df tempest-VolumesSnapshotsTestJSON-1828236823 tempest-VolumesSnapshotsTestJSON-1828236823-project] Create volume request body: {'volume': {'size': 1, 'consistencygroup_id': None, 'snapshot_id': None, 'name': 'tempest-VolumesSnapshotsTestJSON-volume-1206793329', 'description': None, 'volume_type': None, 'availability_zone': None, 'metadata': {}, 'imageRef': None, 'source_volid': None, 'backup_id': None}} {{(pid=121862) create /opt/stack/cinder/cinder/api/v3/volumes.py:298}}
Apr 04 17:45:58.051871 dv-cinder-788368-5-iscsi devstack@c-api.service[121862]: INFO cinder.api.v3.volumes [req-3b7526c5-a564-40fa-b8ab-128c98c204f7 req-f789cc25-0712-4339-af48-808058dfe0df tempest-VolumesSnapshotsTestJSON-1828236823 tempest-VolumesSnapshotsTestJSON-1828236823-project] Create volume of 1 GB
Apr 04 17:45:58.068935 dv-cinder-788368-5-iscsi devstack@c-api.service[121862]: INFO cinder.volume.api [req-3b7526c5-a564-40fa-b8ab-128c98c204f7 req-f789cc25-0712-4339-af48-808058dfe0df tempest-VolumesSnapshotsTestJSON-1828236823 tempest-VolumesSnapshotsTestJSON-1828236823-project] Availability Zones retrieved successfully.
Apr 04 17:45:58.077628 dv-cinder-788368-5-iscsi devstack@c-api.service[121861]: DEBUG cinder.volume.api [req-e742f9b7-b983-466b-830e-b7df5d553f50 req-0560a94e-b260-499f-978e-1c7fdd3a503f tempest-VolumesGetTestJSON-1861295499 tempest-VolumesGetTestJSON-1861295499-project] Task 'cinder.volume.flows.api.create_volume.ExtractVolumeRequestTask;volume:create' (1cbed4a6-80ac-4fb4-9e9a-d53a03263e28) transitioned into state 'SUCCESS' from state 'RUNNING' with result '{'size': 1, 'snapshot_id': None, 'source_volid': None, 'volume_type': VolumeType(created_at=2022-04-04T17:36:15Z,deleted=False,deleted_at=None,description='Default Volume Type',extra_specs={},id=ae0e7772-9977-44f0-a83f-8ec92a2b93da,is_public=True,name='__DEFAULT__',projects=[],qos_specs=,qos_specs_id=None,updated_at=2022-04-04T17:36:15Z), 'volume_type_id': 'ae0e7772-9977-44f0-a83f-8ec92a2b93da', 'encryption_key_id': None, 'qos_specs': None, 'consistencygroup_id': None, 'cgsnapshot_id': None, 'group_id': None, 'replication_status': 'disabled', 'refresh_az': False, 'backup_id': None, 'multiattach': False, 'availability_zones': ['nova']}' {{(pid=121861) _task_receiver /usr/local/lib/python3.8/dist-packages/taskflow/listeners/logging.py:178}}
Apr 04 17:45:58.081935 dv-cinder-788368-5-iscsi devstack@c-api.service[121861]: DEBUG cinder.volume.api [req-e742f9b7-b983-466b-830e-b7df5d553f50 req-0560a94e-b260-499f-978e-1c7fdd3a503f tempest-VolumesGetTestJSON-1861295499 tempest-VolumesGetTestJSON-1861295499-project] Task 'cinder.volume.flows.api.create_volume.QuotaReserveTask;volume:create' (85110640-7f62-4da4-9f86-6fabad68f312) transitioned into state 'RUNNING' from state 'PENDING' {{(pid=121861) _task_receiver /usr/local/lib/python3.8/dist-packages/taskflow/listeners/logging.py:190}}
Apr 04 17:45:58.095737 dv-cinder-788368-5-iscsi devstack@c-api.service[121862]: DEBUG cinder.volume.api [req-3b7526c5-a564-40fa-b8ab-128c98c204f7 req-f789cc25-0712-4339-af48-808058dfe0df tempest-VolumesSnapshotsTestJSON-1828236823 tempest-VolumesSnapshotsTestJSON-1828236823-project] Flow 'volume_create_api' (52f4c5d0-35a9-439b-bee3-adcf74439b99) transitioned into state 'RUNNING' from state 'PENDING' {{(pid=121862) _flow_receiver /usr/local/lib/python3.8/dist-packages/taskflow/listeners/logging.py:141}}
Apr 04 17:45:58.107947 dv-cinder-788368-5-iscsi devstack@c-api.service[121862]: DEBUG cinder.volume.api [req-3b7526c5-a564-40fa-b8ab-128c98c204f7 req-f789cc25-0712-4339-af48-808058dfe0df tempest-VolumesSnapshotsTestJSON-1828236823 tempest-VolumesSnapshotsTestJSON-1828236823-project] Task 'cinder.volume.flows.api.create_volume.ExtractVolumeRequestTask;volume:create' (8d62693e-d562-4c2f-aef8-4ce4247fd5ed) transitioned into state 'RUNNING' from state 'PENDING' {{(pid=121862) _task_receiver /usr/local/lib/python3.8/dist-packages/taskflow/listeners/logging.py:190}}
Apr 04 17:45:58.114839 dv-cinder-788368-5-iscsi devstack@c-api.service[121862]: DEBUG cinder.volume.flows.api.create_volume [req-3b7526c5-a564-40fa-b8ab-128c98c204f7 req-f789cc25-0712-4339-af48-808058dfe0df tempest-VolumesSnapshotsTestJSON-1828236823 tempest-VolumesSnapshotsTestJSON-1828236823-project] Validating volume size '1' using validate_int {{(pid=121862) _extract_size /opt/stack/cinder/cinder/volume/flows/api/create_volume.py:225}}
Apr 04 17:45:58.180548 dv-cinder-788368-5-iscsi devstack@c-api.service[121861]: WARNING cinder.quota [req-e742f9b7-b983-466b-830e-b7df5d553f50 req-0560a94e-b260-499f-978e-1c7fdd3a503f tempest-VolumesGetTestJSON-1861295499 tempest-VolumesGetTestJSON-1861295499-project] Deprecated: Default quota for resource: volumes___DEFAULT__ is set by the default quota flag: quota_volumes___DEFAULT__, it is now deprecated. Please use the default quota class for default quota.
Apr 04 17:45:58.181808 dv-cinder-788368-5-iscsi devstack@c-api.service[121861]: WARNING cinder.quota [req-e742f9b7-b983-466b-830e-b7df5d553f50 req-0560a94e-b260-499f-978e-1c7fdd3a503f tempest-VolumesGetTestJSON-1861295499 tempest-VolumesGetTestJSON-1861295499-project] Deprecated: Default quota for resource: gigabytes___DEFAULT__ is set by the default quota flag: quota_gigabytes___DEFAULT__, it is now deprecated. Please use the default quota class for default quota.
Apr 04 17:45:58.182964 dv-cinder-788368-5-iscsi devstack@c-api.service[121862]: DEBUG cinder.volume.api [req-3b7526c5-a564-40fa-b8ab-128c98c204f7 req-f789cc25-0712-4339-af48-808058dfe0df tempest-VolumesSnapshotsTestJSON-1828236823 tempest-VolumesSnapshotsTestJSON-1828236823-project] Task 'cinder.volume.flows.api.create_volume.ExtractVolumeRequestTask;volume:create' (8d62693e-d562-4c2f-aef8-4ce4247fd5ed) transitioned into state 'SUCCESS' from state 'RUNNING' with result '{'size': 1, 'snapshot_id': None, 'source_volid': None, 'volume_type': VolumeType(created_at=2022-04-04T17:36:15Z,deleted=False,deleted_at=None,description='Default Volume Type',extra_specs={},id=ae0e7772-9977-44f0-a83f-8ec92a2b93da,is_public=True,name='__DEFAULT__',projects=[],qos_specs=,qos_specs_id=None,updated_at=2022-04-04T17:36:15Z), 'volume_type_id': 'ae0e7772-9977-44f0-a83f-8ec92a2b93da', 'encryption_key_id': None, 'qos_specs': None, 'consistencygroup_id': None, 'cgsnapshot_id': None, 'group_id': None, 'replication_status': 'disabled', 'refresh_az': False, 'backup_id': None, 'multiattach': False, 'availability_zones': ['nova']}' {{(pid=121862) _task_receiver /usr/local/lib/python3.8/dist-packages/taskflow/listeners/logging.py:178}}
Apr 04 17:45:58.184978 dv-cinder-788368-5-iscsi devstack@c-api.service[121862]: DEBUG cinder.volume.api [req-3b7526c5-a564-40fa-b8ab-128c98c204f7 req-f789cc25-0712-4339-af48-808058dfe0df tempest-VolumesSnapshotsTestJSON-1828236823 tempest-VolumesSnapshotsTestJSON-1828236823-project] Task 'cinder.volume.flows.api.create_volume.QuotaReserveTask;volume:create' (a3c20dd5-1034-480f-9b02-3eb5e37d01cf) transitioned into state 'RUNNING' from state 'PENDING' {{(pid=121862) _task_receiver /usr/local/lib/python3.8/dist-packages/taskflow/listeners/logging.py:190}}
Apr 04 17:45:58.304196 dv-cinder-788368-5-iscsi devstack@c-api.service[121861]: DEBUG cinder.quota [req-e742f9b7-b983-466b-830e-b7df5d553f50 req-0560a94e-b260-499f-978e-1c7fdd3a503f tempest-VolumesGetTestJSON-1861295499 tempest-VolumesGetTestJSON-1861295499-project] Created reservations ['c7303741-c455-4c02-b911-726446141cfa', '324ad106-41eb-4948-94f2-e3a422cc5185', 'c03cc75e-543e-40b1-8b82-53cfe5a176c7', 'fe491eca-2bd7-4974-bd1b-00f5ffe67da4'] {{(pid=121861) reserve /opt/stack/cinder/cinder/quota.py:755}}
Apr 04 17:45:58.308067 dv-cinder-788368-5-iscsi devstack@c-api.service[121861]: DEBUG cinder.volume.api [req-e742f9b7-b983-466b-830e-b7df5d553f50 req-0560a94e-b260-499f-978e-1c7fdd3a503f tempest-VolumesGetTestJSON-1861295499 tempest-VolumesGetTestJSON-1861295499-project] Task 'cinder.volume.flows.api.create_volume.QuotaReserveTask;volume:create' (85110640-7f62-4da4-9f86-6fabad68f312) transitioned into state 'SUCCESS' from state 'RUNNING' with result '{'reservations': ['c7303741-c455-4c02-b911-726446141cfa', '324ad106-41eb-4948-94f2-e3a422cc5185', 'c03cc75e-543e-40b1-8b82-53cfe5a176c7', 'fe491eca-2bd7-4974-bd1b-00f5ffe67da4']}' {{(pid=121861) _task_receiver /usr/local/lib/python3.8/dist-packages/taskflow/listeners/logging.py:178}}
Apr 04 17:45:58.312413 dv-cinder-788368-5-iscsi devstack@c-api.service[121861]: DEBUG cinder.volume.api [req-e742f9b7-b983-466b-830e-b7df5d553f50 req-0560a94e-b260-499f-978e-1c7fdd3a503f tempest-VolumesGetTestJSON-1861295499 tempest-VolumesGetTestJSON-1861295499-project] Task 'cinder.volume.flows.api.create_volume.EntryCreateTask;volume:create' (be3be798-ffe6-4c86-be82-9631003af49f) transitioned into state 'RUNNING' from state 'PENDING' {{(pid=121861) _task_receiver /usr/local/lib/python3.8/dist-packages/taskflow/listeners/logging.py:190}}
Apr 04 17:45:58.353109 dv-cinder-788368-5-iscsi devstack@c-api.service[121862]: DEBUG cinder.quota [req-3b7526c5-a564-40fa-b8ab-128c98c204f7 req-f789cc25-0712-4339-af48-808058dfe0df tempest-VolumesSnapshotsTestJSON-1828236823 tempest-VolumesSnapshotsTestJSON-1828236823-project] Created reservations ['dc53f8c0-06bc-4f61-b335-a5decc8197ab', '44792cc7-b084-453a-92b8-18e50f0cb488', 'aa7cb33a-1dd6-4f80-b697-9f3ebdc7da1a', '7cdb9e43-f07e-47eb-bcc4-b7c4122594ba'] {{(pid=121862) reserve /opt/stack/cinder/cinder/quota.py:755}}
