Jan 18 16:31:21.731786 dv-cinder-788368-3-smb devstack@c-api.service[109386]: INFO cinder.volume.api [None req-552c2c0c-8814-4cab-9457-c871b6e1d829 tempest-VolumeManageAdminTest-175230352 tempest-VolumeManageAdminTest-175230352-project-admin] Volume info retrieved successfully.
Jan 18 16:31:21.753968 dv-cinder-788368-3-smb devstack@c-api.service[109387]: INFO cinder.volume.api [None req-c54ccbd9-1fd7-419f-85c0-0800f7a9820d tempest-GroupsTest-1556646118 tempest-GroupsTest-1556646118-project] Get all volumes completed successfully.
Jan 18 16:31:21.756637 dv-cinder-788368-3-smb devstack@c-api.service[109387]: WARNING stevedore.named [None req-c54ccbd9-1fd7-419f-85c0-0800f7a9820d tempest-GroupsTest-1556646118 tempest-GroupsTest-1556646118-project] Could not load cinder.keymgr.conf_key_mgr.ConfKeyManager
Jan 18 16:31:21.757233 dv-cinder-788368-3-smb devstack@c-api.service[109387]: WARNING castellan.key_manager [None req-c54ccbd9-1fd7-419f-85c0-0800f7a9820d tempest-GroupsTest-1556646118 tempest-GroupsTest-1556646118-project] Deprecation Warning : cinder.keymgr.conf_key_mgr.ConfKeyManager is not a stevedore based driver, trying to load it as a class: stevedore.exception.NoMatches: No 'castellan.drivers' driver found, looking for 'cinder.keymgr.conf_key_mgr.ConfKeyManager'
Jan 18 16:31:21.767809 dv-cinder-788368-3-smb devstack@c-api.service[109387]: DEBUG oslo_db.sqlalchemy.engines [None req-c54ccbd9-1fd7-419f-85c0-0800f7a9820d tempest-GroupsTest-1556646118 tempest-GroupsTest-1556646118-project] MySQL server mode set to STRICT_TRANS_TABLES,STRICT_ALL_TABLES,NO_ZERO_IN_DATE,NO_ZERO_DATE,ERROR_FOR_DIVISION_BY_ZERO,TRADITIONAL,NO_ENGINE_SUBSTITUTION {{(pid=109387) _check_effective_sql_mode /usr/local/lib/python3.8/dist-packages/oslo_db/sqlalchemy/engines.py:314}}
Jan 18 16:31:21.771945 dv-cinder-788368-3-smb devstack@c-api.service[109386]: INFO cinder.volume.api [None req-552c2c0c-8814-4cab-9457-c871b6e1d829 tempest-VolumeManageAdminTest-175230352 tempest-VolumeManageAdminTest-175230352-project-admin] Delete volume request issued successfully.
Jan 18 16:31:21.772416 dv-cinder-788368-3-smb devstack@c-api.service[109386]: INFO cinder.api.openstack.wsgi [None req-552c2c0c-8814-4cab-9457-c871b6e1d829 tempest-VolumeManageAdminTest-175230352 tempest-VolumeManageAdminTest-175230352-project-admin] http://10.222.0.83/volume/v3/1b0f3855993f41b2a40a6a56c0f12ba1/volumes/303d9f8a-95f1-4b28-9eaf-e3097db77625 returned with HTTP 202
Jan 18 16:31:21.773172 dv-cinder-788368-3-smb devstack@c-api.service[109386]: [pid: 109386|app: 0|req: 204/376] 10.222.0.83 () {58 vars in 1327 bytes} [Tue Jan 18 16:31:21 2022] DELETE /volume/v3/1b0f3855993f41b2a40a6a56c0f12ba1/volumes/303d9f8a-95f1-4b28-9eaf-e3097db77625 => generated 0 bytes in 64 msecs (HTTP/1.1 202) 6 headers in 233 bytes (1 switches on core 0)
Jan 18 16:31:21.781719 dv-cinder-788368-3-smb devstack@c-api.service[109387]: /usr/local/lib/python3.8/dist-packages/oslo_context/context.py:105: DeprecationWarning: Policy enforcement is depending on the value of is_admin. This key is deprecated. Please update your policy file to use the standard policy values.
Jan 18 16:31:21.781719 dv-cinder-788368-3-smb devstack@c-api.service[109387]: warnings.warn('Policy enforcement is depending on the value of '
Jan 18 16:31:21.797602 dv-cinder-788368-3-smb devstack@c-api.service[109387]: INFO cinder.api.openstack.wsgi [None req-c54ccbd9-1fd7-419f-85c0-0800f7a9820d tempest-GroupsTest-1556646118 tempest-GroupsTest-1556646118-project] http://10.222.0.83/volume/v3/af5b50c7254f460b9fc881ad6151801b/volumes/detail returned with HTTP 200
Jan 18 16:31:21.798425 dv-cinder-788368-3-smb devstack@c-api.service[109387]: [pid: 109387|app: 0|req: 173/377] 10.222.0.83 () {60 vars in 1275 bytes} [Tue Jan 18 16:31:21 2022] GET /volume/v3/af5b50c7254f460b9fc881ad6151801b/volumes/detail => generated 1927 bytes in 109 msecs (HTTP/1.1 200) 7 headers in 287 bytes (1 switches on core 0)
Jan 18 16:31:21.802998 dv-cinder-788368-3-smb devstack@c-api.service[109387]: INFO cinder.api.openstack.wsgi [None req-1b471f68-28c4-4656-a5e3-e5598f69dc87 tempest-DeleteServersTestJSON-244627130 tempest-DeleteServersTestJSON-244627130-project] GET http://10.222.0.83/volume/v3/b5c72249d9c54c388cc9b521953e2178/volumes/0ef41922-fa26-4c67-a097-a6c5317221e8
Jan 18 16:31:21.803634 dv-cinder-788368-3-smb devstack@c-api.service[109387]: DEBUG cinder.api.openstack.wsgi [None req-1b471f68-28c4-4656-a5e3-e5598f69dc87 tempest-DeleteServersTestJSON-244627130 tempest-DeleteServersTestJSON-244627130-project] Empty body provided in request {{(pid=109387) get_body /opt/stack/cinder/cinder/api/openstack/wsgi.py:715}}
Jan 18 16:31:21.804084 dv-cinder-788368-3-smb devstack@c-api.service[109387]: DEBUG cinder.api.openstack.wsgi [None req-1b471f68-28c4-4656-a5e3-e5598f69dc87 tempest-DeleteServersTestJSON-244627130 tempest-DeleteServersTestJSON-244627130-project] Calling method 'show' {{(pid=109387) _process_stack /opt/stack/cinder/cinder/api/openstack/wsgi.py:868}}
Jan 18 16:31:21.825821 dv-cinder-788368-3-smb devstack@c-api.service[109387]: /usr/local/lib/python3.8/dist-packages/oslo_context/context.py:105: DeprecationWarning: Policy enforcement is depending on the value of is_admin. This key is deprecated. Please update your policy file to use the standard policy values.
Jan 18 16:31:21.825821 dv-cinder-788368-3-smb devstack@c-api.service[109387]: warnings.warn('Policy enforcement is depending on the value of '
Jan 18 16:31:21.832687 dv-cinder-788368-3-smb devstack@c-api.service[109387]: INFO cinder.volume.api [None req-1b471f68-28c4-4656-a5e3-e5598f69dc87 tempest-DeleteServersTestJSON-244627130 tempest-DeleteServersTestJSON-244627130-project] Volume info retrieved successfully.
Jan 18 16:31:21.841954 dv-cinder-788368-3-smb devstack@c-api.service[109387]: INFO cinder.api.openstack.wsgi [None req-1b471f68-28c4-4656-a5e3-e5598f69dc87 tempest-DeleteServersTestJSON-244627130 tempest-DeleteServersTestJSON-244627130-project] http://10.222.0.83/volume/v3/b5c72249d9c54c388cc9b521953e2178/volumes/0ef41922-fa26-4c67-a097-a6c5317221e8 returned with HTTP 200
Jan 18 16:31:21.842678 dv-cinder-788368-3-smb devstack@c-api.service[109387]: [pid: 109387|app: 0|req: 174/378] 10.222.0.83 () {58 vars in 1324 bytes} [Tue Jan 18 16:31:21 2022] GET /volume/v3/b5c72249d9c54c388cc9b521953e2178/volumes/0ef41922-fa26-4c67-a097-a6c5317221e8 => generated 914 bytes in 44 msecs (HTTP/1.1 200) 7 headers in 285 bytes (1 switches on core 0)
Jan 18 16:31:21.851168 dv-cinder-788368-3-smb devstack@c-api.service[109387]: INFO cinder.api.openstack.wsgi [None req-65ddaefd-8104-4469-bce2-57112515c742 tempest-VolumeManageAdminTest-175230352 tempest-VolumeManageAdminTest-175230352-project-admin] GET http://10.222.0.83/volume/v3/1b0f3855993f41b2a40a6a56c0f12ba1/volumes/303d9f8a-95f1-4b28-9eaf-e3097db77625
Jan 18 16:31:21.851614 dv-cinder-788368-3-smb devstack@c-api.service[109387]: DEBUG cinder.api.openstack.wsgi [None req-65ddaefd-8104-4469-bce2-57112515c742 tempest-VolumeManageAdminTest-175230352 tempest-VolumeManageAdminTest-175230352-project-admin] Empty body provided in request {{(pid=109387) get_body /opt/stack/cinder/cinder/api/openstack/wsgi.py:715}}
Jan 18 16:31:21.852157 dv-cinder-788368-3-smb devstack@c-api.service[109387]: DEBUG cinder.api.openstack.wsgi [None req-65ddaefd-8104-4469-bce2-57112515c742 tempest-VolumeManageAdminTest-175230352 tempest-VolumeManageAdminTest-175230352-project-admin] Calling method 'show' {{(pid=109387) _process_stack /opt/stack/cinder/cinder/api/openstack/wsgi.py:868}}
Jan 18 16:31:21.867618 dv-cinder-788368-3-smb devstack@c-api.service[109387]: /usr/local/lib/python3.8/dist-packages/oslo_context/context.py:105: DeprecationWarning: Policy enforcement is depending on the value of is_admin. This key is deprecated. Please update your policy file to use the standard policy values.
Jan 18 16:31:21.867618 dv-cinder-788368-3-smb devstack@c-api.service[109387]: warnings.warn('Policy enforcement is depending on the value of '
Jan 18 16:31:21.874299 dv-cinder-788368-3-smb devstack@c-api.service[109387]: INFO cinder.volume.api [None req-65ddaefd-8104-4469-bce2-57112515c742 tempest-VolumeManageAdminTest-175230352 tempest-VolumeManageAdminTest-175230352-project-admin] Volume info retrieved successfully.
Jan 18 16:31:21.881038 dv-cinder-788368-3-smb devstack@c-api.service[109386]: INFO cinder.api.openstack.wsgi [None req-07d0237e-514d-4c71-abef-b9bfd6aaef53 tempest-VolumeSnapshotQuotasNegativeTestJSON-810724331 tempest-VolumeSnapshotQuotasNegativeTestJSON-810724331-project-admin] GET http://10.222.0.83/volume/v3/526255ec6df24ea0a4122cdee35c12b0/os-quota-sets/b607500c84b847d2b35c3b896de1724e
Jan 18 16:31:21.881656 dv-cinder-788368-3-smb devstack@c-api.service[109386]: DEBUG cinder.api.openstack.wsgi [None req-07d0237e-514d-4c71-abef-b9bfd6aaef53 tempest-VolumeSnapshotQuotasNegativeTestJSON-810724331 tempest-VolumeSnapshotQuotasNegativeTestJSON-810724331-project-admin] Empty body provided in request {{(pid=109386) get_body /opt/stack/cinder/cinder/api/openstack/wsgi.py:715}}
Jan 18 16:31:21.881890 dv-cinder-788368-3-smb devstack@c-api.service[109386]: DEBUG cinder.api.openstack.wsgi [None req-07d0237e-514d-4c71-abef-b9bfd6aaef53 tempest-VolumeSnapshotQuotasNegativeTestJSON-810724331 tempest-VolumeSnapshotQuotasNegativeTestJSON-810724331-project-admin] Calling method 'show' {{(pid=109386) _process_stack /opt/stack/cinder/cinder/api/openstack/wsgi.py:868}}
Jan 18 16:31:21.882778 dv-cinder-788368-3-smb devstack@c-api.service[109387]: INFO cinder.api.openstack.wsgi [None req-65ddaefd-8104-4469-bce2-57112515c742 tempest-VolumeManageAdminTest-175230352 tempest-VolumeManageAdminTest-175230352-project-admin] http://10.222.0.83/volume/v3/1b0f3855993f41b2a40a6a56c0f12ba1/volumes/303d9f8a-95f1-4b28-9eaf-e3097db77625 returned with HTTP 200
Jan 18 16:31:21.883662 dv-cinder-788368-3-smb devstack@c-api.service[109387]: [pid: 109387|app: 0|req: 175/379] 10.222.0.83 () {58 vars in 1324 bytes} [Tue Jan 18 16:31:21 2022] GET /volume/v3/1b0f3855993f41b2a40a6a56c0f12ba1/volumes/303d9f8a-95f1-4b28-9eaf-e3097db77625 => generated 1079 bytes in 40 msecs (HTTP/1.1 200) 7 headers in 286 bytes (1 switches on core 0)
Jan 18 16:31:21.884542 dv-cinder-788368-3-smb devstack@c-api.service[109387]: INFO cinder.api.openstack.wsgi [None req-65ddaefd-8104-4469-bce2-57112515c742 tempest-VolumeManageAdminTest-175230352 tempest-VolumeManageAdminTest-175230352-project-admin] GET http://10.222.0.83/volume//
Jan 18 16:31:21.885005 dv-cinder-788368-3-smb devstack@c-api.service[109387]: DEBUG cinder.api.openstack.wsgi [None req-65ddaefd-8104-4469-bce2-57112515c742 tempest-VolumeManageAdminTest-175230352 tempest-VolumeManageAdminTest-175230352-project-admin] Empty body provided in request {{(pid=109387) get_body /opt/stack/cinder/cinder/api/openstack/wsgi.py:715}}
Jan 18 16:31:21.885460 dv-cinder-788368-3-smb devstack@c-api.service[109387]: DEBUG cinder.api.openstack.wsgi [None req-65ddaefd-8104-4469-bce2-57112515c742 tempest-VolumeManageAdminTest-175230352 tempest-VolumeManageAdminTest-175230352-project-admin] Calling method 'all' {{(pid=109387) _process_stack /opt/stack/cinder/cinder/api/openstack/wsgi.py:868}}
Jan 18 16:31:21.886175 dv-cinder-788368-3-smb devstack@c-api.service[109387]: INFO cinder.api.openstack.wsgi [None req-65ddaefd-8104-4469-bce2-57112515c742 tempest-VolumeManageAdminTest-175230352 tempest-VolumeManageAdminTest-175230352-project-admin] http://10.222.0.83/volume// returned with HTTP 300
Jan 18 16:31:21.886641 dv-cinder-788368-3-smb devstack@c-api.service[109387]: [pid: 109387|app: 0|req: 176/380] 10.222.0.83 () {58 vars in 1299 bytes} [Tue Jan 18 16:31:21 2022] GET /volume/ => generated 386 bytes in 3 msecs (HTTP/1.1 300) 5 headers in 169 bytes (1 switches on core 0)
Jan 18 16:31:21.894967 dv-cinder-788368-3-smb devstack@c-api.service[109387]: INFO cinder.api.openstack.wsgi [None req-dc8bce46-7d28-4b09-9540-cbaaad531389 tempest-GroupsTest-1556646118 tempest-GroupsTest-1556646118-project] PUT http://10.222.0.83/volume/v3/af5b50c7254f460b9fc881ad6151801b/groups/ada53561-1f72-4160-9d2e-0aa5ea5e4959
Jan 18 16:31:21.895747 dv-cinder-788368-3-smb devstack@c-api.service[109387]: DEBUG cinder.api.openstack.wsgi [None req-dc8bce46-7d28-4b09-9540-cbaaad531389 tempest-GroupsTest-1556646118 tempest-GroupsTest-1556646118-project] Action: 'update', calling method: version_select, body: {"group": {"add_volumes": "a059031d-bb6a-41e4-b809-643d41182b9e"}} {{(pid=109387) _process_stack /opt/stack/cinder/cinder/api/openstack/wsgi.py:866}}
Jan 18 16:31:21.896709 dv-cinder-788368-3-smb devstack@c-api.service[109387]: DEBUG cinder.api.v3.groups [None req-dc8bce46-7d28-4b09-9540-cbaaad531389 tempest-GroupsTest-1556646118 tempest-GroupsTest-1556646118-project] Update called for group ada53561-1f72-4160-9d2e-0aa5ea5e4959. {{(pid=109387) update /opt/stack/cinder/cinder/api/v3/groups.py:302}}
Jan 18 16:31:21.896997 dv-cinder-788368-3-smb devstack@c-api.service[109387]: INFO cinder.api.v3.groups [None req-dc8bce46-7d28-4b09-9540-cbaaad531389 tempest-GroupsTest-1556646118 tempest-GroupsTest-1556646118-project] Updating group ada53561-1f72-4160-9d2e-0aa5ea5e4959 with name None description: None add_volumes: a059031d-bb6a-41e4-b809-643d41182b9e remove_volumes: None.
Jan 18 16:31:21.897815 dv-cinder-788368-3-smb devstack@c-api.service[109386]: WARNING cinder.quota [None req-07d0237e-514d-4c71-abef-b9bfd6aaef53 tempest-VolumeSnapshotQuotasNegativeTestJSON-810724331 tempest-VolumeSnapshotQuotasNegativeTestJSON-810724331-project-admin] Deprecated: Default quota for resource: volumes_tempest-VolumeTypesAccessTest-volume-type-493483933 is set by the default quota flag: quota_volumes_tempest-VolumeTypesAccessTest-volume-type-493483933, it is now deprecated. Please use the default quota class for default quota.
Jan 18 16:31:21.898617 dv-cinder-788368-3-smb devstack@c-api.service[109386]: WARNING cinder.quota [None req-07d0237e-514d-4c71-abef-b9bfd6aaef53 tempest-VolumeSnapshotQuotasNegativeTestJSON-810724331 tempest-VolumeSnapshotQuotasNegativeTestJSON-810724331-project-admin] Deprecated: Default quota for resource: gigabytes_tempest-VolumeTypesAccessTest-volume-type-493483933 is set by the default quota flag: quota_gigabytes_tempest-VolumeTypesAccessTest-volume-type-493483933, it is now deprecated. Please use the default quota class for default quota.
Jan 18 16:31:21.899403 dv-cinder-788368-3-smb devstack@c-api.service[109386]: WARNING cinder.quota [None req-07d0237e-514d-4c71-abef-b9bfd6aaef53 tempest-VolumeSnapshotQuotasNegativeTestJSON-810724331 tempest-VolumeSnapshotQuotasNegativeTestJSON-810724331-project-admin] Deprecated: Default quota for resource: snapshots_tempest-VolumeTypesAccessTest-volume-type-493483933 is set by the default quota flag: quota_snapshots_tempest-VolumeTypesAccessTest-volume-type-493483933, it is now deprecated. Please use the default quota class for default quota.
Jan 18 16:31:21.900754 dv-cinder-788368-3-smb devstack@c-api.service[109386]: WARNING cinder.quota [None req-07d0237e-514d-4c71-abef-b9bfd6aaef53 tempest-VolumeSnapshotQuotasNegativeTestJSON-810724331 tempest-VolumeSnapshotQuotasNegativeTestJSON-810724331-project-admin] Deprecated: Default quota for resource: snapshots_tempest-GroupsTest-volume-type-1170694555 is set by the default quota flag: quota_snapshots_tempest-GroupsTest-volume-type-1170694555, it is now deprecated. Please use the default quota class for default quota.
Jan 18 16:31:21.902303 dv-cinder-788368-3-smb devstack@c-api.service[109387]: /usr/local/lib/python3.8/dist-packages/oslo_context/context.py:105: DeprecationWarning: Policy enforcement is depending on the value of is_admin. This key is deprecated. Please update your policy file to use the standard policy values.
Jan 18 16:31:21.902303 dv-cinder-788368-3-smb devstack@c-api.service[109387]: warnings.warn('Policy enforcement is depending on the value of '
Jan 18 16:31:21.911342 dv-cinder-788368-3-smb devstack@c-api.service[109386]: INFO cinder.api.openstack.wsgi [None req-07d0237e-514d-4c71-abef-b9bfd6aaef53 tempest-VolumeSnapshotQuotasNegativeTestJSON-810724331 tempest-VolumeSnapshotQuotasNegativeTestJSON-810724331-project-admin] http://10.222.0.83/volume/v3/526255ec6df24ea0a4122cdee35c12b0/os-quota-sets/b607500c84b847d2b35c3b896de1724e returned with HTTP 200
Jan 18 16:31:21.913805 dv-cinder-788368-3-smb devstack@c-api.service[109386]: [pid: 109386|app: 0|req: 205/381] 10.222.0.83 () {58 vars in 1330 bytes} [Tue Jan 18 16:31:21 2022] GET /volume/v3/526255ec6df24ea0a4122cdee35c12b0/os-quota-sets/b607500c84b847d2b35c3b896de1724e => generated 913 bytes in 140 msecs (HTTP/1.1 200) 7 headers in 285 bytes (1 switches on core 0)
Jan 18 16:31:21.920557 dv-cinder-788368-3-smb devstack@c-api.service[109386]: INFO cinder.api.openstack.wsgi [req-b07858ff-bdbc-43b8-9a5a-cbf9bf61535d req-9f24585a-aa8f-41d5-9498-05a9928be3de tempest-AttachVolumeNegativeTest-1462135837 tempest-AttachVolumeNegativeTest-1462135837-project] POST http://10.222.0.83/volume/v3/4fb3652773d44be9830a1a26152686c9/attachments
Jan 18 16:31:21.921457 dv-cinder-788368-3-smb devstack@c-api.service[109386]: DEBUG cinder.api.openstack.wsgi [req-b07858ff-bdbc-43b8-9a5a-cbf9bf61535d req-9f24585a-aa8f-41d5-9498-05a9928be3de tempest-AttachVolumeNegativeTest-1462135837 tempest-AttachVolumeNegativeTest-1462135837-project] Action: 'create', calling method: version_select, body: {"attachment": {"volume_uuid": "4c0a90f1-8d57-4412-8d1b-6a74f77c5ca7", "connector": null, "instance_uuid": "8790074c-f581-476b-a3d2-0b8d1c7f8cc4"}} {{(pid=109386) _process_stack /opt/stack/cinder/cinder/api/openstack/wsgi.py:866}}
Jan 18 16:31:21.938809 dv-cinder-788368-3-smb devstack@c-api.service[109386]: /usr/local/lib/python3.8/dist-packages/oslo_context/context.py:105: DeprecationWarning: Policy enforcement is depending on the value of is_admin. This key is deprecated. Please update your policy file to use the standard policy values.
Jan 18 16:31:21.938809 dv-cinder-788368-3-smb devstack@c-api.service[109386]: warnings.warn('Policy enforcement is depending on the value of '
Jan 18 16:31:21.968464 dv-cinder-788368-3-smb devstack@c-api.service[109387]: INFO cinder.api.openstack.wsgi [None req-dc8bce46-7d28-4b09-9540-cbaaad531389 tempest-GroupsTest-1556646118 tempest-GroupsTest-1556646118-project] http://10.222.0.83/volume/v3/af5b50c7254f460b9fc881ad6151801b/groups/ada53561-1f72-4160-9d2e-0aa5ea5e4959 returned with HTTP 202
Jan 18 16:31:21.969232 dv-cinder-788368-3-smb devstack@c-api.service[109387]: [pid: 109387|app: 0|req: 177/382] 10.222.0.83 () {62 vars in 1382 bytes} [Tue Jan 18 16:31:21 2022] PUT /volume/v3/af5b50c7254f460b9fc881ad6151801b/groups/ada53561-1f72-4160-9d2e-0aa5ea5e4959 => generated 0 bytes in 82 msecs (HTTP/1.1 202) 6 headers in 234 bytes (1 switches on core 0)
Jan 18 16:31:21.975111 dv-cinder-788368-3-smb devstack@c-api.service[109387]: INFO cinder.api.openstack.wsgi [None req-0d1f657c-ccca-4dc3-a3c3-a8495eec0f3e tempest-VolumeSnapshotQuotasNegativeTestJSON-810724331 tempest-VolumeSnapshotQuotasNegativeTestJSON-810724331-project-admin] PUT http://10.222.0.83/volume/v3/526255ec6df24ea0a4122cdee35c12b0/os-quota-sets/b607500c84b847d2b35c3b896de1724e
Jan 18 16:31:21.975847 dv-cinder-788368-3-smb devstack@c-api.service[109387]: DEBUG cinder.api.openstack.wsgi [None req-0d1f657c-ccca-4dc3-a3c3-a8495eec0f3e tempest-VolumeSnapshotQuotasNegativeTestJSON-810724331 tempest-VolumeSnapshotQuotasNegativeTestJSON-810724331-project-admin] Action: 'update', calling method: update, body: {"quota_set": {"gigabytes": 3, "volumes": 1, "snapshots": 1}} {{(pid=109387) _process_stack /opt/stack/cinder/cinder/api/openstack/wsgi.py:866}}
Jan 18 16:31:21.987637 dv-cinder-788368-3-smb devstack@c-api.service[109386]: INFO cinder.api.openstack.wsgi [req-b07858ff-bdbc-43b8-9a5a-cbf9bf61535d req-9f24585a-aa8f-41d5-9498-05a9928be3de tempest-AttachVolumeNegativeTest-1462135837 tempest-AttachVolumeNegativeTest-1462135837-project] http://10.222.0.83/volume/v3/4fb3652773d44be9830a1a26152686c9/attachments returned with HTTP 200
Jan 18 16:31:21.988459 dv-cinder-788368-3-smb devstack@c-api.service[109386]: [pid: 109386|app: 0|req: 206/383] 10.222.0.83 () {66 vars in 1574 bytes} [Tue Jan 18 16:31:21 2022] POST /volume/v3/4fb3652773d44be9830a1a26152686c9/attachments => generated 273 bytes in 74 msecs (HTTP/1.1 200) 7 headers in 286 bytes (1 switches on core 0)
Jan 18 16:31:21.993555 dv-cinder-788368-3-smb devstack@c-api.service[109386]: INFO cinder.api.openstack.wsgi [None req-f4281cec-7fbf-48af-9964-f8a97b4a82b1 tempest-GroupsTest-1556646118 tempest-GroupsTest-1556646118-project] GET http://10.222.0.83/volume/v3/af5b50c7254f460b9fc881ad6151801b/groups/ada53561-1f72-4160-9d2e-0aa5ea5e4959
Jan 18 16:31:21.994180 dv-cinder-788368-3-smb devstack@c-api.service[109386]: DEBUG cinder.api.openstack.wsgi [None req-f4281cec-7fbf-48af-9964-f8a97b4a82b1 tempest-GroupsTest-1556646118 tempest-GroupsTest-1556646118-project] Empty body provided in request {{(pid=109386) get_body /opt/stack/cinder/cinder/api/openstack/wsgi.py:715}}
Jan 18 16:31:21.994638 dv-cinder-788368-3-smb devstack@c-api.service[109386]: DEBUG cinder.api.openstack.wsgi [None req-f4281cec-7fbf-48af-9964-f8a97b4a82b1 tempest-GroupsTest-1556646118 tempest-GroupsTest-1556646118-project] Calling method 'version_select' {{(pid=109386) _process_stack /opt/stack/cinder/cinder/api/openstack/wsgi.py:868}}
Jan 18 16:31:21.994979 dv-cinder-788368-3-smb devstack@c-api.service[109386]: DEBUG cinder.api.v3.groups [None req-f4281cec-7fbf-48af-9964-f8a97b4a82b1 tempest-GroupsTest-1556646118 tempest-GroupsTest-1556646118-project] show called for member ada53561-1f72-4160-9d2e-0aa5ea5e4959 {{(pid=109386) show /opt/stack/cinder/cinder/api/v3/groups.py:58}}
Jan 18 16:31:21.996675 dv-cinder-788368-3-smb devstack@c-api.service[109387]: /usr/local/lib/python3.8/dist-packages/oslo_context/context.py:105: DeprecationWarning: Policy enforcement is depending on the value of is_admin. This key is deprecated. Please update your policy file to use the standard policy values.
Jan 18 16:31:21.996675 dv-cinder-788368-3-smb devstack@c-api.service[109387]: warnings.warn('Policy enforcement is depending on the value of '
Jan 18 16:31:22.001611 dv-cinder-788368-3-smb devstack@c-api.service[109386]: /usr/local/lib/python3.8/dist-packages/oslo_context/context.py:105: DeprecationWarning: Policy enforcement is depending on the value of is_admin. This key is deprecated. Please update your policy file to use the standard policy values.
Jan 18 16:31:22.001611 dv-cinder-788368-3-smb devstack@c-api.service[109386]: warnings.warn('Policy enforcement is depending on the value of '
Jan 18 16:31:22.018450 dv-cinder-788368-3-smb devstack@c-api.service[109386]: INFO cinder.api.openstack.wsgi [None req-f4281cec-7fbf-48af-9964-f8a97b4a82b1 tempest-GroupsTest-1556646118 tempest-GroupsTest-1556646118-project] http://10.222.0.83/volume/v3/af5b50c7254f460b9fc881ad6151801b/groups/ada53561-1f72-4160-9d2e-0aa5ea5e4959 returned with HTTP 200
Jan 18 16:31:22.023254 dv-cinder-788368-3-smb devstack@c-api.service[109386]: [pid: 109386|app: 0|req: 207/384] 10.222.0.83 () {60 vars in 1362 bytes} [Tue Jan 18 16:31:21 2022] GET /volume/v3/af5b50c7254f460b9fc881ad6151801b/groups/ada53561-1f72-4160-9d2e-0aa5ea5e4959 => generated 323 bytes in 30 msecs (HTTP/1.1 200) 7 headers in 286 bytes (1 switches on core 0)
Jan 18 16:31:22.031365 dv-cinder-788368-3-smb devstack@c-api.service[109386]: INFO cinder.api.openstack.wsgi [None req-c7d8c0d0-c26c-4d74-b1b6-91f82706852a tempest-AttachVolumeNegativeTest-1462135837 tempest-AttachVolumeNegativeTest-1462135837-project] GET http://10.222.0.83/volume/v3/4fb3652773d44be9830a1a26152686c9/volumes/4c0a90f1-8d57-4412-8d1b-6a74f77c5ca7
Jan 18 16:31:22.031870 dv-cinder-788368-3-smb devstack@c-api.service[109386]: DEBUG cinder.api.openstack.wsgi [None req-c7d8c0d0-c26c-4d74-b1b6-91f82706852a tempest-AttachVolumeNegativeTest-1462135837 tempest-AttachVolumeNegativeTest-1462135837-project] Empty body provided in request {{(pid=109386) get_body /opt/stack/cinder/cinder/api/openstack/wsgi.py:715}}
Jan 18 16:31:22.032392 dv-cinder-788368-3-smb devstack@c-api.service[109386]: DEBUG cinder.api.openstack.wsgi [None req-c7d8c0d0-c26c-4d74-b1b6-91f82706852a tempest-AttachVolumeNegativeTest-1462135837 tempest-AttachVolumeNegativeTest-1462135837-project] Calling method 'show' {{(pid=109386) _process_stack /opt/stack/cinder/cinder/api/openstack/wsgi.py:868}}
Jan 18 16:31:22.080195 dv-cinder-788368-3-smb devstack@c-api.service[109387]: WARNING cinder.quota [None req-0d1f657c-ccca-4dc3-a3c3-a8495eec0f3e tempest-VolumeSnapshotQuotasNegativeTestJSON-810724331 tempest-VolumeSnapshotQuotasNegativeTestJSON-810724331-project-admin] Deprecated: Default quota for resource: snapshots_tempest-VolumeTypesAccessTest-volume-type-493483933 is set by the default quota flag: quota_snapshots_tempest-VolumeTypesAccessTest-volume-type-493483933, it is now deprecated. Please use the default quota class for default quota.
Jan 18 16:31:22.081464 dv-cinder-788368-3-smb devstack@c-api.service[109387]: WARNING cinder.quota [None req-0d1f657c-ccca-4dc3-a3c3-a8495eec0f3e tempest-VolumeSnapshotQuotasNegativeTestJSON-810724331 tempest-VolumeSnapshotQuotasNegativeTestJSON-810724331-project-admin] Deprecated: Default quota for resource: snapshots_tempest-GroupsTest-volume-type-1170694555 is set by the default quota flag: quota_snapshots_tempest-GroupsTest-volume-type-1170694555, it is now deprecated. Please use the default quota class for default quota.
Jan 18 16:31:22.082202 dv-cinder-788368-3-smb devstack@c-api.service[109387]: WARNING cinder.quota [None req-0d1f657c-ccca-4dc3-a3c3-a8495eec0f3e tempest-VolumeSnapshotQuotasNegativeTestJSON-810724331 tempest-VolumeSnapshotQuotasNegativeTestJSON-810724331-project-admin] Deprecated: Default quota for resource: volumes_tempest-GroupsTest-volume-type-500581184 is set by the default quota flag: quota_volumes_tempest-GroupsTest-volume-type-500581184, it is now deprecated. Please use the default quota class for default quota.
Jan 18 16:31:22.083006 dv-cinder-788368-3-smb devstack@c-api.service[109387]: WARNING cinder.quota [None req-0d1f657c-ccca-4dc3-a3c3-a8495eec0f3e tempest-VolumeSnapshotQuotasNegativeTestJSON-810724331 tempest-VolumeSnapshotQuotasNegativeTestJSON-810724331-project-admin] Deprecated: Default quota for resource: gigabytes_tempest-GroupsTest-volume-type-500581184 is set by the default quota flag: quota_gigabytes_tempest-GroupsTest-volume-type-500581184, it is now deprecated. Please use the default quota class for default quota.
Jan 18 16:31:22.083853 dv-cinder-788368-3-smb devstack@c-api.service[109387]: WARNING cinder.quota [None req-0d1f657c-ccca-4dc3-a3c3-a8495eec0f3e tempest-VolumeSnapshotQuotasNegativeTestJSON-810724331 tempest-VolumeSnapshotQuotasNegativeTestJSON-810724331-project-admin] Deprecated: Default quota for resource: snapshots_tempest-GroupsTest-volume-type-500581184 is set by the default quota flag: quota_snapshots_tempest-GroupsTest-volume-type-500581184, it is now deprecated. Please use the default quota class for default quota.
Jan 18 16:31:22.084582 dv-cinder-788368-3-smb devstack@c-api.service[109387]: WARNING cinder.quota [None req-0d1f657c-ccca-4dc3-a3c3-a8495eec0f3e tempest-VolumeSnapshotQuotasNegativeTestJSON-810724331 tempest-VolumeSnapshotQuotasNegativeTestJSON-810724331-project-admin] Deprecated: Default quota for resource: volumes_lvmdriver-1 is set by the default quota flag: quota_volumes_lvmdriver-1, it is now deprecated. Please use the default quota class for default quota.
Jan 18 16:31:22.085447 dv-cinder-788368-3-smb devstack@c-api.service[109387]: WARNING cinder.quota [None req-0d1f657c-ccca-4dc3-a3c3-a8495eec0f3e tempest-VolumeSnapshotQuotasNegativeTestJSON-810724331 tempest-VolumeSnapshotQuotasNegativeTestJSON-810724331-project-admin] Deprecated: Default quota for resource: gigabytes_lvmdriver-1 is set by the default quota flag: quota_gigabytes_lvmdriver-1, it is now deprecated. Please use the default quota class for default quota.
Jan 18 16:31:22.086183 dv-cinder-788368-3-smb devstack@c-api.service[109387]: WARNING cinder.quota [None req-0d1f657c-ccca-4dc3-a3c3-a8495eec0f3e tempest-VolumeSnapshotQuotasNegativeTestJSON-810724331 tempest-VolumeSnapshotQuotasNegativeTestJSON-810724331-project-admin] Deprecated: Default quota for resource: snapshots_lvmdriver-1 is set by the default quota flag: quota_snapshots_lvmdriver-1, it is now deprecated. Please use the default quota class for default quota.
Jan 18 16:31:22.096518 dv-cinder-788368-3-smb devstack@c-api.service[109387]: INFO cinder.api.openstack.wsgi [None req-0d1f657c-ccca-4dc3-a3c3-a8495eec0f3e tempest-VolumeSnapshotQuotasNegativeTestJSON-810724331 tempest-VolumeSnapshotQuotasNegativeTestJSON-810724331-project-admin] http://10.222.0.83/volume/v3/526255ec6df24ea0a4122cdee35c12b0/os-quota-sets/b607500c84b847d2b35c3b896de1724e returned with HTTP 200
Jan 18 16:31:22.097320 dv-cinder-788368-3-smb devstack@c-api.service[109387]: [pid: 109387|app: 0|req: 178/385] 10.222.0.83 () {60 vars in 1350 bytes} [Tue Jan 18 16:31:21 2022] PUT /volume/v3/526255ec6df24ea0a4122cdee35c12b0/os-quota-sets/b607500c84b847d2b35c3b896de1724e => generated 866 bytes in 128 msecs (HTTP/1.1 200) 7 headers in 285 bytes (1 switches on core 0)
Jan 18 16:31:22.098231 dv-cinder-788368-3-smb devstack@c-api.service[109387]: INFO cinder.api.openstack.wsgi [None req-0d1f657c-ccca-4dc3-a3c3-a8495eec0f3e tempest-VolumeSnapshotQuotasNegativeTestJSON-810724331 tempest-VolumeSnapshotQuotasNegativeTestJSON-810724331-project-admin] GET http://10.222.0.83/volume//
Jan 18 16:31:22.098707 dv-cinder-788368-3-smb devstack@c-api.service[109387]: DEBUG cinder.api.openstack.wsgi [None req-0d1f657c-ccca-4dc3-a3c3-a8495eec0f3e tempest-VolumeSnapshotQuotasNegativeTestJSON-810724331 tempest-VolumeSnapshotQuotasNegativeTestJSON-810724331-project-admin] Empty body provided in request {{(pid=109387) get_body /opt/stack/cinder/cinder/api/openstack/wsgi.py:715}}
Jan 18 16:31:22.099986 dv-cinder-788368-3-smb devstack@c-api.service[109387]: DEBUG cinder.api.openstack.wsgi [None req-0d1f657c-ccca-4dc3-a3c3-a8495eec0f3e tempest-VolumeSnapshotQuotasNegativeTestJSON-810724331 tempest-VolumeSnapshotQuotasNegativeTestJSON-810724331-project-admin] Calling method 'all' {{(pid=109387) _process_stack /opt/stack/cinder/cinder/api/openstack/wsgi.py:868}}
Jan 18 16:31:22.100751 dv-cinder-788368-3-smb devstack@c-api.service[109387]: INFO cinder.api.openstack.wsgi [None req-0d1f657c-ccca-4dc3-a3c3-a8495eec0f3e tempest-VolumeSnapshotQuotasNegativeTestJSON-810724331 tempest-VolumeSnapshotQuotasNegativeTestJSON-810724331-project-admin] http://10.222.0.83/volume// returned with HTTP 300
Jan 18 16:31:22.101450 dv-cinder-788368-3-smb devstack@c-api.service[109387]: [pid: 109387|app: 0|req: 179/386] 10.222.0.89 () {56 vars in 1098 bytes} [Tue Jan 18 16:31:22 2022] GET /volume/ => generated 386 bytes in 3 msecs (HTTP/1.1 300) 5 headers in 169 bytes (1 switches on core 0)
Jan 18 16:31:22.196610 dv-cinder-788368-3-smb devstack@c-api.service[109386]: /usr/local/lib/python3.8/dist-packages/oslo_context/context.py:105: DeprecationWarning: Policy enforcement is depending on the value of is_admin. This key is deprecated. Please update your policy file to use the standard policy values.
Jan 18 16:31:22.196610 dv-cinder-788368-3-smb devstack@c-api.service[109386]: warnings.warn('Policy enforcement is depending on the value of '
Jan 18 16:31:22.203421 dv-cinder-788368-3-smb devstack@c-api.service[109386]: INFO cinder.volume.api [None req-c7d8c0d0-c26c-4d74-b1b6-91f82706852a tempest-AttachVolumeNegativeTest-1462135837 tempest-AttachVolumeNegativeTest-1462135837-project] Volume info retrieved successfully.
Jan 18 16:31:22.211974 dv-cinder-788368-3-smb devstack@c-api.service[109386]: INFO cinder.api.openstack.wsgi [None req-c7d8c0d0-c26c-4d74-b1b6-91f82706852a tempest-AttachVolumeNegativeTest-1462135837 tempest-AttachVolumeNegativeTest-1462135837-project] http://10.222.0.83/volume/v3/4fb3652773d44be9830a1a26152686c9/volumes/4c0a90f1-8d57-4412-8d1b-6a74f77c5ca7 returned with HTTP 200
Jan 18 16:31:22.212689 dv-cinder-788368-3-smb devstack@c-api.service[109386]: [pid: 109386|app: 0|req: 208/387] 10.222.0.83 () {58 vars in 1324 bytes} [Tue Jan 18 16:31:22 2022] GET /volume/v3/4fb3652773d44be9830a1a26152686c9/volumes/4c0a90f1-8d57-4412-8d1b-6a74f77c5ca7 => generated 915 bytes in 185 msecs (HTTP/1.1 200) 7 headers in 285 bytes (1 switches on core 0)
Jan 18 16:31:22.216222 dv-cinder-788368-3-smb devstack@c-api.service[109386]: INFO cinder.api.openstack.wsgi [req-b07858ff-bdbc-43b8-9a5a-cbf9bf61535d req-cacc1f3d-7503-4bae-a1ec-06804bd37d5a tempest-AttachVolumeNegativeTest-1462135837 tempest-AttachVolumeNegativeTest-1462135837-project] GET http://10.222.0.83/volume/v3/4fb3652773d44be9830a1a26152686c9/volumes/4c0a90f1-8d57-4412-8d1b-6a74f77c5ca7
Jan 18 16:31:22.216694 dv-cinder-788368-3-smb devstack@c-api.service[109386]: DEBUG cinder.api.openstack.wsgi [req-b07858ff-bdbc-43b8-9a5a-cbf9bf61535d req-cacc1f3d-7503-4bae-a1ec-06804bd37d5a tempest-AttachVolumeNegativeTest-1462135837 tempest-AttachVolumeNegativeTest-1462135837-project] Empty body provided in request {{(pid=109386) get_body /opt/stack/cinder/cinder/api/openstack/wsgi.py:715}}
Jan 18 16:31:22.217167 dv-cinder-788368-3-smb devstack@c-api.service[109386]: DEBUG cinder.api.openstack.wsgi [req-b07858ff-bdbc-43b8-9a5a-cbf9bf61535d req-cacc1f3d-7503-4bae-a1ec-06804bd37d5a tempest-AttachVolumeNegativeTest-1462135837 tempest-AttachVolumeNegativeTest-1462135837-project] Calling method 'show' {{(pid=109386) _process_stack /opt/stack/cinder/cinder/api/openstack/wsgi.py:868}}
Jan 18 16:31:22.226739 dv-cinder-788368-3-smb devstack@c-api.service[109387]: INFO cinder.api.openstack.wsgi [None req-0bf19b5d-b249-4747-8884-a6cee6209bd7 tempest-VolumeSnapshotQuotasNegativeTestJSON-176191549 tempest-VolumeSnapshotQuotasNegativeTestJSON-176191549-project] POST http://10.222.0.83/volume/v3/b607500c84b847d2b35c3b896de1724e/volumes
Jan 18 16:31:22.227446 dv-cinder-788368-3-smb devstack@c-api.service[109387]: DEBUG cinder.api.openstack.wsgi [None req-0bf19b5d-b249-4747-8884-a6cee6209bd7 tempest-VolumeSnapshotQuotasNegativeTestJSON-176191549 tempest-VolumeSnapshotQuotasNegativeTestJSON-176191549-project] Action: 'create', calling method: create, body: {"volume": {"size": 1, "name": "tempest-VolumeSnapshotQuotasNegativeTestJSON-Volume-1167416114"}} {{(pid=109387) _process_stack /opt/stack/cinder/cinder/api/openstack/wsgi.py:866}}
Jan 18 16:31:22.228368 dv-cinder-788368-3-smb devstack@c-api.service[109387]: DEBUG cinder.api.v3.volumes [None req-0bf19b5d-b249-4747-8884-a6cee6209bd7 tempest-VolumeSnapshotQuotasNegativeTestJSON-176191549 tempest-VolumeSnapshotQuotasNegativeTestJSON-176191549-project] Create volume request body: {'volume': {'size': 1, 'name': 'tempest-VolumeSnapshotQuotasNegativeTestJSON-Volume-1167416114'}} {{(pid=109387) create /opt/stack/cinder/cinder/api/v3/volumes.py:298}}
Jan 18 16:31:22.228672 dv-cinder-788368-3-smb devstack@c-api.service[109387]: INFO cinder.api.v3.volumes [None req-0bf19b5d-b249-4747-8884-a6cee6209bd7 tempest-VolumeSnapshotQuotasNegativeTestJSON-176191549 tempest-VolumeSnapshotQuotasNegativeTestJSON-176191549-project] Create volume of 1 GB
Jan 18 16:31:22.234789 dv-cinder-788368-3-smb devstack@c-api.service[109386]: /usr/local/lib/python3.8/dist-packages/oslo_context/context.py:105: DeprecationWarning: Policy enforcement is depending on the value of is_admin. This key is deprecated. Please update your policy file to use the standard policy values.
Jan 18 16:31:22.234789 dv-cinder-788368-3-smb devstack@c-api.service[109386]: warnings.warn('Policy enforcement is depending on the value of '
Jan 18 16:31:22.234982 dv-cinder-788368-3-smb devstack@c-api.service[109387]: INFO cinder.volume.api [None req-0bf19b5d-b249-4747-8884-a6cee6209bd7 tempest-VolumeSnapshotQuotasNegativeTestJSON-176191549 tempest-VolumeSnapshotQuotasNegativeTestJSON-176191549-project] Availability Zones retrieved successfully.
Jan 18 16:31:22.243641 dv-cinder-788368-3-smb devstack@c-api.service[109386]: INFO cinder.volume.api [req-b07858ff-bdbc-43b8-9a5a-cbf9bf61535d req-cacc1f3d-7503-4bae-a1ec-06804bd37d5a tempest-AttachVolumeNegativeTest-1462135837 tempest-AttachVolumeNegativeTest-1462135837-project] Volume info retrieved successfully.
Jan 18 16:31:22.251674 dv-cinder-788368-3-smb devstack@c-api.service[109387]: DEBUG cinder.volume.api [None req-0bf19b5d-b249-4747-8884-a6cee6209bd7 tempest-VolumeSnapshotQuotasNegativeTestJSON-176191549 tempest-VolumeSnapshotQuotasNegativeTestJSON-176191549-project] Flow 'volume_create_api' (51be4648-245b-4206-b0aa-8feb6e53df68) transitioned into state 'RUNNING' from state 'PENDING' {{(pid=109387) _flow_receiver /usr/local/lib/python3.8/dist-packages/taskflow/listeners/logging.py:141}}
Jan 18 16:31:22.253785 dv-cinder-788368-3-smb devstack@c-api.service[109386]: INFO cinder.api.openstack.wsgi [req-b07858ff-bdbc-43b8-9a5a-cbf9bf61535d req-cacc1f3d-7503-4bae-a1ec-06804bd37d5a tempest-AttachVolumeNegativeTest-1462135837 tempest-AttachVolumeNegativeTest-1462135837-project] http://10.222.0.83/volume/v3/4fb3652773d44be9830a1a26152686c9/volumes/4c0a90f1-8d57-4412-8d1b-6a74f77c5ca7 returned with HTTP 200
Jan 18 16:31:22.254185 dv-cinder-788368-3-smb devstack@c-api.service[109387]: DEBUG cinder.volume.api [None req-0bf19b5d-b249-4747-8884-a6cee6209bd7 tempest-VolumeSnapshotQuotasNegativeTestJSON-176191549 tempest-VolumeSnapshotQuotasNegativeTestJSON-176191549-project] Task 'cinder.volume.flows.api.create_volume.ExtractVolumeRequestTask;volume:create' (ee7be5ff-6fd7-4eab-b7f5-ae843fa9b750) transitioned into state 'RUNNING' from state 'PENDING' {{(pid=109387) _task_receiver /usr/local/lib/python3.8/dist-packages/taskflow/listeners/logging.py:190}}
Jan 18 16:31:22.254690 dv-cinder-788368-3-smb devstack@c-api.service[109386]: [pid: 109386|app: 0|req: 209/388] 10.222.0.89 () {60 vars in 1412 bytes} [Tue Jan 18 16:31:22 2022] GET /volume/v3/4fb3652773d44be9830a1a26152686c9/volumes/4c0a90f1-8d57-4412-8d1b-6a74f77c5ca7 => generated 1014 bytes in 41 msecs (HTTP/1.1 200) 7 headers in 287 bytes (1 switches on core 0)
Jan 18 16:31:22.257183 dv-cinder-788368-3-smb devstack@c-api.service[109387]: DEBUG cinder.volume.flows.api.create_volume [None req-0bf19b5d-b249-4747-8884-a6cee6209bd7 tempest-VolumeSnapshotQuotasNegativeTestJSON-176191549 tempest-VolumeSnapshotQuotasNegativeTestJSON-176191549-project] Validating volume size '1' using validate_int {{(pid=109387) _extract_size /opt/stack/cinder/cinder/volume/flows/api/create_volume.py:225}}
Jan 18 16:31:22.258631 dv-cinder-788368-3-smb devstack@c-api.service[109386]: INFO cinder.api.openstack.wsgi [None req-2e136fc7-81f4-49e8-9a4e-7f4c24efc110 tempest-VolumesCloneTest-1653775635 tempest-VolumesCloneTest-1653775635-project] GET http://10.222.0.83/volume/v3/f4a0b9291ff147d9b1e960af5704266a/volumes/1ca9a63c-73f2-4fab-b389-612bcda15901
Jan 18 16:31:22.258990 dv-cinder-788368-3-smb devstack@c-api.service[109386]: DEBUG cinder.api.openstack.wsgi [None req-2e136fc7-81f4-49e8-9a4e-7f4c24efc110 tempest-VolumesCloneTest-1653775635 tempest-VolumesCloneTest-1653775635-project] Empty body provided in request {{(pid=109386) get_body /opt/stack/cinder/cinder/api/openstack/wsgi.py:715}}
Jan 18 16:31:22.259401 dv-cinder-788368-3-smb devstack@c-api.service[109386]: DEBUG cinder.api.openstack.wsgi [None req-2e136fc7-81f4-49e8-9a4e-7f4c24efc110 tempest-VolumesCloneTest-1653775635 tempest-VolumesCloneTest-1653775635-project] Calling method 'show' {{(pid=109386) _process_stack /opt/stack/cinder/cinder/api/openstack/wsgi.py:868}}
Jan 18 16:31:22.274668 dv-cinder-788368-3-smb devstack@c-api.service[109386]: /usr/local/lib/python3.8/dist-packages/oslo_context/context.py:105: DeprecationWarning: Policy enforcement is depending on the value of is_admin. This key is deprecated. Please update your policy file to use the standard policy values.
Jan 18 16:31:22.274668 dv-cinder-788368-3-smb devstack@c-api.service[109386]: warnings.warn('Policy enforcement is depending on the value of '
Jan 18 16:31:22.282758 dv-cinder-788368-3-smb devstack@c-api.service[109386]: INFO cinder.volume.api [None req-2e136fc7-81f4-49e8-9a4e-7f4c24efc110 tempest-VolumesCloneTest-1653775635 tempest-VolumesCloneTest-1653775635-project] Volume info retrieved successfully.
Jan 18 16:31:22.290461 dv-cinder-788368-3-smb devstack@c-api.service[109387]: DEBUG cinder.volume.api [None req-0bf19b5d-b249-4747-8884-a6cee6209bd7 tempest-VolumeSnapshotQuotasNegativeTestJSON-176191549 tempest-VolumeSnapshotQuotasNegativeTestJSON-176191549-project] Task 'cinder.volume.flows.api.create_volume.ExtractVolumeRequestTask;volume:create' (ee7be5ff-6fd7-4eab-b7f5-ae843fa9b750) transitioned into state 'SUCCESS' from state 'RUNNING' with result '{'size': 1, 'snapshot_id': None, 'source_volid': None, 'volume_type': VolumeType(created_at=2022-01-18T16:20:51Z,deleted=False,deleted_at=None,description='Default Volume Type',extra_specs={},id=501ebdcd-dc2c-40c7-b7b6-e03b0de0885f,is_public=True,name='__DEFAULT__',projects=[],qos_specs=,qos_specs_id=None,updated_at=2022-01-18T16:20:51Z), 'volume_type_id': '501ebdcd-dc2c-40c7-b7b6-e03b0de0885f', 'encryption_key_id': None, 'qos_specs': None, 'consistencygroup_id': None, 'cgsnapshot_id': None, 'group_id': None, 'replication_status': 'disabled', 'refresh_az': False, 'backup_id': None, 'multiattach': False, 'availability_zones': ['nova']}' {{(pid=109387) _task_receiver /usr/local/lib/python3.8/dist-packages/taskflow/listeners/logging.py:178}}
Jan 18 16:31:22.292622 dv-cinder-788368-3-smb devstack@c-api.service[109387]: DEBUG cinder.volume.api [None req-0bf19b5d-b249-4747-8884-a6cee6209bd7 tempest-VolumeSnapshotQuotasNegativeTestJSON-176191549 tempest-VolumeSnapshotQuotasNegativeTestJSON-176191549-project] Task 'cinder.volume.flows.api.create_volume.QuotaReserveTask;volume:create' (d150d44f-0aab-4f34-bde6-9099a6045a6e) transitioned into state 'RUNNING' from state 'PENDING' {{(pid=109387) _task_receiver /usr/local/lib/python3.8/dist-packages/taskflow/listeners/logging.py:190}}
Jan 18 16:31:22.293587 dv-cinder-788368-3-smb devstack@c-api.service[109386]: INFO cinder.api.openstack.wsgi [None req-2e136fc7-81f4-49e8-9a4e-7f4c24efc110 tempest-VolumesCloneTest-1653775635 tempest-VolumesCloneTest-1653775635-project] http://10.222.0.83/volume/v3/f4a0b9291ff147d9b1e960af5704266a/volumes/1ca9a63c-73f2-4fab-b389-612bcda15901 returned with HTTP 200
Jan 18 16:31:22.294350 dv-cinder-788368-3-smb devstack@c-api.service[109386]: [pid: 109386|app: 0|req: 210/389] 10.222.0.83 () {58 vars in 1324 bytes} [Tue Jan 18 16:31:22 2022] GET /volume/v3/f4a0b9291ff147d9b1e960af5704266a/volumes/1ca9a63c-73f2-4fab-b389-612bcda15901 => generated 908 bytes in 39 msecs (HTTP/1.1 200) 7 headers in 285 bytes (1 switches on core 0)
Jan 18 16:31:22.301253 dv-cinder-788368-3-smb devstack@c-api.service[109386]: INFO cinder.api.openstack.wsgi [None req-d267c530-1603-44b9-97bd-9d0e92d4a5c0 tempest-VolumeTypesAccessTest-1770728873 tempest-VolumeTypesAccessTest-1770728873-project] GET http://10.222.0.83/volume/v3/45daf9686c954c9fb16c48306ea54338/volumes/69e74e63-0c09-4a90-87a8-05f62af92a51
Jan 18 16:31:22.301689 dv-cinder-788368-3-smb devstack@c-api.service[109386]: DEBUG cinder.api.openstack.wsgi [None req-d267c530-1603-44b9-97bd-9d0e92d4a5c0 tempest-VolumeTypesAccessTest-1770728873 tempest-VolumeTypesAccessTest-1770728873-project] Empty body provided in request {{(pid=109386) get_body /opt/stack/cinder/cinder/api/openstack/wsgi.py:715}}
Jan 18 16:31:22.302233 dv-cinder-788368-3-smb devstack@c-api.service[109386]: DEBUG cinder.api.openstack.wsgi [None req-d267c530-1603-44b9-97bd-9d0e92d4a5c0 tempest-VolumeTypesAccessTest-1770728873 tempest-VolumeTypesAccessTest-1770728873-project] Calling method 'show' {{(pid=109386) _process_stack /opt/stack/cinder/cinder/api/openstack/wsgi.py:868}}
Jan 18 16:31:22.313895 dv-cinder-788368-3-smb devstack@c-api.service[109386]: INFO cinder.api.openstack.wsgi [None req-d267c530-1603-44b9-97bd-9d0e92d4a5c0 tempest-VolumeTypesAccessTest-1770728873 tempest-VolumeTypesAccessTest-1770728873-project] http://10.222.0.83/volume/v3/45daf9686c954c9fb16c48306ea54338/volumes/69e74e63-0c09-4a90-87a8-05f62af92a51 returned with HTTP 404
Jan 18 16:31:22.314780 dv-cinder-788368-3-smb devstack@c-api.service[109386]: [pid: 109386|app: 0|req: 211/390] 10.222.0.83 () {58 vars in 1324 bytes} [Tue Jan 18 16:31:22 2022] GET /volume/v3/45daf9686c954c9fb16c48306ea54338/volumes/69e74e63-0c09-4a90-87a8-05f62af92a51 => generated 109 bytes in 20 msecs (HTTP/1.1 404) 7 headers in 292 bytes (1 switches on core 0)
Jan 18 16:31:22.319714 dv-cinder-788368-3-smb devstack@c-api.service[109386]: INFO cinder.api.openstack.wsgi [req-b07858ff-bdbc-43b8-9a5a-cbf9bf61535d req-c432d2f8-8789-44cc-981c-50a6ce0c2078 tempest-AttachVolumeNegativeTest-1462135837 tempest-AttachVolumeNegativeTest-1462135837-project] PUT http://10.222.0.83/volume/v3/4fb3652773d44be9830a1a26152686c9/attachments/ed9e06ca-ebc2-47e8-a630-ca92098e371c
Jan 18 16:31:22.320447 dv-cinder-788368-3-smb devstack@c-api.service[109386]: DEBUG cinder.api.openstack.wsgi [req-b07858ff-bdbc-43b8-9a5a-cbf9bf61535d req-c432d2f8-8789-44cc-981c-50a6ce0c2078 tempest-AttachVolumeNegativeTest-1462135837 tempest-AttachVolumeNegativeTest-1462135837-project] Action: 'update', calling method: version_select, body: {"attachment": {"connector": {"platform": "AMD64", "os_type": "win32", "ip": "10.222.0.89", "host": "hv-cinder-78836", "multipath": false, "initiator": "iqn.1991-05.com.microsoft:hv-cinder-78836", "mountpoint": "/dev/sdb"}}} {{(pid=109386) _process_stack /opt/stack/cinder/cinder/api/openstack/wsgi.py:866}}
Jan 18 16:31:22.338752 dv-cinder-788368-3-smb devstack@c-api.service[109386]: /usr/local/lib/python3.8/dist-packages/tenacity/__init__.py:333: DeprecationWarning: "retry" function must accept single "retry_state" parameter, please update tooz._retry.retry..
Jan 18 16:31:22.338752 dv-cinder-788368-3-smb devstack@c-api.service[109386]: return self(f, *args, **kw)
Jan 18 16:31:22.339196 dv-cinder-788368-3-smb devstack@c-api.service[109386]: DEBUG cinder.coordination [req-b07858ff-bdbc-43b8-9a5a-cbf9bf61535d req-c432d2f8-8789-44cc-981c-50a6ce0c2078 tempest-AttachVolumeNegativeTest-1462135837 tempest-AttachVolumeNegativeTest-1462135837-project] Lock "b'cinder-attachment_update-4c0a90f1-8d57-4412-8d1b-6a74f77c5ca7-hv-cinder-78836'" acquired by "attachment_update" :: waited 0.008s {{(pid=109386) _synchronized /opt/stack/cinder/cinder/coordination.py:186}}
Jan 18 16:31:22.341258 dv-cinder-788368-3-smb devstack@c-api.service[109386]: /usr/local/lib/python3.8/dist-packages/oslo_context/context.py:105: DeprecationWarning: Policy enforcement is depending on the value of is_admin. This key is deprecated. Please update your policy file to use the standard policy values.
Jan 18 16:31:22.341258 dv-cinder-788368-3-smb devstack@c-api.service[109386]: warnings.warn('Policy enforcement is depending on the value of '
Jan 18 16:31:22.393574 dv-cinder-788368-3-smb devstack@c-api.service[109387]: DEBUG cinder.quota [None req-0bf19b5d-b249-4747-8884-a6cee6209bd7 tempest-VolumeSnapshotQuotasNegativeTestJSON-176191549 tempest-VolumeSnapshotQuotasNegativeTestJSON-176191549-project] Created reservations ['04b43b56-ec84-406a-a70b-d953fd4c80b0', 'd6e3f07a-ce59-43bf-853e-431dcb1623f6', '036b8673-bf72-4b4b-96f2-a8962d01add1', 'c5292e5c-1bc1-49ef-b90f-c439cd6e405a'] {{(pid=109387) reserve /opt/stack/cinder/cinder/quota.py:755}}
Jan 18 16:31:22.395247 dv-cinder-788368-3-smb devstack@c-api.service[109387]: DEBUG cinder.volume.api [None req-0bf19b5d-b249-4747-8884-a6cee6209bd7 tempest-VolumeSnapshotQuotasNegativeTestJSON-176191549 tempest-VolumeSnapshotQuotasNegativeTestJSON-176191549-project] Task 'cinder.volume.flows.api.create_volume.QuotaReserveTask;volume:create' (d150d44f-0aab-4f34-bde6-9099a6045a6e) transitioned into state 'SUCCESS' from state 'RUNNING' with result '{'reservations': ['04b43b56-ec84-406a-a70b-d953fd4c80b0', 'd6e3f07a-ce59-43bf-853e-431dcb1623f6', '036b8673-bf72-4b4b-96f2-a8962d01add1', 'c5292e5c-1bc1-49ef-b90f-c439cd6e405a']}' {{(pid=109387) _task_receiver /usr/local/lib/python3.8/dist-packages/taskflow/listeners/logging.py:178}}
Jan 18 16:31:22.398163 dv-cinder-788368-3-smb devstack@c-api.service[109387]: DEBUG cinder.volume.api [None req-0bf19b5d-b249-4747-8884-a6cee6209bd7 tempest-VolumeSnapshotQuotasNegativeTestJSON-176191549 tempest-VolumeSnapshotQuotasNegativeTestJSON-176191549-project] Task 'cinder.volume.flows.api.create_volume.EntryCreateTask;volume:create' (10547607-4816-46c1-9c48-09a23e2ea608) transitioned into state 'RUNNING' from state 'PENDING' {{(pid=109387) _task_receiver /usr/local/lib/python3.8/dist-packages/taskflow/listeners/logging.py:190}}
