Sep 03 13:51:31.955054 dv-cinder-788367-6-smb devstack@c-api.service[107147]: INFO cinder.api.openstack.wsgi [None req-212fed56-b673-4e60-8343-f4c555dcc0f0 tempest-VolumeTypesTest-563400100 tempest-VolumeTypesTest-563400100-project-admin] DELETE http://10.222.0.32/volume/v3/8303c238edab479cab3c9d5545fcd7aa/types/d42f8c8f-722b-44e6-8383-1caf999b9308
Sep 03 13:51:31.955606 dv-cinder-788367-6-smb devstack@c-api.service[107147]: DEBUG cinder.api.openstack.wsgi [None req-212fed56-b673-4e60-8343-f4c555dcc0f0 tempest-VolumeTypesTest-563400100 tempest-VolumeTypesTest-563400100-project-admin] Empty body provided in request {{(pid=107147) get_body /opt/stack/cinder/cinder/api/openstack/wsgi.py:703}}
Sep 03 13:51:31.956186 dv-cinder-788367-6-smb devstack@c-api.service[107147]: DEBUG cinder.api.openstack.wsgi [None req-212fed56-b673-4e60-8343-f4c555dcc0f0 tempest-VolumeTypesTest-563400100 tempest-VolumeTypesTest-563400100-project-admin] Calling method '_delete' {{(pid=107147) _process_stack /opt/stack/cinder/cinder/api/openstack/wsgi.py:856}}
Sep 03 13:51:32.014708 dv-cinder-788367-6-smb devstack@c-api.service[107148]: INFO cinder.api.openstack.wsgi [None req-d26dd20a-4754-40da-8dea-210af2e1b64a tempest-VolumeTypesExtraSpecsTest-676592589 tempest-VolumeTypesExtraSpecsTest-676592589-project-admin] POST http://10.222.0.32/volume/v3/10005ee297a84c3ca03cb0c51cd013e6/types
Sep 03 13:51:32.015501 dv-cinder-788367-6-smb devstack@c-api.service[107148]: DEBUG cinder.api.openstack.wsgi [None req-d26dd20a-4754-40da-8dea-210af2e1b64a tempest-VolumeTypesExtraSpecsTest-676592589 tempest-VolumeTypesExtraSpecsTest-676592589-project-admin] Action: 'create', calling method: _create, body: {"volume_type": {"name": "tempest-VolumeTypesExtraSpecsTest-volume-type-1832456809"}} {{(pid=107148) _process_stack /opt/stack/cinder/cinder/api/openstack/wsgi.py:854}}
Sep 03 13:51:32.028277 dv-cinder-788367-6-smb devstack@c-api.service[107147]: INFO cinder.api.openstack.wsgi [None req-212fed56-b673-4e60-8343-f4c555dcc0f0 tempest-VolumeTypesTest-563400100 tempest-VolumeTypesTest-563400100-project-admin] http://10.222.0.32/volume/v3/8303c238edab479cab3c9d5545fcd7aa/types/d42f8c8f-722b-44e6-8383-1caf999b9308 returned with HTTP 202
Sep 03 13:51:32.029410 dv-cinder-788367-6-smb devstack@c-api.service[107147]: [pid: 107147|app: 0|req: 210/452] 10.222.0.32 () {58 vars in 1322 bytes} [Fri Sep 3 13:51:31 2021] DELETE /volume/v3/8303c238edab479cab3c9d5545fcd7aa/types/d42f8c8f-722b-44e6-8383-1caf999b9308 => generated 0 bytes in 79 msecs (HTTP/1.1 202) 6 headers in 233 bytes (1 switches on core 0)
Sep 03 13:51:32.038095 dv-cinder-788367-6-smb devstack@c-api.service[107147]: INFO cinder.api.openstack.wsgi [None req-4f57e1fa-9119-4490-bd3c-9b42e899ec1c tempest-VolumeTypesTest-563400100 tempest-VolumeTypesTest-563400100-project-admin] GET http://10.222.0.32/volume/v3/8303c238edab479cab3c9d5545fcd7aa/types/d42f8c8f-722b-44e6-8383-1caf999b9308
Sep 03 13:51:32.038611 dv-cinder-788367-6-smb devstack@c-api.service[107147]: DEBUG cinder.api.openstack.wsgi [None req-4f57e1fa-9119-4490-bd3c-9b42e899ec1c tempest-VolumeTypesTest-563400100 tempest-VolumeTypesTest-563400100-project-admin] Empty body provided in request {{(pid=107147) get_body /opt/stack/cinder/cinder/api/openstack/wsgi.py:703}}
Sep 03 13:51:32.039119 dv-cinder-788367-6-smb devstack@c-api.service[107147]: DEBUG cinder.api.openstack.wsgi [None req-4f57e1fa-9119-4490-bd3c-9b42e899ec1c tempest-VolumeTypesTest-563400100 tempest-VolumeTypesTest-563400100-project-admin] Calling method 'show' {{(pid=107147) _process_stack /opt/stack/cinder/cinder/api/openstack/wsgi.py:856}}
Sep 03 13:51:32.041247 dv-cinder-788367-6-smb devstack@c-api.service[107148]: INFO cinder.api.openstack.wsgi [None req-d26dd20a-4754-40da-8dea-210af2e1b64a tempest-VolumeTypesExtraSpecsTest-676592589 tempest-VolumeTypesExtraSpecsTest-676592589-project-admin] http://10.222.0.32/volume/v3/10005ee297a84c3ca03cb0c51cd013e6/types returned with HTTP 200
Sep 03 13:51:32.043183 dv-cinder-788367-6-smb devstack@c-api.service[107148]: [pid: 107148|app: 0|req: 243/453] 10.222.0.32 () {60 vars in 1229 bytes} [Fri Sep 3 13:51:31 2021] POST /volume/v3/10005ee297a84c3ca03cb0c51cd013e6/types => generated 231 bytes in 201 msecs (HTTP/1.1 200) 7 headers in 285 bytes (1 switches on core 0)
Sep 03 13:51:32.052816 dv-cinder-788367-6-smb devstack@c-api.service[107147]: INFO cinder.api.openstack.wsgi [None req-4f57e1fa-9119-4490-bd3c-9b42e899ec1c tempest-VolumeTypesTest-563400100 tempest-VolumeTypesTest-563400100-project-admin] http://10.222.0.32/volume/v3/8303c238edab479cab3c9d5545fcd7aa/types/d42f8c8f-722b-44e6-8383-1caf999b9308 returned with HTTP 404
Sep 03 13:51:32.053738 dv-cinder-788367-6-smb devstack@c-api.service[107147]: [pid: 107147|app: 0|req: 211/454] 10.222.0.32 () {58 vars in 1319 bytes} [Fri Sep 3 13:51:32 2021] GET /volume/v3/8303c238edab479cab3c9d5545fcd7aa/types/d42f8c8f-722b-44e6-8383-1caf999b9308 => generated 114 bytes in 21 msecs (HTTP/1.1 404) 7 headers in 292 bytes (1 switches on core 0)
Sep 03 13:51:32.057093 dv-cinder-788367-6-smb devstack@c-api.service[107148]: INFO cinder.api.openstack.wsgi [None req-a1155ff6-fc82-48bb-899f-4ac0bf136e9a tempest-VolumeTypesExtraSpecsTest-676592589 tempest-VolumeTypesExtraSpecsTest-676592589-project-admin] POST http://10.222.0.32/volume/v3/10005ee297a84c3ca03cb0c51cd013e6/types/e13e5126-e183-428b-9ee5-f19233d87de0/extra_specs
Sep 03 13:51:32.057826 dv-cinder-788367-6-smb devstack@c-api.service[107148]: DEBUG cinder.api.openstack.wsgi [None req-a1155ff6-fc82-48bb-899f-4ac0bf136e9a tempest-VolumeTypesExtraSpecsTest-676592589 tempest-VolumeTypesExtraSpecsTest-676592589-project-admin] Action: 'create', calling method: create, body: {"extra_specs": {"spec3": "val1"}} {{(pid=107148) _process_stack /opt/stack/cinder/cinder/api/openstack/wsgi.py:854}}
Sep 03 13:51:32.068137 dv-cinder-788367-6-smb devstack@c-api.service[107147]: INFO cinder.api.openstack.wsgi [None req-f499b24e-8df3-4615-9bca-8dd881490462 tempest-VolumeTypesTest-563400100 tempest-VolumeTypesTest-563400100-project-admin] DELETE http://10.222.0.32/volume/v3/8303c238edab479cab3c9d5545fcd7aa/types/f31150c0-f700-4bd1-8b25-bc6ec41355e0
Sep 03 13:51:32.068729 dv-cinder-788367-6-smb devstack@c-api.service[107147]: DEBUG cinder.api.openstack.wsgi [None req-f499b24e-8df3-4615-9bca-8dd881490462 tempest-VolumeTypesTest-563400100 tempest-VolumeTypesTest-563400100-project-admin] Empty body provided in request {{(pid=107147) get_body /opt/stack/cinder/cinder/api/openstack/wsgi.py:703}}
Sep 03 13:51:32.069164 dv-cinder-788367-6-smb devstack@c-api.service[107147]: DEBUG cinder.api.openstack.wsgi [None req-f499b24e-8df3-4615-9bca-8dd881490462 tempest-VolumeTypesTest-563400100 tempest-VolumeTypesTest-563400100-project-admin] Calling method '_delete' {{(pid=107147) _process_stack /opt/stack/cinder/cinder/api/openstack/wsgi.py:856}}
Sep 03 13:51:32.125548 dv-cinder-788367-6-smb devstack@c-api.service[107147]: INFO cinder.api.openstack.wsgi [None req-f499b24e-8df3-4615-9bca-8dd881490462 tempest-VolumeTypesTest-563400100 tempest-VolumeTypesTest-563400100-project-admin] http://10.222.0.32/volume/v3/8303c238edab479cab3c9d5545fcd7aa/types/f31150c0-f700-4bd1-8b25-bc6ec41355e0 returned with HTTP 202
Sep 03 13:51:32.126515 dv-cinder-788367-6-smb devstack@c-api.service[107147]: [pid: 107147|app: 0|req: 212/455] 10.222.0.32 () {58 vars in 1322 bytes} [Fri Sep 3 13:51:32 2021] DELETE /volume/v3/8303c238edab479cab3c9d5545fcd7aa/types/f31150c0-f700-4bd1-8b25-bc6ec41355e0 => generated 0 bytes in 68 msecs (HTTP/1.1 202) 6 headers in 233 bytes (1 switches on core 0)
Sep 03 13:51:32.134337 dv-cinder-788367-6-smb devstack@c-api.service[107147]: INFO cinder.api.openstack.wsgi [None req-0bfc7b69-dc68-4a05-940e-384ea24b1979 tempest-VolumeTypesTest-563400100 tempest-VolumeTypesTest-563400100-project-admin] GET http://10.222.0.32/volume/v3/8303c238edab479cab3c9d5545fcd7aa/types/f31150c0-f700-4bd1-8b25-bc6ec41355e0
Sep 03 13:51:32.134849 dv-cinder-788367-6-smb devstack@c-api.service[107147]: DEBUG cinder.api.openstack.wsgi [None req-0bfc7b69-dc68-4a05-940e-384ea24b1979 tempest-VolumeTypesTest-563400100 tempest-VolumeTypesTest-563400100-project-admin] Empty body provided in request {{(pid=107147) get_body /opt/stack/cinder/cinder/api/openstack/wsgi.py:703}}
Sep 03 13:51:32.135292 dv-cinder-788367-6-smb devstack@c-api.service[107147]: DEBUG cinder.api.openstack.wsgi [None req-0bfc7b69-dc68-4a05-940e-384ea24b1979 tempest-VolumeTypesTest-563400100 tempest-VolumeTypesTest-563400100-project-admin] Calling method 'show' {{(pid=107147) _process_stack /opt/stack/cinder/cinder/api/openstack/wsgi.py:856}}
Sep 03 13:51:32.140777 dv-cinder-788367-6-smb devstack@c-api.service[107147]: INFO cinder.api.openstack.wsgi [None req-0bfc7b69-dc68-4a05-940e-384ea24b1979 tempest-VolumeTypesTest-563400100 tempest-VolumeTypesTest-563400100-project-admin] http://10.222.0.32/volume/v3/8303c238edab479cab3c9d5545fcd7aa/types/f31150c0-f700-4bd1-8b25-bc6ec41355e0 returned with HTTP 404
Sep 03 13:51:32.141295 dv-cinder-788367-6-smb devstack@c-api.service[107147]: [pid: 107147|app: 0|req: 213/456] 10.222.0.32 () {58 vars in 1319 bytes} [Fri Sep 3 13:51:32 2021] GET /volume/v3/8303c238edab479cab3c9d5545fcd7aa/types/f31150c0-f700-4bd1-8b25-bc6ec41355e0 => generated 114 bytes in 11 msecs (HTTP/1.1 404) 7 headers in 292 bytes (2 switches on core 0)
Sep 03 13:51:32.149396 dv-cinder-788367-6-smb devstack@c-api.service[107147]: INFO cinder.api.openstack.wsgi [None req-3cd2ec76-54ea-4484-a370-0c74bba3304a tempest-VolumeTypesTest-845151389 tempest-VolumeTypesTest-845151389-project] DELETE http://10.222.0.32/volume/v3/2c2ea5e6deb9480ba2371ab4fb468f08/volumes/17982852-c234-4ab2-92aa-c777aadcbab0
Sep 03 13:51:32.150088 dv-cinder-788367-6-smb devstack@c-api.service[107147]: DEBUG cinder.api.openstack.wsgi [None req-3cd2ec76-54ea-4484-a370-0c74bba3304a tempest-VolumeTypesTest-845151389 tempest-VolumeTypesTest-845151389-project] Empty body provided in request {{(pid=107147) get_body /opt/stack/cinder/cinder/api/openstack/wsgi.py:703}}
Sep 03 13:51:32.150570 dv-cinder-788367-6-smb devstack@c-api.service[107147]: DEBUG cinder.api.openstack.wsgi [None req-3cd2ec76-54ea-4484-a370-0c74bba3304a tempest-VolumeTypesTest-845151389 tempest-VolumeTypesTest-845151389-project] Calling method 'delete' {{(pid=107147) _process_stack /opt/stack/cinder/cinder/api/openstack/wsgi.py:856}}
Sep 03 13:51:32.151074 dv-cinder-788367-6-smb devstack@c-api.service[107147]: INFO cinder.api.v3.volumes [None req-3cd2ec76-54ea-4484-a370-0c74bba3304a tempest-VolumeTypesTest-845151389 tempest-VolumeTypesTest-845151389-project] Delete volume with id: 17982852-c234-4ab2-92aa-c777aadcbab0
Sep 03 13:51:32.166306 dv-cinder-788367-6-smb devstack@c-api.service[107148]: INFO cinder.api.openstack.wsgi [None req-a1155ff6-fc82-48bb-899f-4ac0bf136e9a tempest-VolumeTypesExtraSpecsTest-676592589 tempest-VolumeTypesExtraSpecsTest-676592589-project-admin] http://10.222.0.32/volume/v3/10005ee297a84c3ca03cb0c51cd013e6/types/e13e5126-e183-428b-9ee5-f19233d87de0/extra_specs returned with HTTP 200
Sep 03 13:51:32.171090 dv-cinder-788367-6-smb devstack@c-api.service[107148]: [pid: 107148|app: 0|req: 244/457] 10.222.0.32 () {60 vars in 1376 bytes} [Fri Sep 3 13:51:32 2021] POST /volume/v3/10005ee297a84c3ca03cb0c51cd013e6/types/e13e5126-e183-428b-9ee5-f19233d87de0/extra_specs => generated 34 bytes in 118 msecs (HTTP/1.1 200) 7 headers in 284 bytes (1 switches on core 0)
Sep 03 13:51:32.171216 dv-cinder-788367-6-smb devstack@c-api.service[107147]: /usr/local/lib/python3.8/dist-packages/oslo_context/context.py:105: DeprecationWarning: Policy enforcement is depending on the value of is_admin. This key is deprecated. Please update your policy file to use the standard policy values.
Sep 03 13:51:32.171216 dv-cinder-788367-6-smb devstack@c-api.service[107147]: warnings.warn('Policy enforcement is depending on the value of '
Sep 03 13:51:32.171216 dv-cinder-788367-6-smb devstack@c-api.service[107147]: INFO cinder.volume.api [None req-3cd2ec76-54ea-4484-a370-0c74bba3304a tempest-VolumeTypesTest-845151389 tempest-VolumeTypesTest-845151389-project] Volume info retrieved successfully.
Sep 03 13:51:32.179793 dv-cinder-788367-6-smb devstack@c-api.service[107148]: INFO cinder.api.openstack.wsgi [None req-a679ec35-f161-4586-b065-8fa8ad3f65d2 tempest-VolumeTypesExtraSpecsTest-676592589 tempest-VolumeTypesExtraSpecsTest-676592589-project-admin] GET http://10.222.0.32/volume/v3/10005ee297a84c3ca03cb0c51cd013e6/types/e13e5126-e183-428b-9ee5-f19233d87de0/extra_specs/spec3
Sep 03 13:51:32.180250 dv-cinder-788367-6-smb devstack@c-api.service[107148]: DEBUG cinder.api.openstack.wsgi [None req-a679ec35-f161-4586-b065-8fa8ad3f65d2 tempest-VolumeTypesExtraSpecsTest-676592589 tempest-VolumeTypesExtraSpecsTest-676592589-project-admin] Empty body provided in request {{(pid=107148) get_body /opt/stack/cinder/cinder/api/openstack/wsgi.py:703}}
Sep 03 13:51:32.180672 dv-cinder-788367-6-smb devstack@c-api.service[107148]: DEBUG cinder.api.openstack.wsgi [None req-a679ec35-f161-4586-b065-8fa8ad3f65d2 tempest-VolumeTypesExtraSpecsTest-676592589 tempest-VolumeTypesExtraSpecsTest-676592589-project-admin] Calling method 'show' {{(pid=107148) _process_stack /opt/stack/cinder/cinder/api/openstack/wsgi.py:856}}
Sep 03 13:51:32.196280 dv-cinder-788367-6-smb devstack@c-api.service[107148]: INFO cinder.api.openstack.wsgi [None req-a679ec35-f161-4586-b065-8fa8ad3f65d2 tempest-VolumeTypesExtraSpecsTest-676592589 tempest-VolumeTypesExtraSpecsTest-676592589-project-admin] http://10.222.0.32/volume/v3/10005ee297a84c3ca03cb0c51cd013e6/types/e13e5126-e183-428b-9ee5-f19233d87de0/extra_specs/spec3 returned with HTTP 200
Sep 03 13:51:32.197409 dv-cinder-788367-6-smb devstack@c-api.service[107148]: [pid: 107148|app: 0|req: 245/458] 10.222.0.32 () {58 vars in 1373 bytes} [Fri Sep 3 13:51:32 2021] GET /volume/v3/10005ee297a84c3ca03cb0c51cd013e6/types/e13e5126-e183-428b-9ee5-f19233d87de0/extra_specs/spec3 => generated 17 bytes in 23 msecs (HTTP/1.1 200) 7 headers in 284 bytes (1 switches on core 0)
Sep 03 13:51:32.208740 dv-cinder-788367-6-smb devstack@c-api.service[107148]: INFO cinder.api.openstack.wsgi [None req-7a4862a7-7ebb-4a21-bcd9-e5e274cb50d8 tempest-VolumeTypesExtraSpecsTest-676592589 tempest-VolumeTypesExtraSpecsTest-676592589-project-admin] DELETE http://10.222.0.32/volume/v3/10005ee297a84c3ca03cb0c51cd013e6/types/e13e5126-e183-428b-9ee5-f19233d87de0/extra_specs/spec3
Sep 03 13:51:32.209266 dv-cinder-788367-6-smb devstack@c-api.service[107148]: DEBUG cinder.api.openstack.wsgi [None req-7a4862a7-7ebb-4a21-bcd9-e5e274cb50d8 tempest-VolumeTypesExtraSpecsTest-676592589 tempest-VolumeTypesExtraSpecsTest-676592589-project-admin] Empty body provided in request {{(pid=107148) get_body /opt/stack/cinder/cinder/api/openstack/wsgi.py:703}}
Sep 03 13:51:32.209703 dv-cinder-788367-6-smb devstack@c-api.service[107148]: DEBUG cinder.api.openstack.wsgi [None req-7a4862a7-7ebb-4a21-bcd9-e5e274cb50d8 tempest-VolumeTypesExtraSpecsTest-676592589 tempest-VolumeTypesExtraSpecsTest-676592589-project-admin] Calling method 'delete' {{(pid=107148) _process_stack /opt/stack/cinder/cinder/api/openstack/wsgi.py:856}}
Sep 03 13:51:32.216735 dv-cinder-788367-6-smb devstack@c-api.service[107147]: INFO cinder.volume.api [None req-3cd2ec76-54ea-4484-a370-0c74bba3304a tempest-VolumeTypesTest-845151389 tempest-VolumeTypesTest-845151389-project] Delete volume request issued successfully.
Sep 03 13:51:32.218092 dv-cinder-788367-6-smb devstack@c-api.service[107147]: INFO cinder.api.openstack.wsgi [None req-3cd2ec76-54ea-4484-a370-0c74bba3304a tempest-VolumeTypesTest-845151389 tempest-VolumeTypesTest-845151389-project] http://10.222.0.32/volume/v3/2c2ea5e6deb9480ba2371ab4fb468f08/volumes/17982852-c234-4ab2-92aa-c777aadcbab0 returned with HTTP 202
Sep 03 13:51:32.219437 dv-cinder-788367-6-smb devstack@c-api.service[107147]: [pid: 107147|app: 0|req: 214/459] 10.222.0.32 () {58 vars in 1328 bytes} [Fri Sep 3 13:51:32 2021] DELETE /volume/v3/2c2ea5e6deb9480ba2371ab4fb468f08/volumes/17982852-c234-4ab2-92aa-c777aadcbab0 => generated 0 bytes in 74 msecs (HTTP/1.1 202) 6 headers in 233 bytes (1 switches on core 0)
Sep 03 13:51:32.228166 dv-cinder-788367-6-smb devstack@c-api.service[107147]: INFO cinder.api.openstack.wsgi [None req-f1132c54-8bea-465a-acc6-8c110a54e06c tempest-VolumesListAdminTestJSON-1861287055 tempest-VolumesListAdminTestJSON-1861287055-project-admin] GET http://10.222.0.32/volume/v3/0a21f36d83804a75b41f3de17c3fc9f1/volumes/be67b1a9-6f99-495b-a36b-6dbf7d64d2ef
Sep 03 13:51:32.229263 dv-cinder-788367-6-smb devstack@c-api.service[107147]: DEBUG cinder.api.openstack.wsgi [None req-f1132c54-8bea-465a-acc6-8c110a54e06c tempest-VolumesListAdminTestJSON-1861287055 tempest-VolumesListAdminTestJSON-1861287055-project-admin] Empty body provided in request {{(pid=107147) get_body /opt/stack/cinder/cinder/api/openstack/wsgi.py:703}}
Sep 03 13:51:32.229661 dv-cinder-788367-6-smb devstack@c-api.service[107147]: /usr/local/lib/python3.8/dist-packages/webob/acceptparse.py:1047: DeprecationWarning: The behavior of AcceptValidHeader.best_match is currently being maintained for backward compatibility, but it will be deprecated in the future, as it does not conform to the RFC.
Sep 03 13:51:32.229661 dv-cinder-788367-6-smb devstack@c-api.service[107147]: warnings.warn(
Sep 03 13:51:32.230240 dv-cinder-788367-6-smb devstack@c-api.service[107147]: DEBUG cinder.api.openstack.wsgi [None req-f1132c54-8bea-465a-acc6-8c110a54e06c tempest-VolumesListAdminTestJSON-1861287055 tempest-VolumesListAdminTestJSON-1861287055-project-admin] Calling method 'show' {{(pid=107147) _process_stack /opt/stack/cinder/cinder/api/openstack/wsgi.py:856}}
Sep 03 13:51:32.251634 dv-cinder-788367-6-smb devstack@c-api.service[107147]: /usr/local/lib/python3.8/dist-packages/oslo_context/context.py:105: DeprecationWarning: Policy enforcement is depending on the value of is_admin. This key is deprecated. Please update your policy file to use the standard policy values.
Sep 03 13:51:32.251634 dv-cinder-788367-6-smb devstack@c-api.service[107147]: warnings.warn('Policy enforcement is depending on the value of '
Sep 03 13:51:32.252463 dv-cinder-788367-6-smb devstack@c-api.service[107148]: INFO cinder.api.openstack.wsgi [None req-7a4862a7-7ebb-4a21-bcd9-e5e274cb50d8 tempest-VolumeTypesExtraSpecsTest-676592589 tempest-VolumeTypesExtraSpecsTest-676592589-project-admin] http://10.222.0.32/volume/v3/10005ee297a84c3ca03cb0c51cd013e6/types/e13e5126-e183-428b-9ee5-f19233d87de0/extra_specs/spec3 returned with HTTP 202
Sep 03 13:51:32.255098 dv-cinder-788367-6-smb devstack@c-api.service[107148]: [pid: 107148|app: 0|req: 246/460] 10.222.0.32 () {58 vars in 1376 bytes} [Fri Sep 3 13:51:32 2021] DELETE /volume/v3/10005ee297a84c3ca03cb0c51cd013e6/types/e13e5126-e183-428b-9ee5-f19233d87de0/extra_specs/spec3 => generated 0 bytes in 53 msecs (HTTP/1.1 202) 7 headers in 289 bytes (1 switches on core 0)
Sep 03 13:51:32.261424 dv-cinder-788367-6-smb devstack@c-api.service[107148]: INFO cinder.api.openstack.wsgi [None req-74e32e2b-6ea0-41fb-b546-1bde93184324 tempest-VolumeTypesTest-845151389 tempest-VolumeTypesTest-845151389-project] GET http://10.222.0.32/volume/v3/2c2ea5e6deb9480ba2371ab4fb468f08/volumes/17982852-c234-4ab2-92aa-c777aadcbab0
Sep 03 13:51:32.261886 dv-cinder-788367-6-smb devstack@c-api.service[107148]: DEBUG cinder.api.openstack.wsgi [None req-74e32e2b-6ea0-41fb-b546-1bde93184324 tempest-VolumeTypesTest-845151389 tempest-VolumeTypesTest-845151389-project] Empty body provided in request {{(pid=107148) get_body /opt/stack/cinder/cinder/api/openstack/wsgi.py:703}}
Sep 03 13:51:32.262307 dv-cinder-788367-6-smb devstack@c-api.service[107148]: DEBUG cinder.api.openstack.wsgi [None req-74e32e2b-6ea0-41fb-b546-1bde93184324 tempest-VolumeTypesTest-845151389 tempest-VolumeTypesTest-845151389-project] Calling method 'show' {{(pid=107148) _process_stack /opt/stack/cinder/cinder/api/openstack/wsgi.py:856}}
Sep 03 13:51:32.268004 dv-cinder-788367-6-smb devstack@c-api.service[107147]: INFO cinder.volume.api [None req-f1132c54-8bea-465a-acc6-8c110a54e06c tempest-VolumesListAdminTestJSON-1861287055 tempest-VolumesListAdminTestJSON-1861287055-project-admin] Volume info retrieved successfully.
Sep 03 13:51:32.285067 dv-cinder-788367-6-smb devstack@c-api.service[107148]: /usr/local/lib/python3.8/dist-packages/oslo_context/context.py:105: DeprecationWarning: Policy enforcement is depending on the value of is_admin. This key is deprecated. Please update your policy file to use the standard policy values.
Sep 03 13:51:32.285067 dv-cinder-788367-6-smb devstack@c-api.service[107148]: warnings.warn('Policy enforcement is depending on the value of '
Sep 03 13:51:32.305096 dv-cinder-788367-6-smb devstack@c-api.service[107147]: INFO cinder.api.openstack.wsgi [None req-f1132c54-8bea-465a-acc6-8c110a54e06c tempest-VolumesListAdminTestJSON-1861287055 tempest-VolumesListAdminTestJSON-1861287055-project-admin] http://10.222.0.32/volume/v3/0a21f36d83804a75b41f3de17c3fc9f1/volumes/be67b1a9-6f99-495b-a36b-6dbf7d64d2ef returned with HTTP 200
Sep 03 13:51:32.306995 dv-cinder-788367-6-smb devstack@c-api.service[107147]: [pid: 107147|app: 0|req: 215/461] 10.222.0.32 () {58 vars in 1325 bytes} [Fri Sep 3 13:51:32 2021] GET /volume/v3/0a21f36d83804a75b41f3de17c3fc9f1/volumes/be67b1a9-6f99-495b-a36b-6dbf7d64d2ef => generated 1035 bytes in 87 msecs (HTTP/1.1 200) 7 headers in 286 bytes (1 switches on core 0)
Sep 03 13:51:32.313347 dv-cinder-788367-6-smb devstack@c-api.service[107147]: INFO cinder.api.openstack.wsgi [None req-f948c09a-c00f-4495-8fd3-8d3158cb0e64 tempest-VolumeTypesExtraSpecsTest-676592589 tempest-VolumeTypesExtraSpecsTest-676592589-project-admin] GET http://10.222.0.32/volume/v3/10005ee297a84c3ca03cb0c51cd013e6/types/e13e5126-e183-428b-9ee5-f19233d87de0/extra_specs/spec3
Sep 03 13:51:32.314130 dv-cinder-788367-6-smb devstack@c-api.service[107147]: DEBUG cinder.api.openstack.wsgi [None req-f948c09a-c00f-4495-8fd3-8d3158cb0e64 tempest-VolumeTypesExtraSpecsTest-676592589 tempest-VolumeTypesExtraSpecsTest-676592589-project-admin] Empty body provided in request {{(pid=107147) get_body /opt/stack/cinder/cinder/api/openstack/wsgi.py:703}}
Sep 03 13:51:32.314495 dv-cinder-788367-6-smb devstack@c-api.service[107147]: /usr/local/lib/python3.8/dist-packages/webob/acceptparse.py:1047: DeprecationWarning: The behavior of AcceptValidHeader.best_match is currently being maintained for backward compatibility, but it will be deprecated in the future, as it does not conform to the RFC.
Sep 03 13:51:32.314495 dv-cinder-788367-6-smb devstack@c-api.service[107147]: warnings.warn(
Sep 03 13:51:32.315212 dv-cinder-788367-6-smb devstack@c-api.service[107147]: DEBUG cinder.api.openstack.wsgi [None req-f948c09a-c00f-4495-8fd3-8d3158cb0e64 tempest-VolumeTypesExtraSpecsTest-676592589 tempest-VolumeTypesExtraSpecsTest-676592589-project-admin] Calling method 'show' {{(pid=107147) _process_stack /opt/stack/cinder/cinder/api/openstack/wsgi.py:856}}
Sep 03 13:51:32.320096 dv-cinder-788367-6-smb devstack@c-api.service[107148]: INFO cinder.volume.api [None req-74e32e2b-6ea0-41fb-b546-1bde93184324 tempest-VolumeTypesTest-845151389 tempest-VolumeTypesTest-845151389-project] Volume info retrieved successfully.
Sep 03 13:51:32.334706 dv-cinder-788367-6-smb devstack@c-api.service[107147]: INFO cinder.api.openstack.wsgi [None req-f948c09a-c00f-4495-8fd3-8d3158cb0e64 tempest-VolumeTypesExtraSpecsTest-676592589 tempest-VolumeTypesExtraSpecsTest-676592589-project-admin] http://10.222.0.32/volume/v3/10005ee297a84c3ca03cb0c51cd013e6/types/e13e5126-e183-428b-9ee5-f19233d87de0/extra_specs/spec3 returned with HTTP 404
Sep 03 13:51:32.344017 dv-cinder-788367-6-smb devstack@c-api.service[107147]: [pid: 107147|app: 0|req: 216/462] 10.222.0.32 () {58 vars in 1373 bytes} [Fri Sep 3 13:51:32 2021] GET /volume/v3/10005ee297a84c3ca03cb0c51cd013e6/types/e13e5126-e183-428b-9ee5-f19233d87de0/extra_specs/spec3 => generated 129 bytes in 36 msecs (HTTP/1.1 404) 7 headers in 292 bytes (1 switches on core 0)
Sep 03 13:51:32.345420 dv-cinder-788367-6-smb devstack@c-api.service[107148]: INFO cinder.api.openstack.wsgi [None req-74e32e2b-6ea0-41fb-b546-1bde93184324 tempest-VolumeTypesTest-845151389 tempest-VolumeTypesTest-845151389-project] http://10.222.0.32/volume/v3/2c2ea5e6deb9480ba2371ab4fb468f08/volumes/17982852-c234-4ab2-92aa-c777aadcbab0 returned with HTTP 200
Sep 03 13:51:32.347011 dv-cinder-788367-6-smb devstack@c-api.service[107148]: [pid: 107148|app: 0|req: 247/463] 10.222.0.32 () {58 vars in 1325 bytes} [Fri Sep 3 13:51:32 2021] GET /volume/v3/2c2ea5e6deb9480ba2371ab4fb468f08/volumes/17982852-c234-4ab2-92aa-c777aadcbab0 => generated 941 bytes in 91 msecs (HTTP/1.1 200) 7 headers in 285 bytes (1 switches on core 0)
Sep 03 13:51:32.352466 dv-cinder-788367-6-smb devstack@c-api.service[107148]: INFO cinder.api.openstack.wsgi [None req-4e70022b-7900-4435-af25-236598503f07 tempest-VolumeTypesExtraSpecsTest-676592589 tempest-VolumeTypesExtraSpecsTest-676592589-project-admin] POST http://10.222.0.32/volume/v3/10005ee297a84c3ca03cb0c51cd013e6/types/e13e5126-e183-428b-9ee5-f19233d87de0/extra_specs
Sep 03 13:51:32.353225 dv-cinder-788367-6-smb devstack@c-api.service[107147]: INFO cinder.api.openstack.wsgi [None req-91d3289e-2ba4-4c41-8c27-c333d9fa9ea0 tempest-VolumesListAdminTestJSON-1861287055 tempest-VolumesListAdminTestJSON-1861287055-project-admin] GET http://10.222.0.32/volume/v3/0a21f36d83804a75b41f3de17c3fc9f1/volumes/detail?all_tenants=1&project_id=dca1c56fbf6a4552a1b905ffbd1c02db
Sep 03 13:51:32.354332 dv-cinder-788367-6-smb devstack@c-api.service[107148]: /usr/local/lib/python3.8/dist-packages/webob/acceptparse.py:1047: DeprecationWarning: The behavior of AcceptValidHeader.best_match is currently being maintained for backward compatibility, but it will be deprecated in the future, as it does not conform to the RFC.
Sep 03 13:51:32.354332 dv-cinder-788367-6-smb devstack@c-api.service[107148]: warnings.warn(
Sep 03 13:51:32.354980 dv-cinder-788367-6-smb devstack@c-api.service[107148]: DEBUG cinder.api.openstack.wsgi [None req-4e70022b-7900-4435-af25-236598503f07 tempest-VolumeTypesExtraSpecsTest-676592589 tempest-VolumeTypesExtraSpecsTest-676592589-project-admin] Action: 'create', calling method: create, body: {"extra_specs": {"spec1": "val1"}} {{(pid=107148) _process_stack /opt/stack/cinder/cinder/api/openstack/wsgi.py:854}}
Sep 03 13:51:32.356343 dv-cinder-788367-6-smb devstack@c-api.service[107147]: DEBUG cinder.api.openstack.wsgi [None req-91d3289e-2ba4-4c41-8c27-c333d9fa9ea0 tempest-VolumesListAdminTestJSON-1861287055 tempest-VolumesListAdminTestJSON-1861287055-project-admin] Empty body provided in request {{(pid=107147) get_body /opt/stack/cinder/cinder/api/openstack/wsgi.py:703}}
Sep 03 13:51:32.356785 dv-cinder-788367-6-smb devstack@c-api.service[107147]: DEBUG cinder.api.openstack.wsgi [None req-91d3289e-2ba4-4c41-8c27-c333d9fa9ea0 tempest-VolumesListAdminTestJSON-1861287055 tempest-VolumesListAdminTestJSON-1861287055-project-admin] Calling method 'detail' {{(pid=107147) _process_stack /opt/stack/cinder/cinder/api/openstack/wsgi.py:856}}
Sep 03 13:51:32.357660 dv-cinder-788367-6-smb devstack@c-api.service[107147]: DEBUG cinder.volume.api [None req-91d3289e-2ba4-4c41-8c27-c333d9fa9ea0 tempest-VolumesListAdminTestJSON-1861287055 tempest-VolumesListAdminTestJSON-1861287055-project-admin] Could not evaluate value dca1c56fbf6a4552a1b905ffbd1c02db, assuming string {{(pid=107147) check_volume_filters /opt/stack/cinder/cinder/volume/api.py:2052}}
Sep 03 13:51:32.358949 dv-cinder-788367-6-smb devstack@c-api.service[107147]: DEBUG cinder.volume.api [None req-91d3289e-2ba4-4c41-8c27-c333d9fa9ea0 tempest-VolumesListAdminTestJSON-1861287055 tempest-VolumesListAdminTestJSON-1861287055-project-admin] Searching by: MultiDict([('project_id', 'dca1c56fbf6a4552a1b905ffbd1c02db'), ('all_tenants', 1)]). {{(pid=107147) get_all /opt/stack/cinder/cinder/volume/api.py:619}}
Sep 03 13:51:32.408471 dv-cinder-788367-6-smb devstack@c-api.service[107148]: INFO cinder.api.openstack.wsgi [None req-4e70022b-7900-4435-af25-236598503f07 tempest-VolumeTypesExtraSpecsTest-676592589 tempest-VolumeTypesExtraSpecsTest-676592589-project-admin] http://10.222.0.32/volume/v3/10005ee297a84c3ca03cb0c51cd013e6/types/e13e5126-e183-428b-9ee5-f19233d87de0/extra_specs returned with HTTP 200
Sep 03 13:51:32.412783 dv-cinder-788367-6-smb devstack@c-api.service[107148]: [pid: 107148|app: 0|req: 248/464] 10.222.0.32 () {60 vars in 1376 bytes} [Fri Sep 3 13:51:32 2021] POST /volume/v3/10005ee297a84c3ca03cb0c51cd013e6/types/e13e5126-e183-428b-9ee5-f19233d87de0/extra_specs => generated 34 bytes in 65 msecs (HTTP/1.1 200) 7 headers in 284 bytes (1 switches on core 0)
Sep 03 13:51:32.428721 dv-cinder-788367-6-smb devstack@c-api.service[107148]: INFO cinder.api.openstack.wsgi [None req-4e20cf5a-9389-4e21-847b-5cf0e07b1615 tempest-VolumeTypesExtraSpecsTest-676592589 tempest-VolumeTypesExtraSpecsTest-676592589-project-admin] GET http://10.222.0.32/volume/v3/10005ee297a84c3ca03cb0c51cd013e6/types/e13e5126-e183-428b-9ee5-f19233d87de0/extra_specs
Sep 03 13:51:32.430879 dv-cinder-788367-6-smb devstack@c-api.service[107148]: DEBUG cinder.api.openstack.wsgi [None req-4e20cf5a-9389-4e21-847b-5cf0e07b1615 tempest-VolumeTypesExtraSpecsTest-676592589 tempest-VolumeTypesExtraSpecsTest-676592589-project-admin] Empty body provided in request {{(pid=107148) get_body /opt/stack/cinder/cinder/api/openstack/wsgi.py:703}}
Sep 03 13:51:32.432427 dv-cinder-788367-6-smb devstack@c-api.service[107148]: DEBUG cinder.api.openstack.wsgi [None req-4e20cf5a-9389-4e21-847b-5cf0e07b1615 tempest-VolumeTypesExtraSpecsTest-676592589 tempest-VolumeTypesExtraSpecsTest-676592589-project-admin] Calling method 'index' {{(pid=107148) _process_stack /opt/stack/cinder/cinder/api/openstack/wsgi.py:856}}
Sep 03 13:51:32.454966 dv-cinder-788367-6-smb devstack@c-api.service[107148]: INFO cinder.api.openstack.wsgi [None req-4e20cf5a-9389-4e21-847b-5cf0e07b1615 tempest-VolumeTypesExtraSpecsTest-676592589 tempest-VolumeTypesExtraSpecsTest-676592589-project-admin] http://10.222.0.32/volume/v3/10005ee297a84c3ca03cb0c51cd013e6/types/e13e5126-e183-428b-9ee5-f19233d87de0/extra_specs returned with HTTP 200
Sep 03 13:51:32.456955 dv-cinder-788367-6-smb devstack@c-api.service[107148]: [pid: 107148|app: 0|req: 249/465] 10.222.0.32 () {58 vars in 1355 bytes} [Fri Sep 3 13:51:32 2021] GET /volume/v3/10005ee297a84c3ca03cb0c51cd013e6/types/e13e5126-e183-428b-9ee5-f19233d87de0/extra_specs => generated 34 bytes in 39 msecs (HTTP/1.1 200) 7 headers in 284 bytes (1 switches on core 0)
Sep 03 13:51:32.458159 dv-cinder-788367-6-smb devstack@c-api.service[107147]: INFO cinder.volume.api [None req-91d3289e-2ba4-4c41-8c27-c333d9fa9ea0 tempest-VolumesListAdminTestJSON-1861287055 tempest-VolumesListAdminTestJSON-1861287055-project-admin] Get all volumes completed successfully.
Sep 03 13:51:32.461079 dv-cinder-788367-6-smb devstack@c-api.service[107147]: /usr/local/lib/python3.8/dist-packages/oslo_context/context.py:105: DeprecationWarning: Policy enforcement is depending on the value of is_admin. This key is deprecated. Please update your policy file to use the standard policy values.
Sep 03 13:51:32.461079 dv-cinder-788367-6-smb devstack@c-api.service[107147]: warnings.warn('Policy enforcement is depending on the value of '
Sep 03 13:51:32.470333 dv-cinder-788367-6-smb devstack@c-api.service[107148]: INFO cinder.api.openstack.wsgi [None req-8a9bad59-f2b0-4858-a212-3fc17bcea935 tempest-VolumeTypesExtraSpecsTest-676592589 tempest-VolumeTypesExtraSpecsTest-676592589-project-admin] POST http://10.222.0.32/volume/v3/10005ee297a84c3ca03cb0c51cd013e6/types/e13e5126-e183-428b-9ee5-f19233d87de0/extra_specs
Sep 03 13:51:32.473227 dv-cinder-788367-6-smb devstack@c-api.service[107147]: INFO cinder.api.openstack.wsgi [None req-91d3289e-2ba4-4c41-8c27-c333d9fa9ea0 tempest-VolumesListAdminTestJSON-1861287055 tempest-VolumesListAdminTestJSON-1861287055-project-admin] http://10.222.0.32/volume/v3/0a21f36d83804a75b41f3de17c3fc9f1/volumes/detail?all_tenants=1&project_id=dca1c56fbf6a4552a1b905ffbd1c02db returned with HTTP 200
Sep 03 13:51:32.474424 dv-cinder-788367-6-smb devstack@c-api.service[107147]: [pid: 107147|app: 0|req: 217/466] 10.222.0.32 () {58 vars in 1350 bytes} [Fri Sep 3 13:51:32 2021] GET /volume/v3/0a21f36d83804a75b41f3de17c3fc9f1/volumes/detail?all_tenants=1&project_id=dca1c56fbf6a4552a1b905ffbd1c02db => generated 3230 bytes in 130 msecs (HTTP/1.1 200) 7 headers in 286 bytes (1 switches on core 0)
Sep 03 13:51:32.487476 dv-cinder-788367-6-smb devstack@c-api.service[107148]: DEBUG cinder.api.openstack.wsgi [None req-8a9bad59-f2b0-4858-a212-3fc17bcea935 tempest-VolumeTypesExtraSpecsTest-676592589 tempest-VolumeTypesExtraSpecsTest-676592589-project-admin] Action: 'create', calling method: create, body: {"extra_specs": {"spec2": "val1"}} {{(pid=107148) _process_stack /opt/stack/cinder/cinder/api/openstack/wsgi.py:854}}
Sep 03 13:51:32.494705 dv-cinder-788367-6-smb devstack@c-api.service[107147]: INFO cinder.api.openstack.wsgi [None req-20aa4349-ead3-472f-9033-349721e11149 tempest-VolumesListAdminTestJSON-1861287055 tempest-VolumesListAdminTestJSON-1861287055-project-admin] DELETE http://10.222.0.32/volume/v3/0a21f36d83804a75b41f3de17c3fc9f1/volumes/be67b1a9-6f99-495b-a36b-6dbf7d64d2ef
Sep 03 13:51:32.495510 dv-cinder-788367-6-smb devstack@c-api.service[107147]: DEBUG cinder.api.openstack.wsgi [None req-20aa4349-ead3-472f-9033-349721e11149 tempest-VolumesListAdminTestJSON-1861287055 tempest-VolumesListAdminTestJSON-1861287055-project-admin] Empty body provided in request {{(pid=107147) get_body /opt/stack/cinder/cinder/api/openstack/wsgi.py:703}}
Sep 03 13:51:32.496297 dv-cinder-788367-6-smb devstack@c-api.service[107147]: /usr/local/lib/python3.8/dist-packages/webob/acceptparse.py:1047: DeprecationWarning: The behavior of AcceptValidHeader.best_match is currently being maintained for backward compatibility, but it will be deprecated in the future, as it does not conform to the RFC.
Sep 03 13:51:32.496297 dv-cinder-788367-6-smb devstack@c-api.service[107147]: warnings.warn(
Sep 03 13:51:32.496950 dv-cinder-788367-6-smb devstack@c-api.service[107147]: DEBUG cinder.api.openstack.wsgi [None req-20aa4349-ead3-472f-9033-349721e11149 tempest-VolumesListAdminTestJSON-1861287055 tempest-VolumesListAdminTestJSON-1861287055-project-admin] Calling method 'delete' {{(pid=107147) _process_stack /opt/stack/cinder/cinder/api/openstack/wsgi.py:856}}
Sep 03 13:51:32.497546 dv-cinder-788367-6-smb devstack@c-api.service[107147]: INFO cinder.api.v3.volumes [None req-20aa4349-ead3-472f-9033-349721e11149 tempest-VolumesListAdminTestJSON-1861287055 tempest-VolumesListAdminTestJSON-1861287055-project-admin] Delete volume with id: be67b1a9-6f99-495b-a36b-6dbf7d64d2ef
Sep 03 13:51:32.537674 dv-cinder-788367-6-smb devstack@c-api.service[107147]: /usr/local/lib/python3.8/dist-packages/oslo_context/context.py:105: DeprecationWarning: Policy enforcement is depending on the value of is_admin. This key is deprecated. Please update your policy file to use the standard policy values.
Sep 03 13:51:32.537674 dv-cinder-788367-6-smb devstack@c-api.service[107147]: warnings.warn('Policy enforcement is depending on the value of '
Sep 03 13:51:32.537674 dv-cinder-788367-6-smb devstack@c-api.service[107147]: INFO cinder.volume.api [None req-20aa4349-ead3-472f-9033-349721e11149 tempest-VolumesListAdminTestJSON-1861287055 tempest-VolumesListAdminTestJSON-1861287055-project-admin] Volume info retrieved successfully.
Sep 03 13:51:32.578714 dv-cinder-788367-6-smb devstack@c-api.service[107148]: INFO cinder.api.openstack.wsgi [None req-8a9bad59-f2b0-4858-a212-3fc17bcea935 tempest-VolumeTypesExtraSpecsTest-676592589 tempest-VolumeTypesExtraSpecsTest-676592589-project-admin] http://10.222.0.32/volume/v3/10005ee297a84c3ca03cb0c51cd013e6/types/e13e5126-e183-428b-9ee5-f19233d87de0/extra_specs returned with HTTP 200
Sep 03 13:51:32.580030 dv-cinder-788367-6-smb devstack@c-api.service[107148]: [pid: 107148|app: 0|req: 250/467] 10.222.0.32 () {60 vars in 1376 bytes} [Fri Sep 3 13:51:32 2021] POST /volume/v3/10005ee297a84c3ca03cb0c51cd013e6/types/e13e5126-e183-428b-9ee5-f19233d87de0/extra_specs => generated 34 bytes in 117 msecs (HTTP/1.1 200) 7 headers in 284 bytes (1 switches on core 0)
Sep 03 13:51:32.591985 dv-cinder-788367-6-smb devstack@c-api.service[107147]: INFO cinder.volume.api [None req-20aa4349-ead3-472f-9033-349721e11149 tempest-VolumesListAdminTestJSON-1861287055 tempest-VolumesListAdminTestJSON-1861287055-project-admin] Delete volume request issued successfully.
Sep 03 13:51:32.594717 dv-cinder-788367-6-smb devstack@c-api.service[107148]: INFO cinder.api.openstack.wsgi [None req-e3ac03a0-39fb-4a08-a87c-5f03e297391a tempest-VolumeTypesExtraSpecsTest-676592589 tempest-VolumeTypesExtraSpecsTest-676592589-project-admin] PUT http://10.222.0.32/volume/v3/10005ee297a84c3ca03cb0c51cd013e6/types/e13e5126-e183-428b-9ee5-f19233d87de0/extra_specs/spec2
Sep 03 13:51:32.595531 dv-cinder-788367-6-smb devstack@c-api.service[107148]: DEBUG cinder.api.openstack.wsgi [None req-e3ac03a0-39fb-4a08-a87c-5f03e297391a tempest-VolumeTypesExtraSpecsTest-676592589 tempest-VolumeTypesExtraSpecsTest-676592589-project-admin] Action: 'update', calling method: update, body: {"spec2": "val2"} {{(pid=107148) _process_stack /opt/stack/cinder/cinder/api/openstack/wsgi.py:854}}
Sep 03 13:51:32.595882 dv-cinder-788367-6-smb devstack@c-api.service[107147]: INFO cinder.api.openstack.wsgi [None req-20aa4349-ead3-472f-9033-349721e11149 tempest-VolumesListAdminTestJSON-1861287055 tempest-VolumesListAdminTestJSON-1861287055-project-admin] http://10.222.0.32/volume/v3/0a21f36d83804a75b41f3de17c3fc9f1/volumes/be67b1a9-6f99-495b-a36b-6dbf7d64d2ef returned with HTTP 202
Sep 03 13:51:32.597462 dv-cinder-788367-6-smb devstack@c-api.service[107147]: [pid: 107147|app: 0|req: 218/468] 10.222.0.32 () {58 vars in 1328 bytes} [Fri Sep 3 13:51:32 2021] DELETE /volume/v3/0a21f36d83804a75b41f3de17c3fc9f1/volumes/be67b1a9-6f99-495b-a36b-6dbf7d64d2ef => generated 0 bytes in 108 msecs (HTTP/1.1 202) 6 headers in 233 bytes (1 switches on core 0)
Sep 03 13:51:32.609912 dv-cinder-788367-6-smb devstack@c-api.service[107147]: INFO cinder.api.openstack.wsgi [None req-47a7705d-2d13-48ef-9ce8-c09365eeace3 tempest-VolumesListAdminTestJSON-1623731032 tempest-VolumesListAdminTestJSON-1623731032-project] DELETE http://10.222.0.32/volume/v3/dca1c56fbf6a4552a1b905ffbd1c02db/volumes/b41276a1-099d-43df-b3ef-b734d3a2f663
Sep 03 13:51:32.610363 dv-cinder-788367-6-smb devstack@c-api.service[107147]: DEBUG cinder.api.openstack.wsgi [None req-47a7705d-2d13-48ef-9ce8-c09365eeace3 tempest-VolumesListAdminTestJSON-1623731032 tempest-VolumesListAdminTestJSON-1623731032-project] Empty body provided in request {{(pid=107147) get_body /opt/stack/cinder/cinder/api/openstack/wsgi.py:703}}
Sep 03 13:51:32.610561 dv-cinder-788367-6-smb devstack@c-api.service[107147]: /usr/local/lib/python3.8/dist-packages/webob/acceptparse.py:1047: DeprecationWarning: The behavior of AcceptValidHeader.best_match is currently being maintained for backward compatibility, but it will be deprecated in the future, as it does not conform to the RFC.
Sep 03 13:51:32.610561 dv-cinder-788367-6-smb devstack@c-api.service[107147]: warnings.warn(
Sep 03 13:51:32.610840 dv-cinder-788367-6-smb devstack@c-api.service[107147]: DEBUG cinder.api.openstack.wsgi [None req-47a7705d-2d13-48ef-9ce8-c09365eeace3 tempest-VolumesListAdminTestJSON-1623731032 tempest-VolumesListAdminTestJSON-1623731032-project] Calling method 'delete' {{(pid=107147) _process_stack /opt/stack/cinder/cinder/api/openstack/wsgi.py:856}}
Sep 03 13:51:32.612633 dv-cinder-788367-6-smb devstack@c-api.service[107147]: INFO cinder.api.v3.volumes [None req-47a7705d-2d13-48ef-9ce8-c09365eeace3 tempest-VolumesListAdminTestJSON-1623731032 tempest-VolumesListAdminTestJSON-1623731032-project] Delete volume with id: b41276a1-099d-43df-b3ef-b734d3a2f663
Sep 03 13:51:32.640474 dv-cinder-788367-6-smb devstack@c-api.service[107148]: INFO cinder.api.openstack.wsgi [None req-e3ac03a0-39fb-4a08-a87c-5f03e297391a tempest-VolumeTypesExtraSpecsTest-676592589 tempest-VolumeTypesExtraSpecsTest-676592589-project-admin] http://10.222.0.32/volume/v3/10005ee297a84c3ca03cb0c51cd013e6/types/e13e5126-e183-428b-9ee5-f19233d87de0/extra_specs/spec2 returned with HTTP 200
Sep 03 13:51:32.646047 dv-cinder-788367-6-smb devstack@c-api.service[107147]: /usr/local/lib/python3.8/dist-packages/oslo_context/context.py:105: DeprecationWarning: Policy enforcement is depending on the value of is_admin. This key is deprecated. Please update your policy file to use the standard policy values.
Sep 03 13:51:32.646047 dv-cinder-788367-6-smb devstack@c-api.service[107147]: warnings.warn('Policy enforcement is depending on the value of '
Sep 03 13:51:32.646047 dv-cinder-788367-6-smb devstack@c-api.service[107147]: INFO cinder.volume.api [None req-47a7705d-2d13-48ef-9ce8-c09365eeace3 tempest-VolumesListAdminTestJSON-1623731032 tempest-VolumesListAdminTestJSON-1623731032-project] Volume info retrieved successfully.
Sep 03 13:51:32.647402 dv-cinder-788367-6-smb devstack@c-api.service[107148]: [pid: 107148|app: 0|req: 251/469] 10.222.0.32 () {60 vars in 1393 bytes} [Fri Sep 3 13:51:32 2021] PUT /volume/v3/10005ee297a84c3ca03cb0c51cd013e6/types/e13e5126-e183-428b-9ee5-f19233d87de0/extra_specs/spec2 => generated 17 bytes in 62 msecs (HTTP/1.1 200) 7 headers in 284 bytes (1 switches on core 0)
Sep 03 13:51:32.653869 dv-cinder-788367-6-smb devstack@c-api.service[107148]: INFO cinder.api.openstack.wsgi [None req-24f23b36-a1d3-42db-8a2c-d04d828ebbc8 tempest-VolumeTypesExtraSpecsTest-676592589 tempest-VolumeTypesExtraSpecsTest-676592589-project-admin] GET http://10.222.0.32/volume/v3/10005ee297a84c3ca03cb0c51cd013e6/types/e13e5126-e183-428b-9ee5-f19233d87de0/extra_specs/spec2
Sep 03 13:51:32.654621 dv-cinder-788367-6-smb devstack@c-api.service[107148]: DEBUG cinder.api.openstack.wsgi [None req-24f23b36-a1d3-42db-8a2c-d04d828ebbc8 tempest-VolumeTypesExtraSpecsTest-676592589 tempest-VolumeTypesExtraSpecsTest-676592589-project-admin] Empty body provided in request {{(pid=107148) get_body /opt/stack/cinder/cinder/api/openstack/wsgi.py:703}}
Sep 03 13:51:32.655251 dv-cinder-788367-6-smb devstack@c-api.service[107148]: DEBUG cinder.api.openstack.wsgi [None req-24f23b36-a1d3-42db-8a2c-d04d828ebbc8 tempest-VolumeTypesExtraSpecsTest-676592589 tempest-VolumeTypesExtraSpecsTest-676592589-project-admin] Calling method 'show' {{(pid=107148) _process_stack /opt/stack/cinder/cinder/api/openstack/wsgi.py:856}}
Sep 03 13:51:32.667908 dv-cinder-788367-6-smb devstack@c-api.service[107148]: INFO cinder.api.openstack.wsgi [None req-24f23b36-a1d3-42db-8a2c-d04d828ebbc8 tempest-VolumeTypesExtraSpecsTest-676592589 tempest-VolumeTypesExtraSpecsTest-676592589-project-admin] http://10.222.0.32/volume/v3/10005ee297a84c3ca03cb0c51cd013e6/types/e13e5126-e183-428b-9ee5-f19233d87de0/extra_specs/spec2 returned with HTTP 200
Sep 03 13:51:32.668992 dv-cinder-788367-6-smb devstack@c-api.service[107148]: [pid: 107148|app: 0|req: 252/470] 10.222.0.32 () {58 vars in 1373 bytes} [Fri Sep 3 13:51:32 2021] GET /volume/v3/10005ee297a84c3ca03cb0c51cd013e6/types/e13e5126-e183-428b-9ee5-f19233d87de0/extra_specs/spec2 => generated 17 bytes in 21 msecs (HTTP/1.1 200) 7 headers in 284 bytes (1 switches on core 0)
Sep 03 13:51:32.685252 dv-cinder-788367-6-smb devstack@c-api.service[107148]: INFO cinder.api.openstack.wsgi [None req-2b497afe-b189-43d9-b3dd-72ff36967d52 tempest-VolumeTypesExtraSpecsTest-676592589 tempest-VolumeTypesExtraSpecsTest-676592589-project-admin] POST http://10.222.0.32/volume/v3/10005ee297a84c3ca03cb0c51cd013e6/types/e13e5126-e183-428b-9ee5-f19233d87de0/extra_specs
Sep 03 13:51:32.685953 dv-cinder-788367-6-smb devstack@c-api.service[107148]: DEBUG cinder.api.openstack.wsgi [None req-2b497afe-b189-43d9-b3dd-72ff36967d52 tempest-VolumeTypesExtraSpecsTest-676592589 tempest-VolumeTypesExtraSpecsTest-676592589-project-admin] Action: 'create', calling method: create, body: {"extra_specs": {"spec2": "val3", "spec4": "val4"}} {{(pid=107148) _process_stack /opt/stack/cinder/cinder/api/openstack/wsgi.py:854}}
Sep 03 13:51:32.702517 dv-cinder-788367-6-smb devstack@c-api.service[107147]: INFO cinder.volume.api [None req-47a7705d-2d13-48ef-9ce8-c09365eeace3 tempest-VolumesListAdminTestJSON-1623731032 tempest-VolumesListAdminTestJSON-1623731032-project] Delete volume request issued successfully.
Sep 03 13:51:32.705308 dv-cinder-788367-6-smb devstack@c-api.service[107147]: INFO cinder.api.openstack.wsgi [None req-47a7705d-2d13-48ef-9ce8-c09365eeace3 tempest-VolumesListAdminTestJSON-1623731032 tempest-VolumesListAdminTestJSON-1623731032-project] http://10.222.0.32/volume/v3/dca1c56fbf6a4552a1b905ffbd1c02db/volumes/b41276a1-099d-43df-b3ef-b734d3a2f663 returned with HTTP 202
Sep 03 13:51:32.706868 dv-cinder-788367-6-smb devstack@c-api.service[107147]: [pid: 107147|app: 0|req: 219/471] 10.222.0.32 () {58 vars in 1328 bytes} [Fri Sep 3 13:51:32 2021] DELETE /volume/v3/dca1c56fbf6a4552a1b905ffbd1c02db/volumes/b41276a1-099d-43df-b3ef-b734d3a2f663 => generated 0 bytes in 104 msecs (HTTP/1.1 202) 6 headers in 233 bytes (1 switches on core 0)
Sep 03 13:51:32.718135 dv-cinder-788367-6-smb devstack@c-api.service[107147]: INFO cinder.api.openstack.wsgi [None req-42d0b532-c1cc-4619-944a-c9b74f3a4005 tempest-VolumesListAdminTestJSON-1623731032 tempest-VolumesListAdminTestJSON-1623731032-project] GET http://10.222.0.32/volume/v3/dca1c56fbf6a4552a1b905ffbd1c02db/volumes/b41276a1-099d-43df-b3ef-b734d3a2f663
Sep 03 13:51:32.719836 dv-cinder-788367-6-smb devstack@c-api.service[107147]: DEBUG cinder.api.openstack.wsgi [None req-42d0b532-c1cc-4619-944a-c9b74f3a4005 tempest-VolumesListAdminTestJSON-1623731032 tempest-VolumesListAdminTestJSON-1623731032-project] Empty body provided in request {{(pid=107147) get_body /opt/stack/cinder/cinder/api/openstack/wsgi.py:703}}
Sep 03 13:51:32.719836 dv-cinder-788367-6-smb devstack@c-api.service[107147]: /usr/local/lib/python3.8/dist-packages/webob/acceptparse.py:1047: DeprecationWarning: The behavior of AcceptValidHeader.best_match is currently being maintained for backward compatibility, but it will be deprecated in the future, as it does not conform to the RFC.
Sep 03 13:51:32.719836 dv-cinder-788367-6-smb devstack@c-api.service[107147]: warnings.warn(
Sep 03 13:51:32.720517 dv-cinder-788367-6-smb devstack@c-api.service[107147]: DEBUG cinder.api.openstack.wsgi [None req-42d0b532-c1cc-4619-944a-c9b74f3a4005 tempest-VolumesListAdminTestJSON-1623731032 tempest-VolumesListAdminTestJSON-1623731032-project] Calling method 'show' {{(pid=107147) _process_stack /opt/stack/cinder/cinder/api/openstack/wsgi.py:856}}
Sep 03 13:51:32.753938 dv-cinder-788367-6-smb devstack@c-api.service[107147]: /usr/local/lib/python3.8/dist-packages/oslo_context/context.py:105: DeprecationWarning: Policy enforcement is depending on the value of is_admin. This key is deprecated. Please update your policy file to use the standard policy values.
Sep 03 13:51:32.753938 dv-cinder-788367-6-smb devstack@c-api.service[107147]: warnings.warn('Policy enforcement is depending on the value of '
Sep 03 13:51:32.773995 dv-cinder-788367-6-smb devstack@c-api.service[107147]: INFO cinder.volume.api [None req-42d0b532-c1cc-4619-944a-c9b74f3a4005 tempest-VolumesListAdminTestJSON-1623731032 tempest-VolumesListAdminTestJSON-1623731032-project] Volume info retrieved successfully.
Sep 03 13:51:32.787276 dv-cinder-788367-6-smb devstack@c-api.service[107148]: INFO cinder.api.openstack.wsgi [None req-2b497afe-b189-43d9-b3dd-72ff36967d52 tempest-VolumeTypesExtraSpecsTest-676592589 tempest-VolumeTypesExtraSpecsTest-676592589-project-admin] http://10.222.0.32/volume/v3/10005ee297a84c3ca03cb0c51cd013e6/types/e13e5126-e183-428b-9ee5-f19233d87de0/extra_specs returned with HTTP 200
Sep 03 13:51:32.790408 dv-cinder-788367-6-smb devstack@c-api.service[107148]: [pid: 107148|app: 0|req: 253/472] 10.222.0.32 () {60 vars in 1376 bytes} [Fri Sep 3 13:51:32 2021] POST /volume/v3/10005ee297a84c3ca03cb0c51cd013e6/types/e13e5126-e183-428b-9ee5-f19233d87de0/extra_specs => generated 51 bytes in 115 msecs (HTTP/1.1 200) 7 headers in 284 bytes (1 switches on core 0)
Sep 03 13:51:32.805008 dv-cinder-788367-6-smb devstack@c-api.service[107148]: INFO cinder.api.openstack.wsgi [None req-7f4ae164-a01a-40df-8e3f-d2e374133ef4 tempest-VolumeTypesExtraSpecsTest-676592589 tempest-VolumeTypesExtraSpecsTest-676592589-project-admin] GET http://10.222.0.32/volume/v3/10005ee297a84c3ca03cb0c51cd013e6/types/e13e5126-e183-428b-9ee5-f19233d87de0/extra_specs
Sep 03 13:51:32.805337 dv-cinder-788367-6-smb devstack@c-api.service[107148]: DEBUG cinder.api.openstack.wsgi [None req-7f4ae164-a01a-40df-8e3f-d2e374133ef4 tempest-VolumeTypesExtraSpecsTest-676592589 tempest-VolumeTypesExtraSpecsTest-676592589-project-admin] Empty body provided in request {{(pid=107148) get_body /opt/stack/cinder/cinder/api/openstack/wsgi.py:703}}
Sep 03 13:51:32.805956 dv-cinder-788367-6-smb devstack@c-api.service[107148]: DEBUG cinder.api.openstack.wsgi [None req-7f4ae164-a01a-40df-8e3f-d2e374133ef4 tempest-VolumeTypesExtraSpecsTest-676592589 tempest-VolumeTypesExtraSpecsTest-676592589-project-admin] Calling method 'index' {{(pid=107148) _process_stack /opt/stack/cinder/cinder/api/openstack/wsgi.py:856}}
Sep 03 13:51:32.814087 dv-cinder-788367-6-smb devstack@c-api.service[107147]: INFO cinder.api.openstack.wsgi [None req-42d0b532-c1cc-4619-944a-c9b74f3a4005 tempest-VolumesListAdminTestJSON-1623731032 tempest-VolumesListAdminTestJSON-1623731032-project] http://10.222.0.32/volume/v3/dca1c56fbf6a4552a1b905ffbd1c02db/volumes/b41276a1-099d-43df-b3ef-b734d3a2f663 returned with HTTP 200
