Aug 02 20:06:36.171718 dv-cinder-788367-4-iscsi devstack@c-api.service[100306]: /usr/local/lib/python3.8/dist-packages/oslo_context/context.py:105: DeprecationWarning: Policy enforcement is depending on the value of is_admin. This key is deprecated. Please update your policy file to use the standard policy values.
Aug 02 20:06:36.171718 dv-cinder-788367-4-iscsi devstack@c-api.service[100306]: warnings.warn('Policy enforcement is depending on the value of '
Aug 02 20:06:36.188710 dv-cinder-788367-4-iscsi devstack@c-api.service[100306]: INFO cinder.volume.api [None req-9eaceac4-37fc-421e-9d88-dc1f0cffd3b2 tempest-VolumesGetTest-586311378 tempest-VolumesGetTest-586311378-project] Volume info retrieved successfully.
Aug 02 20:06:36.201902 dv-cinder-788367-4-iscsi devstack@c-api.service[100306]: INFO cinder.volume.api [None req-9eaceac4-37fc-421e-9d88-dc1f0cffd3b2 tempest-VolumesGetTest-586311378 tempest-VolumesGetTest-586311378-project] Volume updated successfully.
Aug 02 20:06:36.212549 dv-cinder-788367-4-iscsi devstack@c-api.service[100306]: INFO cinder.api.openstack.wsgi [None req-9eaceac4-37fc-421e-9d88-dc1f0cffd3b2 tempest-VolumesGetTest-586311378 tempest-VolumesGetTest-586311378-project] http://10.222.0.26/volume/v3/272dedaadd2742fea29b5f0f82896a30/volumes/38c4cd88-d16d-48f5-9509-2983c34437d5 returned with HTTP 200
Aug 02 20:06:36.214710 dv-cinder-788367-4-iscsi devstack@c-api.service[100306]: [pid: 100306|app: 0|req: 182/370] 10.222.0.26 () {60 vars in 1346 bytes} [Mon Aug 2 20:06:36 2021] PUT /volume/v3/272dedaadd2742fea29b5f0f82896a30/volumes/38c4cd88-d16d-48f5-9509-2983c34437d5 => generated 891 bytes in 69 msecs (HTTP/1.1 200) 7 headers in 285 bytes (2 switches on core 0)
Aug 02 20:06:36.234991 dv-cinder-788367-4-iscsi devstack@c-api.service[100305]: DEBUG cinder.quota [None req-b736cf18-5fd5-4ca3-a4cf-99ed5607327c tempest-VolumesMetadataTest-450698043 tempest-VolumesMetadataTest-450698043-project] Created reservations ['aa1f3acc-b44f-4e2c-9308-6fbee076603a', '376a8591-418b-4246-a3b9-423c3650f75a', '9b818ce6-e7d4-43b3-9c59-928589d4ecb6', '95879f38-e751-4d7b-9894-724c196621f6'] {{(pid=100305) reserve /opt/stack/cinder/cinder/quota.py:829}}
Aug 02 20:06:36.237289 dv-cinder-788367-4-iscsi devstack@c-api.service[100305]: DEBUG cinder.volume.api [None req-b736cf18-5fd5-4ca3-a4cf-99ed5607327c tempest-VolumesMetadataTest-450698043 tempest-VolumesMetadataTest-450698043-project] Task 'cinder.volume.flows.api.create_volume.QuotaReserveTask;volume:create' (6867b425-f071-445e-8d66-d23fc6e510fe) transitioned into state 'SUCCESS' from state 'RUNNING' with result '{'reservations': ['aa1f3acc-b44f-4e2c-9308-6fbee076603a', '376a8591-418b-4246-a3b9-423c3650f75a', '9b818ce6-e7d4-43b3-9c59-928589d4ecb6', '95879f38-e751-4d7b-9894-724c196621f6']}' {{(pid=100305) _task_receiver /usr/local/lib/python3.8/dist-packages/taskflow/listeners/logging.py:178}}
Aug 02 20:06:36.240440 dv-cinder-788367-4-iscsi devstack@c-api.service[100305]: DEBUG cinder.volume.api [None req-b736cf18-5fd5-4ca3-a4cf-99ed5607327c tempest-VolumesMetadataTest-450698043 tempest-VolumesMetadataTest-450698043-project] Task 'cinder.volume.flows.api.create_volume.EntryCreateTask;volume:create' (820d5938-c314-4021-b59e-2486eb38686b) transitioned into state 'RUNNING' from state 'PENDING' {{(pid=100305) _task_receiver /usr/local/lib/python3.8/dist-packages/taskflow/listeners/logging.py:190}}
Aug 02 20:06:36.280817 dv-cinder-788367-4-iscsi devstack@c-api.service[100305]: DEBUG cinder.volume.api [None req-b736cf18-5fd5-4ca3-a4cf-99ed5607327c tempest-VolumesMetadataTest-450698043 tempest-VolumesMetadataTest-450698043-project] Task 'cinder.volume.flows.api.create_volume.EntryCreateTask;volume:create' (820d5938-c314-4021-b59e-2486eb38686b) transitioned into state 'SUCCESS' from state 'RUNNING' with result '{'volume_id': 'cb53f315-3208-457c-a692-e950669e52d7', 'volume_properties': VolumeProperties(attach_status='detached',availability_zone='nova',cgsnapshot_id=None,consistencygroup_id=None,display_description=None,display_name='tempest-VolumesMetadataTest-Volume-1190715154',encryption_key_id=None,group_id=None,group_type_id=<?>,metadata={},multiattach=False,project_id='21ecc7c2b43e46548c21206d61e63a8d',qos_specs=None,replication_status=<?>,reservations=['aa1f3acc-b44f-4e2c-9308-6fbee076603a','376a8591-418b-4246-a3b9-423c3650f75a','9b818ce6-e7d4-43b3-9c59-928589d4ecb6','95879f38-e751-4d7b-9894-724c196621f6'],size=1,snapshot_id=None,source_replicaid=<?>,source_volid=None,status='creating',user_id='7fd0d140621f4c8c8ee827af3923ec55',volume_type_id=62934793-1091-4034-8787-f7e50c606ae5), 'volume': Volume(_name_id=None,admin_metadata=<?>,attach_status='detached',availability_zone='nova',bootable=False,cluster=<?>,cluster_name=None,consistencygroup=<?>,consistencygroup_id=None,created_at=2021-08-02T20:06:36Z,deleted=False,deleted_at=None,display_description=None,display_name='tempest-VolumesMetadataTest-Volume-1190715154',ec2_id=None,encryption_key_id=None,glance_metadata=<?>,group=<?>,group_id=None,host=None,id=cb53f315-3208-457c-a692-e950669e52d7,launched_at=None,metadata={},migration_status=None,multiattach=False,previous_status=None,project_id='21ecc7c2b43e46548c21206d61e63a8d',provider_auth=None,provider_geometry=None,provider_id=None,provider_location=None,replication_driver_data=None,replication_extended_status=None,replication_status=None,scheduled_at=None,service_uuid=None,shared_targets=True,size=1,snapshot_id=None,snapshots=<?>,source_volid=None,status='creating',terminated_at=None,updated_at=None,user_id='7fd0d140621f4c8c8ee827af3923ec55',volume_attachment=<?>,volume_type=VolumeType(62934793-1091-4034-8787-f7e50c606ae5),volume_type_id=62934793-1091-4034-8787-f7e50c606ae5)}' {{(pid=100305) _task_receiver /usr/local/lib/python3.8/dist-packages/taskflow/listeners/logging.py:178}}
Aug 02 20:06:36.283543 dv-cinder-788367-4-iscsi devstack@c-api.service[100305]: DEBUG cinder.volume.api [None req-b736cf18-5fd5-4ca3-a4cf-99ed5607327c tempest-VolumesMetadataTest-450698043 tempest-VolumesMetadataTest-450698043-project] Task 'cinder.volume.flows.api.create_volume.QuotaCommitTask;volume:create' (f4c2ab15-f5f4-46e8-a1e3-70e9fe24a6fd) transitioned into state 'RUNNING' from state 'PENDING' {{(pid=100305) _task_receiver /usr/local/lib/python3.8/dist-packages/taskflow/listeners/logging.py:190}}
Aug 02 20:06:36.319534 dv-cinder-788367-4-iscsi devstack@c-api.service[100305]: DEBUG cinder.volume.api [None req-b736cf18-5fd5-4ca3-a4cf-99ed5607327c tempest-VolumesMetadataTest-450698043 tempest-VolumesMetadataTest-450698043-project] Task 'cinder.volume.flows.api.create_volume.QuotaCommitTask;volume:create' (f4c2ab15-f5f4-46e8-a1e3-70e9fe24a6fd) transitioned into state 'SUCCESS' from state 'RUNNING' with result '{'volume_properties': VolumeProperties(attach_status='detached',availability_zone='nova',cgsnapshot_id=None,consistencygroup_id=None,display_description=None,display_name='tempest-VolumesMetadataTest-Volume-1190715154',encryption_key_id=None,group_id=None,group_type_id=<?>,metadata={},multiattach=False,project_id='21ecc7c2b43e46548c21206d61e63a8d',qos_specs=None,replication_status=<?>,reservations=['aa1f3acc-b44f-4e2c-9308-6fbee076603a','376a8591-418b-4246-a3b9-423c3650f75a','9b818ce6-e7d4-43b3-9c59-928589d4ecb6','95879f38-e751-4d7b-9894-724c196621f6'],size=1,snapshot_id=None,source_replicaid=<?>,source_volid=None,status='creating',user_id='7fd0d140621f4c8c8ee827af3923ec55',volume_type_id=62934793-1091-4034-8787-f7e50c606ae5)}' {{(pid=100305) _task_receiver /usr/local/lib/python3.8/dist-packages/taskflow/listeners/logging.py:178}}
Aug 02 20:06:36.321513 dv-cinder-788367-4-iscsi devstack@c-api.service[100305]: DEBUG cinder.volume.api [None req-b736cf18-5fd5-4ca3-a4cf-99ed5607327c tempest-VolumesMetadataTest-450698043 tempest-VolumesMetadataTest-450698043-project] Task 'cinder.volume.flows.api.create_volume.VolumeCastTask;volume:create' (75db4969-8ab2-4084-85d3-ed2b6ab02165) transitioned into state 'RUNNING' from state 'PENDING' {{(pid=100305) _task_receiver /usr/local/lib/python3.8/dist-packages/taskflow/listeners/logging.py:190}}
Aug 02 20:06:36.358036 dv-cinder-788367-4-iscsi devstack@c-api.service[100305]: DEBUG cinder.volume.api [None req-b736cf18-5fd5-4ca3-a4cf-99ed5607327c tempest-VolumesMetadataTest-450698043 tempest-VolumesMetadataTest-450698043-project] Task 'cinder.volume.flows.api.create_volume.VolumeCastTask;volume:create' (75db4969-8ab2-4084-85d3-ed2b6ab02165) transitioned into state 'SUCCESS' from state 'RUNNING' with result 'None' {{(pid=100305) _task_receiver /usr/local/lib/python3.8/dist-packages/taskflow/listeners/logging.py:178}}
Aug 02 20:06:36.365469 dv-cinder-788367-4-iscsi devstack@c-api.service[100305]: DEBUG cinder.volume.api [None req-b736cf18-5fd5-4ca3-a4cf-99ed5607327c tempest-VolumesMetadataTest-450698043 tempest-VolumesMetadataTest-450698043-project] Flow 'volume_create_api' (cb66bfbf-86f4-4a62-8703-f0e78acaa22a) transitioned into state 'SUCCESS' from state 'RUNNING' {{(pid=100305) _flow_receiver /usr/local/lib/python3.8/dist-packages/taskflow/listeners/logging.py:141}}
Aug 02 20:06:36.372722 dv-cinder-788367-4-iscsi devstack@c-api.service[100306]: INFO cinder.api.openstack.wsgi [None req-a343d2e0-96c6-4d62-8794-8b36831e820e tempest-VolumeQuotasNegativeTestJSON-799799455 tempest-VolumeQuotasNegativeTestJSON-799799455-project-admin] GET http://10.222.0.26/volume/v3/2cf87ca284064e76b55a62e9f9f2b0d5/os-quota-sets/9127738c953f46309632929c915dbfa6
Aug 02 20:06:36.373190 dv-cinder-788367-4-iscsi devstack@c-api.service[100306]: DEBUG cinder.api.openstack.wsgi [None req-a343d2e0-96c6-4d62-8794-8b36831e820e tempest-VolumeQuotasNegativeTestJSON-799799455 tempest-VolumeQuotasNegativeTestJSON-799799455-project-admin] Empty body provided in request {{(pid=100306) get_body /opt/stack/cinder/cinder/api/openstack/wsgi.py:703}}
Aug 02 20:06:36.373363 dv-cinder-788367-4-iscsi devstack@c-api.service[100306]: /usr/local/lib/python3.8/dist-packages/webob/acceptparse.py:1047: DeprecationWarning: The behavior of AcceptValidHeader.best_match is currently being maintained for backward compatibility, but it will be deprecated in the future, as it does not conform to the RFC.
Aug 02 20:06:36.373363 dv-cinder-788367-4-iscsi devstack@c-api.service[100306]: warnings.warn(
Aug 02 20:06:36.373687 dv-cinder-788367-4-iscsi devstack@c-api.service[100306]: DEBUG cinder.api.openstack.wsgi [None req-a343d2e0-96c6-4d62-8794-8b36831e820e tempest-VolumeQuotasNegativeTestJSON-799799455 tempest-VolumeQuotasNegativeTestJSON-799799455-project-admin] Calling method 'show' {{(pid=100306) _process_stack /opt/stack/cinder/cinder/api/openstack/wsgi.py:856}}
Aug 02 20:06:36.380215 dv-cinder-788367-4-iscsi devstack@c-api.service[100305]: INFO cinder.volume.api [None req-b736cf18-5fd5-4ca3-a4cf-99ed5607327c tempest-VolumesMetadataTest-450698043 tempest-VolumesMetadataTest-450698043-project] Create volume request issued successfully.
Aug 02 20:06:36.408196 dv-cinder-788367-4-iscsi devstack@c-api.service[100305]: INFO cinder.api.openstack.wsgi [None req-b736cf18-5fd5-4ca3-a4cf-99ed5607327c tempest-VolumesMetadataTest-450698043 tempest-VolumesMetadataTest-450698043-project] http://10.222.0.26/volume/v3/21ecc7c2b43e46548c21206d61e63a8d/volumes returned with HTTP 202
Aug 02 20:06:36.417654 dv-cinder-788367-4-iscsi devstack@c-api.service[100305]: [pid: 100305|app: 0|req: 189/371] 10.222.0.26 () {60 vars in 1235 bytes} [Mon Aug 2 20:06:35 2021] POST /volume/v3/21ecc7c2b43e46548c21206d61e63a8d/volumes => generated 819 bytes in 588 msecs (HTTP/1.1 202) 7 headers in 291 bytes (1 switches on core 0)
Aug 02 20:06:36.417853 dv-cinder-788367-4-iscsi devstack@c-api.service[100306]: WARNING cinder.quota [None req-a343d2e0-96c6-4d62-8794-8b36831e820e tempest-VolumeQuotasNegativeTestJSON-799799455 tempest-VolumeQuotasNegativeTestJSON-799799455-project-admin] Deprecated: Default quota for resource: backups is set by the default quota flag: quota_backups, it is now deprecated. Please use the default quota class for default quota.
Aug 02 20:06:36.419749 dv-cinder-788367-4-iscsi devstack@c-api.service[100306]: WARNING cinder.quota [None req-a343d2e0-96c6-4d62-8794-8b36831e820e tempest-VolumeQuotasNegativeTestJSON-799799455 tempest-VolumeQuotasNegativeTestJSON-799799455-project-admin] Deprecated: Default quota for resource: backup_gigabytes is set by the default quota flag: quota_backup_gigabytes, it is now deprecated. Please use the default quota class for default quota.
Aug 02 20:06:36.422878 dv-cinder-788367-4-iscsi devstack@c-api.service[100306]: WARNING cinder.quota [None req-a343d2e0-96c6-4d62-8794-8b36831e820e tempest-VolumeQuotasNegativeTestJSON-799799455 tempest-VolumeQuotasNegativeTestJSON-799799455-project-admin] Deprecated: Default quota for resource: volumes_lvmdriver-1 is set by the default quota flag: quota_volumes_lvmdriver-1, it is now deprecated. Please use the default quota class for default quota.
Aug 02 20:06:36.423746 dv-cinder-788367-4-iscsi devstack@c-api.service[100306]: WARNING cinder.quota [None req-a343d2e0-96c6-4d62-8794-8b36831e820e tempest-VolumeQuotasNegativeTestJSON-799799455 tempest-VolumeQuotasNegativeTestJSON-799799455-project-admin] Deprecated: Default quota for resource: gigabytes_lvmdriver-1 is set by the default quota flag: quota_gigabytes_lvmdriver-1, it is now deprecated. Please use the default quota class for default quota.
Aug 02 20:06:36.425253 dv-cinder-788367-4-iscsi devstack@c-api.service[100305]: INFO cinder.api.openstack.wsgi [None req-61c19ed0-3169-4cd9-aec3-d5460498426e tempest-VolumesGetTest-586311378 tempest-VolumesGetTest-586311378-project] GET http://10.222.0.26/volume/v3/272dedaadd2742fea29b5f0f82896a30/volumes/38c4cd88-d16d-48f5-9509-2983c34437d5
Aug 02 20:06:36.425781 dv-cinder-788367-4-iscsi devstack@c-api.service[100305]: DEBUG cinder.api.openstack.wsgi [None req-61c19ed0-3169-4cd9-aec3-d5460498426e tempest-VolumesGetTest-586311378 tempest-VolumesGetTest-586311378-project] Empty body provided in request {{(pid=100305) get_body /opt/stack/cinder/cinder/api/openstack/wsgi.py:703}}
Aug 02 20:06:36.425961 dv-cinder-788367-4-iscsi devstack@c-api.service[100305]: /usr/local/lib/python3.8/dist-packages/webob/acceptparse.py:1047: DeprecationWarning: The behavior of AcceptValidHeader.best_match is currently being maintained for backward compatibility, but it will be deprecated in the future, as it does not conform to the RFC.
Aug 02 20:06:36.425961 dv-cinder-788367-4-iscsi devstack@c-api.service[100305]: warnings.warn(
Aug 02 20:06:36.426282 dv-cinder-788367-4-iscsi devstack@c-api.service[100305]: DEBUG cinder.api.openstack.wsgi [None req-61c19ed0-3169-4cd9-aec3-d5460498426e tempest-VolumesGetTest-586311378 tempest-VolumesGetTest-586311378-project] Calling method 'show' {{(pid=100305) _process_stack /opt/stack/cinder/cinder/api/openstack/wsgi.py:856}}
Aug 02 20:06:36.427280 dv-cinder-788367-4-iscsi devstack@c-api.service[100306]: WARNING cinder.quota [None req-a343d2e0-96c6-4d62-8794-8b36831e820e tempest-VolumeQuotasNegativeTestJSON-799799455 tempest-VolumeQuotasNegativeTestJSON-799799455-project-admin] Deprecated: Default quota for resource: snapshots_lvmdriver-1 is set by the default quota flag: quota_snapshots_lvmdriver-1, it is now deprecated. Please use the default quota class for default quota.
Aug 02 20:06:36.446860 dv-cinder-788367-4-iscsi devstack@c-api.service[100306]: INFO cinder.api.openstack.wsgi [None req-a343d2e0-96c6-4d62-8794-8b36831e820e tempest-VolumeQuotasNegativeTestJSON-799799455 tempest-VolumeQuotasNegativeTestJSON-799799455-project-admin] http://10.222.0.26/volume/v3/2cf87ca284064e76b55a62e9f9f2b0d5/os-quota-sets/9127738c953f46309632929c915dbfa6 returned with HTTP 200
Aug 02 20:06:36.447663 dv-cinder-788367-4-iscsi devstack@c-api.service[100306]: [pid: 100306|app: 0|req: 183/372] 10.222.0.26 () {58 vars in 1331 bytes} [Mon Aug 2 20:06:36 2021] GET /volume/v3/2cf87ca284064e76b55a62e9f9f2b0d5/os-quota-sets/9127738c953f46309632929c915dbfa6 => generated 361 bytes in 232 msecs (HTTP/1.1 200) 7 headers in 285 bytes (1 switches on core 0)
Aug 02 20:06:36.454243 dv-cinder-788367-4-iscsi devstack@c-api.service[100306]: INFO cinder.api.openstack.wsgi [None req-df93b382-ec7e-4c56-809e-ea74b2a5c76f tempest-AttachVolumeNegativeTest-855016892 tempest-AttachVolumeNegativeTest-855016892-project] GET http://10.222.0.26/volume/v3/e6365c78f02e4aaba08499f20d910d56/volumes/a3bc7129-7cea-4fd4-8ef2-3a34f88ae6c0
Aug 02 20:06:36.454951 dv-cinder-788367-4-iscsi devstack@c-api.service[100306]: DEBUG cinder.api.openstack.wsgi [None req-df93b382-ec7e-4c56-809e-ea74b2a5c76f tempest-AttachVolumeNegativeTest-855016892 tempest-AttachVolumeNegativeTest-855016892-project] Empty body provided in request {{(pid=100306) get_body /opt/stack/cinder/cinder/api/openstack/wsgi.py:703}}
Aug 02 20:06:36.455449 dv-cinder-788367-4-iscsi devstack@c-api.service[100306]: DEBUG cinder.api.openstack.wsgi [None req-df93b382-ec7e-4c56-809e-ea74b2a5c76f tempest-AttachVolumeNegativeTest-855016892 tempest-AttachVolumeNegativeTest-855016892-project] Calling method 'show' {{(pid=100306) _process_stack /opt/stack/cinder/cinder/api/openstack/wsgi.py:856}}
Aug 02 20:06:36.465709 dv-cinder-788367-4-iscsi devstack@c-api.service[100305]: /usr/local/lib/python3.8/dist-packages/oslo_context/context.py:105: DeprecationWarning: Policy enforcement is depending on the value of is_admin. This key is deprecated. Please update your policy file to use the standard policy values.
Aug 02 20:06:36.465709 dv-cinder-788367-4-iscsi devstack@c-api.service[100305]: warnings.warn('Policy enforcement is depending on the value of '
Aug 02 20:06:36.473104 dv-cinder-788367-4-iscsi devstack@c-api.service[100306]: /usr/local/lib/python3.8/dist-packages/oslo_context/context.py:105: DeprecationWarning: Policy enforcement is depending on the value of is_admin. This key is deprecated. Please update your policy file to use the standard policy values.
Aug 02 20:06:36.473104 dv-cinder-788367-4-iscsi devstack@c-api.service[100306]: warnings.warn('Policy enforcement is depending on the value of '
Aug 02 20:06:36.487867 dv-cinder-788367-4-iscsi devstack@c-api.service[100305]: INFO cinder.volume.api [None req-61c19ed0-3169-4cd9-aec3-d5460498426e tempest-VolumesGetTest-586311378 tempest-VolumesGetTest-586311378-project] Volume info retrieved successfully.
Aug 02 20:06:36.498649 dv-cinder-788367-4-iscsi devstack@c-api.service[100306]: INFO cinder.volume.api [None req-df93b382-ec7e-4c56-809e-ea74b2a5c76f tempest-AttachVolumeNegativeTest-855016892 tempest-AttachVolumeNegativeTest-855016892-project] Volume info retrieved successfully.
Aug 02 20:06:36.516234 dv-cinder-788367-4-iscsi devstack@c-api.service[100306]: /usr/local/lib/python3.8/dist-packages/oslo_context/context.py:105: DeprecationWarning: Policy enforcement is depending on the value of is_admin. This key is deprecated. Please update your policy file to use the standard policy values.
Aug 02 20:06:36.516234 dv-cinder-788367-4-iscsi devstack@c-api.service[100306]: warnings.warn('Policy enforcement is depending on the value of '
Aug 02 20:06:36.522512 dv-cinder-788367-4-iscsi devstack@c-api.service[100305]: INFO cinder.api.openstack.wsgi [None req-61c19ed0-3169-4cd9-aec3-d5460498426e tempest-VolumesGetTest-586311378 tempest-VolumesGetTest-586311378-project] http://10.222.0.26/volume/v3/272dedaadd2742fea29b5f0f82896a30/volumes/38c4cd88-d16d-48f5-9509-2983c34437d5 returned with HTTP 200
Aug 02 20:06:36.524335 dv-cinder-788367-4-iscsi devstack@c-api.service[100305]: [pid: 100305|app: 0|req: 190/373] 10.222.0.26 () {58 vars in 1325 bytes} [Mon Aug 2 20:06:36 2021] GET /volume/v3/272dedaadd2742fea29b5f0f82896a30/volumes/38c4cd88-d16d-48f5-9509-2983c34437d5 => generated 959 bytes in 115 msecs (HTTP/1.1 200) 7 headers in 285 bytes (1 switches on core 0)
Aug 02 20:06:36.526925 dv-cinder-788367-4-iscsi devstack@c-api.service[100306]: INFO cinder.api.openstack.wsgi [None req-df93b382-ec7e-4c56-809e-ea74b2a5c76f tempest-AttachVolumeNegativeTest-855016892 tempest-AttachVolumeNegativeTest-855016892-project] http://10.222.0.26/volume/v3/e6365c78f02e4aaba08499f20d910d56/volumes/a3bc7129-7cea-4fd4-8ef2-3a34f88ae6c0 returned with HTTP 200
Aug 02 20:06:36.530296 dv-cinder-788367-4-iscsi devstack@c-api.service[100305]: INFO cinder.api.openstack.wsgi [None req-5fe7ffb6-d75d-4787-bbbb-005f516ec17b tempest-DeleteServersTestJSON-710539222 tempest-DeleteServersTestJSON-710539222-project] GET http://10.222.0.26/volume/v3/7ae7784b77d44d0ba639f8afb6d17cc7/volumes/6a15e302-ae58-45ac-a56d-95592b7dd1ca
Aug 02 20:06:36.530916 dv-cinder-788367-4-iscsi devstack@c-api.service[100305]: DEBUG cinder.api.openstack.wsgi [None req-5fe7ffb6-d75d-4787-bbbb-005f516ec17b tempest-DeleteServersTestJSON-710539222 tempest-DeleteServersTestJSON-710539222-project] Empty body provided in request {{(pid=100305) get_body /opt/stack/cinder/cinder/api/openstack/wsgi.py:703}}
Aug 02 20:06:36.531272 dv-cinder-788367-4-iscsi devstack@c-api.service[100305]: /usr/local/lib/python3.8/dist-packages/webob/acceptparse.py:1047: DeprecationWarning: The behavior of AcceptValidHeader.best_match is currently being maintained for backward compatibility, but it will be deprecated in the future, as it does not conform to the RFC.
Aug 02 20:06:36.531272 dv-cinder-788367-4-iscsi devstack@c-api.service[100305]: warnings.warn(
Aug 02 20:06:36.531975 dv-cinder-788367-4-iscsi devstack@c-api.service[100305]: DEBUG cinder.api.openstack.wsgi [None req-5fe7ffb6-d75d-4787-bbbb-005f516ec17b tempest-DeleteServersTestJSON-710539222 tempest-DeleteServersTestJSON-710539222-project] Calling method 'show' {{(pid=100305) _process_stack /opt/stack/cinder/cinder/api/openstack/wsgi.py:856}}
Aug 02 20:06:36.536667 dv-cinder-788367-4-iscsi devstack@c-api.service[100306]: [pid: 100306|app: 0|req: 184/374] 10.222.0.26 () {58 vars in 1325 bytes} [Mon Aug 2 20:06:36 2021] GET /volume/v3/e6365c78f02e4aaba08499f20d910d56/volumes/a3bc7129-7cea-4fd4-8ef2-3a34f88ae6c0 => generated 915 bytes in 88 msecs (HTTP/1.1 200) 7 headers in 285 bytes (1 switches on core 0)
Aug 02 20:06:36.541657 dv-cinder-788367-4-iscsi devstack@c-api.service[100306]: INFO cinder.api.openstack.wsgi [None req-80579dfd-d682-46e3-a3dc-9b60844e4c9b tempest-VolumesMetadataTest-450698043 tempest-VolumesMetadataTest-450698043-project] GET http://10.222.0.26/volume/v3/21ecc7c2b43e46548c21206d61e63a8d/volumes/cb53f315-3208-457c-a692-e950669e52d7
Aug 02 20:06:36.543765 dv-cinder-788367-4-iscsi devstack@c-api.service[100306]: DEBUG cinder.api.openstack.wsgi [None req-80579dfd-d682-46e3-a3dc-9b60844e4c9b tempest-VolumesMetadataTest-450698043 tempest-VolumesMetadataTest-450698043-project] Empty body provided in request {{(pid=100306) get_body /opt/stack/cinder/cinder/api/openstack/wsgi.py:703}}
Aug 02 20:06:36.544416 dv-cinder-788367-4-iscsi devstack@c-api.service[100306]: /usr/local/lib/python3.8/dist-packages/webob/acceptparse.py:1047: DeprecationWarning: The behavior of AcceptValidHeader.best_match is currently being maintained for backward compatibility, but it will be deprecated in the future, as it does not conform to the RFC.
Aug 02 20:06:36.544416 dv-cinder-788367-4-iscsi devstack@c-api.service[100306]: warnings.warn(
Aug 02 20:06:36.545126 dv-cinder-788367-4-iscsi devstack@c-api.service[100306]: DEBUG cinder.api.openstack.wsgi [None req-80579dfd-d682-46e3-a3dc-9b60844e4c9b tempest-VolumesMetadataTest-450698043 tempest-VolumesMetadataTest-450698043-project] Calling method 'show' {{(pid=100306) _process_stack /opt/stack/cinder/cinder/api/openstack/wsgi.py:856}}
Aug 02 20:06:36.554961 dv-cinder-788367-4-iscsi devstack@c-api.service[100305]: /usr/local/lib/python3.8/dist-packages/oslo_context/context.py:105: DeprecationWarning: Policy enforcement is depending on the value of is_admin. This key is deprecated. Please update your policy file to use the standard policy values.
Aug 02 20:06:36.554961 dv-cinder-788367-4-iscsi devstack@c-api.service[100305]: warnings.warn('Policy enforcement is depending on the value of '
Aug 02 20:06:36.561951 dv-cinder-788367-4-iscsi devstack@c-api.service[100306]: /usr/local/lib/python3.8/dist-packages/oslo_context/context.py:105: DeprecationWarning: Policy enforcement is depending on the value of is_admin. This key is deprecated. Please update your policy file to use the standard policy values.
Aug 02 20:06:36.561951 dv-cinder-788367-4-iscsi devstack@c-api.service[100306]: warnings.warn('Policy enforcement is depending on the value of '
Aug 02 20:06:36.566758 dv-cinder-788367-4-iscsi devstack@c-api.service[100305]: INFO cinder.volume.api [None req-5fe7ffb6-d75d-4787-bbbb-005f516ec17b tempest-DeleteServersTestJSON-710539222 tempest-DeleteServersTestJSON-710539222-project] Volume info retrieved successfully.
Aug 02 20:06:36.573522 dv-cinder-788367-4-iscsi devstack@c-api.service[100306]: INFO cinder.volume.api [None req-80579dfd-d682-46e3-a3dc-9b60844e4c9b tempest-VolumesMetadataTest-450698043 tempest-VolumesMetadataTest-450698043-project] Volume info retrieved successfully.
Aug 02 20:06:36.582720 dv-cinder-788367-4-iscsi devstack@c-api.service[100305]: /usr/local/lib/python3.8/dist-packages/oslo_context/context.py:105: DeprecationWarning: Policy enforcement is depending on the value of is_admin. This key is deprecated. Please update your policy file to use the standard policy values.
Aug 02 20:06:36.582720 dv-cinder-788367-4-iscsi devstack@c-api.service[100305]: warnings.warn('Policy enforcement is depending on the value of '
Aug 02 20:06:36.593772 dv-cinder-788367-4-iscsi devstack@c-api.service[100305]: INFO cinder.api.openstack.wsgi [None req-5fe7ffb6-d75d-4787-bbbb-005f516ec17b tempest-DeleteServersTestJSON-710539222 tempest-DeleteServersTestJSON-710539222-project] http://10.222.0.26/volume/v3/7ae7784b77d44d0ba639f8afb6d17cc7/volumes/6a15e302-ae58-45ac-a56d-95592b7dd1ca returned with HTTP 200
Aug 02 20:06:36.594514 dv-cinder-788367-4-iscsi devstack@c-api.service[100305]: [pid: 100305|app: 0|req: 191/375] 10.222.0.26 () {58 vars in 1325 bytes} [Mon Aug 2 20:06:36 2021] GET /volume/v3/7ae7784b77d44d0ba639f8afb6d17cc7/volumes/6a15e302-ae58-45ac-a56d-95592b7dd1ca => generated 913 bytes in 69 msecs (HTTP/1.1 200) 7 headers in 285 bytes (1 switches on core 0)
Aug 02 20:06:36.597583 dv-cinder-788367-4-iscsi devstack@c-api.service[100306]: INFO cinder.api.openstack.wsgi [None req-80579dfd-d682-46e3-a3dc-9b60844e4c9b tempest-VolumesMetadataTest-450698043 tempest-VolumesMetadataTest-450698043-project] http://10.222.0.26/volume/v3/21ecc7c2b43e46548c21206d61e63a8d/volumes/cb53f315-3208-457c-a692-e950669e52d7 returned with HTTP 200
Aug 02 20:06:36.599082 dv-cinder-788367-4-iscsi devstack@c-api.service[100306]: [pid: 100306|app: 0|req: 185/376] 10.222.0.26 () {58 vars in 1325 bytes} [Mon Aug 2 20:06:36 2021] GET /volume/v3/21ecc7c2b43e46548c21206d61e63a8d/volumes/cb53f315-3208-457c-a692-e950669e52d7 => generated 911 bytes in 62 msecs (HTTP/1.1 200) 7 headers in 285 bytes (1 switches on core 0)
Aug 02 20:06:36.603174 dv-cinder-788367-4-iscsi devstack@c-api.service[100306]: INFO cinder.api.openstack.wsgi [None req-d930ed65-700f-419b-b977-e4d1027308b7 tempest-VolumesGetTest-586311378 tempest-VolumesGetTest-586311378-project] POST http://10.222.0.26/volume/v3/272dedaadd2742fea29b5f0f82896a30/volumes
Aug 02 20:06:36.604307 dv-cinder-788367-4-iscsi devstack@c-api.service[100306]: /usr/local/lib/python3.8/dist-packages/webob/acceptparse.py:1047: DeprecationWarning: The behavior of AcceptValidHeader.best_match is currently being maintained for backward compatibility, but it will be deprecated in the future, as it does not conform to the RFC.
Aug 02 20:06:36.604307 dv-cinder-788367-4-iscsi devstack@c-api.service[100306]: warnings.warn(
Aug 02 20:06:36.604990 dv-cinder-788367-4-iscsi devstack@c-api.service[100306]: DEBUG cinder.api.openstack.wsgi [None req-d930ed65-700f-419b-b977-e4d1027308b7 tempest-VolumesGetTest-586311378 tempest-VolumesGetTest-586311378-project] Action: 'create', calling method: create, body: {"volume": {"description": "tempest-@#$%^* description-1809983650", "availability_zone": "nova", "size": 1}} {{(pid=100306) _process_stack /opt/stack/cinder/cinder/api/openstack/wsgi.py:854}}
Aug 02 20:06:36.607001 dv-cinder-788367-4-iscsi devstack@c-api.service[100306]: DEBUG cinder.api.v3.volumes [None req-d930ed65-700f-419b-b977-e4d1027308b7 tempest-VolumesGetTest-586311378 tempest-VolumesGetTest-586311378-project] Create volume request body: {'volume': {'description': 'tempest-@#$%^* description-1809983650', 'availability_zone': 'nova', 'size': 1}} {{(pid=100306) create /opt/stack/cinder/cinder/api/v3/volumes.py:290}}
Aug 02 20:06:36.607444 dv-cinder-788367-4-iscsi devstack@c-api.service[100306]: INFO cinder.api.v3.volumes [None req-d930ed65-700f-419b-b977-e4d1027308b7 tempest-VolumesGetTest-586311378 tempest-VolumesGetTest-586311378-project] Create volume of 1 GB
Aug 02 20:06:36.613895 dv-cinder-788367-4-iscsi devstack@c-api.service[100306]: INFO cinder.volume.api [None req-d930ed65-700f-419b-b977-e4d1027308b7 tempest-VolumesGetTest-586311378 tempest-VolumesGetTest-586311378-project] Availability Zones retrieved successfully.
Aug 02 20:06:36.630220 dv-cinder-788367-4-iscsi devstack@c-api.service[100306]: DEBUG cinder.volume.api [None req-d930ed65-700f-419b-b977-e4d1027308b7 tempest-VolumesGetTest-586311378 tempest-VolumesGetTest-586311378-project] Flow 'volume_create_api' (4d54ecb9-6768-406f-8687-266076f15d97) transitioned into state 'RUNNING' from state 'PENDING' {{(pid=100306) _flow_receiver /usr/local/lib/python3.8/dist-packages/taskflow/listeners/logging.py:141}}
Aug 02 20:06:36.633027 dv-cinder-788367-4-iscsi devstack@c-api.service[100306]: DEBUG cinder.volume.api [None req-d930ed65-700f-419b-b977-e4d1027308b7 tempest-VolumesGetTest-586311378 tempest-VolumesGetTest-586311378-project] Task 'cinder.volume.flows.api.create_volume.ExtractVolumeRequestTask;volume:create' (57f53abb-9b20-454e-a3d5-43373124ac7d) transitioned into state 'RUNNING' from state 'PENDING' {{(pid=100306) _task_receiver /usr/local/lib/python3.8/dist-packages/taskflow/listeners/logging.py:190}}
Aug 02 20:06:36.635566 dv-cinder-788367-4-iscsi devstack@c-api.service[100306]: DEBUG cinder.volume.flows.api.create_volume [None req-d930ed65-700f-419b-b977-e4d1027308b7 tempest-VolumesGetTest-586311378 tempest-VolumesGetTest-586311378-project] Validating volume size '1' using validate_int {{(pid=100306) _extract_size /opt/stack/cinder/cinder/volume/flows/api/create_volume.py:225}}
Aug 02 20:06:36.664549 dv-cinder-788367-4-iscsi devstack@c-api.service[100306]: DEBUG cinder.volume.api [None req-d930ed65-700f-419b-b977-e4d1027308b7 tempest-VolumesGetTest-586311378 tempest-VolumesGetTest-586311378-project] Task 'cinder.volume.flows.api.create_volume.ExtractVolumeRequestTask;volume:create' (57f53abb-9b20-454e-a3d5-43373124ac7d) transitioned into state 'SUCCESS' from state 'RUNNING' with result '{'size': 1, 'snapshot_id': None, 'source_volid': None, 'volume_type': VolumeType(created_at=2021-08-02T19:56:41Z,deleted=False,deleted_at=None,description='Default Volume Type',extra_specs={},id=62934793-1091-4034-8787-f7e50c606ae5,is_public=True,name='__DEFAULT__',projects=[],qos_specs=<?>,qos_specs_id=None,updated_at=2021-08-02T19:56:41Z), 'volume_type_id': '62934793-1091-4034-8787-f7e50c606ae5', 'encryption_key_id': None, 'qos_specs': None, 'consistencygroup_id': None, 'cgsnapshot_id': None, 'group_id': None, 'replication_status': 'disabled', 'refresh_az': False, 'backup_id': None, 'multiattach': False, 'availability_zones': ['nova']}' {{(pid=100306) _task_receiver /usr/local/lib/python3.8/dist-packages/taskflow/listeners/logging.py:178}}
Aug 02 20:06:36.666677 dv-cinder-788367-4-iscsi devstack@c-api.service[100306]: DEBUG cinder.volume.api [None req-d930ed65-700f-419b-b977-e4d1027308b7 tempest-VolumesGetTest-586311378 tempest-VolumesGetTest-586311378-project] Task 'cinder.volume.flows.api.create_volume.QuotaReserveTask;volume:create' (263ed39c-bd5f-421e-bd40-bfd8292603fc) transitioned into state 'RUNNING' from state 'PENDING' {{(pid=100306) _task_receiver /usr/local/lib/python3.8/dist-packages/taskflow/listeners/logging.py:190}}
Aug 02 20:06:36.694964 dv-cinder-788367-4-iscsi devstack@c-api.service[100305]: INFO cinder.api.openstack.wsgi [None req-eee83b27-f0cc-4bfe-afe1-8b5d678d1b94 tempest-VolumeQuotasNegativeTestJSON-604690119 tempest-VolumeQuotasNegativeTestJSON-604690119-project] POST http://10.222.0.26/volume/v3/9127738c953f46309632929c915dbfa6/volumes
Aug 02 20:06:36.695371 dv-cinder-788367-4-iscsi devstack@c-api.service[100305]: /usr/local/lib/python3.8/dist-packages/webob/acceptparse.py:1047: DeprecationWarning: The behavior of AcceptValidHeader.best_match is currently being maintained for backward compatibility, but it will be deprecated in the future, as it does not conform to the RFC.
Aug 02 20:06:36.695371 dv-cinder-788367-4-iscsi devstack@c-api.service[100305]: warnings.warn(
Aug 02 20:06:36.695724 dv-cinder-788367-4-iscsi devstack@c-api.service[100305]: DEBUG cinder.api.openstack.wsgi [None req-eee83b27-f0cc-4bfe-afe1-8b5d678d1b94 tempest-VolumeQuotasNegativeTestJSON-604690119 tempest-VolumeQuotasNegativeTestJSON-604690119-project] Action: 'create', calling method: create, body: {"volume": {"size": 1, "name": "tempest-VolumeQuotasNegativeTestJSON-Volume-1385942681"}} {{(pid=100305) _process_stack /opt/stack/cinder/cinder/api/openstack/wsgi.py:854}}
Aug 02 20:06:36.696855 dv-cinder-788367-4-iscsi devstack@c-api.service[100305]: DEBUG cinder.api.v3.volumes [None req-eee83b27-f0cc-4bfe-afe1-8b5d678d1b94 tempest-VolumeQuotasNegativeTestJSON-604690119 tempest-VolumeQuotasNegativeTestJSON-604690119-project] Create volume request body: {'volume': {'size': 1, 'name': 'tempest-VolumeQuotasNegativeTestJSON-Volume-1385942681'}} {{(pid=100305) create /opt/stack/cinder/cinder/api/v3/volumes.py:290}}
Aug 02 20:06:36.697167 dv-cinder-788367-4-iscsi devstack@c-api.service[100305]: INFO cinder.api.v3.volumes [None req-eee83b27-f0cc-4bfe-afe1-8b5d678d1b94 tempest-VolumeQuotasNegativeTestJSON-604690119 tempest-VolumeQuotasNegativeTestJSON-604690119-project] Create volume of 1 GB
Aug 02 20:06:36.703610 dv-cinder-788367-4-iscsi devstack@c-api.service[100305]: INFO cinder.volume.api [None req-eee83b27-f0cc-4bfe-afe1-8b5d678d1b94 tempest-VolumeQuotasNegativeTestJSON-604690119 tempest-VolumeQuotasNegativeTestJSON-604690119-project] Availability Zones retrieved successfully.
Aug 02 20:06:36.721133 dv-cinder-788367-4-iscsi devstack@c-api.service[100305]: DEBUG cinder.volume.api [None req-eee83b27-f0cc-4bfe-afe1-8b5d678d1b94 tempest-VolumeQuotasNegativeTestJSON-604690119 tempest-VolumeQuotasNegativeTestJSON-604690119-project] Flow 'volume_create_api' (87037d9a-43f8-4607-b0be-dad386206279) transitioned into state 'RUNNING' from state 'PENDING' {{(pid=100305) _flow_receiver /usr/local/lib/python3.8/dist-packages/taskflow/listeners/logging.py:141}}
Aug 02 20:06:36.721536 dv-cinder-788367-4-iscsi devstack@c-api.service[100306]: DEBUG cinder.quota [None req-d930ed65-700f-419b-b977-e4d1027308b7 tempest-VolumesGetTest-586311378 tempest-VolumesGetTest-586311378-project] Created reservations ['8008b999-4ca7-49c4-a64b-bf8e378299cc', '62418e5a-7043-4b85-b8ce-15108424116d', '38586a6c-d030-482b-a218-1a12ca1facc4', '531d418f-34d6-4ffc-97fa-4d4a67c9f795'] {{(pid=100306) reserve /opt/stack/cinder/cinder/quota.py:829}}
Aug 02 20:06:36.723758 dv-cinder-788367-4-iscsi devstack@c-api.service[100306]: DEBUG cinder.volume.api [None req-d930ed65-700f-419b-b977-e4d1027308b7 tempest-VolumesGetTest-586311378 tempest-VolumesGetTest-586311378-project] Task 'cinder.volume.flows.api.create_volume.QuotaReserveTask;volume:create' (263ed39c-bd5f-421e-bd40-bfd8292603fc) transitioned into state 'SUCCESS' from state 'RUNNING' with result '{'reservations': ['8008b999-4ca7-49c4-a64b-bf8e378299cc', '62418e5a-7043-4b85-b8ce-15108424116d', '38586a6c-d030-482b-a218-1a12ca1facc4', '531d418f-34d6-4ffc-97fa-4d4a67c9f795']}' {{(pid=100306) _task_receiver /usr/local/lib/python3.8/dist-packages/taskflow/listeners/logging.py:178}}
Aug 02 20:06:36.724495 dv-cinder-788367-4-iscsi devstack@c-api.service[100305]: DEBUG cinder.volume.api [None req-eee83b27-f0cc-4bfe-afe1-8b5d678d1b94 tempest-VolumeQuotasNegativeTestJSON-604690119 tempest-VolumeQuotasNegativeTestJSON-604690119-project] Task 'cinder.volume.flows.api.create_volume.ExtractVolumeRequestTask;volume:create' (e6c14263-0023-494a-a6db-a6d321e2b1e5) transitioned into state 'RUNNING' from state 'PENDING' {{(pid=100305) _task_receiver /usr/local/lib/python3.8/dist-packages/taskflow/listeners/logging.py:190}}
Aug 02 20:06:36.726103 dv-cinder-788367-4-iscsi devstack@c-api.service[100306]: DEBUG cinder.volume.api [None req-d930ed65-700f-419b-b977-e4d1027308b7 tempest-VolumesGetTest-586311378 tempest-VolumesGetTest-586311378-project] Task 'cinder.volume.flows.api.create_volume.EntryCreateTask;volume:create' (569cfe11-4cb6-46da-9f75-d9415269e1f4) transitioned into state 'RUNNING' from state 'PENDING' {{(pid=100306) _task_receiver /usr/local/lib/python3.8/dist-packages/taskflow/listeners/logging.py:190}}
Aug 02 20:06:36.726802 dv-cinder-788367-4-iscsi devstack@c-api.service[100305]: DEBUG cinder.volume.flows.api.create_volume [None req-eee83b27-f0cc-4bfe-afe1-8b5d678d1b94 tempest-VolumeQuotasNegativeTestJSON-604690119 tempest-VolumeQuotasNegativeTestJSON-604690119-project] Validating volume size '1' using validate_int {{(pid=100305) _extract_size /opt/stack/cinder/cinder/volume/flows/api/create_volume.py:225}}
Aug 02 20:06:36.753216 dv-cinder-788367-4-iscsi devstack@c-api.service[100306]: DEBUG cinder.volume.api [None req-d930ed65-700f-419b-b977-e4d1027308b7 tempest-VolumesGetTest-586311378 tempest-VolumesGetTest-586311378-project] Task 'cinder.volume.flows.api.create_volume.EntryCreateTask;volume:create' (569cfe11-4cb6-46da-9f75-d9415269e1f4) transitioned into state 'SUCCESS' from state 'RUNNING' with result '{'volume_id': '33492bbb-6823-4446-93bf-49093c24706d', 'volume_properties': VolumeProperties(attach_status='detached',availability_zone='nova',cgsnapshot_id=None,consistencygroup_id=None,display_description='tempest-@#$%^* description-1809983650',display_name=None,encryption_key_id=None,group_id=None,group_type_id=<?>,metadata={},multiattach=False,project_id='272dedaadd2742fea29b5f0f82896a30',qos_specs=None,replication_status=<?>,reservations=['8008b999-4ca7-49c4-a64b-bf8e378299cc','62418e5a-7043-4b85-b8ce-15108424116d','38586a6c-d030-482b-a218-1a12ca1facc4','531d418f-34d6-4ffc-97fa-4d4a67c9f795'],size=1,snapshot_id=None,source_replicaid=<?>,source_volid=None,status='creating',user_id='ce0899a54a30495bb780d606678055dc',volume_type_id=62934793-1091-4034-8787-f7e50c606ae5), 'volume': Volume(_name_id=None,admin_metadata=<?>,attach_status='detached',availability_zone='nova',bootable=False,cluster=<?>,cluster_name=None,consistencygroup=<?>,consistencygroup_id=None,created_at=2021-08-02T20:06:36Z,deleted=False,deleted_at=None,display_description='tempest-@#$%^* description-1809983650',display_name=None,ec2_id=None,encryption_key_id=None,glance_metadata=<?>,group=<?>,group_id=None,host=None,id=33492bbb-6823-4446-93bf-49093c24706d,launched_at=None,metadata={},migration_status=None,multiattach=False,previous_status=None,project_id='272dedaadd2742fea29b5f0f82896a30',provider_auth=None,provider_geometry=None,provider_id=None,provider_location=None,replication_driver_data=None,replication_extended_status=None,replication_status=None,scheduled_at=None,service_uuid=None,shared_targets=True,size=1,snapshot_id=None,snapshots=<?>,source_volid=None,status='creating',terminated_at=None,updated_at=None,user_id='ce0899a54a30495bb780d606678055dc',volume_attachment=<?>,volume_type=VolumeType(62934793-1091-4034-8787-f7e50c606ae5),volume_type_id=62934793-1091-4034-8787-f7e50c606ae5)}' {{(pid=100306) _task_receiver /usr/local/lib/python3.8/dist-packages/taskflow/listeners/logging.py:178}}
Aug 02 20:06:36.755288 dv-cinder-788367-4-iscsi devstack@c-api.service[100306]: DEBUG cinder.volume.api [None req-d930ed65-700f-419b-b977-e4d1027308b7 tempest-VolumesGetTest-586311378 tempest-VolumesGetTest-586311378-project] Task 'cinder.volume.flows.api.create_volume.QuotaCommitTask;volume:create' (2fb0dc71-5e46-40bf-8696-cbe559321ebc) transitioned into state 'RUNNING' from state 'PENDING' {{(pid=100306) _task_receiver /usr/local/lib/python3.8/dist-packages/taskflow/listeners/logging.py:190}}
Aug 02 20:06:36.759288 dv-cinder-788367-4-iscsi devstack@c-api.service[100305]: DEBUG cinder.volume.api [None req-eee83b27-f0cc-4bfe-afe1-8b5d678d1b94 tempest-VolumeQuotasNegativeTestJSON-604690119 tempest-VolumeQuotasNegativeTestJSON-604690119-project] Task 'cinder.volume.flows.api.create_volume.ExtractVolumeRequestTask;volume:create' (e6c14263-0023-494a-a6db-a6d321e2b1e5) transitioned into state 'SUCCESS' from state 'RUNNING' with result '{'size': 1, 'snapshot_id': None, 'source_volid': None, 'volume_type': VolumeType(created_at=2021-08-02T19:56:41Z,deleted=False,deleted_at=None,description='Default Volume Type',extra_specs={},id=62934793-1091-4034-8787-f7e50c606ae5,is_public=True,name='__DEFAULT__',projects=[],qos_specs=<?>,qos_specs_id=None,updated_at=2021-08-02T19:56:41Z), 'volume_type_id': '62934793-1091-4034-8787-f7e50c606ae5', 'encryption_key_id': None, 'qos_specs': None, 'consistencygroup_id': None, 'cgsnapshot_id': None, 'group_id': None, 'replication_status': 'disabled', 'refresh_az': False, 'backup_id': None, 'multiattach': False, 'availability_zones': ['nova']}' {{(pid=100305) _task_receiver /usr/local/lib/python3.8/dist-packages/taskflow/listeners/logging.py:178}}
Aug 02 20:06:36.761797 dv-cinder-788367-4-iscsi devstack@c-api.service[100305]: DEBUG cinder.volume.api [None req-eee83b27-f0cc-4bfe-afe1-8b5d678d1b94 tempest-VolumeQuotasNegativeTestJSON-604690119 tempest-VolumeQuotasNegativeTestJSON-604690119-project] Task 'cinder.volume.flows.api.create_volume.QuotaReserveTask;volume:create' (a1521ebe-ce14-4014-bb5e-692d28d03cf9) transitioned into state 'RUNNING' from state 'PENDING' {{(pid=100305) _task_receiver /usr/local/lib/python3.8/dist-packages/taskflow/listeners/logging.py:190}}
Aug 02 20:06:36.780591 dv-cinder-788367-4-iscsi devstack@c-api.service[100306]: DEBUG cinder.volume.api [None req-d930ed65-700f-419b-b977-e4d1027308b7 tempest-VolumesGetTest-586311378 tempest-VolumesGetTest-586311378-project] Task 'cinder.volume.flows.api.create_volume.QuotaCommitTask;volume:create' (2fb0dc71-5e46-40bf-8696-cbe559321ebc) transitioned into state 'SUCCESS' from state 'RUNNING' with result '{'volume_properties': VolumeProperties(attach_status='detached',availability_zone='nova',cgsnapshot_id=None,consistencygroup_id=None,display_description='tempest-@#$%^* description-1809983650',display_name=None,encryption_key_id=None,group_id=None,group_type_id=<?>,metadata={},multiattach=False,project_id='272dedaadd2742fea29b5f0f82896a30',qos_specs=None,replication_status=<?>,reservations=['8008b999-4ca7-49c4-a64b-bf8e378299cc','62418e5a-7043-4b85-b8ce-15108424116d','38586a6c-d030-482b-a218-1a12ca1facc4','531d418f-34d6-4ffc-97fa-4d4a67c9f795'],size=1,snapshot_id=None,source_replicaid=<?>,source_volid=None,status='creating',user_id='ce0899a54a30495bb780d606678055dc',volume_type_id=62934793-1091-4034-8787-f7e50c606ae5)}' {{(pid=100306) _task_receiver /usr/local/lib/python3.8/dist-packages/taskflow/listeners/logging.py:178}}
Aug 02 20:06:36.782493 dv-cinder-788367-4-iscsi devstack@c-api.service[100306]: DEBUG cinder.volume.api [None req-d930ed65-700f-419b-b977-e4d1027308b7 tempest-VolumesGetTest-586311378 tempest-VolumesGetTest-586311378-project] Task 'cinder.volume.flows.api.create_volume.VolumeCastTask;volume:create' (ce36374c-4f8e-425e-ab9d-f814887493b2) transitioned into state 'RUNNING' from state 'PENDING' {{(pid=100306) _task_receiver /usr/local/lib/python3.8/dist-packages/taskflow/listeners/logging.py:190}}
Aug 02 20:06:36.799394 dv-cinder-788367-4-iscsi devstack@c-api.service[100306]: DEBUG cinder.volume.api [None req-d930ed65-700f-419b-b977-e4d1027308b7 tempest-VolumesGetTest-586311378 tempest-VolumesGetTest-586311378-project] Task 'cinder.volume.flows.api.create_volume.VolumeCastTask;volume:create' (ce36374c-4f8e-425e-ab9d-f814887493b2) transitioned into state 'SUCCESS' from state 'RUNNING' with result 'None' {{(pid=100306) _task_receiver /usr/local/lib/python3.8/dist-packages/taskflow/listeners/logging.py:178}}
Aug 02 20:06:36.802182 dv-cinder-788367-4-iscsi devstack@c-api.service[100306]: DEBUG cinder.volume.api [None req-d930ed65-700f-419b-b977-e4d1027308b7 tempest-VolumesGetTest-586311378 tempest-VolumesGetTest-586311378-project] Flow 'volume_create_api' (4d54ecb9-6768-406f-8687-266076f15d97) transitioned into state 'SUCCESS' from state 'RUNNING' {{(pid=100306) _flow_receiver /usr/local/lib/python3.8/dist-packages/taskflow/listeners/logging.py:141}}
Aug 02 20:06:36.803037 dv-cinder-788367-4-iscsi devstack@c-api.service[100306]: INFO cinder.volume.api [None req-d930ed65-700f-419b-b977-e4d1027308b7 tempest-VolumesGetTest-586311378 tempest-VolumesGetTest-586311378-project] Create volume request issued successfully.
Aug 02 20:06:36.813329 dv-cinder-788367-4-iscsi devstack@c-api.service[100306]: INFO cinder.api.openstack.wsgi [None req-d930ed65-700f-419b-b977-e4d1027308b7 tempest-VolumesGetTest-586311378 tempest-VolumesGetTest-586311378-project] http://10.222.0.26/volume/v3/272dedaadd2742fea29b5f0f82896a30/volumes returned with HTTP 202
Aug 02 20:06:36.814678 dv-cinder-788367-4-iscsi devstack@c-api.service[100306]: [pid: 100306|app: 0|req: 186/377] 10.222.0.26 () {60 vars in 1236 bytes} [Mon Aug 2 20:06:36 2021] POST /volume/v3/272dedaadd2742fea29b5f0f82896a30/volumes => generated 811 bytes in 215 msecs (HTTP/1.1 202) 7 headers in 291 bytes (1 switches on core 0)
Aug 02 20:06:36.830373 dv-cinder-788367-4-iscsi devstack@c-api.service[100306]: INFO cinder.api.openstack.wsgi [None req-30c923b9-855a-4855-ba58-4faefd05208c tempest-VolumesGetTest-586311378 tempest-VolumesGetTest-586311378-project] GET http://10.222.0.26/volume/v3/272dedaadd2742fea29b5f0f82896a30/volumes/33492bbb-6823-4446-93bf-49093c24706d
Aug 02 20:06:36.830829 dv-cinder-788367-4-iscsi devstack@c-api.service[100306]: DEBUG cinder.api.openstack.wsgi [None req-30c923b9-855a-4855-ba58-4faefd05208c tempest-VolumesGetTest-586311378 tempest-VolumesGetTest-586311378-project] Empty body provided in request {{(pid=100306) get_body /opt/stack/cinder/cinder/api/openstack/wsgi.py:703}}
Aug 02 20:06:36.831027 dv-cinder-788367-4-iscsi devstack@c-api.service[100306]: /usr/local/lib/python3.8/dist-packages/webob/acceptparse.py:1047: DeprecationWarning: The behavior of AcceptValidHeader.best_match is currently being maintained for backward compatibility, but it will be deprecated in the future, as it does not conform to the RFC.
Aug 02 20:06:36.831027 dv-cinder-788367-4-iscsi devstack@c-api.service[100306]: warnings.warn(
Aug 02 20:06:36.831542 dv-cinder-788367-4-iscsi devstack@c-api.service[100306]: DEBUG cinder.api.openstack.wsgi [None req-30c923b9-855a-4855-ba58-4faefd05208c tempest-VolumesGetTest-586311378 tempest-VolumesGetTest-586311378-project] Calling method 'show' {{(pid=100306) _process_stack /opt/stack/cinder/cinder/api/openstack/wsgi.py:856}}
Aug 02 20:06:36.853057 dv-cinder-788367-4-iscsi devstack@c-api.service[100306]: /usr/local/lib/python3.8/dist-packages/oslo_context/context.py:105: DeprecationWarning: Policy enforcement is depending on the value of is_admin. This key is deprecated. Please update your policy file to use the standard policy values.
Aug 02 20:06:36.853057 dv-cinder-788367-4-iscsi devstack@c-api.service[100306]: warnings.warn('Policy enforcement is depending on the value of '
Aug 02 20:06:36.856805 dv-cinder-788367-4-iscsi devstack@c-api.service[100305]: DEBUG cinder.quota [None req-eee83b27-f0cc-4bfe-afe1-8b5d678d1b94 tempest-VolumeQuotasNegativeTestJSON-604690119 tempest-VolumeQuotasNegativeTestJSON-604690119-project] Created reservations ['fa338bc3-6b0d-456c-9407-74bfa4dd9d6d', 'e6472db8-603e-48d1-bfbc-3cdc0f11f634', 'c5102fc1-0776-4fb2-9164-38fc05874da0', '2d021b2c-8ed3-4845-9ae0-4f99be26a881'] {{(pid=100305) reserve /opt/stack/cinder/cinder/quota.py:829}}
Aug 02 20:06:36.860437 dv-cinder-788367-4-iscsi devstack@c-api.service[100305]: DEBUG cinder.volume.api [None req-eee83b27-f0cc-4bfe-afe1-8b5d678d1b94 tempest-VolumeQuotasNegativeTestJSON-604690119 tempest-VolumeQuotasNegativeTestJSON-604690119-project] Task 'cinder.volume.flows.api.create_volume.QuotaReserveTask;volume:create' (a1521ebe-ce14-4014-bb5e-692d28d03cf9) transitioned into state 'SUCCESS' from state 'RUNNING' with result '{'reservations': ['fa338bc3-6b0d-456c-9407-74bfa4dd9d6d', 'e6472db8-603e-48d1-bfbc-3cdc0f11f634', 'c5102fc1-0776-4fb2-9164-38fc05874da0', '2d021b2c-8ed3-4845-9ae0-4f99be26a881']}' {{(pid=100305) _task_receiver /usr/local/lib/python3.8/dist-packages/taskflow/listeners/logging.py:178}}
Aug 02 20:06:36.863002 dv-cinder-788367-4-iscsi devstack@c-api.service[100306]: INFO cinder.volume.api [None req-30c923b9-855a-4855-ba58-4faefd05208c tempest-VolumesGetTest-586311378 tempest-VolumesGetTest-586311378-project] Volume info retrieved successfully.
Aug 02 20:06:36.863595 dv-cinder-788367-4-iscsi devstack@c-api.service[100305]: DEBUG cinder.volume.api [None req-eee83b27-f0cc-4bfe-afe1-8b5d678d1b94 tempest-VolumeQuotasNegativeTestJSON-604690119 tempest-VolumeQuotasNegativeTestJSON-604690119-project] Task 'cinder.volume.flows.api.create_volume.EntryCreateTask;volume:create' (416a0460-1844-4305-9573-4217bbd62cd8) transitioned into state 'RUNNING' from state 'PENDING' {{(pid=100305) _task_receiver /usr/local/lib/python3.8/dist-packages/taskflow/listeners/logging.py:190}}
