Jul 15 15:01:58.009695 dv-cinder-788367-2-iscsi neutron-server[92931]: DEBUG neutron_lib.callbacks.manager [req-3f0a59c7-695a-4697-a99d-d5a7c43c128f req-97eb7467-0b59-445e-9190-6b4101646ab2 service neutron] Notify callbacks ['neutron.plugins.ml2.plugin.SecurityGroupServerNotifierRpcMixin._notify_sg_on_port_change-66590760', 'neutron.plugins.ml2.ovo_rpc._ObjectChangeHandler.handle_event-927542', 'neutron.api.rpc.agentnotifiers.dhcp_rpc_agent_api.DhcpAgentNotifyAPI._native_event_send_dhcp_notification-530975', 'neutron.db.l3_db.L3RpcNotifierMixin._notify_gateway_port_ip_changed-8756598979157', 'neutron.db.l3_dvrscheduler_db._notify_l3_agent_port_update-8756598578836', 'neutron.db.l3_hascheduler_db._notify_l3_agent_ha_port_update-8756598578854'] for port, after_update {{(pid=92931) _notify_loop /usr/local/lib/python3.8/dist-packages/neutron_lib/callbacks/manager.py:192}}
Jul 15 15:01:58.045818 dv-cinder-788367-2-iscsi neutron-server[92930]: DEBUG neutron_lib.callbacks.manager [req-92cca19a-265b-4a6b-b1c2-7ba4c53363b3 req-effd9ff5-6e43-401a-b5e7-41c4c20dd052 tempest-ServerRescueNegativeTestJSON-1878563199 tempest-ServerRescueNegativeTestJSON-1878563199-project] Notify callbacks ['neutron.plugins.ml2.plugin.SecurityGroupServerNotifierRpcMixin._notify_sg_on_port_change-66590760', 'neutron.plugins.ml2.ovo_rpc._ObjectChangeHandler.handle_event-927542', 'neutron.api.rpc.agentnotifiers.dhcp_rpc_agent_api.DhcpAgentNotifyAPI._native_event_send_dhcp_notification-530975', 'neutron.db.l3_dvrscheduler_db._notify_l3_agent_new_port-8756598578818', 'neutron.services.segments.plugin.NovaSegmentNotifier._notify_port_created_or_deleted-2594635'] for port, after_create {{(pid=92930) _notify_loop /usr/local/lib/python3.8/dist-packages/neutron_lib/callbacks/manager.py:192}}
Jul 15 15:01:58.069213 dv-cinder-788367-2-iscsi neutron-server[92931]: DEBUG neutron.api.rpc.handlers.resources_rpc [None req-97eb7467-0b59-445e-9190-6b4101646ab2 service neutron] Pushing event updated for resources: {'Port': ['ID=9070fadf-8265-499a-b458-94189b5f9d06,revision_number=2']} {{(pid=92931) push /opt/stack/neutron/neutron/api/rpc/handlers/resources_rpc.py:237}}
Jul 15 15:01:58.104448 dv-cinder-788367-2-iscsi neutron-server[92931]: DEBUG neutron.plugins.ml2.managers [req-3f0a59c7-695a-4697-a99d-d5a7c43c128f req-97eb7467-0b59-445e-9190-6b4101646ab2 service neutron] Attempting to bind port 9070fadf-8265-499a-b458-94189b5f9d06 on host hv-cinder-78836 for vnic_type normal with profile {{(pid=92931) bind_port /opt/stack/neutron/neutron/plugins/ml2/managers.py:790}}
Jul 15 15:01:58.105279 dv-cinder-788367-2-iscsi neutron-server[92931]: DEBUG neutron.plugins.ml2.managers [req-3f0a59c7-695a-4697-a99d-d5a7c43c128f req-97eb7467-0b59-445e-9190-6b4101646ab2 service neutron] Attempting to bind port 9070fadf-8265-499a-b458-94189b5f9d06 by drivers openvswitch,hyperv on host hv-cinder-78836 at level 0 using segments [{'id': '486c78a0-3d56-4446-82c8-9aa404878018', 'network_type': 'vlan', 'physical_network': 'physnet1', 'segmentation_id': 841, 'network_id': '21c983ea-d72b-4caf-9ecb-4a2da4a95654'}] {{(pid=92931) _bind_port_level /opt/stack/neutron/neutron/plugins/ml2/managers.py:815}}
Jul 15 15:01:58.105786 dv-cinder-788367-2-iscsi neutron-server[92931]: DEBUG neutron.plugins.ml2.drivers.mech_agent [req-3f0a59c7-695a-4697-a99d-d5a7c43c128f req-97eb7467-0b59-445e-9190-6b4101646ab2 service neutron] Attempting to bind port 9070fadf-8265-499a-b458-94189b5f9d06 on network 21c983ea-d72b-4caf-9ecb-4a2da4a95654 {{(pid=92931) bind_port /opt/stack/neutron/neutron/plugins/ml2/drivers/mech_agent.py:86}}
Jul 15 15:01:58.111971 dv-cinder-788367-2-iscsi neutron-server[92931]: DEBUG neutron.plugins.ml2.drivers.mech_agent [req-3f0a59c7-695a-4697-a99d-d5a7c43c128f req-97eb7467-0b59-445e-9190-6b4101646ab2 service neutron] Port 9070fadf-8265-499a-b458-94189b5f9d06 on network 21c983ea-d72b-4caf-9ecb-4a2da4a95654 not bound, no agent of type Open vSwitch agent registered on host hv-cinder-78836 {{(pid=92931) bind_port /opt/stack/neutron/neutron/plugins/ml2/drivers/mech_agent.py:98}}
Jul 15 15:01:58.112468 dv-cinder-788367-2-iscsi neutron-server[92930]: DEBUG novaclient.v2.client [-] REQ: curl -g -i --cacert "/opt/stack/data/ca-bundle.pem" -X POST http://10.222.0.72/compute/v2.1/os-server-external-events -H "Accept: application/json" -H "Content-Type: application/json" -H "User-Agent: python-novaclient" -H "X-Auth-Token: {SHA256}c826ff6be7ec083e7a8c7dcf75807344e30c5a62ff9a10463c17e9b74daa9557" -H "X-OpenStack-Nova-API-Version: 2.1" -H "X-OpenStack-Request-ID: req-5a59cbd6-dd9b-4158-932a-1462ad108f3d" -d '{"events": [{"name": "network-changed", "server_uuid": "08622529-f23d-4809-961b-38fef30f0f1e", "tag": "45dbe226-7674-41a2-bcc2-b2e15fcc2400"}]}' {{(pid=92930) _http_log_request /usr/local/lib/python3.8/dist-packages/keystoneauth1/session.py:519}}
Jul 15 15:01:58.114398 dv-cinder-788367-2-iscsi neutron-server[92931]: DEBUG neutron.plugins.ml2.drivers.mech_agent [req-3f0a59c7-695a-4697-a99d-d5a7c43c128f req-97eb7467-0b59-445e-9190-6b4101646ab2 service neutron] Attempting to bind port 9070fadf-8265-499a-b458-94189b5f9d06 on network 21c983ea-d72b-4caf-9ecb-4a2da4a95654 {{(pid=92931) bind_port /opt/stack/neutron/neutron/plugins/ml2/drivers/mech_agent.py:86}}
Jul 15 15:01:58.119818 dv-cinder-788367-2-iscsi neutron-server[92930]: DEBUG neutron.api.rpc.handlers.resources_rpc [None req-effd9ff5-6e43-401a-b5e7-41c4c20dd052 tempest-ServerRescueNegativeTestJSON-1878563199 tempest-ServerRescueNegativeTestJSON-1878563199-project] Pushing event updated for resources: {'Port': ['ID=1ab1aa97-3351-4d97-9cfc-0dc633adce40,revision_number=1']} {{(pid=92930) push /opt/stack/neutron/neutron/api/rpc/handlers/resources_rpc.py:237}}
Jul 15 15:01:58.133469 dv-cinder-788367-2-iscsi neutron-server[92930]: DEBUG neutron.scheduler.dhcp_agent_scheduler [req-92cca19a-265b-4a6b-b1c2-7ba4c53363b3 req-effd9ff5-6e43-401a-b5e7-41c4c20dd052 tempest-ServerRescueNegativeTestJSON-1878563199 tempest-ServerRescueNegativeTestJSON-1878563199-project] Network 65e7b396-175a-4d9e-8b98-b8695e348fec is already hosted by enough agents. {{(pid=92930) _get_dhcp_agents_hosting_network /opt/stack/neutron/neutron/scheduler/dhcp_agent_scheduler.py:275}}
Jul 15 15:01:58.136422 dv-cinder-788367-2-iscsi neutron-server[92931]: DEBUG neutron.plugins.ml2.drivers.mech_agent [req-3f0a59c7-695a-4697-a99d-d5a7c43c128f req-97eb7467-0b59-445e-9190-6b4101646ab2 service neutron] Checking agent: {'id': 'b3324126-c7fe-4c0c-b396-7bb4485c77ae', 'agent_type': 'HyperV agent', 'binary': 'neutron-hyperv-agent', 'topic': 'N/A', 'host': 'hv-cinder-78836', 'admin_state_up': True, 'created_at': datetime.datetime(2021, 7, 15, 14, 59, 53), 'started_at': datetime.datetime(2021, 7, 15, 14, 59, 53), 'heartbeat_timestamp': datetime.datetime(2021, 7, 15, 15, 1, 53), 'description': None, 'resources_synced': None, 'availability_zone': None, 'alive': True, 'configurations': {'vswitch_mappings': {'physnet1$': 'br-data'}}, 'resource_versions': {}} {{(pid=92931) bind_port /opt/stack/neutron/neutron/plugins/ml2/drivers/mech_agent.py:105}}
Jul 15 15:01:58.136936 dv-cinder-788367-2-iscsi neutron-server[92931]: DEBUG neutron.plugins.ml2.drivers.mech_agent [req-3f0a59c7-695a-4697-a99d-d5a7c43c128f req-97eb7467-0b59-445e-9190-6b4101646ab2 service neutron] Checking segment: {'id': '486c78a0-3d56-4446-82c8-9aa404878018', 'network_type': 'vlan', 'physical_network': 'physnet1', 'segmentation_id': 841, 'network_id': '21c983ea-d72b-4caf-9ecb-4a2da4a95654'} for mappings: {'physnet1$': 'br-data'} with network types: ['local', 'flat', 'vlan'] {{(pid=92931) check_segment_for_agent /opt/stack/neutron/neutron/plugins/ml2/drivers/mech_agent.py:341}}
Jul 15 15:01:58.137372 dv-cinder-788367-2-iscsi neutron-server[92930]: DEBUG neutron.scheduler.base_scheduler [req-92cca19a-265b-4a6b-b1c2-7ba4c53363b3 req-effd9ff5-6e43-401a-b5e7-41c4c20dd052 tempest-ServerRescueNegativeTestJSON-1878563199 tempest-ServerRescueNegativeTestJSON-1878563199-project] Resources bound (agent type, host, resource id): {{(pid=92930) schedule /opt/stack/neutron/neutron/scheduler/base_scheduler.py:57}}
Jul 15 15:01:58.137692 dv-cinder-788367-2-iscsi neutron-server[92931]: DEBUG neutron.plugins.ml2.drivers.mech_agent [req-3f0a59c7-695a-4697-a99d-d5a7c43c128f req-97eb7467-0b59-445e-9190-6b4101646ab2 service neutron] Bound using segment: {'id': '486c78a0-3d56-4446-82c8-9aa404878018', 'network_type': 'vlan', 'physical_network': 'physnet1', 'segmentation_id': 841, 'network_id': '21c983ea-d72b-4caf-9ecb-4a2da4a95654'} {{(pid=92931) bind_port /opt/stack/neutron/neutron/plugins/ml2/drivers/mech_agent.py:115}}
Jul 15 15:01:58.138232 dv-cinder-788367-2-iscsi neutron-server[92931]: DEBUG neutron.plugins.ml2.managers [req-3f0a59c7-695a-4697-a99d-d5a7c43c128f req-97eb7467-0b59-445e-9190-6b4101646ab2 service neutron] Bound port: 9070fadf-8265-499a-b458-94189b5f9d06, host: hv-cinder-78836, vif_type: hyperv, vif_details: {"connectivity": "legacy", "port_filter": false}, binding_levels: [{'bound_driver': 'hyperv', 'bound_segment': {'id': '486c78a0-3d56-4446-82c8-9aa404878018', 'network_type': 'vlan', 'physical_network': 'physnet1', 'segmentation_id': 841, 'network_id': '21c983ea-d72b-4caf-9ecb-4a2da4a95654'}}] {{(pid=92931) _bind_port_level /opt/stack/neutron/neutron/plugins/ml2/managers.py:928}}
Jul 15 15:01:58.138689 dv-cinder-788367-2-iscsi neutron-server[92931]: DEBUG neutron_lib.callbacks.manager [req-3f0a59c7-695a-4697-a99d-d5a7c43c128f req-97eb7467-0b59-445e-9190-6b4101646ab2 service neutron] Notify callbacks ['neutron.plugins.ml2.plugin.SecurityGroupDbMixin._ensure_default_security_group_handler-66591699'] for port, before_update {{(pid=92931) _notify_loop /usr/local/lib/python3.8/dist-packages/neutron_lib/callbacks/manager.py:192}}
Jul 15 15:01:58.140738 dv-cinder-788367-2-iscsi neutron-server[92930]: DEBUG neutron.db.l3_dvrscheduler_db [req-92cca19a-265b-4a6b-b1c2-7ba4c53363b3 req-effd9ff5-6e43-401a-b5e7-41c4c20dd052 tempest-ServerRescueNegativeTestJSON-1878563199 tempest-ServerRescueNegativeTestJSON-1878563199-project] Received port after_create {{(pid=92930) _notify_l3_agent_new_port /opt/stack/neutron/neutron/db/l3_dvrscheduler_db.py:535}}
Jul 15 15:01:58.220243 dv-cinder-788367-2-iscsi neutron-server[92930]: DEBUG neutron_lib.callbacks.manager [None req-3d37ca68-292d-4cb1-88cf-8ed1bb5fec63 admin admin] Notify callbacks [] for security_group, precommit_create {{(pid=92930) _notify_loop /usr/local/lib/python3.8/dist-packages/neutron_lib/callbacks/manager.py:192}}
Jul 15 15:01:58.239625 dv-cinder-788367-2-iscsi neutron-server[92930]: DEBUG neutron.pecan_wsgi.hooks.policy_enforcement [req-92cca19a-265b-4a6b-b1c2-7ba4c53363b3 req-effd9ff5-6e43-401a-b5e7-41c4c20dd052 tempest-ServerRescueNegativeTestJSON-1878563199 tempest-ServerRescueNegativeTestJSON-1878563199-project] Attributes excluded by policy engine: ['standard_attr_id', 'binding:profile', 'binding:host_id', 'binding:vif_type', 'binding:vif_details', 'network'] {{(pid=92930) _exclude_attributes_by_policy /opt/stack/neutron/neutron/pecan_wsgi/hooks/policy_enforcement.py:255}}
Jul 15 15:01:58.240945 dv-cinder-788367-2-iscsi neutron-server[92930]: DEBUG neutron_lib.callbacks.manager [req-92cca19a-265b-4a6b-b1c2-7ba4c53363b3 req-effd9ff5-6e43-401a-b5e7-41c4c20dd052 tempest-ServerRescueNegativeTestJSON-1878563199 tempest-ServerRescueNegativeTestJSON-1878563199-project] Notify callbacks ['neutron.notifiers.nova.Notifier._send_nova_notification-134876', 'neutron.api.rpc.agentnotifiers.dhcp_rpc_agent_api.DhcpAgentNotifyAPI._send_dhcp_notification-531049'] for port, before_response {{(pid=92930) _notify_loop /usr/local/lib/python3.8/dist-packages/neutron_lib/callbacks/manager.py:192}}
Jul 15 15:01:58.244062 dv-cinder-788367-2-iscsi neutron-server[92930]: DEBUG neutron_lib.callbacks.manager [None req-3d37ca68-292d-4cb1-88cf-8ed1bb5fec63 admin admin] Notify callbacks ['neutron.plugins.ml2.ovo_rpc._ObjectChangeHandler.handle_event-707706'] for security_group, after_create {{(pid=92930) _notify_loop /usr/local/lib/python3.8/dist-packages/neutron_lib/callbacks/manager.py:192}}
Jul 15 15:01:58.250686 dv-cinder-788367-2-iscsi neutron-server[92931]: DEBUG neutron.plugins.ml2.db [req-3f0a59c7-695a-4697-a99d-d5a7c43c128f req-97eb7467-0b59-445e-9190-6b4101646ab2 service neutron] For port 9070fadf-8265-499a-b458-94189b5f9d06, host hv-cinder-78836, cleared binding levels {{(pid=92931) clear_binding_levels /opt/stack/neutron/neutron/plugins/ml2/db.py:87}}
Jul 15 15:01:58.258084 dv-cinder-788367-2-iscsi neutron-server[92931]: DEBUG neutron.plugins.ml2.db [req-3f0a59c7-695a-4697-a99d-d5a7c43c128f req-97eb7467-0b59-445e-9190-6b4101646ab2 service neutron] For port 9070fadf-8265-499a-b458-94189b5f9d06, host hv-cinder-78836, set binding levels [PortBindingLevel(driver='hyperv',host='hv-cinder-78836',level=0,port_id=9070fadf-8265-499a-b458-94189b5f9d06,segment=NetworkSegment(486c78a0-3d56-4446-82c8-9aa404878018),segment_id=486c78a0-3d56-4446-82c8-9aa404878018)] {{(pid=92931) set_binding_levels /opt/stack/neutron/neutron/plugins/ml2/db.py:59}}
Jul 15 15:01:58.275434 dv-cinder-788367-2-iscsi neutron-server[92931]: DEBUG neutron_lib.callbacks.manager [req-3f0a59c7-695a-4697-a99d-d5a7c43c128f req-97eb7467-0b59-445e-9190-6b4101646ab2 service neutron] Notify callbacks ['neutron.plugins.ml2.plugin.SecurityGroupServerNotifierRpcMixin._notify_sg_on_port_change-66590760', 'neutron.plugins.ml2.ovo_rpc._ObjectChangeHandler.handle_event-927542', 'neutron.api.rpc.agentnotifiers.dhcp_rpc_agent_api.DhcpAgentNotifyAPI._native_event_send_dhcp_notification-530975', 'neutron.db.l3_db.L3RpcNotifierMixin._notify_gateway_port_ip_changed-8756598979157', 'neutron.db.l3_dvrscheduler_db._notify_l3_agent_port_update-8756598578836', 'neutron.db.l3_hascheduler_db._notify_l3_agent_ha_port_update-8756598578854'] for port, after_update {{(pid=92931) _notify_loop /usr/local/lib/python3.8/dist-packages/neutron_lib/callbacks/manager.py:192}}
Jul 15 15:01:58.298944 dv-cinder-788367-2-iscsi neutron-server[92930]: INFO neutron.wsgi [None req-3d37ca68-292d-4cb1-88cf-8ed1bb5fec63 admin admin] 10.222.0.72 "GET /v2.0/security-groups?tenant_id=683de274ecf54bdaae1a7389f30eab63&name=default HTTP/1.1" status: 200 len: 2979 time: 1.0862274
Jul 15 15:01:58.298944 dv-cinder-788367-2-iscsi neutron-server[92930]: DEBUG neutron.api.rpc.handlers.resources_rpc [None req-3d37ca68-292d-4cb1-88cf-8ed1bb5fec63 admin admin] Pushing event updated for resources: {'SecurityGroup': ['ID=1bedbcee-a49e-4bb6-98b3-f748f497fa8c,revision_number=1']} {{(pid=92930) push /opt/stack/neutron/neutron/api/rpc/handlers/resources_rpc.py:237}}
Jul 15 15:01:58.299873 dv-cinder-788367-2-iscsi neutron-server[92930]: DEBUG neutron.wsgi [-] (92930) accepted ('10.222.0.72', 59960) {{(pid=92930) server /usr/local/lib/python3.8/dist-packages/eventlet/wsgi.py:982}}
Jul 15 15:01:58.320095 dv-cinder-788367-2-iscsi neutron-server[92930]: DEBUG novaclient.v2.client [-] RESP: [200] Connection: close Content-Length: 179 Content-Type: application/json Date: Thu, 15 Jul 2021 15:01:58 GMT OpenStack-API-Version: compute 2.1 Server: Apache/2.4.41 (Ubuntu) Vary: OpenStack-API-Version,X-OpenStack-Nova-API-Version X-OpenStack-Nova-API-Version: 2.1 x-compute-request-id: req-3ec8182a-e29b-4ac7-a5ec-2234982bb054 x-openstack-request-id: req-3ec8182a-e29b-4ac7-a5ec-2234982bb054 {{(pid=92930) _http_log_response /usr/local/lib/python3.8/dist-packages/keystoneauth1/session.py:550}}
Jul 15 15:01:58.320388 dv-cinder-788367-2-iscsi neutron-server[92930]: DEBUG novaclient.v2.client [-] RESP BODY: {"events": [{"name": "network-changed", "server_uuid": "08622529-f23d-4809-961b-38fef30f0f1e", "tag": "45dbe226-7674-41a2-bcc2-b2e15fcc2400", "status": "completed", "code": 200}]} {{(pid=92930) _http_log_response /usr/local/lib/python3.8/dist-packages/keystoneauth1/session.py:582}}
Jul 15 15:01:58.320626 dv-cinder-788367-2-iscsi neutron-server[92930]: DEBUG novaclient.v2.client [-] POST call to compute for http://10.222.0.72/compute/v2.1/os-server-external-events used request id req-3ec8182a-e29b-4ac7-a5ec-2234982bb054 {{(pid=92930) request /usr/local/lib/python3.8/dist-packages/keystoneauth1/session.py:954}}
Jul 15 15:01:58.321086 dv-cinder-788367-2-iscsi neutron-server[92930]: INFO neutron.notifiers.nova [-] Nova event response: {'name': 'network-changed', 'server_uuid': '08622529-f23d-4809-961b-38fef30f0f1e', 'tag': '45dbe226-7674-41a2-bcc2-b2e15fcc2400', 'status': 'completed', 'code': 200}
Jul 15 15:01:58.330325 dv-cinder-788367-2-iscsi neutron-server[92931]: DEBUG neutron.pecan_wsgi.hooks.policy_enforcement [req-3f0a59c7-695a-4697-a99d-d5a7c43c128f req-97eb7467-0b59-445e-9190-6b4101646ab2 service neutron] Attributes excluded by policy engine: ['standard_attr_id'] {{(pid=92931) _exclude_attributes_by_policy /opt/stack/neutron/neutron/pecan_wsgi/hooks/policy_enforcement.py:255}}
Jul 15 15:01:58.330946 dv-cinder-788367-2-iscsi neutron-server[92931]: DEBUG neutron_lib.callbacks.manager [req-3f0a59c7-695a-4697-a99d-d5a7c43c128f req-97eb7467-0b59-445e-9190-6b4101646ab2 service neutron] Notify callbacks ['neutron.notifiers.nova.Notifier._send_nova_notification-134876', 'neutron.api.rpc.agentnotifiers.dhcp_rpc_agent_api.DhcpAgentNotifyAPI._send_dhcp_notification-531049'] for port, before_response {{(pid=92931) _notify_loop /usr/local/lib/python3.8/dist-packages/neutron_lib/callbacks/manager.py:192}}
Jul 15 15:01:58.332386 dv-cinder-788367-2-iscsi neutron-server[92931]: INFO neutron.wsgi [req-3f0a59c7-695a-4697-a99d-d5a7c43c128f req-97eb7467-0b59-445e-9190-6b4101646ab2 service neutron] 10.222.0.41 "PUT /v2.0/ports/9070fadf-8265-499a-b458-94189b5f9d06 HTTP/1.1" status: 200 len: 1093 time: 1.0840561
Jul 15 15:01:58.332835 dv-cinder-788367-2-iscsi neutron-server[92931]: DEBUG neutron.notifiers.nova [-] Sending events: [{'name': 'network-changed', 'server_uuid': '009bb2f1-a1f9-4f31-b5ad-c668181f33eb', 'tag': '9070fadf-8265-499a-b458-94189b5f9d06'}] {{(pid=92931) send_events /opt/stack/neutron/neutron/notifiers/nova.py:262}}
Jul 15 15:01:58.335052 dv-cinder-788367-2-iscsi neutron-server[92931]: DEBUG novaclient.v2.client [-] REQ: curl -g -i --cacert "/opt/stack/data/ca-bundle.pem" -X POST http://10.222.0.72/compute/v2.1/os-server-external-events -H "Accept: application/json" -H "Content-Type: application/json" -H "User-Agent: python-novaclient" -H "X-Auth-Token: {SHA256}c697450d42f93d458eb0f4d04149441600094ce3807b1af52b5675f0633ea280" -H "X-OpenStack-Nova-API-Version: 2.1" -H "X-OpenStack-Request-ID: req-0e12d3d6-fc84-4e10-8792-2c4ff49900c2" -d '{"events": [{"name": "network-changed", "server_uuid": "009bb2f1-a1f9-4f31-b5ad-c668181f33eb", "tag": "9070fadf-8265-499a-b458-94189b5f9d06"}]}' {{(pid=92931) _http_log_request /usr/local/lib/python3.8/dist-packages/keystoneauth1/session.py:519}}
Jul 15 15:01:58.365928 dv-cinder-788367-2-iscsi neutron-server[92931]: DEBUG neutron.api.rpc.handlers.resources_rpc [None req-97eb7467-0b59-445e-9190-6b4101646ab2 service neutron] Pushing event updated for resources: {'Port': ['ID=9070fadf-8265-499a-b458-94189b5f9d06,revision_number=3']} {{(pid=92931) push /opt/stack/neutron/neutron/api/rpc/handlers/resources_rpc.py:237}}
Jul 15 15:01:58.367333 dv-cinder-788367-2-iscsi neutron-server[92930]: DEBUG neutron_lib.callbacks.manager [None req-0762c56c-9bfa-4cdd-acb3-ee975eb6b317 admin admin] Notify callbacks [] for security_group, before_delete {{(pid=92930) _notify_loop /usr/local/lib/python3.8/dist-packages/neutron_lib/callbacks/manager.py:192}}
Jul 15 15:01:58.388364 dv-cinder-788367-2-iscsi neutron-server[92931]: DEBUG novaclient.v2.client [-] RESP: [200] Connection: close Content-Length: 179 Content-Type: application/json Date: Thu, 15 Jul 2021 15:01:58 GMT OpenStack-API-Version: compute 2.1 Server: Apache/2.4.41 (Ubuntu) Vary: OpenStack-API-Version,X-OpenStack-Nova-API-Version X-OpenStack-Nova-API-Version: 2.1 x-compute-request-id: req-2f3b0c57-4983-46b0-9e55-863be0d47c56 x-openstack-request-id: req-2f3b0c57-4983-46b0-9e55-863be0d47c56 {{(pid=92931) _http_log_response /usr/local/lib/python3.8/dist-packages/keystoneauth1/session.py:550}}
Jul 15 15:01:58.388664 dv-cinder-788367-2-iscsi neutron-server[92931]: DEBUG novaclient.v2.client [-] RESP BODY: {"events": [{"name": "network-changed", "server_uuid": "009bb2f1-a1f9-4f31-b5ad-c668181f33eb", "tag": "9070fadf-8265-499a-b458-94189b5f9d06", "status": "completed", "code": 200}]} {{(pid=92931) _http_log_response /usr/local/lib/python3.8/dist-packages/keystoneauth1/session.py:582}}
Jul 15 15:01:58.388920 dv-cinder-788367-2-iscsi neutron-server[92931]: DEBUG novaclient.v2.client [-] POST call to compute for http://10.222.0.72/compute/v2.1/os-server-external-events used request id req-2f3b0c57-4983-46b0-9e55-863be0d47c56 {{(pid=92931) request /usr/local/lib/python3.8/dist-packages/keystoneauth1/session.py:954}}
Jul 15 15:01:58.389311 dv-cinder-788367-2-iscsi neutron-server[92931]: INFO neutron.notifiers.nova [-] Nova event response: {'name': 'network-changed', 'server_uuid': '009bb2f1-a1f9-4f31-b5ad-c668181f33eb', 'tag': '9070fadf-8265-499a-b458-94189b5f9d06', 'status': 'completed', 'code': 200}
Jul 15 15:01:58.396977 dv-cinder-788367-2-iscsi neutron-server[92930]: DEBUG neutron_lib.callbacks.manager [None req-0762c56c-9bfa-4cdd-acb3-ee975eb6b317 admin admin] Notify callbacks [] for security_group, precommit_delete {{(pid=92930) _notify_loop /usr/local/lib/python3.8/dist-packages/neutron_lib/callbacks/manager.py:192}}
Jul 15 15:01:58.402923 dv-cinder-788367-2-iscsi neutron-server[92931]: DEBUG neutron_lib.callbacks.manager [None req-88a7c451-3fcb-4d12-9e46-3637f63473c1 admin admin] Notify callbacks [] for security_group, precommit_create {{(pid=92931) _notify_loop /usr/local/lib/python3.8/dist-packages/neutron_lib/callbacks/manager.py:192}}
Jul 15 15:01:58.407373 dv-cinder-788367-2-iscsi neutron-server[92931]: DEBUG neutron_lib.callbacks.manager [None req-88a7c451-3fcb-4d12-9e46-3637f63473c1 admin admin] Notify callbacks ['neutron.plugins.ml2.ovo_rpc._ObjectChangeHandler.handle_event-707706'] for security_group, after_create {{(pid=92931) _notify_loop /usr/local/lib/python3.8/dist-packages/neutron_lib/callbacks/manager.py:192}}
Jul 15 15:01:58.419310 dv-cinder-788367-2-iscsi neutron-server[92930]: INFO neutron.wsgi [req-92cca19a-265b-4a6b-b1c2-7ba4c53363b3 req-effd9ff5-6e43-401a-b5e7-41c4c20dd052 tempest-ServerRescueNegativeTestJSON-1878563199 tempest-ServerRescueNegativeTestJSON-1878563199-project] 10.222.0.41 "POST /v2.0/ports HTTP/1.1" status: 201 len: 933 time: 2.6451230
Jul 15 15:01:58.447755 dv-cinder-788367-2-iscsi neutron-server[92931]: INFO neutron.wsgi [None req-88a7c451-3fcb-4d12-9e46-3637f63473c1 admin admin] 10.222.0.72 "GET /v2.0/security-groups?tenant_id=ea88687b8e68435d80eda52fcb6e7ad0&name=default HTTP/1.1" status: 200 len: 2979 time: 0.5703568
Jul 15 15:01:58.449446 dv-cinder-788367-2-iscsi neutron-server[92931]: DEBUG neutron.api.rpc.handlers.resources_rpc [None req-88a7c451-3fcb-4d12-9e46-3637f63473c1 admin admin] Pushing event updated for resources: {'SecurityGroup': ['ID=b9ff7f11-d7cc-4929-9c24-7588aa54fc54,revision_number=1']} {{(pid=92931) push /opt/stack/neutron/neutron/api/rpc/handlers/resources_rpc.py:237}}
Jul 15 15:01:58.451457 dv-cinder-788367-2-iscsi neutron-server[92930]: DEBUG neutron.wsgi [-] (92930) accepted ('10.222.0.72', 59964) {{(pid=92930) server /usr/local/lib/python3.8/dist-packages/eventlet/wsgi.py:982}}
Jul 15 15:01:58.472813 dv-cinder-788367-2-iscsi neutron-server[92930]: DEBUG neutron_lib.callbacks.manager [None req-0762c56c-9bfa-4cdd-acb3-ee975eb6b317 admin admin] Notify callbacks ['neutron.plugins.ml2.ovo_rpc._ObjectChangeHandler.handle_event-707706'] for security_group, after_delete {{(pid=92930) _notify_loop /usr/local/lib/python3.8/dist-packages/neutron_lib/callbacks/manager.py:192}}
Jul 15 15:01:58.475245 dv-cinder-788367-2-iscsi neutron-server[92930]: DEBUG neutron_lib.callbacks.manager [None req-0762c56c-9bfa-4cdd-acb3-ee975eb6b317 admin admin] Notify callbacks [] for security_group, before_response {{(pid=92930) _notify_loop /usr/local/lib/python3.8/dist-packages/neutron_lib/callbacks/manager.py:192}}
Jul 15 15:01:58.476365 dv-cinder-788367-2-iscsi neutron-server[92930]: INFO neutron.wsgi [None req-0762c56c-9bfa-4cdd-acb3-ee975eb6b317 admin admin] 10.222.0.72 "DELETE /v2.0/security-groups/1bedbcee-a49e-4bb6-98b3-f748f497fa8c HTTP/1.1" status: 204 len: 168 time: 0.1755252
Jul 15 15:01:58.497139 dv-cinder-788367-2-iscsi neutron-server[92930]: DEBUG neutron.api.rpc.handlers.resources_rpc [None req-0762c56c-9bfa-4cdd-acb3-ee975eb6b317 admin admin] Pushing event deleted for resources: {'SecurityGroup': ['ID=1bedbcee-a49e-4bb6-98b3-f748f497fa8c,revision_number=None']} {{(pid=92930) push /opt/stack/neutron/neutron/api/rpc/handlers/resources_rpc.py:237}}
Jul 15 15:01:58.539319 dv-cinder-788367-2-iscsi neutron-server[92930]: DEBUG neutron_lib.callbacks.manager [None req-81304f80-9342-44a0-a994-849f834f6b3d admin admin] Notify callbacks [] for security_group, before_delete {{(pid=92930) _notify_loop /usr/local/lib/python3.8/dist-packages/neutron_lib/callbacks/manager.py:192}}
Jul 15 15:01:58.565330 dv-cinder-788367-2-iscsi neutron-server[92930]: DEBUG neutron_lib.callbacks.manager [None req-81304f80-9342-44a0-a994-849f834f6b3d admin admin] Notify callbacks [] for security_group, precommit_delete {{(pid=92930) _notify_loop /usr/local/lib/python3.8/dist-packages/neutron_lib/callbacks/manager.py:192}}
Jul 15 15:01:58.612400 dv-cinder-788367-2-iscsi neutron-server[92930]: DEBUG neutron_lib.callbacks.manager [None req-81304f80-9342-44a0-a994-849f834f6b3d admin admin] Notify callbacks ['neutron.plugins.ml2.ovo_rpc._ObjectChangeHandler.handle_event-707706'] for security_group, after_delete {{(pid=92930) _notify_loop /usr/local/lib/python3.8/dist-packages/neutron_lib/callbacks/manager.py:192}}
Jul 15 15:01:58.614876 dv-cinder-788367-2-iscsi neutron-server[92930]: DEBUG neutron_lib.callbacks.manager [None req-81304f80-9342-44a0-a994-849f834f6b3d admin admin] Notify callbacks [] for security_group, before_response {{(pid=92930) _notify_loop /usr/local/lib/python3.8/dist-packages/neutron_lib/callbacks/manager.py:192}}
Jul 15 15:01:58.616487 dv-cinder-788367-2-iscsi neutron-server[92930]: INFO neutron.wsgi [None req-81304f80-9342-44a0-a994-849f834f6b3d admin admin] 10.222.0.72 "DELETE /v2.0/security-groups/b9ff7f11-d7cc-4929-9c24-7588aa54fc54 HTTP/1.1" status: 204 len: 168 time: 0.1511497
Jul 15 15:01:58.632328 dv-cinder-788367-2-iscsi neutron-server[92930]: DEBUG neutron.api.rpc.handlers.resources_rpc [None req-81304f80-9342-44a0-a994-849f834f6b3d admin admin] Pushing event deleted for resources: {'SecurityGroup': ['ID=b9ff7f11-d7cc-4929-9c24-7588aa54fc54,revision_number=None']} {{(pid=92930) push /opt/stack/neutron/neutron/api/rpc/handlers/resources_rpc.py:237}}
Jul 15 15:01:58.709643 dv-cinder-788367-2-iscsi neutron-server[92931]: DEBUG neutron.pecan_wsgi.hooks.policy_enforcement [req-3991b6dc-24e4-45a8-8197-18bc28b3ae0f req-84be5fdb-3f21-4373-a776-015be4b7069c tempest-AttachVolumeShelveTestJSON-1133381617 tempest-AttachVolumeShelveTestJSON-1133381617-project] Attributes excluded by policy engine: ['standard_attr_id', 'binding:profile', 'binding:host_id', 'binding:vif_type', 'binding:vif_details'] {{(pid=92931) _exclude_attributes_by_policy /opt/stack/neutron/neutron/pecan_wsgi/hooks/policy_enforcement.py:255}}
Jul 15 15:01:58.711382 dv-cinder-788367-2-iscsi neutron-server[92931]: INFO neutron.wsgi [req-3991b6dc-24e4-45a8-8197-18bc28b3ae0f req-84be5fdb-3f21-4373-a776-015be4b7069c tempest-AttachVolumeShelveTestJSON-1133381617 tempest-AttachVolumeShelveTestJSON-1133381617-project] 10.222.0.72 "GET /v2.0/ports?device_id=009bb2f1-a1f9-4f31-b5ad-c668181f33eb HTTP/1.1" status: 200 len: 943 time: 0.0880625
Jul 15 15:01:58.750822 dv-cinder-788367-2-iscsi neutron-server[92931]: INFO neutron.wsgi [req-3991b6dc-24e4-45a8-8197-18bc28b3ae0f req-d4878bd5-0667-46d5-b5f6-e1519c34a699 tempest-AttachVolumeShelveTestJSON-1133381617 tempest-AttachVolumeShelveTestJSON-1133381617-project] 10.222.0.72 "GET /v2.0/security-groups?id=59d5a296-a752-45a6-8a6d-fd8ccb595067&fields=id&fields=name HTTP/1.1" status: 200 len: 312 time: 0.0330443
Jul 15 15:01:59.009517 dv-cinder-788367-2-iscsi neutron-server[92930]: DEBUG neutron.pecan_wsgi.hooks.policy_enforcement [req-bb1ff0e7-b5c0-4f07-a74d-2872dbe066e0 req-9cc43a99-c55b-4e83-b4fd-0ceb2ee12dcf tempest-ServerRescueNegativeTestJSON-1878563199 tempest-ServerRescueNegativeTestJSON-1878563199-project] Attributes excluded by policy engine: ['standard_attr_id', 'binding:profile', 'binding:host_id', 'binding:vif_type', 'binding:vif_details'] {{(pid=92930) _exclude_attributes_by_policy /opt/stack/neutron/neutron/pecan_wsgi/hooks/policy_enforcement.py:255}}
Jul 15 15:01:59.012124 dv-cinder-788367-2-iscsi neutron-server[92930]: INFO neutron.wsgi [req-bb1ff0e7-b5c0-4f07-a74d-2872dbe066e0 req-9cc43a99-c55b-4e83-b4fd-0ceb2ee12dcf tempest-ServerRescueNegativeTestJSON-1878563199 tempest-ServerRescueNegativeTestJSON-1878563199-project] 10.222.0.72 "GET /v2.0/ports?device_id=d1be554c-1b0b-4092-a090-253a73a3b5e7 HTTP/1.1" status: 200 len: 931 time: 0.0746963
Jul 15 15:01:59.060084 dv-cinder-788367-2-iscsi neutron-server[92930]: INFO neutron.wsgi [req-bb1ff0e7-b5c0-4f07-a74d-2872dbe066e0 req-07905445-2246-44c3-87e1-980bc9489217 tempest-ServerRescueNegativeTestJSON-1878563199 tempest-ServerRescueNegativeTestJSON-1878563199-project] 10.222.0.72 "GET /v2.0/security-groups?id=8942f97e-23f3-43cd-ac8a-06db41102a1f&fields=id&fields=name HTTP/1.1" status: 200 len: 286 time: 0.0405984
Jul 15 15:01:59.171802 dv-cinder-788367-2-iscsi neutron-server[92931]: DEBUG neutron.pecan_wsgi.hooks.policy_enforcement [req-e2119d8d-eca8-4602-994b-8257effe40d3 req-67a3ef7b-358c-4a4c-90a1-d9a2da8ce4bb tempest-DeleteServersTestJSON-210695216 tempest-DeleteServersTestJSON-210695216-project] Attributes excluded by policy engine: ['standard_attr_id', 'binding:profile', 'binding:host_id', 'binding:vif_type', 'binding:vif_details'] {{(pid=92931) _exclude_attributes_by_policy /opt/stack/neutron/neutron/pecan_wsgi/hooks/policy_enforcement.py:255}}
Jul 15 15:01:59.173433 dv-cinder-788367-2-iscsi neutron-server[92931]: INFO neutron.wsgi [req-e2119d8d-eca8-4602-994b-8257effe40d3 req-67a3ef7b-358c-4a4c-90a1-d9a2da8ce4bb tempest-DeleteServersTestJSON-210695216 tempest-DeleteServersTestJSON-210695216-project] 10.222.0.72 "GET /v2.0/ports?device_id=9addebb1-f3c6-475b-9a23-fed3ab9ab20b HTTP/1.1" status: 200 len: 943 time: 0.0744405
Jul 15 15:01:59.212872 dv-cinder-788367-2-iscsi neutron-server[92931]: INFO neutron.wsgi [req-e2119d8d-eca8-4602-994b-8257effe40d3 req-d15b2c00-75f1-414a-a083-f482effbf9f0 tempest-DeleteServersTestJSON-210695216 tempest-DeleteServersTestJSON-210695216-project] 10.222.0.72 "GET /v2.0/security-groups?id=f26d9c2c-f741-4e54-8c7d-51be2acfa406&fields=id&fields=name HTTP/1.1" status: 200 len: 286 time: 0.0335271
Jul 15 15:01:59.944497 dv-cinder-788367-2-iscsi neutron-server[92930]: DEBUG neutron.pecan_wsgi.hooks.policy_enforcement [req-2001bf32-9800-40d5-bfce-5715737ff1fe req-c990b7ba-a705-4191-ae92-5d529679a3d0 tempest-AttachVolumeShelveTestJSON-1133381617 tempest-AttachVolumeShelveTestJSON-1133381617-project] Attributes excluded by policy engine: ['standard_attr_id', 'binding:profile', 'binding:host_id', 'binding:vif_type', 'binding:vif_details'] {{(pid=92930) _exclude_attributes_by_policy /opt/stack/neutron/neutron/pecan_wsgi/hooks/policy_enforcement.py:255}}
Jul 15 15:01:59.945987 dv-cinder-788367-2-iscsi neutron-server[92930]: INFO neutron.wsgi [req-2001bf32-9800-40d5-bfce-5715737ff1fe req-c990b7ba-a705-4191-ae92-5d529679a3d0 tempest-AttachVolumeShelveTestJSON-1133381617 tempest-AttachVolumeShelveTestJSON-1133381617-project] 10.222.0.72 "GET /v2.0/ports?device_id=009bb2f1-a1f9-4f31-b5ad-c668181f33eb HTTP/1.1" status: 200 len: 943 time: 0.0635526
Jul 15 15:01:59.987681 dv-cinder-788367-2-iscsi neutron-server[92930]: INFO neutron.wsgi [req-2001bf32-9800-40d5-bfce-5715737ff1fe req-13c2728e-a0d1-4df1-9e90-48072dcf1d28 tempest-AttachVolumeShelveTestJSON-1133381617 tempest-AttachVolumeShelveTestJSON-1133381617-project] 10.222.0.72 "GET /v2.0/security-groups?id=59d5a296-a752-45a6-8a6d-fd8ccb595067&fields=id&fields=name HTTP/1.1" status: 200 len: 312 time: 0.0343883
Jul 15 15:02:00.256665 dv-cinder-788367-2-iscsi neutron-server[92931]: DEBUG neutron.pecan_wsgi.hooks.policy_enforcement [req-1d8ea9cf-8e04-4cb8-bad4-d143e8de352a req-a7997b47-839e-4221-a486-2bfb719d86d9 tempest-ServerRescueNegativeTestJSON-1878563199 tempest-ServerRescueNegativeTestJSON-1878563199-project] Attributes excluded by policy engine: ['standard_attr_id', 'binding:profile', 'binding:host_id', 'binding:vif_type', 'binding:vif_details'] {{(pid=92931) _exclude_attributes_by_policy /opt/stack/neutron/neutron/pecan_wsgi/hooks/policy_enforcement.py:255}}
Jul 15 15:02:00.263605 dv-cinder-788367-2-iscsi neutron-server[92931]: INFO neutron.wsgi [req-1d8ea9cf-8e04-4cb8-bad4-d143e8de352a req-a7997b47-839e-4221-a486-2bfb719d86d9 tempest-ServerRescueNegativeTestJSON-1878563199 tempest-ServerRescueNegativeTestJSON-1878563199-project] 10.222.0.72 "GET /v2.0/ports?device_id=d1be554c-1b0b-4092-a090-253a73a3b5e7 HTTP/1.1" status: 200 len: 931 time: 0.0874114
Jul 15 15:02:00.272508 dv-cinder-788367-2-iscsi neutron-server[92932]: DEBUG neutron_lib.callbacks.manager [None req-2f3bfe94-d21d-4e50-8d9c-9bfed47015eb None None] Notify callbacks ['neutron.services.segments.db._update_segment_host_mapping_for_agent-8756598894650', 'neutron.plugins.ml2.plugin.Ml2Plugin._retry_binding_revived_agents-66795252'] for agent, after_update {{(pid=92932) _notify_loop /usr/local/lib/python3.8/dist-packages/neutron_lib/callbacks/manager.py:192}}
Jul 15 15:02:00.299780 dv-cinder-788367-2-iscsi neutron-server[92931]: INFO neutron.wsgi [req-1d8ea9cf-8e04-4cb8-bad4-d143e8de352a req-7ae532c9-75ed-43cf-b4b9-c4f396cc43d1 tempest-ServerRescueNegativeTestJSON-1878563199 tempest-ServerRescueNegativeTestJSON-1878563199-project] 10.222.0.72 "GET /v2.0/security-groups?id=8942f97e-23f3-43cd-ac8a-06db41102a1f&fields=id&fields=name HTTP/1.1" status: 200 len: 286 time: 0.0352993
Jul 15 15:02:00.422740 dv-cinder-788367-2-iscsi neutron-server[92930]: DEBUG neutron.pecan_wsgi.hooks.policy_enforcement [req-9e82f607-b1dd-4768-b735-e520a34c54db req-fdf8eec2-e596-4282-b250-3dabb3734517 tempest-DeleteServersTestJSON-210695216 tempest-DeleteServersTestJSON-210695216-project] Attributes excluded by policy engine: ['standard_attr_id', 'binding:profile', 'binding:host_id', 'binding:vif_type', 'binding:vif_details'] {{(pid=92930) _exclude_attributes_by_policy /opt/stack/neutron/neutron/pecan_wsgi/hooks/policy_enforcement.py:255}}
Jul 15 15:02:00.424944 dv-cinder-788367-2-iscsi neutron-server[92930]: INFO neutron.wsgi [req-9e82f607-b1dd-4768-b735-e520a34c54db req-fdf8eec2-e596-4282-b250-3dabb3734517 tempest-DeleteServersTestJSON-210695216 tempest-DeleteServersTestJSON-210695216-project] 10.222.0.72 "GET /v2.0/ports?device_id=9addebb1-f3c6-475b-9a23-fed3ab9ab20b HTTP/1.1" status: 200 len: 943 time: 0.0823879
Jul 15 15:02:00.469087 dv-cinder-788367-2-iscsi neutron-server[92930]: INFO neutron.wsgi [req-9e82f607-b1dd-4768-b735-e520a34c54db req-71c96672-0fcd-4ac7-ab3b-481ee4db95e2 tempest-DeleteServersTestJSON-210695216 tempest-DeleteServersTestJSON-210695216-project] 10.222.0.72 "GET /v2.0/security-groups?id=f26d9c2c-f741-4e54-8c7d-51be2acfa406&fields=id&fields=name HTTP/1.1" status: 200 len: 286 time: 0.0379496
Jul 15 15:02:00.662017 dv-cinder-788367-2-iscsi neutron-server[92932]: DEBUG neutron.plugins.ml2.rpc [None req-a37c2d16-a017-4156-a430-0f20ba494846 None None] Device 4d937a40-4a3a-4dbb-ab2d-1b2b2dbc87fe details requested by agent hyperv_hv-cinder-78836 with host hv-cinder-78836 {{(pid=92932) get_device_details /opt/stack/neutron/neutron/plugins/ml2/rpc.py:102}}
Jul 15 15:02:00.700272 dv-cinder-788367-2-iscsi neutron-server[92930]: DEBUG neutron.api.v2.base [req-92cca19a-265b-4a6b-b1c2-7ba4c53363b3 req-7a29c57b-09f0-4ed4-ae8d-48c0bead2cb9 service neutron] Request body: {'port': {'device_id': 'd1be554c-1b0b-4092-a090-253a73a3b5e7', 'device_owner': 'compute:nova', 'binding:host_id': 'hv-cinder-78836'}} {{(pid=92930) prepare_request_body /opt/stack/neutron/neutron/api/v2/base.py:729}}
Jul 15 15:02:00.786269 dv-cinder-788367-2-iscsi neutron-server[92931]: DEBUG neutron.pecan_wsgi.hooks.policy_enforcement [req-0e12d3d6-fc84-4e10-8792-2c4ff49900c2 req-dbcde231-8fa2-4310-a982-9e4a61d4c1aa service neutron] Attributes excluded by policy engine: ['standard_attr_id'] {{(pid=92931) _exclude_attributes_by_policy /opt/stack/neutron/neutron/pecan_wsgi/hooks/policy_enforcement.py:255}}
Jul 15 15:02:00.793001 dv-cinder-788367-2-iscsi neutron-server[92931]: INFO neutron.wsgi [req-0e12d3d6-fc84-4e10-8792-2c4ff49900c2 req-dbcde231-8fa2-4310-a982-9e4a61d4c1aa service neutron] 10.222.0.41 "GET /v2.0/ports?tenant_id=af2016afdf21465691485701f391f03b&device_id=009bb2f1-a1f9-4f31-b5ad-c668181f33eb HTTP/1.1" status: 200 len: 1096 time: 0.1014054
Jul 15 15:02:00.815678 dv-cinder-788367-2-iscsi neutron-server[92932]: DEBUG neutron.plugins.ml2.db [None req-a37c2d16-a017-4156-a430-0f20ba494846 None None] For port 4d937a40-4a3a-4dbb-ab2d-1b2b2dbc87fe, host hv-cinder-78836, got binding levels [PortBindingLevel(driver='hyperv',host='hv-cinder-78836',level=0,port_id=4d937a40-4a3a-4dbb-ab2d-1b2b2dbc87fe,segment=NetworkSegment(165b4a6f-45c7-432d-a1d9-1a298de331ac),segment_id=165b4a6f-45c7-432d-a1d9-1a298de331ac)] {{(pid=92932) get_binding_level_objs /opt/stack/neutron/neutron/plugins/ml2/db.py:74}}
Jul 15 15:02:00.849136 dv-cinder-788367-2-iscsi neutron-server[92932]: DEBUG neutron.plugins.ml2.rpc [None req-a37c2d16-a017-4156-a430-0f20ba494846 None None] Returning: {'device': '4d937a40-4a3a-4dbb-ab2d-1b2b2dbc87fe', 'network_id': '005c0a61-63e4-42bd-8762-a46e34edfd15', 'port_id': '4d937a40-4a3a-4dbb-ab2d-1b2b2dbc87fe', 'mac_address': 'fa:16:3e:d7:b8:8f', 'admin_state_up': True, 'network_type': 'vlan', 'segmentation_id': 804, 'physical_network': 'physnet1', 'mtu': 1500, 'fixed_ips': [{'subnet_id': 'c3b154f4-499b-47fb-baf8-ed8f9a473dbe', 'ip_address': '172.20.0.5'}], 'device_owner': 'compute:nova', 'allowed_address_pairs': [], 'port_security_enabled': True, 'qos_policy_id': None, 'network_qos_policy_id': None, 'profile': {}, 'propagate_uplink_status': False} {{(pid=92932) _get_device_details /opt/stack/neutron/neutron/plugins/ml2/rpc.py:184}}
Jul 15 15:02:00.916333 dv-cinder-788367-2-iscsi neutron-server[92932]: DEBUG neutron_lib.callbacks.manager [None req-a37c2d16-a017-4156-a430-0f20ba494846 None None] Notify callbacks ['neutron.plugins.ml2.plugin.SecurityGroupDbMixin._ensure_default_security_group_handler-66591699'] for port, before_update {{(pid=92932) _notify_loop /usr/local/lib/python3.8/dist-packages/neutron_lib/callbacks/manager.py:192}}
Jul 15 15:02:00.945735 dv-cinder-788367-2-iscsi neutron-server[92932]: DEBUG neutron.notifiers.nova [None req-a37c2d16-a017-4156-a430-0f20ba494846 None None] Ignoring state change previous_port_status: DOWN current_port_status: BUILD port_id 4d937a40-4a3a-4dbb-ab2d-1b2b2dbc87fe {{(pid=92932) record_port_status_changed /opt/stack/neutron/neutron/notifiers/nova.py:224}}
Jul 15 15:02:00.972365 dv-cinder-788367-2-iscsi neutron-server[92932]: DEBUG neutron.plugins.ml2.db [None req-a37c2d16-a017-4156-a430-0f20ba494846 None None] For port 4d937a40-4a3a-4dbb-ab2d-1b2b2dbc87fe, host hv-cinder-78836, got binding levels [PortBindingLevel(driver='hyperv',host='hv-cinder-78836',level=0,port_id=4d937a40-4a3a-4dbb-ab2d-1b2b2dbc87fe,segment=NetworkSegment(165b4a6f-45c7-432d-a1d9-1a298de331ac),segment_id=165b4a6f-45c7-432d-a1d9-1a298de331ac)] {{(pid=92932) get_binding_level_objs /opt/stack/neutron/neutron/plugins/ml2/db.py:74}}
Jul 15 15:02:00.978970 dv-cinder-788367-2-iscsi neutron-server[92932]: DEBUG neutron_lib.callbacks.manager [None req-a37c2d16-a017-4156-a430-0f20ba494846 None None] Notify callbacks ['neutron.plugins.ml2.plugin.SecurityGroupServerNotifierRpcMixin._notify_sg_on_port_change-66590760', 'neutron.plugins.ml2.ovo_rpc._ObjectChangeHandler.handle_event-927542', 'neutron.api.rpc.agentnotifiers.dhcp_rpc_agent_api.DhcpAgentNotifyAPI._native_event_send_dhcp_notification-530975', 'neutron.db.l3_db.L3RpcNotifierMixin._notify_gateway_port_ip_changed-8756598979157', 'neutron.db.l3_dvrscheduler_db._notify_l3_agent_port_update-8756598578836', 'neutron.db.l3_hascheduler_db._notify_l3_agent_ha_port_update-8756598578854'] for port, after_update {{(pid=92932) _notify_loop /usr/local/lib/python3.8/dist-packages/neutron_lib/callbacks/manager.py:192}}
Jul 15 15:02:01.037886 dv-cinder-788367-2-iscsi neutron-server[92932]: DEBUG neutron.api.rpc.handlers.resources_rpc [None req-a37c2d16-a017-4156-a430-0f20ba494846 None None] Pushing event updated for resources: {'Port': ['ID=4d937a40-4a3a-4dbb-ab2d-1b2b2dbc87fe,revision_number=4']} {{(pid=92932) push /opt/stack/neutron/neutron/api/rpc/handlers/resources_rpc.py:237}}
Jul 15 15:02:01.046464 dv-cinder-788367-2-iscsi neutron-server[92931]: DEBUG neutron.pecan_wsgi.hooks.policy_enforcement [req-0e12d3d6-fc84-4e10-8792-2c4ff49900c2 req-1d986cf3-833f-4208-b5ba-67b0b9573e7d service neutron] Attributes excluded by policy engine: ['standard_attr_id', 'vlan_transparent'] {{(pid=92931) _exclude_attributes_by_policy /opt/stack/neutron/neutron/pecan_wsgi/hooks/policy_enforcement.py:255}}
Jul 15 15:02:01.049544 dv-cinder-788367-2-iscsi neutron-server[92931]: INFO neutron.wsgi [req-0e12d3d6-fc84-4e10-8792-2c4ff49900c2 req-1d986cf3-833f-4208-b5ba-67b0b9573e7d service neutron] 10.222.0.41 "GET /v2.0/networks?tenant_id=af2016afdf21465691485701f391f03b&shared=False HTTP/1.1" status: 200 len: 918 time: 0.2490828
Jul 15 15:02:01.058510 dv-cinder-788367-2-iscsi neutron-server[92930]: DEBUG neutron_lib.callbacks.manager [req-92cca19a-265b-4a6b-b1c2-7ba4c53363b3 req-7a29c57b-09f0-4ed4-ae8d-48c0bead2cb9 service neutron] Notify callbacks ['neutron.plugins.ml2.plugin.SecurityGroupDbMixin._ensure_default_security_group_handler-66591699'] for port, before_update {{(pid=92930) _notify_loop /usr/local/lib/python3.8/dist-packages/neutron_lib/callbacks/manager.py:192}}
Jul 15 15:02:01.078308 dv-cinder-788367-2-iscsi neutron-server[92930]: INFO neutron.wsgi [req-5dfe3717-ee56-4a40-a6c9-55079250bb20 req-034361d0-f5e3-4519-a645-43ffd6d190ea service neutron] 10.222.0.41 "GET /v2.0/networks/005c0a61-63e4-42bd-8762-a46e34edfd15?fields=segments HTTP/1.1" status: 200 len: 212 time: 0.4115486
Jul 15 15:02:01.142952 dv-cinder-788367-2-iscsi neutron-server[92930]: DEBUG neutron.pecan_wsgi.hooks.policy_enforcement [req-5a59cbd6-dd9b-4158-932a-1462ad108f3d req-65e36990-fabb-488b-ac8f-f7f2727164b8 service neutron] Attributes excluded by policy engine: ['standard_attr_id'] {{(pid=92930) _exclude_attributes_by_policy /opt/stack/neutron/neutron/pecan_wsgi/hooks/policy_enforcement.py:255}}
Jul 15 15:02:01.144534 dv-cinder-788367-2-iscsi neutron-server[92930]: INFO neutron.wsgi [req-5a59cbd6-dd9b-4158-932a-1462ad108f3d req-65e36990-fabb-488b-ac8f-f7f2727164b8 service neutron] 10.222.0.41 "GET /v2.0/ports?tenant_id=6de9338e1067409392dc60a909732e80&device_id=08622529-f23d-4809-961b-38fef30f0f1e HTTP/1.1" status: 200 len: 1097 time: 0.1826551
Jul 15 15:02:01.257569 dv-cinder-788367-2-iscsi neutron-server[92932]: DEBUG neutron.plugins.ml2.db [None req-a37c2d16-a017-4156-a430-0f20ba494846 None None] get_ports_and_sgs() called for port_ids ['4d937a40-4a3a-4dbb-ab2d-1b2b2dbc87fe'] {{(pid=92932) get_ports_and_sgs /opt/stack/neutron/neutron/plugins/ml2/db.py:156}}
Jul 15 15:02:01.345850 dv-cinder-788367-2-iscsi neutron-server[92930]: INFO neutron.wsgi [req-5dfe3717-ee56-4a40-a6c9-55079250bb20 req-d2e98960-aa41-4794-a41a-983248e19d9c service neutron] 10.222.0.41 "GET /v2.0/networks/005c0a61-63e4-42bd-8762-a46e34edfd15?fields=provider%3Aphysical_network&fields=provider%3Anetwork_type HTTP/1.1" status: 200 len: 281 time: 0.2571738
Jul 15 15:02:01.523923 dv-cinder-788367-2-iscsi neutron-server[92931]: DEBUG neutron.pecan_wsgi.hooks.policy_enforcement [req-0e12d3d6-fc84-4e10-8792-2c4ff49900c2 req-fa224235-9140-4f53-90a1-bbd4fd122cda service neutron] Attributes excluded by policy engine: ['standard_attr_id', 'vlan_transparent'] {{(pid=92931) _exclude_attributes_by_policy /opt/stack/neutron/neutron/pecan_wsgi/hooks/policy_enforcement.py:255}}
Jul 15 15:02:01.525579 dv-cinder-788367-2-iscsi neutron-server[92931]: INFO neutron.wsgi [req-0e12d3d6-fc84-4e10-8792-2c4ff49900c2 req-fa224235-9140-4f53-90a1-bbd4fd122cda service neutron] 10.222.0.41 "GET /v2.0/networks?shared=True HTTP/1.1" status: 200 len: 870 time: 0.4690535
Jul 15 15:02:01.557464 dv-cinder-788367-2-iscsi neutron-server[92931]: DEBUG neutron.pecan_wsgi.hooks.policy_enforcement [req-527901dd-0681-4d6d-840f-652bdb91303f req-7e5d0b77-df41-4d3e-9635-0f6b2f56ddeb tempest-AttachVolumeShelveTestJSON-1133381617 tempest-AttachVolumeShelveTestJSON-1133381617-project] Attributes excluded by policy engine: ['standard_attr_id', 'binding:profile', 'binding:host_id', 'binding:vif_type', 'binding:vif_details'] {{(pid=92931) _exclude_attributes_by_policy /opt/stack/neutron/neutron/pecan_wsgi/hooks/policy_enforcement.py:255}}
Jul 15 15:02:01.569637 dv-cinder-788367-2-iscsi neutron-server[92931]: INFO neutron.wsgi [req-527901dd-0681-4d6d-840f-652bdb91303f req-7e5d0b77-df41-4d3e-9635-0f6b2f56ddeb tempest-AttachVolumeShelveTestJSON-1133381617 tempest-AttachVolumeShelveTestJSON-1133381617-project] 10.222.0.72 "GET /v2.0/ports?device_id=009bb2f1-a1f9-4f31-b5ad-c668181f33eb HTTP/1.1" status: 200 len: 943 time: 0.4151018
Jul 15 15:02:01.661746 dv-cinder-788367-2-iscsi neutron-server[92931]: INFO neutron.wsgi [req-527901dd-0681-4d6d-840f-652bdb91303f req-beccd533-fbbd-4d32-b4eb-dae5f0ef7ee1 tempest-AttachVolumeShelveTestJSON-1133381617 tempest-AttachVolumeShelveTestJSON-1133381617-project] 10.222.0.72 "GET /v2.0/security-groups?id=59d5a296-a752-45a6-8a6d-fd8ccb595067&fields=id&fields=name HTTP/1.1" status: 200 len: 312 time: 0.0906553
Jul 15 15:02:01.742268 dv-cinder-788367-2-iscsi neutron-server[92931]: DEBUG neutron.pecan_wsgi.hooks.policy_enforcement [req-3f0a59c7-695a-4697-a99d-d5a7c43c128f req-ce81e596-f32a-41d7-a567-e19f0e7bcb8b service neutron] Attributes excluded by policy engine: ['standard_attr_id'] {{(pid=92931) _exclude_attributes_by_policy /opt/stack/neutron/neutron/pecan_wsgi/hooks/policy_enforcement.py:255}}
Jul 15 15:02:01.742692 dv-cinder-788367-2-iscsi neutron-server[92931]: INFO neutron.wsgi [req-3f0a59c7-695a-4697-a99d-d5a7c43c128f req-ce81e596-f32a-41d7-a567-e19f0e7bcb8b service neutron] 10.222.0.41 "GET /v2.0/ports?tenant_id=af2016afdf21465691485701f391f03b&device_id=009bb2f1-a1f9-4f31-b5ad-c668181f33eb HTTP/1.1" status: 200 len: 1096 time: 0.1537740
Jul 15 15:02:01.751493 dv-cinder-788367-2-iscsi neutron-server[92930]: DEBUG neutron.pecan_wsgi.hooks.policy_enforcement [req-5a59cbd6-dd9b-4158-932a-1462ad108f3d req-344421ee-7b3c-4946-8684-972da8ca3c3b service neutron] Attributes excluded by policy engine: ['standard_attr_id', 'vlan_transparent'] {{(pid=92930) _exclude_attributes_by_policy /opt/stack/neutron/neutron/pecan_wsgi/hooks/policy_enforcement.py:255}}
Jul 15 15:02:01.753428 dv-cinder-788367-2-iscsi neutron-server[92930]: INFO neutron.wsgi [req-5a59cbd6-dd9b-4158-932a-1462ad108f3d req-344421ee-7b3c-4946-8684-972da8ca3c3b service neutron] 10.222.0.41 "GET /v2.0/networks?tenant_id=6de9338e1067409392dc60a909732e80&shared=False HTTP/1.1" status: 200 len: 919 time: 0.5989623
Jul 15 15:02:01.823428 dv-cinder-788367-2-iscsi neutron-server[92931]: INFO neutron.wsgi [req-3f0a59c7-695a-4697-a99d-d5a7c43c128f req-29fa896d-4a29-44a7-bed7-96f6130f2807 service neutron] 10.222.0.41 "GET /v2.0/floatingips?fixed_ip_address=172.20.0.9&port_id=9070fadf-8265-499a-b458-94189b5f9d06 HTTP/1.1" status: 200 len: 217 time: 0.0703714
Jul 15 15:02:01.946117 dv-cinder-788367-2-iscsi neutron-server[92931]: DEBUG neutron.pecan_wsgi.hooks.policy_enforcement [req-3f0a59c7-695a-4697-a99d-d5a7c43c128f req-fb3d9caf-fb21-45a2-8412-448ef97f42b6 service neutron] Attributes excluded by policy engine: ['standard_attr_id', 'shared'] {{(pid=92931) _exclude_attributes_by_policy /opt/stack/neutron/neutron/pecan_wsgi/hooks/policy_enforcement.py:255}}
Jul 15 15:02:01.947646 dv-cinder-788367-2-iscsi neutron-server[92931]: INFO neutron.wsgi [req-3f0a59c7-695a-4697-a99d-d5a7c43c128f req-fb3d9caf-fb21-45a2-8412-448ef97f42b6 service neutron] 10.222.0.41 "GET /v2.0/subnets?id=d8085225-82a0-4f67-8a09-a82c8f272762 HTTP/1.1" status: 200 len: 856 time: 0.1183028
Jul 15 15:02:01.988444 dv-cinder-788367-2-iscsi neutron-server[92930]: DEBUG neutron.pecan_wsgi.hooks.policy_enforcement [req-a7f6526c-d4d6-4bdc-a788-924ec3bc6df9 req-d1d77826-0166-42b7-b780-ec501d92cb42 tempest-ServerRescueNegativeTestJSON-1878563199 tempest-ServerRescueNegativeTestJSON-1878563199-project] Attributes excluded by policy engine: ['standard_attr_id', 'binding:profile', 'binding:host_id', 'binding:vif_type', 'binding:vif_details'] {{(pid=92930) _exclude_attributes_by_policy /opt/stack/neutron/neutron/pecan_wsgi/hooks/policy_enforcement.py:255}}
Jul 15 15:02:01.990208 dv-cinder-788367-2-iscsi neutron-server[92930]: INFO neutron.wsgi [req-a7f6526c-d4d6-4bdc-a788-924ec3bc6df9 req-d1d77826-0166-42b7-b780-ec501d92cb42 tempest-ServerRescueNegativeTestJSON-1878563199 tempest-ServerRescueNegativeTestJSON-1878563199-project] 10.222.0.72 "GET /v2.0/ports?device_id=d1be554c-1b0b-4092-a090-253a73a3b5e7 HTTP/1.1" status: 200 len: 931 time: 0.2819355
