Jul 15 15:02:38.641101 dv-cinder-788367-2-iscsi neutron-server[92930]: INFO neutron.wsgi [req-d0f905b9-e179-4c8c-8ac9-155db207e904 req-713f2273-a089-4eec-af96-703891922107 tempest-AttachVolumeNegativeTest-199093634 tempest-AttachVolumeNegativeTest-199093634-project] 10.222.0.41 "POST /v2.0/ports HTTP/1.1" status: 201 len: 933 time: 0.9863710
Jul 15 15:02:38.659410 dv-cinder-788367-2-iscsi neutron-server[92930]: DEBUG neutron.api.v2.base [req-d0f905b9-e179-4c8c-8ac9-155db207e904 req-e645c055-172e-48b7-b4cf-09c5c034f225 service neutron] Request body: {'port': {'device_id': '5f7e2dfb-159b-4471-9325-051ae52d2f52', 'device_owner': 'compute:nova', 'binding:host_id': 'hv-cinder-78836'}} {{(pid=92930) prepare_request_body /opt/stack/neutron/neutron/api/v2/base.py:729}}
Jul 15 15:02:38.707404 dv-cinder-788367-2-iscsi neutron-server[92930]: INFO neutron.wsgi [None req-10399201-c1a4-4328-ad37-036bc4701382 admin admin] 10.222.0.72 "GET /v2.0/security-groups?tenant_id=120e795398d34cd79ecf1de335187bb6&name=default HTTP/1.1" status: 200 len: 2979 time: 0.5808256
Jul 15 15:02:38.710250 dv-cinder-788367-2-iscsi neutron-server[92931]: DEBUG neutron.wsgi [-] (92931) accepted ('10.222.0.72', 33574) {{(pid=92931) server /usr/local/lib/python3.8/dist-packages/eventlet/wsgi.py:982}}
Jul 15 15:02:38.714950 dv-cinder-788367-2-iscsi neutron-server[92930]: DEBUG neutron.api.rpc.handlers.resources_rpc [None req-10399201-c1a4-4328-ad37-036bc4701382 admin admin] Pushing event updated for resources: {'SecurityGroup': ['ID=257ab828-ba16-4718-8f2b-e00efed09e1e,revision_number=1']} {{(pid=92930) push /opt/stack/neutron/neutron/api/rpc/handlers/resources_rpc.py:237}}
Jul 15 15:02:38.767562 dv-cinder-788367-2-iscsi neutron-server[92931]: DEBUG neutron_lib.callbacks.manager [None req-80e5e369-5d49-429d-bd72-aeca875e47b9 admin admin] Notify callbacks [] for security_group, before_delete {{(pid=92931) _notify_loop /usr/local/lib/python3.8/dist-packages/neutron_lib/callbacks/manager.py:192}}
Jul 15 15:02:38.770206 dv-cinder-788367-2-iscsi neutron-server[92930]: DEBUG neutron.pecan_wsgi.hooks.policy_enforcement [req-ea094109-728b-4bf0-ac81-9b8a3acec8fa req-4cbb095d-0f50-4ffd-84ca-f3cebc6a39d0 tempest-AttachVolumeNegativeTest-199093634 tempest-AttachVolumeNegativeTest-199093634-project] Attributes excluded by policy engine: ['standard_attr_id', 'binding:profile', 'binding:host_id', 'binding:vif_type', 'binding:vif_details'] {{(pid=92930) _exclude_attributes_by_policy /opt/stack/neutron/neutron/pecan_wsgi/hooks/policy_enforcement.py:255}}
Jul 15 15:02:38.771724 dv-cinder-788367-2-iscsi neutron-server[92930]: INFO neutron.wsgi [req-ea094109-728b-4bf0-ac81-9b8a3acec8fa req-4cbb095d-0f50-4ffd-84ca-f3cebc6a39d0 tempest-AttachVolumeNegativeTest-199093634 tempest-AttachVolumeNegativeTest-199093634-project] 10.222.0.72 "GET /v2.0/ports?device_id=5f7e2dfb-159b-4471-9325-051ae52d2f52 HTTP/1.1" status: 200 len: 931 time: 0.1826282
Jul 15 15:02:38.799864 dv-cinder-788367-2-iscsi neutron-server[92930]: DEBUG neutron_lib.callbacks.manager [req-d0f905b9-e179-4c8c-8ac9-155db207e904 req-e645c055-172e-48b7-b4cf-09c5c034f225 service neutron] Notify callbacks ['neutron.plugins.ml2.plugin.SecurityGroupDbMixin._ensure_default_security_group_handler-66591699'] for port, before_update {{(pid=92930) _notify_loop /usr/local/lib/python3.8/dist-packages/neutron_lib/callbacks/manager.py:192}}
Jul 15 15:02:38.800191 dv-cinder-788367-2-iscsi neutron-server[92931]: DEBUG neutron_lib.callbacks.manager [None req-80e5e369-5d49-429d-bd72-aeca875e47b9 admin admin] Notify callbacks [] for security_group, precommit_delete {{(pid=92931) _notify_loop /usr/local/lib/python3.8/dist-packages/neutron_lib/callbacks/manager.py:192}}
Jul 15 15:02:38.865144 dv-cinder-788367-2-iscsi neutron-server[92930]: INFO neutron.wsgi [req-ea094109-728b-4bf0-ac81-9b8a3acec8fa req-aba5482c-3755-4199-a43a-64e8f6fec09e tempest-AttachVolumeNegativeTest-199093634 tempest-AttachVolumeNegativeTest-199093634-project] 10.222.0.72 "GET /v2.0/security-groups?id=f5ddfc68-73d8-4435-b87f-5621c13849a4&fields=id&fields=name HTTP/1.1" status: 200 len: 286 time: 0.0846932
Jul 15 15:02:38.865893 dv-cinder-788367-2-iscsi neutron-server[92931]: DEBUG neutron_lib.callbacks.manager [None req-80e5e369-5d49-429d-bd72-aeca875e47b9 admin admin] Notify callbacks ['neutron.plugins.ml2.ovo_rpc._ObjectChangeHandler.handle_event-707706'] for security_group, after_delete {{(pid=92931) _notify_loop /usr/local/lib/python3.8/dist-packages/neutron_lib/callbacks/manager.py:192}}
Jul 15 15:02:38.869131 dv-cinder-788367-2-iscsi neutron-server[92931]: DEBUG neutron_lib.callbacks.manager [None req-80e5e369-5d49-429d-bd72-aeca875e47b9 admin admin] Notify callbacks [] for security_group, before_response {{(pid=92931) _notify_loop /usr/local/lib/python3.8/dist-packages/neutron_lib/callbacks/manager.py:192}}
Jul 15 15:02:38.873668 dv-cinder-788367-2-iscsi neutron-server[92931]: INFO neutron.wsgi [None req-80e5e369-5d49-429d-bd72-aeca875e47b9 admin admin] 10.222.0.72 "DELETE /v2.0/security-groups/257ab828-ba16-4718-8f2b-e00efed09e1e HTTP/1.1" status: 204 len: 168 time: 0.1621318
Jul 15 15:02:38.882411 dv-cinder-788367-2-iscsi neutron-server[92931]: DEBUG neutron.api.rpc.handlers.resources_rpc [None req-80e5e369-5d49-429d-bd72-aeca875e47b9 admin admin] Pushing event deleted for resources: {'SecurityGroup': ['ID=257ab828-ba16-4718-8f2b-e00efed09e1e,revision_number=None']} {{(pid=92931) push /opt/stack/neutron/neutron/api/rpc/handlers/resources_rpc.py:237}}
Jul 15 15:02:39.177735 dv-cinder-788367-2-iscsi neutron-server[92930]: DEBUG neutron.pecan_wsgi.hooks.policy_enforcement [req-d9225054-fb8d-4380-8720-90017e7bdf0a req-724ad63b-bd4a-4b16-8b9c-12782284a403 tempest-ServerRescueNegativeTestJSON-1878563199 tempest-ServerRescueNegativeTestJSON-1878563199-project] Attributes excluded by policy engine: ['standard_attr_id', 'binding:profile', 'binding:host_id', 'binding:vif_type', 'binding:vif_details'] {{(pid=92930) _exclude_attributes_by_policy /opt/stack/neutron/neutron/pecan_wsgi/hooks/policy_enforcement.py:255}}
Jul 15 15:02:39.179254 dv-cinder-788367-2-iscsi neutron-server[92930]: INFO neutron.wsgi [req-d9225054-fb8d-4380-8720-90017e7bdf0a req-724ad63b-bd4a-4b16-8b9c-12782284a403 tempest-ServerRescueNegativeTestJSON-1878563199 tempest-ServerRescueNegativeTestJSON-1878563199-project] 10.222.0.72 "GET /v2.0/ports?device_id=d1be554c-1b0b-4092-a090-253a73a3b5e7 HTTP/1.1" status: 200 len: 945 time: 0.1191051
Jul 15 15:02:39.184054 dv-cinder-788367-2-iscsi neutron-server[92930]: DEBUG neutron.notifiers.nova [req-d0f905b9-e179-4c8c-8ac9-155db207e904 req-e645c055-172e-48b7-b4cf-09c5c034f225 service neutron] Ignoring state change previous_port_status: DOWN current_port_status: DOWN port_id a5d17a25-3d44-478d-ad71-bffedb43537c {{(pid=92930) record_port_status_changed /opt/stack/neutron/neutron/notifiers/nova.py:224}}
Jul 15 15:02:39.193072 dv-cinder-788367-2-iscsi neutron-server[92930]: DEBUG neutron_lib.callbacks.manager [req-d0f905b9-e179-4c8c-8ac9-155db207e904 req-e645c055-172e-48b7-b4cf-09c5c034f225 service neutron] Notify callbacks [] for port, precommit_update {{(pid=92930) _notify_loop /usr/local/lib/python3.8/dist-packages/neutron_lib/callbacks/manager.py:192}}
Jul 15 15:02:39.221842 dv-cinder-788367-2-iscsi neutron-server[92930]: DEBUG neutron.db.provisioning_blocks [req-d0f905b9-e179-4c8c-8ac9-155db207e904 req-e645c055-172e-48b7-b4cf-09c5c034f225 service neutron] Transition to ACTIVE for port object a5d17a25-3d44-478d-ad71-bffedb43537c will not be triggered until provisioned by entity L2. {{(pid=92930) add_provisioning_component /opt/stack/neutron/neutron/db/provisioning_blocks.py:73}}
Jul 15 15:02:39.233573 dv-cinder-788367-2-iscsi neutron-server[92930]: DEBUG neutron_lib.callbacks.manager [req-d0f905b9-e179-4c8c-8ac9-155db207e904 req-e645c055-172e-48b7-b4cf-09c5c034f225 service neutron] Notify callbacks ['neutron.plugins.ml2.plugin.SecurityGroupServerNotifierRpcMixin._notify_sg_on_port_change-66590760', 'neutron.plugins.ml2.ovo_rpc._ObjectChangeHandler.handle_event-927542', 'neutron.api.rpc.agentnotifiers.dhcp_rpc_agent_api.DhcpAgentNotifyAPI._native_event_send_dhcp_notification-530975', 'neutron.db.l3_db.L3RpcNotifierMixin._notify_gateway_port_ip_changed-8756598979157', 'neutron.db.l3_dvrscheduler_db._notify_l3_agent_port_update-8756598578836', 'neutron.db.l3_hascheduler_db._notify_l3_agent_ha_port_update-8756598578854', 'neutron.services.segments.plugin.NovaSegmentNotifier._notify_port_updated-2594674'] for port, after_update {{(pid=92930) _notify_loop /usr/local/lib/python3.8/dist-packages/neutron_lib/callbacks/manager.py:192}}
Jul 15 15:02:39.264735 dv-cinder-788367-2-iscsi neutron-server[92931]: DEBUG neutron.wsgi [-] (92931) accepted ('10.222.0.72', 33598) {{(pid=92931) server /usr/local/lib/python3.8/dist-packages/eventlet/wsgi.py:982}}
Jul 15 15:02:39.270740 dv-cinder-788367-2-iscsi neutron-server[92930]: INFO neutron.wsgi [req-d9225054-fb8d-4380-8720-90017e7bdf0a req-d21db923-af59-464f-b944-c897f4831a72 tempest-ServerRescueNegativeTestJSON-1878563199 tempest-ServerRescueNegativeTestJSON-1878563199-project] 10.222.0.72 "GET /v2.0/security-groups?id=8942f97e-23f3-43cd-ac8a-06db41102a1f&fields=id&fields=name HTTP/1.1" status: 200 len: 286 time: 0.0819736
Jul 15 15:02:39.281273 dv-cinder-788367-2-iscsi neutron-server[92931]: DEBUG neutron_lib.callbacks.manager [None req-6f92a740-a299-4146-9a6f-7223531aeb39 admin admin] Notify callbacks [] for security_group, before_create {{(pid=92931) _notify_loop /usr/local/lib/python3.8/dist-packages/neutron_lib/callbacks/manager.py:192}}
Jul 15 15:02:39.309996 dv-cinder-788367-2-iscsi neutron-server[92930]: DEBUG neutron.api.rpc.handlers.resources_rpc [None req-e645c055-172e-48b7-b4cf-09c5c034f225 service neutron] Pushing event updated for resources: {'Port': ['ID=a5d17a25-3d44-478d-ad71-bffedb43537c,revision_number=2']} {{(pid=92930) push /opt/stack/neutron/neutron/api/rpc/handlers/resources_rpc.py:237}}
Jul 15 15:02:39.391999 dv-cinder-788367-2-iscsi neutron-server[92931]: DEBUG neutron_lib.callbacks.manager [None req-6f92a740-a299-4146-9a6f-7223531aeb39 admin admin] Notify callbacks [] for security_group, precommit_create {{(pid=92931) _notify_loop /usr/local/lib/python3.8/dist-packages/neutron_lib/callbacks/manager.py:192}}
Jul 15 15:02:39.394300 dv-cinder-788367-2-iscsi neutron-server[92930]: DEBUG neutron.plugins.ml2.managers [req-d0f905b9-e179-4c8c-8ac9-155db207e904 req-e645c055-172e-48b7-b4cf-09c5c034f225 service neutron] Attempting to bind port a5d17a25-3d44-478d-ad71-bffedb43537c on host hv-cinder-78836 for vnic_type normal with profile {{(pid=92930) bind_port /opt/stack/neutron/neutron/plugins/ml2/managers.py:790}}
Jul 15 15:02:39.394811 dv-cinder-788367-2-iscsi neutron-server[92930]: DEBUG neutron.plugins.ml2.managers [req-d0f905b9-e179-4c8c-8ac9-155db207e904 req-e645c055-172e-48b7-b4cf-09c5c034f225 service neutron] Attempting to bind port a5d17a25-3d44-478d-ad71-bffedb43537c by drivers openvswitch,hyperv on host hv-cinder-78836 at level 0 using segments [{'id': '7232eb18-8576-40a7-8448-d91fdfd1a281', 'network_type': 'vlan', 'physical_network': 'physnet1', 'segmentation_id': 815, 'network_id': 'eb0f73d0-6c68-491c-8f90-de765fa79745'}] {{(pid=92930) _bind_port_level /opt/stack/neutron/neutron/plugins/ml2/managers.py:815}}
Jul 15 15:02:39.394919 dv-cinder-788367-2-iscsi neutron-server[92930]: DEBUG neutron.plugins.ml2.drivers.mech_agent [req-d0f905b9-e179-4c8c-8ac9-155db207e904 req-e645c055-172e-48b7-b4cf-09c5c034f225 service neutron] Attempting to bind port a5d17a25-3d44-478d-ad71-bffedb43537c on network eb0f73d0-6c68-491c-8f90-de765fa79745 {{(pid=92930) bind_port /opt/stack/neutron/neutron/plugins/ml2/drivers/mech_agent.py:86}}
Jul 15 15:02:39.398916 dv-cinder-788367-2-iscsi neutron-server[92931]: DEBUG neutron_lib.callbacks.manager [None req-6f92a740-a299-4146-9a6f-7223531aeb39 admin admin] Notify callbacks ['neutron.plugins.ml2.ovo_rpc._ObjectChangeHandler.handle_event-707706'] for security_group, after_create {{(pid=92931) _notify_loop /usr/local/lib/python3.8/dist-packages/neutron_lib/callbacks/manager.py:192}}
Jul 15 15:02:39.400220 dv-cinder-788367-2-iscsi neutron-server[92930]: DEBUG neutron.plugins.ml2.drivers.mech_agent [req-d0f905b9-e179-4c8c-8ac9-155db207e904 req-e645c055-172e-48b7-b4cf-09c5c034f225 service neutron] Port a5d17a25-3d44-478d-ad71-bffedb43537c on network eb0f73d0-6c68-491c-8f90-de765fa79745 not bound, no agent of type Open vSwitch agent registered on host hv-cinder-78836 {{(pid=92930) bind_port /opt/stack/neutron/neutron/plugins/ml2/drivers/mech_agent.py:98}}
Jul 15 15:02:39.400811 dv-cinder-788367-2-iscsi neutron-server[92930]: DEBUG neutron.plugins.ml2.drivers.mech_agent [req-d0f905b9-e179-4c8c-8ac9-155db207e904 req-e645c055-172e-48b7-b4cf-09c5c034f225 service neutron] Attempting to bind port a5d17a25-3d44-478d-ad71-bffedb43537c on network eb0f73d0-6c68-491c-8f90-de765fa79745 {{(pid=92930) bind_port /opt/stack/neutron/neutron/plugins/ml2/drivers/mech_agent.py:86}}
Jul 15 15:02:39.408579 dv-cinder-788367-2-iscsi neutron-server[92930]: DEBUG neutron.plugins.ml2.drivers.mech_agent [req-d0f905b9-e179-4c8c-8ac9-155db207e904 req-e645c055-172e-48b7-b4cf-09c5c034f225 service neutron] Checking agent: {'id': 'b3324126-c7fe-4c0c-b396-7bb4485c77ae', 'agent_type': 'HyperV agent', 'binary': 'neutron-hyperv-agent', 'topic': 'N/A', 'host': 'hv-cinder-78836', 'admin_state_up': True, 'created_at': datetime.datetime(2021, 7, 15, 14, 59, 53), 'started_at': datetime.datetime(2021, 7, 15, 14, 59, 53), 'heartbeat_timestamp': datetime.datetime(2021, 7, 15, 15, 2, 23), 'description': None, 'resources_synced': None, 'availability_zone': None, 'alive': True, 'configurations': {'vswitch_mappings': {'physnet1$': 'br-data'}}, 'resource_versions': {}} {{(pid=92930) bind_port /opt/stack/neutron/neutron/plugins/ml2/drivers/mech_agent.py:105}}
Jul 15 15:02:39.408889 dv-cinder-788367-2-iscsi neutron-server[92930]: DEBUG neutron.plugins.ml2.drivers.mech_agent [req-d0f905b9-e179-4c8c-8ac9-155db207e904 req-e645c055-172e-48b7-b4cf-09c5c034f225 service neutron] Checking segment: {'id': '7232eb18-8576-40a7-8448-d91fdfd1a281', 'network_type': 'vlan', 'physical_network': 'physnet1', 'segmentation_id': 815, 'network_id': 'eb0f73d0-6c68-491c-8f90-de765fa79745'} for mappings: {'physnet1$': 'br-data'} with network types: ['local', 'flat', 'vlan'] {{(pid=92930) check_segment_for_agent /opt/stack/neutron/neutron/plugins/ml2/drivers/mech_agent.py:341}}
Jul 15 15:02:39.409649 dv-cinder-788367-2-iscsi neutron-server[92930]: DEBUG neutron.plugins.ml2.drivers.mech_agent [req-d0f905b9-e179-4c8c-8ac9-155db207e904 req-e645c055-172e-48b7-b4cf-09c5c034f225 service neutron] Bound using segment: {'id': '7232eb18-8576-40a7-8448-d91fdfd1a281', 'network_type': 'vlan', 'physical_network': 'physnet1', 'segmentation_id': 815, 'network_id': 'eb0f73d0-6c68-491c-8f90-de765fa79745'} {{(pid=92930) bind_port /opt/stack/neutron/neutron/plugins/ml2/drivers/mech_agent.py:115}}
Jul 15 15:02:39.410479 dv-cinder-788367-2-iscsi neutron-server[92930]: DEBUG neutron.plugins.ml2.managers [req-d0f905b9-e179-4c8c-8ac9-155db207e904 req-e645c055-172e-48b7-b4cf-09c5c034f225 service neutron] Bound port: a5d17a25-3d44-478d-ad71-bffedb43537c, host: hv-cinder-78836, vif_type: hyperv, vif_details: {"connectivity": "legacy", "port_filter": false}, binding_levels: [{'bound_driver': 'hyperv', 'bound_segment': {'id': '7232eb18-8576-40a7-8448-d91fdfd1a281', 'network_type': 'vlan', 'physical_network': 'physnet1', 'segmentation_id': 815, 'network_id': 'eb0f73d0-6c68-491c-8f90-de765fa79745'}}] {{(pid=92930) _bind_port_level /opt/stack/neutron/neutron/plugins/ml2/managers.py:928}}
Jul 15 15:02:39.411937 dv-cinder-788367-2-iscsi neutron-server[92930]: DEBUG neutron_lib.callbacks.manager [req-d0f905b9-e179-4c8c-8ac9-155db207e904 req-e645c055-172e-48b7-b4cf-09c5c034f225 service neutron] Notify callbacks ['neutron.plugins.ml2.plugin.SecurityGroupDbMixin._ensure_default_security_group_handler-66591699'] for port, before_update {{(pid=92930) _notify_loop /usr/local/lib/python3.8/dist-packages/neutron_lib/callbacks/manager.py:192}}
Jul 15 15:02:39.442980 dv-cinder-788367-2-iscsi neutron-server[92931]: INFO neutron.wsgi [None req-6f92a740-a299-4146-9a6f-7223531aeb39 admin admin] 10.222.0.72 "GET /v2.0/security-groups?tenant_id=082ceb2c5ea14762a0542520a9be433b&name=default HTTP/1.1" status: 200 len: 2979 time: 0.1760230
Jul 15 15:02:39.443959 dv-cinder-788367-2-iscsi neutron-server[92931]: DEBUG neutron.wsgi [-] (92931) accepted ('10.222.0.72', 33610) {{(pid=92931) server /usr/local/lib/python3.8/dist-packages/eventlet/wsgi.py:982}}
Jul 15 15:02:39.451920 dv-cinder-788367-2-iscsi neutron-server[92931]: DEBUG neutron.api.rpc.handlers.resources_rpc [None req-6f92a740-a299-4146-9a6f-7223531aeb39 admin admin] Pushing event updated for resources: {'SecurityGroup': ['ID=ed9f4d56-e335-4bde-90fc-aa8d9203f083,revision_number=1']} {{(pid=92931) push /opt/stack/neutron/neutron/api/rpc/handlers/resources_rpc.py:237}}
Jul 15 15:02:39.509182 dv-cinder-788367-2-iscsi neutron-server[92931]: DEBUG neutron.wsgi [-] (92931) accepted ('10.222.0.72', 33616) {{(pid=92931) server /usr/local/lib/python3.8/dist-packages/eventlet/wsgi.py:982}}
Jul 15 15:02:39.510101 dv-cinder-788367-2-iscsi neutron-server[92931]: DEBUG neutron_lib.callbacks.manager [None req-45704fba-db5c-4f98-851b-d57eed2dcfac admin admin] Notify callbacks [] for security_group, before_delete {{(pid=92931) _notify_loop /usr/local/lib/python3.8/dist-packages/neutron_lib/callbacks/manager.py:192}}
Jul 15 15:02:39.522873 dv-cinder-788367-2-iscsi neutron-server[92930]: DEBUG neutron.plugins.ml2.db [req-d0f905b9-e179-4c8c-8ac9-155db207e904 req-e645c055-172e-48b7-b4cf-09c5c034f225 service neutron] For port a5d17a25-3d44-478d-ad71-bffedb43537c, host hv-cinder-78836, cleared binding levels {{(pid=92930) clear_binding_levels /opt/stack/neutron/neutron/plugins/ml2/db.py:87}}
Jul 15 15:02:39.527423 dv-cinder-788367-2-iscsi neutron-server[92930]: DEBUG neutron.plugins.ml2.db [req-d0f905b9-e179-4c8c-8ac9-155db207e904 req-e645c055-172e-48b7-b4cf-09c5c034f225 service neutron] For port a5d17a25-3d44-478d-ad71-bffedb43537c, host hv-cinder-78836, set binding levels [PortBindingLevel(driver='hyperv',host='hv-cinder-78836',level=0,port_id=a5d17a25-3d44-478d-ad71-bffedb43537c,segment=NetworkSegment(7232eb18-8576-40a7-8448-d91fdfd1a281),segment_id=7232eb18-8576-40a7-8448-d91fdfd1a281)] {{(pid=92930) set_binding_levels /opt/stack/neutron/neutron/plugins/ml2/db.py:59}}
Jul 15 15:02:39.535373 dv-cinder-788367-2-iscsi neutron-server[92930]: DEBUG neutron_lib.callbacks.manager [req-d0f905b9-e179-4c8c-8ac9-155db207e904 req-e645c055-172e-48b7-b4cf-09c5c034f225 service neutron] Notify callbacks ['neutron.plugins.ml2.plugin.SecurityGroupServerNotifierRpcMixin._notify_sg_on_port_change-66590760', 'neutron.plugins.ml2.ovo_rpc._ObjectChangeHandler.handle_event-927542', 'neutron.api.rpc.agentnotifiers.dhcp_rpc_agent_api.DhcpAgentNotifyAPI._native_event_send_dhcp_notification-530975', 'neutron.db.l3_db.L3RpcNotifierMixin._notify_gateway_port_ip_changed-8756598979157', 'neutron.db.l3_dvrscheduler_db._notify_l3_agent_port_update-8756598578836', 'neutron.db.l3_hascheduler_db._notify_l3_agent_ha_port_update-8756598578854', 'neutron.services.segments.plugin.NovaSegmentNotifier._notify_port_updated-2594674'] for port, after_update {{(pid=92930) _notify_loop /usr/local/lib/python3.8/dist-packages/neutron_lib/callbacks/manager.py:192}}
Jul 15 15:02:39.563476 dv-cinder-788367-2-iscsi neutron-server[92931]: DEBUG neutron_lib.callbacks.manager [None req-45704fba-db5c-4f98-851b-d57eed2dcfac admin admin] Notify callbacks [] for security_group, precommit_delete {{(pid=92931) _notify_loop /usr/local/lib/python3.8/dist-packages/neutron_lib/callbacks/manager.py:192}}
Jul 15 15:02:39.591334 dv-cinder-788367-2-iscsi neutron-server[92931]: DEBUG neutron.db.db_base_plugin_v2 [None req-00179822-520f-4ce6-8eb5-6c795823f677 admin admin] Deleting subnet a1da29e7-b7cf-4c5c-b263-d1c60007c69b {{(pid=92931) delete_subnet /opt/stack/neutron/neutron/db/db_base_plugin_v2.py:1055}}
Jul 15 15:02:39.591787 dv-cinder-788367-2-iscsi neutron-server[92930]: DEBUG neutron.pecan_wsgi.hooks.policy_enforcement [req-d0f905b9-e179-4c8c-8ac9-155db207e904 req-e645c055-172e-48b7-b4cf-09c5c034f225 service neutron] Attributes excluded by policy engine: ['standard_attr_id'] {{(pid=92930) _exclude_attributes_by_policy /opt/stack/neutron/neutron/pecan_wsgi/hooks/policy_enforcement.py:255}}
Jul 15 15:02:39.592481 dv-cinder-788367-2-iscsi neutron-server[92930]: DEBUG neutron_lib.callbacks.manager [req-d0f905b9-e179-4c8c-8ac9-155db207e904 req-e645c055-172e-48b7-b4cf-09c5c034f225 service neutron] Notify callbacks ['neutron.notifiers.nova.Notifier._send_nova_notification-134876'] for port, before_response {{(pid=92930) _notify_loop /usr/local/lib/python3.8/dist-packages/neutron_lib/callbacks/manager.py:192}}
Jul 15 15:02:39.594100 dv-cinder-788367-2-iscsi neutron-server[92930]: INFO neutron.wsgi [req-d0f905b9-e179-4c8c-8ac9-155db207e904 req-e645c055-172e-48b7-b4cf-09c5c034f225 service neutron] 10.222.0.41 "PUT /v2.0/ports/a5d17a25-3d44-478d-ad71-bffedb43537c HTTP/1.1" status: 200 len: 1093 time: 0.9398386
Jul 15 15:02:39.594627 dv-cinder-788367-2-iscsi neutron-server[92930]: DEBUG neutron.notifiers.nova [-] Sending events: [{'name': 'network-changed', 'server_uuid': '5f7e2dfb-159b-4471-9325-051ae52d2f52', 'tag': 'a5d17a25-3d44-478d-ad71-bffedb43537c'}] {{(pid=92930) send_events /opt/stack/neutron/neutron/notifiers/nova.py:262}}
Jul 15 15:02:39.597204 dv-cinder-788367-2-iscsi neutron-server[92930]: DEBUG novaclient.v2.client [-] REQ: curl -g -i --cacert "/opt/stack/data/ca-bundle.pem" -X POST http://10.222.0.72/compute/v2.1/os-server-external-events -H "Accept: application/json" -H "Content-Type: application/json" -H "User-Agent: python-novaclient" -H "X-Auth-Token: {SHA256}c826ff6be7ec083e7a8c7dcf75807344e30c5a62ff9a10463c17e9b74daa9557" -H "X-OpenStack-Nova-API-Version: 2.1" -H "X-OpenStack-Request-ID: req-a40e74c9-3e6e-4851-8f0c-ddeedd0a7f5d" -d '{"events": [{"name": "network-changed", "server_uuid": "5f7e2dfb-159b-4471-9325-051ae52d2f52", "tag": "a5d17a25-3d44-478d-ad71-bffedb43537c"}]}' {{(pid=92930) _http_log_request /usr/local/lib/python3.8/dist-packages/keystoneauth1/session.py:519}}
Jul 15 15:02:39.598315 dv-cinder-788367-2-iscsi neutron-server[92931]: DEBUG neutron_lib.callbacks.manager [None req-00179822-520f-4ce6-8eb5-6c795823f677 admin admin] Notify callbacks [] for subnet, before_delete {{(pid=92931) _notify_loop /usr/local/lib/python3.8/dist-packages/neutron_lib/callbacks/manager.py:192}}
Jul 15 15:02:39.636575 dv-cinder-788367-2-iscsi neutron-server[92930]: DEBUG neutron.api.rpc.handlers.resources_rpc [None req-e645c055-172e-48b7-b4cf-09c5c034f225 service neutron] Pushing event updated for resources: {'Port': ['ID=a5d17a25-3d44-478d-ad71-bffedb43537c,revision_number=3']} {{(pid=92930) push /opt/stack/neutron/neutron/api/rpc/handlers/resources_rpc.py:237}}
Jul 15 15:02:39.673023 dv-cinder-788367-2-iscsi neutron-server[92930]: DEBUG novaclient.v2.client [-] RESP: [200] Connection: close Content-Length: 179 Content-Type: application/json Date: Thu, 15 Jul 2021 15:02:39 GMT OpenStack-API-Version: compute 2.1 Server: Apache/2.4.41 (Ubuntu) Vary: OpenStack-API-Version,X-OpenStack-Nova-API-Version X-OpenStack-Nova-API-Version: 2.1 x-compute-request-id: req-df38c18f-c10a-4725-80f4-0ef65b7bfc44 x-openstack-request-id: req-df38c18f-c10a-4725-80f4-0ef65b7bfc44 {{(pid=92930) _http_log_response /usr/local/lib/python3.8/dist-packages/keystoneauth1/session.py:550}}
Jul 15 15:02:39.673304 dv-cinder-788367-2-iscsi neutron-server[92930]: DEBUG novaclient.v2.client [-] RESP BODY: {"events": [{"name": "network-changed", "server_uuid": "5f7e2dfb-159b-4471-9325-051ae52d2f52", "tag": "a5d17a25-3d44-478d-ad71-bffedb43537c", "status": "completed", "code": 200}]} {{(pid=92930) _http_log_response /usr/local/lib/python3.8/dist-packages/keystoneauth1/session.py:582}}
Jul 15 15:02:39.673561 dv-cinder-788367-2-iscsi neutron-server[92930]: DEBUG novaclient.v2.client [-] POST call to compute for http://10.222.0.72/compute/v2.1/os-server-external-events used request id req-df38c18f-c10a-4725-80f4-0ef65b7bfc44 {{(pid=92930) request /usr/local/lib/python3.8/dist-packages/keystoneauth1/session.py:954}}
Jul 15 15:02:39.673955 dv-cinder-788367-2-iscsi neutron-server[92930]: INFO neutron.notifiers.nova [-] Nova event response: {'name': 'network-changed', 'server_uuid': '5f7e2dfb-159b-4471-9325-051ae52d2f52', 'tag': 'a5d17a25-3d44-478d-ad71-bffedb43537c', 'status': 'completed', 'code': 200}
Jul 15 15:02:39.679887 dv-cinder-788367-2-iscsi neutron-server[92931]: DEBUG neutron_lib.callbacks.manager [None req-00179822-520f-4ce6-8eb5-6c795823f677 admin admin] Notify callbacks ['neutron.services.segments.plugin.Plugin._validate_auto_address_subnet_delete-9119925'] for subnet, precommit_delete_associations {{(pid=92931) _notify_loop /usr/local/lib/python3.8/dist-packages/neutron_lib/callbacks/manager.py:192}}
Jul 15 15:02:39.721308 dv-cinder-788367-2-iscsi neutron-server[92931]: DEBUG neutron_lib.callbacks.manager [None req-45704fba-db5c-4f98-851b-d57eed2dcfac admin admin] Notify callbacks ['neutron.plugins.ml2.ovo_rpc._ObjectChangeHandler.handle_event-707706'] for security_group, after_delete {{(pid=92931) _notify_loop /usr/local/lib/python3.8/dist-packages/neutron_lib/callbacks/manager.py:192}}
Jul 15 15:02:39.723850 dv-cinder-788367-2-iscsi neutron-server[92931]: DEBUG neutron_lib.callbacks.manager [None req-45704fba-db5c-4f98-851b-d57eed2dcfac admin admin] Notify callbacks [] for security_group, before_response {{(pid=92931) _notify_loop /usr/local/lib/python3.8/dist-packages/neutron_lib/callbacks/manager.py:192}}
Jul 15 15:02:39.725118 dv-cinder-788367-2-iscsi neutron-server[92931]: INFO neutron.wsgi [None req-45704fba-db5c-4f98-851b-d57eed2dcfac admin admin] 10.222.0.72 "DELETE /v2.0/security-groups/ed9f4d56-e335-4bde-90fc-aa8d9203f083 HTTP/1.1" status: 204 len: 168 time: 0.2801018
Jul 15 15:02:39.730189 dv-cinder-788367-2-iscsi neutron-server[92930]: DEBUG neutron.pecan_wsgi.hooks.policy_enforcement [req-d0f905b9-e179-4c8c-8ac9-155db207e904 req-356bf8d3-cbc7-4f75-8d17-6b6fc38edb1d service neutron] Attributes excluded by policy engine: ['standard_attr_id'] {{(pid=92930) _exclude_attributes_by_policy /opt/stack/neutron/neutron/pecan_wsgi/hooks/policy_enforcement.py:255}}
Jul 15 15:02:39.730189 dv-cinder-788367-2-iscsi neutron-server[92930]: INFO neutron.wsgi [req-d0f905b9-e179-4c8c-8ac9-155db207e904 req-356bf8d3-cbc7-4f75-8d17-6b6fc38edb1d service neutron] 10.222.0.41 "GET /v2.0/ports?tenant_id=34c7232bfa66404fb369fb81b40a809e&device_id=5f7e2dfb-159b-4471-9325-051ae52d2f52 HTTP/1.1" status: 200 len: 1096 time: 0.0710301
Jul 15 15:02:39.739128 dv-cinder-788367-2-iscsi neutron-server[92931]: DEBUG neutron_lib.callbacks.manager [None req-00179822-520f-4ce6-8eb5-6c795823f677 admin admin] Notify callbacks ['neutron.plugins.ml2.plugin.Ml2Plugin._subnet_delete_precommit_handler-66795978'] for subnet, precommit_delete {{(pid=92931) _notify_loop /usr/local/lib/python3.8/dist-packages/neutron_lib/callbacks/manager.py:192}}
Jul 15 15:02:39.743017 dv-cinder-788367-2-iscsi neutron-server[92931]: DEBUG neutron.api.rpc.handlers.resources_rpc [None req-45704fba-db5c-4f98-851b-d57eed2dcfac admin admin] Pushing event deleted for resources: {'SecurityGroup': ['ID=ed9f4d56-e335-4bde-90fc-aa8d9203f083,revision_number=None']} {{(pid=92931) push /opt/stack/neutron/neutron/api/rpc/handlers/resources_rpc.py:237}}
Jul 15 15:02:39.796854 dv-cinder-788367-2-iscsi neutron-server[92930]: INFO neutron.wsgi [req-d0f905b9-e179-4c8c-8ac9-155db207e904 req-9d62bf79-3b4a-40b0-b19e-16546d2bfc1f service neutron] 10.222.0.41 "GET /v2.0/floatingips?fixed_ip_address=172.20.0.9&port_id=a5d17a25-3d44-478d-ad71-bffedb43537c HTTP/1.1" status: 200 len: 217 time: 0.0571976
Jul 15 15:02:39.820405 dv-cinder-788367-2-iscsi neutron-server[92931]: DEBUG neutron_lib.callbacks.manager [None req-00179822-520f-4ce6-8eb5-6c795823f677 admin admin] Notify callbacks ['neutron.plugins.ml2.plugin.Ml2Plugin._subnet_delete_after_delete_handler-66796029', 'neutron.plugins.ml2.ovo_rpc._ObjectChangeHandler.handle_event-83884', 'neutron.api.rpc.agentnotifiers.dhcp_rpc_agent_api.DhcpAgentNotifyAPI._native_event_send_dhcp_notification-530975', 'neutron.services.segments.plugin.NovaSegmentNotifier._notify_subnet_deleted-9119815', 'neutron.services.segments.plugin.SegmentHostRoutes.host_routes_after_delete-9061582'] for subnet, after_delete {{(pid=92931) _notify_loop /usr/local/lib/python3.8/dist-packages/neutron_lib/callbacks/manager.py:192}}
Jul 15 15:02:39.849169 dv-cinder-788367-2-iscsi neutron-server[92930]: DEBUG neutron.pecan_wsgi.hooks.policy_enforcement [req-d0f905b9-e179-4c8c-8ac9-155db207e904 req-64adefa1-705c-478a-8cab-765d533c79cc service neutron] Attributes excluded by policy engine: ['standard_attr_id', 'shared', 'segment_id'] {{(pid=92930) _exclude_attributes_by_policy /opt/stack/neutron/neutron/pecan_wsgi/hooks/policy_enforcement.py:255}}
Jul 15 15:02:39.850753 dv-cinder-788367-2-iscsi neutron-server[92930]: INFO neutron.wsgi [req-d0f905b9-e179-4c8c-8ac9-155db207e904 req-64adefa1-705c-478a-8cab-765d533c79cc service neutron] 10.222.0.41 "GET /v2.0/subnets?id=35721cf3-b2d8-48fb-8c51-7bd2428c258d HTTP/1.1" status: 200 len: 854 time: 0.0470219
Jul 15 15:02:39.852364 dv-cinder-788367-2-iscsi neutron-server[92931]: DEBUG neutron.api.rpc.handlers.resources_rpc [None req-00179822-520f-4ce6-8eb5-6c795823f677 admin admin] Pushing event deleted for resources: {'Subnet': ['ID=a1da29e7-b7cf-4c5c-b263-d1c60007c69b,revision_number=None']} {{(pid=92931) push /opt/stack/neutron/neutron/api/rpc/handlers/resources_rpc.py:237}}
Jul 15 15:02:39.858354 dv-cinder-788367-2-iscsi neutron-server[92931]: DEBUG neutron_lib.callbacks.manager [None req-00179822-520f-4ce6-8eb5-6c795823f677 admin admin] Notify callbacks [] for subnet, before_response {{(pid=92931) _notify_loop /usr/local/lib/python3.8/dist-packages/neutron_lib/callbacks/manager.py:192}}
Jul 15 15:02:39.860392 dv-cinder-788367-2-iscsi neutron-server[92931]: INFO neutron.wsgi [None req-00179822-520f-4ce6-8eb5-6c795823f677 admin admin] 10.222.0.72 "DELETE /v2.0/subnets/a1da29e7-b7cf-4c5c-b263-d1c60007c69b HTTP/1.1" status: 204 len: 168 time: 0.3482635
Jul 15 15:02:39.862776 dv-cinder-788367-2-iscsi neutron-server[92931]: DEBUG neutron.wsgi [-] (92931) accepted ('10.222.0.72', 33642) {{(pid=92931) server /usr/local/lib/python3.8/dist-packages/eventlet/wsgi.py:982}}
Jul 15 15:02:39.897853 dv-cinder-788367-2-iscsi neutron-server[92930]: INFO neutron.wsgi [req-d0f905b9-e179-4c8c-8ac9-155db207e904 req-55d2d59f-b60e-4fff-954b-3ca5f69e06f9 service neutron] 10.222.0.41 "GET /v2.0/ports?network_id=eb0f73d0-6c68-491c-8f90-de765fa79745&device_owner=network%3Adhcp HTTP/1.1" status: 200 len: 210 time: 0.0365765
Jul 15 15:02:39.959950 dv-cinder-788367-2-iscsi neutron-server[92931]: DEBUG neutron_lib.callbacks.manager [None req-a9680d51-05d8-4630-b8e3-f2e8c6e1077c admin admin] Notify callbacks ['neutron.plugins.ml2.plugin.External_net_db_mixin._before_network_delete_handler-66702497'] for network, before_delete {{(pid=92931) _notify_loop /usr/local/lib/python3.8/dist-packages/neutron_lib/callbacks/manager.py:192}}
Jul 15 15:02:40.069058 dv-cinder-788367-2-iscsi neutron-server[92931]: DEBUG neutron_lib.callbacks.manager [None req-a9680d51-05d8-4630-b8e3-f2e8c6e1077c admin admin] Notify callbacks ['neutron.plugins.ml2.plugin.Ml2Plugin._network_delete_precommit_handler-66796974', 'neutron.services.segments.db._delete_segments_for_network-8756598894668'] for network, precommit_delete {{(pid=92931) _notify_loop /usr/local/lib/python3.8/dist-packages/neutron_lib/callbacks/manager.py:192}}
Jul 15 15:02:40.083432 dv-cinder-788367-2-iscsi neutron-server[92931]: DEBUG neutron.services.segments.db [None req-a9680d51-05d8-4630-b8e3-f2e8c6e1077c admin admin] neutron.services.segments.plugin.Plugin method get_segments called with arguments (,) {'filters': {'network_id': ['7baac090-034d-4bbc-ab8e-fb73309f1b0e']}} {{(pid=92931) wrapper /usr/local/lib/python3.8/dist-packages/oslo_log/helpers.py:65}}
Jul 15 15:02:40.099365 dv-cinder-788367-2-iscsi neutron-server[92931]: DEBUG neutron.services.segments.db [None req-a9680d51-05d8-4630-b8e3-f2e8c6e1077c admin admin] neutron.services.segments.plugin.Plugin method delete_segment called with arguments (, 'c01a3823-480e-48d9-af4e-19dbcc29764b') {'for_net_delete': True} {{(pid=92931) wrapper /usr/local/lib/python3.8/dist-packages/oslo_log/helpers.py:65}}
Jul 15 15:02:40.100010 dv-cinder-788367-2-iscsi neutron-server[92931]: DEBUG neutron.services.segments.db [None req-a9680d51-05d8-4630-b8e3-f2e8c6e1077c admin admin] neutron.services.segments.plugin.Plugin method get_segment called with arguments (, 'c01a3823-480e-48d9-af4e-19dbcc29764b') {} {{(pid=92931) wrapper /usr/local/lib/python3.8/dist-packages/oslo_log/helpers.py:65}}
Jul 15 15:02:40.116845 dv-cinder-788367-2-iscsi neutron-server[92930]: INFO neutron.wsgi [req-d0f905b9-e179-4c8c-8ac9-155db207e904 req-030d2a8b-72de-413f-a2aa-993f500b1ff6 service neutron] 10.222.0.41 "GET /v2.0/networks/eb0f73d0-6c68-491c-8f90-de765fa79745?fields=segments HTTP/1.1" status: 200 len: 212 time: 0.2090929
Jul 15 15:02:40.120412 dv-cinder-788367-2-iscsi neutron-server[92931]: DEBUG neutron_lib.callbacks.manager [None req-a9680d51-05d8-4630-b8e3-f2e8c6e1077c admin admin] Notify callbacks ['neutron.plugins.ml2.db._prevent_segment_delete_with_port_bound-8756598898261', 'neutron.services.segments.plugin.Plugin._prevent_segment_delete_with_subnet_associated-9119874'] for segment, before_delete {{(pid=92931) _notify_loop /usr/local/lib/python3.8/dist-packages/neutron_lib/callbacks/manager.py:192}}
Jul 15 15:02:40.132974 dv-cinder-788367-2-iscsi neutron-server[92930]: DEBUG neutron.pecan_wsgi.hooks.policy_enforcement [req-0712ff4d-303c-472f-814b-9f6f93fe1140 req-e48d4792-2cea-4a63-8173-84d4d37d23e9 tempest-AttachVolumeNegativeTest-199093634 tempest-AttachVolumeNegativeTest-199093634-project] Attributes excluded by policy engine: ['standard_attr_id', 'binding:profile', 'binding:host_id', 'binding:vif_type', 'binding:vif_details'] {{(pid=92930) _exclude_attributes_by_policy /opt/stack/neutron/neutron/pecan_wsgi/hooks/policy_enforcement.py:255}}
Jul 15 15:02:40.134463 dv-cinder-788367-2-iscsi neutron-server[92930]: INFO neutron.wsgi [req-0712ff4d-303c-472f-814b-9f6f93fe1140 req-e48d4792-2cea-4a63-8173-84d4d37d23e9 tempest-AttachVolumeNegativeTest-199093634 tempest-AttachVolumeNegativeTest-199093634-project] 10.222.0.72 "GET /v2.0/ports?device_id=5f7e2dfb-159b-4471-9325-051ae52d2f52 HTTP/1.1" status: 200 len: 943 time: 0.1454809
Jul 15 15:02:40.153838 dv-cinder-788367-2-iscsi neutron-server[92931]: DEBUG neutron_lib.callbacks.manager [None req-a9680d51-05d8-4630-b8e3-f2e8c6e1077c admin admin] Notify callbacks ['neutron.plugins.ml2.plugin.Ml2Plugin._handle_segment_change-66802578'] for segment, precommit_delete {{(pid=92931) _notify_loop /usr/local/lib/python3.8/dist-packages/neutron_lib/callbacks/manager.py:192}}
Jul 15 15:02:40.161699 dv-cinder-788367-2-iscsi neutron-server[92931]: DEBUG neutron.plugins.ml2.drivers.type_vlan [None req-a9680d51-05d8-4630-b8e3-f2e8c6e1077c admin admin] Releasing vlan 822 on physical network physnet1 to pool {{(pid=92931) release_segment /opt/stack/neutron/neutron/plugins/ml2/drivers/type_vlan.py:304}}
Jul 15 15:02:40.162477 dv-cinder-788367-2-iscsi neutron-server[92931]: DEBUG neutron_lib.callbacks.manager [None req-a9680d51-05d8-4630-b8e3-f2e8c6e1077c admin admin] Notify callbacks ['neutron.plugins.ml2.plugin.Ml2Plugin._handle_segment_change-66802578', 'neutron.services.segments.plugin.NovaSegmentNotifier._notify_segment_deleted-9121765'] for segment, after_delete {{(pid=92931) _notify_loop /usr/local/lib/python3.8/dist-packages/neutron_lib/callbacks/manager.py:192}}
Jul 15 15:02:40.164737 dv-cinder-788367-2-iscsi neutron-server[92931]: Traceback (most recent call last):
Jul 15 15:02:40.164737 dv-cinder-788367-2-iscsi neutron-server[92931]: File "/usr/local/lib/python3.8/dist-packages/eventlet/hubs/hub.py", line 476, in fire_timers
Jul 15 15:02:40.164737 dv-cinder-788367-2-iscsi neutron-server[92931]: timer()
Jul 15 15:02:40.164737 dv-cinder-788367-2-iscsi neutron-server[92931]: File "/usr/local/lib/python3.8/dist-packages/eventlet/hubs/timer.py", line 59, in __call__
Jul 15 15:02:40.164737 dv-cinder-788367-2-iscsi neutron-server[92931]: cb(*args, **kw)
Jul 15 15:02:40.164737 dv-cinder-788367-2-iscsi neutron-server[92931]: File "/opt/stack/neutron/neutron/common/utils.py", line 905, in wrapper
Jul 15 15:02:40.164737 dv-cinder-788367-2-iscsi neutron-server[92931]: return func(*args, **kwargs)
Jul 15 15:02:40.164737 dv-cinder-788367-2-iscsi neutron-server[92931]: File "/opt/stack/neutron/neutron/notifiers/batch_notifier.py", line 58, in synced_send
Jul 15 15:02:40.164737 dv-cinder-788367-2-iscsi neutron-server[92931]: self._notify()
Jul 15 15:02:40.164737 dv-cinder-788367-2-iscsi neutron-server[92931]: File "/opt/stack/neutron/neutron/notifiers/batch_notifier.py", line 69, in _notify
Jul 15 15:02:40.164737 dv-cinder-788367-2-iscsi neutron-server[92931]: self.callback(batched_events)
Jul 15 15:02:40.164737 dv-cinder-788367-2-iscsi neutron-server[92931]: File "/opt/stack/neutron/neutron/services/segments/plugin.py", line 211, in _send_notifications
Jul 15 15:02:40.164737 dv-cinder-788367-2-iscsi neutron-server[92931]: event.method(event)
Jul 15 15:02:40.164737 dv-cinder-788367-2-iscsi neutron-server[92931]: File "/opt/stack/neutron/neutron/services/segments/plugin.py", line 383, in _delete_nova_inventory
Jul 15 15:02:40.164737 dv-cinder-788367-2-iscsi neutron-server[92931]: aggregate_id = self._get_aggregate_id(event.segment_id)
Jul 15 15:02:40.164737 dv-cinder-788367-2-iscsi neutron-server[92931]: File "/opt/stack/neutron/neutron/services/segments/plugin.py", line 370, in _get_aggregate_id
Jul 15 15:02:40.164737 dv-cinder-788367-2-iscsi neutron-server[92931]: aggregate_uuid = self.p_client.list_aggregates(
Jul 15 15:02:40.164737 dv-cinder-788367-2-iscsi neutron-server[92931]: File "/usr/local/lib/python3.8/dist-packages/neutron_lib/placement/client.py", line 57, in wrapper
Jul 15 15:02:40.164737 dv-cinder-788367-2-iscsi neutron-server[92931]: return f(self, *a, **k)
Jul 15 15:02:40.164737 dv-cinder-788367-2-iscsi neutron-server[92931]: File "/usr/local/lib/python3.8/dist-packages/neutron_lib/placement/client.py", line 553, in list_aggregates
Jul 15 15:02:40.164737 dv-cinder-788367-2-iscsi neutron-server[92931]: return self._get(url).json()
Jul 15 15:02:40.164737 dv-cinder-788367-2-iscsi neutron-server[92931]: File "/usr/local/lib/python3.8/dist-packages/neutron_lib/placement/client.py", line 189, in _get
Jul 15 15:02:40.164737 dv-cinder-788367-2-iscsi neutron-server[92931]: return self._client.get(url, endpoint_filter=self._ks_filter,
Jul 15 15:02:40.164737 dv-cinder-788367-2-iscsi neutron-server[92931]: File "/usr/local/lib/python3.8/dist-packages/keystoneauth1/session.py", line 1141, in get
Jul 15 15:02:40.164737 dv-cinder-788367-2-iscsi neutron-server[92931]: return self.request(url, 'GET', **kwargs)
Jul 15 15:02:40.164737 dv-cinder-788367-2-iscsi neutron-server[92931]: File "/usr/local/lib/python3.8/dist-packages/keystoneauth1/session.py", line 811, in request
Jul 15 15:02:40.164737 dv-cinder-788367-2-iscsi neutron-server[92931]: base_url = self.get_endpoint(auth, allow=allow,
Jul 15 15:02:40.164737 dv-cinder-788367-2-iscsi neutron-server[92931]: File "/usr/local/lib/python3.8/dist-packages/keystoneauth1/session.py", line 1241, in get_endpoint
Jul 15 15:02:40.164737 dv-cinder-788367-2-iscsi neutron-server[92931]: auth = self._auth_required(auth, 'determine endpoint URL')
Jul 15 15:02:40.164737 dv-cinder-788367-2-iscsi neutron-server[92931]: File "/usr/local/lib/python3.8/dist-packages/keystoneauth1/session.py", line 1181, in _auth_required
Jul 15 15:02:40.164737 dv-cinder-788367-2-iscsi neutron-server[92931]: raise exceptions.MissingAuthPlugin(msg_fmt % msg)
Jul 15 15:02:40.164737 dv-cinder-788367-2-iscsi neutron-server[92931]: keystoneauth1.exceptions.auth_plugins.MissingAuthPlugin: An auth plugin is required to determine endpoint URL
Jul 15 15:02:40.223882 dv-cinder-788367-2-iscsi neutron-server[92931]: DEBUG neutron.wsgi [-] (92931) accepted ('10.222.0.72', 33654) {{(pid=92931) server /usr/local/lib/python3.8/dist-packages/eventlet/wsgi.py:982}}
Jul 15 15:02:40.228380 dv-cinder-788367-2-iscsi neutron-server[92930]: INFO neutron.wsgi [req-0712ff4d-303c-472f-814b-9f6f93fe1140 req-b2dd4fba-0244-4410-87a4-7a7e40bc2a1e tempest-AttachVolumeNegativeTest-199093634 tempest-AttachVolumeNegativeTest-199093634-project] 10.222.0.72 "GET /v2.0/security-groups?id=f5ddfc68-73d8-4435-b87f-5621c13849a4&fields=id&fields=name HTTP/1.1" status: 200 len: 286 time: 0.0858347
Jul 15 15:02:40.240960 dv-cinder-788367-2-iscsi neutron-server[92931]: DEBUG neutron_lib.callbacks.manager [None req-42b66094-771d-467c-9084-ab0eb2e3bf63 admin admin] Notify callbacks [] for security_group, before_create {{(pid=92931) _notify_loop /usr/local/lib/python3.8/dist-packages/neutron_lib/callbacks/manager.py:192}}
Jul 15 15:02:40.249560 dv-cinder-788367-2-iscsi neutron-server[92931]: DEBUG neutron_lib.callbacks.manager [None req-a9680d51-05d8-4630-b8e3-f2e8c6e1077c admin admin] Notify callbacks ['neutron.plugins.ml2.plugin.Ml2Plugin._network_delete_after_delete_handler-66796983', 'neutron.plugins.ml2.ovo_rpc._ObjectChangeHandler.handle_event-704965', 'neutron.api.rpc.agentnotifiers.dhcp_rpc_agent_api.DhcpAgentNotifyAPI._native_event_send_dhcp_notification-530975', 'neutron.services.l3_router.l3_router_plugin.DVRResourceOperationHandler.delete_fip_namespaces_for_ext_net-633272'] for network, after_delete {{(pid=92931) _notify_loop /usr/local/lib/python3.8/dist-packages/neutron_lib/callbacks/manager.py:192}}
Jul 15 15:02:40.276921 dv-cinder-788367-2-iscsi neutron-server[92931]: DEBUG neutron.api.rpc.handlers.resources_rpc [None req-a9680d51-05d8-4630-b8e3-f2e8c6e1077c admin admin] Pushing event deleted for resources: {'Network': ['ID=7baac090-034d-4bbc-ab8e-fb73309f1b0e,revision_number=None']} {{(pid=92931) push /opt/stack/neutron/neutron/api/rpc/handlers/resources_rpc.py:237}}
Jul 15 15:02:40.279128 dv-cinder-788367-2-iscsi neutron-server[92931]: DEBUG neutron_lib.callbacks.manager [None req-a9680d51-05d8-4630-b8e3-f2e8c6e1077c admin admin] Notify callbacks ['neutron.api.rpc.agentnotifiers.dhcp_rpc_agent_api.DhcpAgentNotifyAPI._send_dhcp_notification-531049'] for network, before_response {{(pid=92931) _notify_loop /usr/local/lib/python3.8/dist-packages/neutron_lib/callbacks/manager.py:192}}
Jul 15 15:02:40.281097 dv-cinder-788367-2-iscsi neutron-server[92931]: INFO neutron.wsgi [None req-a9680d51-05d8-4630-b8e3-f2e8c6e1077c admin admin] 10.222.0.72 "DELETE /v2.0/networks/7baac090-034d-4bbc-ab8e-fb73309f1b0e HTTP/1.1" status: 204 len: 168 time: 0.4169102
Jul 15 15:02:40.283885 dv-cinder-788367-2-iscsi neutron-server[92931]: DEBUG neutron.wsgi [-] (92931) accepted ('10.222.0.72', 33656) {{(pid=92931) server /usr/local/lib/python3.8/dist-packages/eventlet/wsgi.py:982}}
Jul 15 15:02:40.285409 dv-cinder-788367-2-iscsi neutron-server[92930]: INFO neutron.wsgi [req-d0f905b9-e179-4c8c-8ac9-155db207e904 req-17d22f48-7e22-4bd2-8ffc-300f0c88a11f service neutron] 10.222.0.41 "GET /v2.0/networks/eb0f73d0-6c68-491c-8f90-de765fa79745?fields=provider%3Aphysical_network&fields=provider%3Anetwork_type HTTP/1.1" status: 200 len: 281 time: 0.1601086
Jul 15 15:02:40.362046 dv-cinder-788367-2-iscsi neutron-server[92931]: DEBUG neutron.wsgi [-] (92931) accepted ('10.222.0.72', 33662) {{(pid=92931) server /usr/local/lib/python3.8/dist-packages/eventlet/wsgi.py:982}}
Jul 15 15:02:40.394065 dv-cinder-788367-2-iscsi neutron-server[92931]: DEBUG neutron.db.db_base_plugin_v2 [None req-a35e0a4b-50fd-42ef-afad-ef881a84c62c admin admin] Deleting subnet 8bf5cc6c-e7db-40cf-8555-1967ed585e92 {{(pid=92931) delete_subnet /opt/stack/neutron/neutron/db/db_base_plugin_v2.py:1055}}
Jul 15 15:02:40.401516 dv-cinder-788367-2-iscsi neutron-server[92931]: DEBUG neutron_lib.callbacks.manager [None req-a35e0a4b-50fd-42ef-afad-ef881a84c62c admin admin] Notify callbacks [] for subnet, before_delete {{(pid=92931) _notify_loop /usr/local/lib/python3.8/dist-packages/neutron_lib/callbacks/manager.py:192}}
Jul 15 15:02:40.418750 dv-cinder-788367-2-iscsi neutron-server[92930]: DEBUG neutron.pecan_wsgi.hooks.policy_enforcement [req-a40e74c9-3e6e-4851-8f0c-ddeedd0a7f5d req-a69c0ab6-6897-4df3-a584-3d433b578aac service neutron] Attributes excluded by policy engine: ['standard_attr_id'] {{(pid=92930) _exclude_attributes_by_policy /opt/stack/neutron/neutron/pecan_wsgi/hooks/policy_enforcement.py:255}}
Jul 15 15:02:40.420410 dv-cinder-788367-2-iscsi neutron-server[92930]: INFO neutron.wsgi [req-a40e74c9-3e6e-4851-8f0c-ddeedd0a7f5d req-a69c0ab6-6897-4df3-a584-3d433b578aac service neutron] 10.222.0.41 "GET /v2.0/ports?tenant_id=34c7232bfa66404fb369fb81b40a809e&device_id=5f7e2dfb-159b-4471-9325-051ae52d2f52 HTTP/1.1" status: 200 len: 1096 time: 0.0674620
Jul 15 15:02:40.441725 dv-cinder-788367-2-iscsi neutron-server[92931]: DEBUG neutron_lib.callbacks.manager [None req-a35e0a4b-50fd-42ef-afad-ef881a84c62c admin admin] Notify callbacks ['neutron.services.segments.plugin.Plugin._validate_auto_address_subnet_delete-9119925'] for subnet, precommit_delete_associations {{(pid=92931) _notify_loop /usr/local/lib/python3.8/dist-packages/neutron_lib/callbacks/manager.py:192}}
Jul 15 15:02:40.493407 dv-cinder-788367-2-iscsi neutron-server[92931]: DEBUG neutron_lib.callbacks.manager [None req-a35e0a4b-50fd-42ef-afad-ef881a84c62c admin admin] Notify callbacks ['neutron.plugins.ml2.plugin.Ml2Plugin._subnet_delete_precommit_handler-66795978'] for subnet, precommit_delete {{(pid=92931) _notify_loop /usr/local/lib/python3.8/dist-packages/neutron_lib/callbacks/manager.py:192}}
Jul 15 15:02:40.529436 dv-cinder-788367-2-iscsi neutron-server[92930]: DEBUG neutron.pecan_wsgi.hooks.policy_enforcement [req-a40e74c9-3e6e-4851-8f0c-ddeedd0a7f5d req-a3ba6a93-04b4-48d4-91a9-ae5682587243 service neutron] Attributes excluded by policy engine: ['standard_attr_id', 'vlan_transparent'] {{(pid=92930) _exclude_attributes_by_policy /opt/stack/neutron/neutron/pecan_wsgi/hooks/policy_enforcement.py:255}}
Jul 15 15:02:40.530927 dv-cinder-788367-2-iscsi neutron-server[92930]: INFO neutron.wsgi [req-a40e74c9-3e6e-4851-8f0c-ddeedd0a7f5d req-a3ba6a93-04b4-48d4-91a9-ae5682587243 service neutron] 10.222.0.41 "GET /v2.0/networks?id=eb0f73d0-6c68-491c-8f90-de765fa79745 HTTP/1.1" status: 200 len: 915 time: 0.1029291
Jul 15 15:02:40.592616 dv-cinder-788367-2-iscsi neutron-server[92930]: INFO neutron.wsgi [req-a40e74c9-3e6e-4851-8f0c-ddeedd0a7f5d req-a0115ec6-5936-421a-986e-1b7ceda8f003 service neutron] 10.222.0.41 "GET /v2.0/floatingips?fixed_ip_address=172.20.0.9&port_id=a5d17a25-3d44-478d-ad71-bffedb43537c HTTP/1.1" status: 200 len: 217 time: 0.0533586
Jul 15 15:02:40.603264 dv-cinder-788367-2-iscsi neutron-server[92931]: DEBUG neutron_lib.callbacks.manager [None req-a35e0a4b-50fd-42ef-afad-ef881a84c62c admin admin] Notify callbacks ['neutron.plugins.ml2.plugin.Ml2Plugin._subnet_delete_after_delete_handler-66796029', 'neutron.plugins.ml2.ovo_rpc._ObjectChangeHandler.handle_event-83884', 'neutron.api.rpc.agentnotifiers.dhcp_rpc_agent_api.DhcpAgentNotifyAPI._native_event_send_dhcp_notification-530975', 'neutron.services.segments.plugin.NovaSegmentNotifier._notify_subnet_deleted-9119815', 'neutron.services.segments.plugin.SegmentHostRoutes.host_routes_after_delete-9061582'] for subnet, after_delete {{(pid=92931) _notify_loop /usr/local/lib/python3.8/dist-packages/neutron_lib/callbacks/manager.py:192}}
Jul 15 15:02:40.653328 dv-cinder-788367-2-iscsi neutron-server[92931]: DEBUG neutron.api.rpc.handlers.resources_rpc [None req-a35e0a4b-50fd-42ef-afad-ef881a84c62c admin admin] Pushing event deleted for resources: {'Subnet': ['ID=8bf5cc6c-e7db-40cf-8555-1967ed585e92,revision_number=None']} {{(pid=92931) push /opt/stack/neutron/neutron/api/rpc/handlers/resources_rpc.py:237}}
Jul 15 15:02:40.659800 dv-cinder-788367-2-iscsi neutron-server[92931]: DEBUG neutron_lib.callbacks.manager [None req-42b66094-771d-467c-9084-ab0eb2e3bf63 admin admin] Notify callbacks [] for security_group, precommit_create {{(pid=92931) _notify_loop /usr/local/lib/python3.8/dist-packages/neutron_lib/callbacks/manager.py:192}}
Jul 15 15:02:40.662912 dv-cinder-788367-2-iscsi neutron-server[92931]: DEBUG neutron_lib.callbacks.manager [None req-a35e0a4b-50fd-42ef-afad-ef881a84c62c admin admin] Notify callbacks [] for subnet, before_response {{(pid=92931) _notify_loop /usr/local/lib/python3.8/dist-packages/neutron_lib/callbacks/manager.py:192}}
Jul 15 15:02:40.664670 dv-cinder-788367-2-iscsi neutron-server[92931]: INFO neutron.wsgi [None req-a35e0a4b-50fd-42ef-afad-ef881a84c62c admin admin] 10.222.0.72 "DELETE /v2.0/subnets/8bf5cc6c-e7db-40cf-8555-1967ed585e92 HTTP/1.1" status: 204 len: 168 time: 0.3795309
Jul 15 15:02:40.668040 dv-cinder-788367-2-iscsi neutron-server[92930]: DEBUG neutron.wsgi [-] (92930) accepted ('10.222.0.72', 33674) {{(pid=92930) server /usr/local/lib/python3.8/dist-packages/eventlet/wsgi.py:982}}
Jul 15 15:02:40.677502 dv-cinder-788367-2-iscsi neutron-server[92930]: DEBUG neutron.pecan_wsgi.hooks.policy_enforcement [req-a40e74c9-3e6e-4851-8f0c-ddeedd0a7f5d req-c72f9e5b-4ce0-4743-b9e6-87a3398d98c7 service neutron] Attributes excluded by policy engine: ['standard_attr_id', 'shared', 'segment_id'] {{(pid=92930) _exclude_attributes_by_policy /opt/stack/neutron/neutron/pecan_wsgi/hooks/policy_enforcement.py:255}}
