May 26 15:24:51.199147 dv-cinder-788367-11-smb devstack@c-api.service[111277]: DEBUG cinder.api.openstack.wsgi [None req-c9e493f1-471c-4f8e-a348-bc433c42539a tempest-VolumesServicesTestJSON-792046987 tempest-VolumesServicesTestJSON-792046987-project] Action: 'create', calling method: create, body: {"volume": {"size": 1, "name": "tempest-VolumesServicesTestJSON-Volume-1411192677"}} {{(pid=111277) _process_stack /opt/stack/cinder/cinder/api/openstack/wsgi.py:866}}
May 26 15:24:51.200330 dv-cinder-788367-11-smb devstack@c-api.service[111277]: DEBUG cinder.api.v3.volumes [None req-c9e493f1-471c-4f8e-a348-bc433c42539a tempest-VolumesServicesTestJSON-792046987 tempest-VolumesServicesTestJSON-792046987-project] Create volume request body: {'volume': {'size': 1, 'name': 'tempest-VolumesServicesTestJSON-Volume-1411192677'}} {{(pid=111277) create /opt/stack/cinder/cinder/api/v3/volumes.py:298}}
May 26 15:24:51.200767 dv-cinder-788367-11-smb devstack@c-api.service[111277]: INFO cinder.api.v3.volumes [None req-c9e493f1-471c-4f8e-a348-bc433c42539a tempest-VolumesServicesTestJSON-792046987 tempest-VolumesServicesTestJSON-792046987-project] Create volume of 1 GB
May 26 15:24:51.240956 dv-cinder-788367-11-smb devstack@c-api.service[111277]: INFO cinder.volume.api [None req-c9e493f1-471c-4f8e-a348-bc433c42539a tempest-VolumesServicesTestJSON-792046987 tempest-VolumesServicesTestJSON-792046987-project] Availability Zones retrieved successfully.
May 26 15:24:51.308530 dv-cinder-788367-11-smb devstack@c-api.service[111277]: DEBUG cinder.volume.api [None req-c9e493f1-471c-4f8e-a348-bc433c42539a tempest-VolumesServicesTestJSON-792046987 tempest-VolumesServicesTestJSON-792046987-project] Flow 'volume_create_api' (1fed8a5e-2613-46f7-ac1f-11ab865a2580) transitioned into state 'RUNNING' from state 'PENDING' {{(pid=111277) _flow_receiver /usr/local/lib/python3.8/dist-packages/taskflow/listeners/logging.py:141}}
May 26 15:24:51.314025 dv-cinder-788367-11-smb devstack@c-api.service[111277]: DEBUG cinder.volume.api [None req-c9e493f1-471c-4f8e-a348-bc433c42539a tempest-VolumesServicesTestJSON-792046987 tempest-VolumesServicesTestJSON-792046987-project] Task 'cinder.volume.flows.api.create_volume.ExtractVolumeRequestTask;volume:create' (718e290e-a31b-47d9-a425-a50338af5db2) transitioned into state 'RUNNING' from state 'PENDING' {{(pid=111277) _task_receiver /usr/local/lib/python3.8/dist-packages/taskflow/listeners/logging.py:190}}
May 26 15:24:51.317415 dv-cinder-788367-11-smb devstack@c-api.service[111277]: DEBUG cinder.volume.flows.api.create_volume [None req-c9e493f1-471c-4f8e-a348-bc433c42539a tempest-VolumesServicesTestJSON-792046987 tempest-VolumesServicesTestJSON-792046987-project] Validating volume size '1' using validate_int {{(pid=111277) _extract_size /opt/stack/cinder/cinder/volume/flows/api/create_volume.py:228}}
May 26 15:24:51.320932 dv-cinder-788367-11-smb devstack@c-api.service[111277]: DEBUG dbcounter [-] [111277] Writing DB stats cinder:SELECT=90,cinder:UPDATE=5,cinder:INSERT=5 {{(pid=111277) stat_writer /usr/local/lib/python3.8/dist-packages/dbcounter.py:114}}
May 26 15:24:51.405693 dv-cinder-788367-11-smb devstack@c-api.service[111277]: DEBUG cinder.volume.api [None req-c9e493f1-471c-4f8e-a348-bc433c42539a tempest-VolumesServicesTestJSON-792046987 tempest-VolumesServicesTestJSON-792046987-project] Task 'cinder.volume.flows.api.create_volume.ExtractVolumeRequestTask;volume:create' (718e290e-a31b-47d9-a425-a50338af5db2) transitioned into state 'SUCCESS' from state 'RUNNING' with result '{'size': 1, 'snapshot_id': None, 'source_volid': None, 'volume_type': VolumeType(created_at=2022-05-26T15:08:46Z,deleted=False,deleted_at=None,description='Default Volume Type',extra_specs={},id=b2978afd-cf50-497c-b3c4-8c436be38c37,is_public=True,name='__DEFAULT__',projects=[],qos_specs=,qos_specs_id=None,updated_at=2022-05-26T15:08:46Z), 'volume_type_id': 'b2978afd-cf50-497c-b3c4-8c436be38c37', 'encryption_key_id': None, 'qos_specs': None, 'consistencygroup_id': None, 'cgsnapshot_id': None, 'group_id': None, 'replication_status': 'disabled', 'refresh_az': False, 'backup_id': None, 'multiattach': False, 'availability_zones': ['nova']}' {{(pid=111277) _task_receiver /usr/local/lib/python3.8/dist-packages/taskflow/listeners/logging.py:178}}
May 26 15:24:51.408226 dv-cinder-788367-11-smb devstack@c-api.service[111278]: INFO cinder.api.openstack.wsgi [None req-1b4546da-e8fd-4434-b849-50ab7ef0739c tempest-GroupsTest-1777396346 tempest-GroupsTest-1777396346-project-admin] http://10.222.0.41/volume/v3/e7c031d2a62c40acb55bb1d888b3eb81/types returned with HTTP 200
May 26 15:24:51.411160 dv-cinder-788367-11-smb devstack@c-api.service[111277]: DEBUG cinder.volume.api [None req-c9e493f1-471c-4f8e-a348-bc433c42539a tempest-VolumesServicesTestJSON-792046987 tempest-VolumesServicesTestJSON-792046987-project] Task 'cinder.volume.flows.api.create_volume.QuotaReserveTask;volume:create' (3e977a65-2883-431c-9c05-c00db606e42a) transitioned into state 'RUNNING' from state 'PENDING' {{(pid=111277) _task_receiver /usr/local/lib/python3.8/dist-packages/taskflow/listeners/logging.py:190}}
May 26 15:24:51.417670 dv-cinder-788367-11-smb devstack@c-api.service[111278]: [pid: 111278|app: 0|req: 25/48] 10.222.0.41 () {60 vars in 1228 bytes} [Thu May 26 15:24:50 2022] POST /volume/v3/e7c031d2a62c40acb55bb1d888b3eb81/types => generated 216 bytes in 861 msecs (HTTP/1.1 200) 7 headers in 285 bytes (1 switches on core 0)
May 26 15:24:51.421717 dv-cinder-788367-11-smb devstack@c-api.service[111278]: DEBUG cinder.api.middleware.request_id [None req-422ff6da-95b5-427a-bc2c-88f8caec449b None None] RequestId filter calling following filter/app {{(pid=111278) _context_setter /opt/stack/cinder/cinder/api/middleware/request_id.py:62}}
May 26 15:24:51.443348 dv-cinder-788367-11-smb devstack@c-api.service[111278]: INFO cinder.api.openstack.wsgi [None req-422ff6da-95b5-427a-bc2c-88f8caec449b tempest-GroupSnapshotsV319Test-949746957 tempest-GroupSnapshotsV319Test-949746957-project] GET http://10.222.0.41/volume/v3/823e3b40820a47938ec58cd6e3bb4712/volumes/caf57eba-8314-4dbf-9036-7e93dff642ad
May 26 15:24:51.450039 dv-cinder-788367-11-smb devstack@c-api.service[111278]: DEBUG cinder.api.openstack.wsgi [None req-422ff6da-95b5-427a-bc2c-88f8caec449b tempest-GroupSnapshotsV319Test-949746957 tempest-GroupSnapshotsV319Test-949746957-project] Empty body provided in request {{(pid=111278) get_body /opt/stack/cinder/cinder/api/openstack/wsgi.py:715}}
May 26 15:24:51.450584 dv-cinder-788367-11-smb devstack@c-api.service[111278]: DEBUG cinder.api.openstack.wsgi [None req-422ff6da-95b5-427a-bc2c-88f8caec449b tempest-GroupSnapshotsV319Test-949746957 tempest-GroupSnapshotsV319Test-949746957-project] Calling method 'show' {{(pid=111278) _process_stack /opt/stack/cinder/cinder/api/openstack/wsgi.py:868}}
May 26 15:24:51.518941 dv-cinder-788367-11-smb devstack@c-api.service[111278]: /usr/local/lib/python3.8/dist-packages/oslo_context/context.py:100: DeprecationWarning: Policy enforcement is depending on the value of is_admin. This key is deprecated. Please update your policy file to use the standard policy values.
May 26 15:24:51.518941 dv-cinder-788367-11-smb devstack@c-api.service[111278]: warnings.warn('Policy enforcement is depending on the value of '
May 26 15:24:51.546048 dv-cinder-788367-11-smb devstack@c-api.service[111278]: INFO cinder.volume.api [None req-422ff6da-95b5-427a-bc2c-88f8caec449b tempest-GroupSnapshotsV319Test-949746957 tempest-GroupSnapshotsV319Test-949746957-project] Volume info retrieved successfully.
May 26 15:24:51.548465 dv-cinder-788367-11-smb devstack@c-api.service[111278]: WARNING stevedore.named [None req-422ff6da-95b5-427a-bc2c-88f8caec449b tempest-GroupSnapshotsV319Test-949746957 tempest-GroupSnapshotsV319Test-949746957-project] Could not load cinder.keymgr.conf_key_mgr.ConfKeyManager
May 26 15:24:51.549382 dv-cinder-788367-11-smb devstack@c-api.service[111278]: WARNING castellan.key_manager [None req-422ff6da-95b5-427a-bc2c-88f8caec449b tempest-GroupSnapshotsV319Test-949746957 tempest-GroupSnapshotsV319Test-949746957-project] Deprecation Warning : cinder.keymgr.conf_key_mgr.ConfKeyManager is not a stevedore based driver, trying to load it as a class: stevedore.exception.NoMatches: No 'castellan.drivers' driver found, looking for 'cinder.keymgr.conf_key_mgr.ConfKeyManager'
May 26 15:24:51.561129 dv-cinder-788367-11-smb devstack@c-api.service[111278]: DEBUG oslo_db.sqlalchemy.engines [None req-422ff6da-95b5-427a-bc2c-88f8caec449b tempest-GroupSnapshotsV319Test-949746957 tempest-GroupSnapshotsV319Test-949746957-project] MySQL server mode set to STRICT_TRANS_TABLES,STRICT_ALL_TABLES,NO_ZERO_IN_DATE,NO_ZERO_DATE,ERROR_FOR_DIVISION_BY_ZERO,TRADITIONAL,NO_ENGINE_SUBSTITUTION {{(pid=111278) _check_effective_sql_mode /usr/local/lib/python3.8/dist-packages/oslo_db/sqlalchemy/engines.py:314}}
May 26 15:24:51.575893 dv-cinder-788367-11-smb devstack@c-api.service[111278]: /usr/local/lib/python3.8/dist-packages/oslo_context/context.py:100: DeprecationWarning: Policy enforcement is depending on the value of is_admin. This key is deprecated. Please update your policy file to use the standard policy values.
May 26 15:24:51.575893 dv-cinder-788367-11-smb devstack@c-api.service[111278]: warnings.warn('Policy enforcement is depending on the value of '
May 26 15:24:51.636982 dv-cinder-788367-11-smb devstack@c-api.service[111278]: INFO cinder.api.openstack.wsgi [None req-422ff6da-95b5-427a-bc2c-88f8caec449b tempest-GroupSnapshotsV319Test-949746957 tempest-GroupSnapshotsV319Test-949746957-project] http://10.222.0.41/volume/v3/823e3b40820a47938ec58cd6e3bb4712/volumes/caf57eba-8314-4dbf-9036-7e93dff642ad returned with HTTP 200
May 26 15:24:51.640651 dv-cinder-788367-11-smb devstack@c-api.service[111278]: [pid: 111278|app: 0|req: 26/49] 10.222.0.41 () {60 vars in 1365 bytes} [Thu May 26 15:24:51 2022] GET /volume/v3/823e3b40820a47938ec58cd6e3bb4712/volumes/caf57eba-8314-4dbf-9036-7e93dff642ad => generated 1007 bytes in 222 msecs (HTTP/1.1 200) 7 headers in 287 bytes (1 switches on core 0)
May 26 15:24:51.642616 dv-cinder-788367-11-smb devstack@c-api.service[111278]: DEBUG cinder.api.middleware.request_id [None req-9aecd923-8292-45fd-956d-af1e9002a482 None None] RequestId filter calling following filter/app {{(pid=111278) _context_setter /opt/stack/cinder/cinder/api/middleware/request_id.py:62}}
May 26 15:24:51.656369 dv-cinder-788367-11-smb devstack@c-api.service[111278]: INFO cinder.api.openstack.wsgi [None req-9aecd923-8292-45fd-956d-af1e9002a482 tempest-GroupsTest-1777396346 tempest-GroupsTest-1777396346-project-admin] POST http://10.222.0.41/volume/v3/e7c031d2a62c40acb55bb1d888b3eb81/group_types
May 26 15:24:51.660687 dv-cinder-788367-11-smb devstack@c-api.service[111278]: DEBUG cinder.api.openstack.wsgi [None req-9aecd923-8292-45fd-956d-af1e9002a482 tempest-GroupsTest-1777396346 tempest-GroupsTest-1777396346-project-admin] Action: 'create', calling method: version_select, body: {"group_type": {"name": "tempest-GroupsTest-group-type-1623451199"}} {{(pid=111278) _process_stack /opt/stack/cinder/cinder/api/openstack/wsgi.py:866}}
May 26 15:24:51.742142 dv-cinder-788367-11-smb devstack@c-api.service[111277]: DEBUG cinder.quota [None req-c9e493f1-471c-4f8e-a348-bc433c42539a tempest-VolumesServicesTestJSON-792046987 tempest-VolumesServicesTestJSON-792046987-project] Created reservations ['5a9f8baa-fbd2-42e4-a6e7-72b6a010df36', '8c78f2f3-3c1b-481a-98ef-12c093a85559', 'eaddd9e1-8bcc-47a8-a58a-cddc5ed5e363', '004aca00-6ee4-4e60-acf0-bf6e20c567dd'] {{(pid=111277) reserve /opt/stack/cinder/cinder/quota.py:755}}
May 26 15:24:51.744266 dv-cinder-788367-11-smb devstack@c-api.service[111277]: DEBUG cinder.volume.api [None req-c9e493f1-471c-4f8e-a348-bc433c42539a tempest-VolumesServicesTestJSON-792046987 tempest-VolumesServicesTestJSON-792046987-project] Task 'cinder.volume.flows.api.create_volume.QuotaReserveTask;volume:create' (3e977a65-2883-431c-9c05-c00db606e42a) transitioned into state 'SUCCESS' from state 'RUNNING' with result '{'reservations': ['5a9f8baa-fbd2-42e4-a6e7-72b6a010df36', '8c78f2f3-3c1b-481a-98ef-12c093a85559', 'eaddd9e1-8bcc-47a8-a58a-cddc5ed5e363', '004aca00-6ee4-4e60-acf0-bf6e20c567dd']}' {{(pid=111277) _task_receiver /usr/local/lib/python3.8/dist-packages/taskflow/listeners/logging.py:178}}
May 26 15:24:51.747593 dv-cinder-788367-11-smb devstack@c-api.service[111277]: DEBUG cinder.volume.api [None req-c9e493f1-471c-4f8e-a348-bc433c42539a tempest-VolumesServicesTestJSON-792046987 tempest-VolumesServicesTestJSON-792046987-project] Task 'cinder.volume.flows.api.create_volume.EntryCreateTask;volume:create' (46bb101b-38e9-438e-b802-d74b801b9a35) transitioned into state 'RUNNING' from state 'PENDING' {{(pid=111277) _task_receiver /usr/local/lib/python3.8/dist-packages/taskflow/listeners/logging.py:190}}
May 26 15:24:51.786298 dv-cinder-788367-11-smb devstack@c-api.service[111278]: INFO cinder.api.openstack.wsgi [None req-9aecd923-8292-45fd-956d-af1e9002a482 tempest-GroupsTest-1777396346 tempest-GroupsTest-1777396346-project-admin] http://10.222.0.41/volume/v3/e7c031d2a62c40acb55bb1d888b3eb81/group_types returned with HTTP 202
May 26 15:24:51.796638 dv-cinder-788367-11-smb devstack@c-api.service[111278]: [pid: 111278|app: 0|req: 27/50] 10.222.0.41 () {62 vars in 1287 bytes} [Thu May 26 15:24:51 2022] POST /volume/v3/e7c031d2a62c40acb55bb1d888b3eb81/group_types => generated 173 bytes in 156 msecs (HTTP/1.1 202) 7 headers in 292 bytes (1 switches on core 0)
May 26 15:24:51.800302 dv-cinder-788367-11-smb devstack@c-api.service[111278]: DEBUG cinder.api.middleware.request_id [None req-0d2c56be-1690-4dc2-857f-4314d34bcef3 None None] RequestId filter calling following filter/app {{(pid=111278) _context_setter /opt/stack/cinder/cinder/api/middleware/request_id.py:62}}
May 26 15:24:51.854529 dv-cinder-788367-11-smb devstack@c-api.service[111277]: DEBUG cinder.volume.api [None req-c9e493f1-471c-4f8e-a348-bc433c42539a tempest-VolumesServicesTestJSON-792046987 tempest-VolumesServicesTestJSON-792046987-project] Task 'cinder.volume.flows.api.create_volume.EntryCreateTask;volume:create' (46bb101b-38e9-438e-b802-d74b801b9a35) transitioned into state 'SUCCESS' from state 'RUNNING' with result '{'volume_id': '4daa495a-3eac-487e-9ff4-1d118c0216cd', 'volume_properties': VolumeProperties(attach_status='detached',availability_zone='nova',cgsnapshot_id=None,consistencygroup_id=None,display_description=None,display_name='tempest-VolumesServicesTestJSON-Volume-1411192677',encryption_key_id=None,group_id=None,group_type_id=,metadata={},multiattach=False,project_id='4d82587bfe544426aea8fcd7084f40a0',qos_specs=None,replication_status=,reservations=['5a9f8baa-fbd2-42e4-a6e7-72b6a010df36','8c78f2f3-3c1b-481a-98ef-12c093a85559','eaddd9e1-8bcc-47a8-a58a-cddc5ed5e363','004aca00-6ee4-4e60-acf0-bf6e20c567dd'],size=1,snapshot_id=None,source_replicaid=,source_volid=None,status='creating',user_id='0611d53a73f446f6b78218397e369f6d',volume_type_id=b2978afd-cf50-497c-b3c4-8c436be38c37), 'volume': Volume(_name_id=None,admin_metadata=,attach_status='detached',availability_zone='nova',bootable=False,cluster=,cluster_name=None,consistencygroup=,consistencygroup_id=None,created_at=2022-05-26T15:24:51Z,deleted=False,deleted_at=None,display_description=None,display_name='tempest-VolumesServicesTestJSON-Volume-1411192677',ec2_id=None,encryption_key_id=None,glance_metadata=,group=,group_id=None,host=None,id=4daa495a-3eac-487e-9ff4-1d118c0216cd,launched_at=None,metadata={},migration_status=None,multiattach=False,previous_status=None,project_id='4d82587bfe544426aea8fcd7084f40a0',provider_auth=None,provider_geometry=None,provider_id=None,provider_location=None,replication_driver_data=None,replication_extended_status=None,replication_status=None,scheduled_at=None,service_uuid=None,shared_targets=True,size=1,snapshot_id=None,snapshots=,source_volid=None,status='creating',terminated_at=None,updated_at=None,use_quota=True,user_id='0611d53a73f446f6b78218397e369f6d',volume_attachment=VolumeAttachmentList,volume_type=VolumeType(b2978afd-cf50-497c-b3c4-8c436be38c37),volume_type_id=b2978afd-cf50-497c-b3c4-8c436be38c37)}' {{(pid=111277) _task_receiver /usr/local/lib/python3.8/dist-packages/taskflow/listeners/logging.py:178}}
May 26 15:24:51.856867 dv-cinder-788367-11-smb devstack@c-api.service[111277]: DEBUG cinder.volume.api [None req-c9e493f1-471c-4f8e-a348-bc433c42539a tempest-VolumesServicesTestJSON-792046987 tempest-VolumesServicesTestJSON-792046987-project] Task 'cinder.volume.flows.api.create_volume.QuotaCommitTask;volume:create' (dc2cdf7f-1942-46e9-a62c-935526e35a7a) transitioned into state 'RUNNING' from state 'PENDING' {{(pid=111277) _task_receiver /usr/local/lib/python3.8/dist-packages/taskflow/listeners/logging.py:190}}
May 26 15:24:51.989684 dv-cinder-788367-11-smb devstack@c-api.service[111277]: DEBUG cinder.volume.api [None req-c9e493f1-471c-4f8e-a348-bc433c42539a tempest-VolumesServicesTestJSON-792046987 tempest-VolumesServicesTestJSON-792046987-project] Task 'cinder.volume.flows.api.create_volume.QuotaCommitTask;volume:create' (dc2cdf7f-1942-46e9-a62c-935526e35a7a) transitioned into state 'SUCCESS' from state 'RUNNING' with result '{'volume_properties': VolumeProperties(attach_status='detached',availability_zone='nova',cgsnapshot_id=None,consistencygroup_id=None,display_description=None,display_name='tempest-VolumesServicesTestJSON-Volume-1411192677',encryption_key_id=None,group_id=None,group_type_id=,metadata={},multiattach=False,project_id='4d82587bfe544426aea8fcd7084f40a0',qos_specs=None,replication_status=,reservations=['5a9f8baa-fbd2-42e4-a6e7-72b6a010df36','8c78f2f3-3c1b-481a-98ef-12c093a85559','eaddd9e1-8bcc-47a8-a58a-cddc5ed5e363','004aca00-6ee4-4e60-acf0-bf6e20c567dd'],size=1,snapshot_id=None,source_replicaid=,source_volid=None,status='creating',user_id='0611d53a73f446f6b78218397e369f6d',volume_type_id=b2978afd-cf50-497c-b3c4-8c436be38c37)}' {{(pid=111277) _task_receiver /usr/local/lib/python3.8/dist-packages/taskflow/listeners/logging.py:178}}
May 26 15:24:51.991878 dv-cinder-788367-11-smb devstack@c-api.service[111277]: DEBUG cinder.volume.api [None req-c9e493f1-471c-4f8e-a348-bc433c42539a tempest-VolumesServicesTestJSON-792046987 tempest-VolumesServicesTestJSON-792046987-project] Task 'cinder.volume.flows.api.create_volume.VolumeCastTask;volume:create' (a3e4b796-5d95-4907-8ef7-553d0ef4073d) transitioned into state 'RUNNING' from state 'PENDING' {{(pid=111277) _task_receiver /usr/local/lib/python3.8/dist-packages/taskflow/listeners/logging.py:190}}
May 26 15:24:51.994516 dv-cinder-788367-11-smb devstack@c-api.service[111278]: INFO cinder.api.openstack.wsgi [None req-0d2c56be-1690-4dc2-857f-4314d34bcef3 tempest-VolumeSnapshotQuotasNegativeTestJSON-200321240 tempest-VolumeSnapshotQuotasNegativeTestJSON-200321240-project-admin] GET http://10.222.0.41/volume/v3/4f2e7909b1f24728b15c8b6b27b2bc2b/os-quota-sets/922b49a6cf1442ee912f77fb819d6ed0
May 26 15:24:51.994985 dv-cinder-788367-11-smb devstack@c-api.service[111278]: DEBUG cinder.api.openstack.wsgi [None req-0d2c56be-1690-4dc2-857f-4314d34bcef3 tempest-VolumeSnapshotQuotasNegativeTestJSON-200321240 tempest-VolumeSnapshotQuotasNegativeTestJSON-200321240-project-admin] Empty body provided in request {{(pid=111278) get_body /opt/stack/cinder/cinder/api/openstack/wsgi.py:715}}
May 26 15:24:51.997461 dv-cinder-788367-11-smb devstack@c-api.service[111278]: DEBUG cinder.api.openstack.wsgi [None req-0d2c56be-1690-4dc2-857f-4314d34bcef3 tempest-VolumeSnapshotQuotasNegativeTestJSON-200321240 tempest-VolumeSnapshotQuotasNegativeTestJSON-200321240-project-admin] Calling method 'show' {{(pid=111278) _process_stack /opt/stack/cinder/cinder/api/openstack/wsgi.py:868}}
May 26 15:24:52.052361 dv-cinder-788367-11-smb devstack@c-api.service[111278]: DEBUG dbcounter [-] [111278] Writing DB stats cinder:SELECT=76,cinder:INSERT=12,cinder:UPDATE=12 {{(pid=111278) stat_writer /usr/local/lib/python3.8/dist-packages/dbcounter.py:114}}
May 26 15:24:52.083424 dv-cinder-788367-11-smb devstack@c-api.service[111278]: WARNING cinder.quota [None req-0d2c56be-1690-4dc2-857f-4314d34bcef3 tempest-VolumeSnapshotQuotasNegativeTestJSON-200321240 tempest-VolumeSnapshotQuotasNegativeTestJSON-200321240-project-admin] Deprecated: Default quota for resource: backups is set by the default quota flag: quota_backups, it is now deprecated. Please use the default quota class for default quota.
May 26 15:24:52.084907 dv-cinder-788367-11-smb devstack@c-api.service[111278]: WARNING cinder.quota [None req-0d2c56be-1690-4dc2-857f-4314d34bcef3 tempest-VolumeSnapshotQuotasNegativeTestJSON-200321240 tempest-VolumeSnapshotQuotasNegativeTestJSON-200321240-project-admin] Deprecated: Default quota for resource: backup_gigabytes is set by the default quota flag: quota_backup_gigabytes, it is now deprecated. Please use the default quota class for default quota.
May 26 15:24:52.085973 dv-cinder-788367-11-smb devstack@c-api.service[111278]: WARNING cinder.quota [None req-0d2c56be-1690-4dc2-857f-4314d34bcef3 tempest-VolumeSnapshotQuotasNegativeTestJSON-200321240 tempest-VolumeSnapshotQuotasNegativeTestJSON-200321240-project-admin] Deprecated: Default quota for resource: volumes_tempest-GroupsTest-volume-type-1629885522 is set by the default quota flag: quota_volumes_tempest-GroupsTest-volume-type-1629885522, it is now deprecated. Please use the default quota class for default quota.
May 26 15:24:52.093158 dv-cinder-788367-11-smb devstack@c-api.service[111278]: WARNING cinder.quota [None req-0d2c56be-1690-4dc2-857f-4314d34bcef3 tempest-VolumeSnapshotQuotasNegativeTestJSON-200321240 tempest-VolumeSnapshotQuotasNegativeTestJSON-200321240-project-admin] Deprecated: Default quota for resource: gigabytes_tempest-GroupsTest-volume-type-1629885522 is set by the default quota flag: quota_gigabytes_tempest-GroupsTest-volume-type-1629885522, it is now deprecated. Please use the default quota class for default quota.
May 26 15:24:52.094162 dv-cinder-788367-11-smb devstack@c-api.service[111278]: WARNING cinder.quota [None req-0d2c56be-1690-4dc2-857f-4314d34bcef3 tempest-VolumeSnapshotQuotasNegativeTestJSON-200321240 tempest-VolumeSnapshotQuotasNegativeTestJSON-200321240-project-admin] Deprecated: Default quota for resource: snapshots_tempest-GroupsTest-volume-type-1629885522 is set by the default quota flag: quota_snapshots_tempest-GroupsTest-volume-type-1629885522, it is now deprecated. Please use the default quota class for default quota.
May 26 15:24:52.095727 dv-cinder-788367-11-smb devstack@c-api.service[111278]: WARNING cinder.quota [None req-0d2c56be-1690-4dc2-857f-4314d34bcef3 tempest-VolumeSnapshotQuotasNegativeTestJSON-200321240 tempest-VolumeSnapshotQuotasNegativeTestJSON-200321240-project-admin] Deprecated: Default quota for resource: snapshots_tempest-GroupSnapshotsV319Test-volume-type-321722590 is set by the default quota flag: quota_snapshots_tempest-GroupSnapshotsV319Test-volume-type-321722590, it is now deprecated. Please use the default quota class for default quota.
May 26 15:24:52.096653 dv-cinder-788367-11-smb devstack@c-api.service[111278]: WARNING cinder.quota [None req-0d2c56be-1690-4dc2-857f-4314d34bcef3 tempest-VolumeSnapshotQuotasNegativeTestJSON-200321240 tempest-VolumeSnapshotQuotasNegativeTestJSON-200321240-project-admin] Deprecated: Default quota for resource: volumes_lvmdriver-1 is set by the default quota flag: quota_volumes_lvmdriver-1, it is now deprecated. Please use the default quota class for default quota.
May 26 15:24:52.099713 dv-cinder-788367-11-smb devstack@c-api.service[111278]: WARNING cinder.quota [None req-0d2c56be-1690-4dc2-857f-4314d34bcef3 tempest-VolumeSnapshotQuotasNegativeTestJSON-200321240 tempest-VolumeSnapshotQuotasNegativeTestJSON-200321240-project-admin] Deprecated: Default quota for resource: gigabytes_lvmdriver-1 is set by the default quota flag: quota_gigabytes_lvmdriver-1, it is now deprecated. Please use the default quota class for default quota.
May 26 15:24:52.111325 dv-cinder-788367-11-smb devstack@c-api.service[111277]: DEBUG cinder.volume.api [None req-c9e493f1-471c-4f8e-a348-bc433c42539a tempest-VolumesServicesTestJSON-792046987 tempest-VolumesServicesTestJSON-792046987-project] Task 'cinder.volume.flows.api.create_volume.VolumeCastTask;volume:create' (a3e4b796-5d95-4907-8ef7-553d0ef4073d) transitioned into state 'SUCCESS' from state 'RUNNING' with result 'None' {{(pid=111277) _task_receiver /usr/local/lib/python3.8/dist-packages/taskflow/listeners/logging.py:178}}
May 26 15:24:52.119828 dv-cinder-788367-11-smb devstack@c-api.service[111278]: WARNING cinder.quota [None req-0d2c56be-1690-4dc2-857f-4314d34bcef3 tempest-VolumeSnapshotQuotasNegativeTestJSON-200321240 tempest-VolumeSnapshotQuotasNegativeTestJSON-200321240-project-admin] Deprecated: Default quota for resource: snapshots_lvmdriver-1 is set by the default quota flag: quota_snapshots_lvmdriver-1, it is now deprecated. Please use the default quota class for default quota.
May 26 15:24:52.121008 dv-cinder-788367-11-smb devstack@c-api.service[111278]: WARNING cinder.quota [None req-0d2c56be-1690-4dc2-857f-4314d34bcef3 tempest-VolumeSnapshotQuotasNegativeTestJSON-200321240 tempest-VolumeSnapshotQuotasNegativeTestJSON-200321240-project-admin] Deprecated: Default quota for resource: volumes___DEFAULT__ is set by the default quota flag: quota_volumes___DEFAULT__, it is now deprecated. Please use the default quota class for default quota.
May 26 15:24:52.121979 dv-cinder-788367-11-smb devstack@c-api.service[111277]: DEBUG cinder.volume.api [None req-c9e493f1-471c-4f8e-a348-bc433c42539a tempest-VolumesServicesTestJSON-792046987 tempest-VolumesServicesTestJSON-792046987-project] Flow 'volume_create_api' (1fed8a5e-2613-46f7-ac1f-11ab865a2580) transitioned into state 'SUCCESS' from state 'RUNNING' {{(pid=111277) _flow_receiver /usr/local/lib/python3.8/dist-packages/taskflow/listeners/logging.py:141}}
May 26 15:24:52.122928 dv-cinder-788367-11-smb devstack@c-api.service[111278]: WARNING cinder.quota [None req-0d2c56be-1690-4dc2-857f-4314d34bcef3 tempest-VolumeSnapshotQuotasNegativeTestJSON-200321240 tempest-VolumeSnapshotQuotasNegativeTestJSON-200321240-project-admin] Deprecated: Default quota for resource: gigabytes___DEFAULT__ is set by the default quota flag: quota_gigabytes___DEFAULT__, it is now deprecated. Please use the default quota class for default quota.
May 26 15:24:52.124910 dv-cinder-788367-11-smb devstack@c-api.service[111278]: WARNING cinder.quota [None req-0d2c56be-1690-4dc2-857f-4314d34bcef3 tempest-VolumeSnapshotQuotasNegativeTestJSON-200321240 tempest-VolumeSnapshotQuotasNegativeTestJSON-200321240-project-admin] Deprecated: Default quota for resource: snapshots___DEFAULT__ is set by the default quota flag: quota_snapshots___DEFAULT__, it is now deprecated. Please use the default quota class for default quota.
May 26 15:24:52.125737 dv-cinder-788367-11-smb devstack@c-api.service[111277]: INFO cinder.volume.api [None req-c9e493f1-471c-4f8e-a348-bc433c42539a tempest-VolumesServicesTestJSON-792046987 tempest-VolumesServicesTestJSON-792046987-project] Create volume request issued successfully.
May 26 15:24:52.128799 dv-cinder-788367-11-smb devstack@c-api.service[111277]: INFO cinder.api.openstack.wsgi [None req-c9e493f1-471c-4f8e-a348-bc433c42539a tempest-VolumesServicesTestJSON-792046987 tempest-VolumesServicesTestJSON-792046987-project] http://10.222.0.41/volume/v3/4d82587bfe544426aea8fcd7084f40a0/volumes returned with HTTP 202
May 26 15:24:52.137574 dv-cinder-788367-11-smb devstack@c-api.service[111277]: [pid: 111277|app: 0|req: 24/51] 10.222.0.41 () {60 vars in 1234 bytes} [Thu May 26 15:24:50 2022] POST /volume/v3/4d82587bfe544426aea8fcd7084f40a0/volumes => generated 823 bytes in 1661 msecs (HTTP/1.1 202) 7 headers in 291 bytes (1 switches on core 0)
May 26 15:24:52.142625 dv-cinder-788367-11-smb devstack@c-api.service[111277]: DEBUG cinder.api.middleware.request_id [None req-0d658bec-1e67-49d1-a5b2-642f767ae95b None None] RequestId filter calling following filter/app {{(pid=111277) _context_setter /opt/stack/cinder/cinder/api/middleware/request_id.py:62}}
May 26 15:24:52.153417 dv-cinder-788367-11-smb devstack@c-api.service[111277]: INFO cinder.api.openstack.wsgi [None req-0d658bec-1e67-49d1-a5b2-642f767ae95b tempest-GroupSnapshotsV319Test-949746957 tempest-GroupSnapshotsV319Test-949746957-project] POST http://10.222.0.41/volume/v3/823e3b40820a47938ec58cd6e3bb4712/group_snapshots
May 26 15:24:52.159200 dv-cinder-788367-11-smb devstack@c-api.service[111277]: DEBUG cinder.api.openstack.wsgi [None req-0d658bec-1e67-49d1-a5b2-642f767ae95b tempest-GroupSnapshotsV319Test-949746957 tempest-GroupSnapshotsV319Test-949746957-project] Action: 'create', calling method: version_select, body: {"group_snapshot": {"group_id": "89e88ed7-baed-4b17-95b4-292177276ebd", "name": "tempest-GroupSnapshotsV319Test-Group_Snapshot-2134960063"}} {{(pid=111277) _process_stack /opt/stack/cinder/cinder/api/openstack/wsgi.py:866}}
May 26 15:24:52.160392 dv-cinder-788367-11-smb devstack@c-api.service[111278]: INFO cinder.api.openstack.wsgi [None req-0d2c56be-1690-4dc2-857f-4314d34bcef3 tempest-VolumeSnapshotQuotasNegativeTestJSON-200321240 tempest-VolumeSnapshotQuotasNegativeTestJSON-200321240-project-admin] http://10.222.0.41/volume/v3/4f2e7909b1f24728b15c8b6b27b2bc2b/os-quota-sets/922b49a6cf1442ee912f77fb819d6ed0 returned with HTTP 200
May 26 15:24:52.161698 dv-cinder-788367-11-smb devstack@c-api.service[111278]: [pid: 111278|app: 0|req: 28/52] 10.222.0.41 () {58 vars in 1330 bytes} [Thu May 26 15:24:51 2022] GET /volume/v3/4f2e7909b1f24728b15c8b6b27b2bc2b/os-quota-sets/922b49a6cf1442ee912f77fb819d6ed0 => generated 744 bytes in 364 msecs (HTTP/1.1 200) 7 headers in 285 bytes (1 switches on core 0)
May 26 15:24:52.163857 dv-cinder-788367-11-smb devstack@c-api.service[111277]: DEBUG cinder.api.v3.group_snapshots [None req-0d658bec-1e67-49d1-a5b2-642f767ae95b tempest-GroupSnapshotsV319Test-949746957 tempest-GroupSnapshotsV319Test-949746957-project] Creating new group_snapshot {'group_snapshot': {'group_id': '89e88ed7-baed-4b17-95b4-292177276ebd', 'name': 'tempest-GroupSnapshotsV319Test-Group_Snapshot-2134960063'}} {{(pid=111277) create /opt/stack/cinder/cinder/api/v3/group_snapshots.py:154}}
May 26 15:24:52.175922 dv-cinder-788367-11-smb devstack@c-api.service[111278]: DEBUG cinder.api.middleware.request_id [None req-573bb5a7-0dd8-4866-881c-8b4aa82543a9 None None] RequestId filter calling following filter/app {{(pid=111278) _context_setter /opt/stack/cinder/cinder/api/middleware/request_id.py:62}}
May 26 15:24:52.184469 dv-cinder-788367-11-smb devstack@c-api.service[111277]: /usr/local/lib/python3.8/dist-packages/oslo_context/context.py:100: DeprecationWarning: Policy enforcement is depending on the value of is_admin. This key is deprecated. Please update your policy file to use the standard policy values.
May 26 15:24:52.184469 dv-cinder-788367-11-smb devstack@c-api.service[111277]: warnings.warn('Policy enforcement is depending on the value of '
May 26 15:24:52.200950 dv-cinder-788367-11-smb devstack@c-api.service[111277]: INFO cinder.api.v3.group_snapshots [None req-0d658bec-1e67-49d1-a5b2-642f767ae95b tempest-GroupSnapshotsV319Test-949746957 tempest-GroupSnapshotsV319Test-949746957-project] Creating group_snapshot tempest-GroupSnapshotsV319Test-Group_Snapshot-2134960063.
May 26 15:24:52.485438 dv-cinder-788367-11-smb devstack@c-api.service[111277]: /usr/local/lib/python3.8/dist-packages/oslo_context/context.py:100: DeprecationWarning: Policy enforcement is depending on the value of is_admin. This key is deprecated. Please update your policy file to use the standard policy values.
May 26 15:24:52.485438 dv-cinder-788367-11-smb devstack@c-api.service[111277]: warnings.warn('Policy enforcement is depending on the value of '
May 26 15:24:52.535404 dv-cinder-788367-11-smb devstack@c-api.service[111277]: WARNING cinder.quota [None req-0d658bec-1e67-49d1-a5b2-642f767ae95b tempest-GroupSnapshotsV319Test-949746957 tempest-GroupSnapshotsV319Test-949746957-project] Deprecated: Default quota for resource: gigabytes_tempest-GroupSnapshotsV319Test-volume-type-321722590 is set by the default quota flag: quota_gigabytes_tempest-GroupSnapshotsV319Test-volume-type-321722590, it is now deprecated. Please use the default quota class for default quota.
May 26 15:24:52.536459 dv-cinder-788367-11-smb devstack@c-api.service[111277]: WARNING cinder.quota [None req-0d658bec-1e67-49d1-a5b2-642f767ae95b tempest-GroupSnapshotsV319Test-949746957 tempest-GroupSnapshotsV319Test-949746957-project] Deprecated: Default quota for resource: snapshots_tempest-GroupSnapshotsV319Test-volume-type-321722590 is set by the default quota flag: quota_snapshots_tempest-GroupSnapshotsV319Test-volume-type-321722590, it is now deprecated. Please use the default quota class for default quota.
May 26 15:24:52.611062 dv-cinder-788367-11-smb devstack@c-api.service[111278]: INFO cinder.api.openstack.wsgi [None req-573bb5a7-0dd8-4866-881c-8b4aa82543a9 tempest-GroupsTest-1706344260 tempest-GroupsTest-1706344260-project] POST http://10.222.0.41/volume/v3/165578b96f3846f695995a29c52f9fd4/groups
May 26 15:24:52.611928 dv-cinder-788367-11-smb devstack@c-api.service[111278]: DEBUG cinder.api.openstack.wsgi [None req-573bb5a7-0dd8-4866-881c-8b4aa82543a9 tempest-GroupsTest-1706344260 tempest-GroupsTest-1706344260-project] Action: 'create', calling method: version_select, body: {"group": {"group_type": "bbb9cfb1-0e18-4695-9601-a4750d08dbd5", "volume_types": ["76bee59e-46af-4ef2-9e67-34cf835a808b"], "name": "tempest-Group1-627484777"}} {{(pid=111278) _process_stack /opt/stack/cinder/cinder/api/openstack/wsgi.py:866}}
May 26 15:24:52.613073 dv-cinder-788367-11-smb devstack@c-api.service[111278]: DEBUG cinder.api.v3.groups [None req-573bb5a7-0dd8-4866-881c-8b4aa82543a9 tempest-GroupsTest-1706344260 tempest-GroupsTest-1706344260-project] Creating new group {'group': {'group_type': 'bbb9cfb1-0e18-4695-9601-a4750d08dbd5', 'volume_types': ['76bee59e-46af-4ef2-9e67-34cf835a808b'], 'name': 'tempest-Group1-627484777'}} {{(pid=111278) create /opt/stack/cinder/cinder/api/v3/groups.py:190}}
May 26 15:24:52.629512 dv-cinder-788367-11-smb devstack@c-api.service[111278]: INFO cinder.api.v3.groups [None req-573bb5a7-0dd8-4866-881c-8b4aa82543a9 tempest-GroupsTest-1706344260 tempest-GroupsTest-1706344260-project] Creating group tempest-Group1-627484777.
May 26 15:24:52.774151 dv-cinder-788367-11-smb devstack@c-api.service[111278]: DEBUG cinder.volume.api [None req-573bb5a7-0dd8-4866-881c-8b4aa82543a9 tempest-GroupsTest-1706344260 tempest-GroupsTest-1706344260-project] Availability zone cache updated, next update will occur around 2022-05-26 16:24:52.771892. {{(pid=111278) list_availability_zones /opt/stack/cinder/cinder/volume/api.py:153}}
May 26 15:24:52.778707 dv-cinder-788367-11-smb devstack@c-api.service[111278]: INFO cinder.volume.api [None req-573bb5a7-0dd8-4866-881c-8b4aa82543a9 tempest-GroupsTest-1706344260 tempest-GroupsTest-1706344260-project] Availability Zones retrieved successfully.
May 26 15:24:52.788921 dv-cinder-788367-11-smb devstack@c-api.service[111277]: DEBUG cinder.quota [None req-0d658bec-1e67-49d1-a5b2-642f767ae95b tempest-GroupSnapshotsV319Test-949746957 tempest-GroupSnapshotsV319Test-949746957-project] Created reservations ['ffa017d3-e3a1-4d80-ae58-3db6c6fbe47f', '2cec2476-6417-485b-ae46-d2d5f8ce838b', 'b5763b3b-6a03-45cf-942b-174fa73017aa', 'b87de064-7139-4e66-b8f1-302e211fa111'] {{(pid=111277) reserve /opt/stack/cinder/cinder/quota.py:755}}
May 26 15:24:52.969660 dv-cinder-788367-11-smb devstack@c-api.service[111278]: DEBUG cinder.quota [None req-573bb5a7-0dd8-4866-881c-8b4aa82543a9 tempest-GroupsTest-1706344260 tempest-GroupsTest-1706344260-project] Created reservations ['7939d853-3347-4ab9-bbae-3d2562077383'] {{(pid=111278) reserve /opt/stack/cinder/cinder/quota.py:755}}
May 26 15:24:53.258294 dv-cinder-788367-11-smb devstack@c-api.service[111277]: INFO cinder.api.openstack.wsgi [None req-0d658bec-1e67-49d1-a5b2-642f767ae95b tempest-GroupSnapshotsV319Test-949746957 tempest-GroupSnapshotsV319Test-949746957-project] http://10.222.0.41/volume/v3/823e3b40820a47938ec58cd6e3bb4712/group_snapshots returned with HTTP 202
May 26 15:24:53.259210 dv-cinder-788367-11-smb devstack@c-api.service[111277]: [pid: 111277|app: 0|req: 25/53] 10.222.0.41 () {62 vars in 1300 bytes} [Thu May 26 15:24:52 2022] POST /volume/v3/823e3b40820a47938ec58cd6e3bb4712/group_snapshots => generated 191 bytes in 1121 msecs (HTTP/1.1 202) 7 headers in 292 bytes (1 switches on core 0)
May 26 15:24:53.278007 dv-cinder-788367-11-smb devstack@c-api.service[111277]: DEBUG cinder.api.middleware.request_id [None req-3c3adde4-f180-46c4-85cb-b783c7e496c2 None None] RequestId filter calling following filter/app {{(pid=111277) _context_setter /opt/stack/cinder/cinder/api/middleware/request_id.py:62}}
May 26 15:24:53.309703 dv-cinder-788367-11-smb devstack@c-api.service[111277]: INFO cinder.api.openstack.wsgi [None req-3c3adde4-f180-46c4-85cb-b783c7e496c2 tempest-VolumesServicesTestJSON-792046987 tempest-VolumesServicesTestJSON-792046987-project] GET http://10.222.0.41/volume/v3/4d82587bfe544426aea8fcd7084f40a0/volumes/4daa495a-3eac-487e-9ff4-1d118c0216cd
May 26 15:24:53.312301 dv-cinder-788367-11-smb devstack@c-api.service[111277]: DEBUG cinder.api.openstack.wsgi [None req-3c3adde4-f180-46c4-85cb-b783c7e496c2 tempest-VolumesServicesTestJSON-792046987 tempest-VolumesServicesTestJSON-792046987-project] Empty body provided in request {{(pid=111277) get_body /opt/stack/cinder/cinder/api/openstack/wsgi.py:715}}
May 26 15:24:53.313029 dv-cinder-788367-11-smb devstack@c-api.service[111277]: DEBUG cinder.api.openstack.wsgi [None req-3c3adde4-f180-46c4-85cb-b783c7e496c2 tempest-VolumesServicesTestJSON-792046987 tempest-VolumesServicesTestJSON-792046987-project] Calling method 'show' {{(pid=111277) _process_stack /opt/stack/cinder/cinder/api/openstack/wsgi.py:868}}
May 26 15:24:53.360178 dv-cinder-788367-11-smb devstack@c-api.service[111278]: INFO cinder.api.openstack.wsgi [None req-573bb5a7-0dd8-4866-881c-8b4aa82543a9 tempest-GroupsTest-1706344260 tempest-GroupsTest-1706344260-project] http://10.222.0.41/volume/v3/165578b96f3846f695995a29c52f9fd4/groups returned with HTTP 202
May 26 15:24:53.361959 dv-cinder-788367-11-smb devstack@c-api.service[111278]: [pid: 111278|app: 0|req: 29/54] 10.222.0.41 () {62 vars in 1273 bytes} [Thu May 26 15:24:52 2022] POST /volume/v3/165578b96f3846f695995a29c52f9fd4/groups => generated 93 bytes in 1192 msecs (HTTP/1.1 202) 7 headers in 291 bytes (1 switches on core 0)
May 26 15:24:53.366564 dv-cinder-788367-11-smb devstack@c-api.service[111278]: DEBUG cinder.api.middleware.request_id [None req-c32d7ac5-2310-41fb-b867-4468e403d293 None None] RequestId filter calling following filter/app {{(pid=111278) _context_setter /opt/stack/cinder/cinder/api/middleware/request_id.py:62}}
May 26 15:24:53.383504 dv-cinder-788367-11-smb devstack@c-api.service[111278]: INFO cinder.api.openstack.wsgi [None req-c32d7ac5-2310-41fb-b867-4468e403d293 tempest-VolumeSnapshotQuotasNegativeTestJSON-200321240 tempest-VolumeSnapshotQuotasNegativeTestJSON-200321240-project-admin] PUT http://10.222.0.41/volume/v3/4f2e7909b1f24728b15c8b6b27b2bc2b/os-quota-sets/922b49a6cf1442ee912f77fb819d6ed0
May 26 15:24:53.388215 dv-cinder-788367-11-smb devstack@c-api.service[111278]: DEBUG cinder.api.openstack.wsgi [None req-c32d7ac5-2310-41fb-b867-4468e403d293 tempest-VolumeSnapshotQuotasNegativeTestJSON-200321240 tempest-VolumeSnapshotQuotasNegativeTestJSON-200321240-project-admin] Action: 'update', calling method: update, body: {"quota_set": {"gigabytes": 3, "volumes": 1, "snapshots": 1}} {{(pid=111278) _process_stack /opt/stack/cinder/cinder/api/openstack/wsgi.py:866}}
May 26 15:24:53.401090 dv-cinder-788367-11-smb devstack@c-api.service[111277]: /usr/local/lib/python3.8/dist-packages/oslo_context/context.py:100: DeprecationWarning: Policy enforcement is depending on the value of is_admin. This key is deprecated. Please update your policy file to use the standard policy values.
May 26 15:24:53.401090 dv-cinder-788367-11-smb devstack@c-api.service[111277]: warnings.warn('Policy enforcement is depending on the value of '
May 26 15:24:53.445366 dv-cinder-788367-11-smb devstack@c-api.service[111278]: /usr/local/lib/python3.8/dist-packages/oslo_context/context.py:100: DeprecationWarning: Policy enforcement is depending on the value of is_admin. This key is deprecated. Please update your policy file to use the standard policy values.
May 26 15:24:53.445366 dv-cinder-788367-11-smb devstack@c-api.service[111278]: warnings.warn('Policy enforcement is depending on the value of '
May 26 15:24:53.445987 dv-cinder-788367-11-smb devstack@c-api.service[111277]: INFO cinder.volume.api [None req-3c3adde4-f180-46c4-85cb-b783c7e496c2 tempest-VolumesServicesTestJSON-792046987 tempest-VolumesServicesTestJSON-792046987-project] Volume info retrieved successfully.
May 26 15:24:53.482512 dv-cinder-788367-11-smb devstack@c-api.service[111277]: INFO cinder.api.openstack.wsgi [None req-3c3adde4-f180-46c4-85cb-b783c7e496c2 tempest-VolumesServicesTestJSON-792046987 tempest-VolumesServicesTestJSON-792046987-project] http://10.222.0.41/volume/v3/4d82587bfe544426aea8fcd7084f40a0/volumes/4daa495a-3eac-487e-9ff4-1d118c0216cd returned with HTTP 200
May 26 15:24:53.489845 dv-cinder-788367-11-smb devstack@c-api.service[111277]: [pid: 111277|app: 0|req: 26/55] 10.222.0.41 () {58 vars in 1324 bytes} [Thu May 26 15:24:53 2022] GET /volume/v3/4d82587bfe544426aea8fcd7084f40a0/volumes/4daa495a-3eac-487e-9ff4-1d118c0216cd => generated 915 bytes in 222 msecs (HTTP/1.1 200) 7 headers in 285 bytes (1 switches on core 0)
May 26 15:24:53.489845 dv-cinder-788367-11-smb devstack@c-api.service[111277]: DEBUG cinder.api.middleware.request_id [None req-275b7a3d-94f2-4083-8608-9275fdf42642 None None] RequestId filter calling following filter/app {{(pid=111277) _context_setter /opt/stack/cinder/cinder/api/middleware/request_id.py:62}}
May 26 15:24:53.515095 dv-cinder-788367-11-smb devstack@c-api.service[111277]: INFO cinder.api.openstack.wsgi [None req-275b7a3d-94f2-4083-8608-9275fdf42642 tempest-GroupSnapshotsV319Test-949746957 tempest-GroupSnapshotsV319Test-949746957-project] GET http://10.222.0.41/volume/v3/823e3b40820a47938ec58cd6e3bb4712/group_snapshots/d8cfe3a2-d34e-4911-9d82-f362b4f67ae5
May 26 15:24:53.516226 dv-cinder-788367-11-smb devstack@c-api.service[111277]: DEBUG cinder.api.openstack.wsgi [None req-275b7a3d-94f2-4083-8608-9275fdf42642 tempest-GroupSnapshotsV319Test-949746957 tempest-GroupSnapshotsV319Test-949746957-project] Empty body provided in request {{(pid=111277) get_body /opt/stack/cinder/cinder/api/openstack/wsgi.py:715}}
May 26 15:24:53.516909 dv-cinder-788367-11-smb devstack@c-api.service[111277]: DEBUG cinder.api.openstack.wsgi [None req-275b7a3d-94f2-4083-8608-9275fdf42642 tempest-GroupSnapshotsV319Test-949746957 tempest-GroupSnapshotsV319Test-949746957-project] Calling method 'version_select' {{(pid=111277) _process_stack /opt/stack/cinder/cinder/api/openstack/wsgi.py:868}}
May 26 15:24:53.520231 dv-cinder-788367-11-smb devstack@c-api.service[111277]: DEBUG cinder.api.v3.group_snapshots [None req-275b7a3d-94f2-4083-8608-9275fdf42642 tempest-GroupSnapshotsV319Test-949746957 tempest-GroupSnapshotsV319Test-949746957-project] show called for member d8cfe3a2-d34e-4911-9d82-f362b4f67ae5 {{(pid=111277) show /opt/stack/cinder/cinder/api/v3/group_snapshots.py:58}}
May 26 15:24:53.535326 dv-cinder-788367-11-smb devstack@c-api.service[111277]: /usr/local/lib/python3.8/dist-packages/oslo_context/context.py:100: DeprecationWarning: Policy enforcement is depending on the value of is_admin. This key is deprecated. Please update your policy file to use the standard policy values.
May 26 15:24:53.535326 dv-cinder-788367-11-smb devstack@c-api.service[111277]: warnings.warn('Policy enforcement is depending on the value of '
May 26 15:24:53.554995 dv-cinder-788367-11-smb devstack@c-api.service[111277]: INFO cinder.api.openstack.wsgi [None req-275b7a3d-94f2-4083-8608-9275fdf42642 tempest-GroupSnapshotsV319Test-949746957 tempest-GroupSnapshotsV319Test-949746957-project] http://10.222.0.41/volume/v3/823e3b40820a47938ec58cd6e3bb4712/group_snapshots/d8cfe3a2-d34e-4911-9d82-f362b4f67ae5 returned with HTTP 200
May 26 15:24:53.564295 dv-cinder-788367-11-smb devstack@c-api.service[111277]: [pid: 111277|app: 0|req: 27/56] 10.222.0.41 () {60 vars in 1389 bytes} [Thu May 26 15:24:53 2022] GET /volume/v3/823e3b40820a47938ec58cd6e3bb4712/group_snapshots/d8cfe3a2-d34e-4911-9d82-f362b4f67ae5 => generated 330 bytes in 76 msecs (HTTP/1.1 200) 7 headers in 286 bytes (1 switches on core 0)
May 26 15:24:53.571448 dv-cinder-788367-11-smb devstack@c-api.service[111277]: DEBUG cinder.api.middleware.request_id [None req-da34ad50-b1a1-4c2e-8a39-a6679fb61280 None None] RequestId filter calling following filter/app {{(pid=111277) _context_setter /opt/stack/cinder/cinder/api/middleware/request_id.py:62}}
May 26 15:24:53.587786 dv-cinder-788367-11-smb devstack@c-api.service[111277]: INFO cinder.api.openstack.wsgi [None req-da34ad50-b1a1-4c2e-8a39-a6679fb61280 tempest-GroupsTest-1706344260 tempest-GroupsTest-1706344260-project] GET http://10.222.0.41/volume/v3/165578b96f3846f695995a29c52f9fd4/groups/67794d56-2526-4a83-ab09-27bc6c76d7c0
May 26 15:24:53.588241 dv-cinder-788367-11-smb devstack@c-api.service[111277]: DEBUG cinder.api.openstack.wsgi [None req-da34ad50-b1a1-4c2e-8a39-a6679fb61280 tempest-GroupsTest-1706344260 tempest-GroupsTest-1706344260-project] Empty body provided in request {{(pid=111277) get_body /opt/stack/cinder/cinder/api/openstack/wsgi.py:715}}
May 26 15:24:53.591143 dv-cinder-788367-11-smb devstack@c-api.service[111277]: DEBUG dbcounter [-] [111277] Writing DB stats cinder:SELECT=67,cinder:INSERT=17,cinder:UPDATE=16 {{(pid=111277) stat_writer /usr/local/lib/python3.8/dist-packages/dbcounter.py:114}}
May 26 15:24:53.592069 dv-cinder-788367-11-smb devstack@c-api.service[111277]: DEBUG cinder.api.openstack.wsgi [None req-da34ad50-b1a1-4c2e-8a39-a6679fb61280 tempest-GroupsTest-1706344260 tempest-GroupsTest-1706344260-project] Calling method 'version_select' {{(pid=111277) _process_stack /opt/stack/cinder/cinder/api/openstack/wsgi.py:868}}
May 26 15:24:53.592611 dv-cinder-788367-11-smb devstack@c-api.service[111277]: DEBUG cinder.api.v3.groups [None req-da34ad50-b1a1-4c2e-8a39-a6679fb61280 tempest-GroupsTest-1706344260 tempest-GroupsTest-1706344260-project] show called for member 67794d56-2526-4a83-ab09-27bc6c76d7c0 {{(pid=111277) show /opt/stack/cinder/cinder/api/v3/groups.py:58}}
May 26 15:24:53.605748 dv-cinder-788367-11-smb devstack@c-api.service[111277]: /usr/local/lib/python3.8/dist-packages/oslo_context/context.py:100: DeprecationWarning: Policy enforcement is depending on the value of is_admin. This key is deprecated. Please update your policy file to use the standard policy values.
May 26 15:24:53.605748 dv-cinder-788367-11-smb devstack@c-api.service[111277]: warnings.warn('Policy enforcement is depending on the value of '
May 26 15:24:53.663452 dv-cinder-788367-11-smb devstack@c-api.service[111277]: INFO cinder.api.openstack.wsgi [None req-da34ad50-b1a1-4c2e-8a39-a6679fb61280 tempest-GroupsTest-1706344260 tempest-GroupsTest-1706344260-project] http://10.222.0.41/volume/v3/165578b96f3846f695995a29c52f9fd4/groups/67794d56-2526-4a83-ab09-27bc6c76d7c0 returned with HTTP 200
May 26 15:24:53.664895 dv-cinder-788367-11-smb devstack@c-api.service[111277]: [pid: 111277|app: 0|req: 28/57] 10.222.0.41 () {60 vars in 1362 bytes} [Thu May 26 15:24:53 2022] GET /volume/v3/165578b96f3846f695995a29c52f9fd4/groups/67794d56-2526-4a83-ab09-27bc6c76d7c0 => generated 321 bytes in 100 msecs (HTTP/1.1 200) 7 headers in 286 bytes (1 switches on core 0)
May 26 15:24:54.030981 dv-cinder-788367-11-smb devstack@c-api.service[111278]: INFO cinder.api.openstack.wsgi [None req-c32d7ac5-2310-41fb-b867-4468e403d293 tempest-VolumeSnapshotQuotasNegativeTestJSON-200321240 tempest-VolumeSnapshotQuotasNegativeTestJSON-200321240-project-admin] http://10.222.0.41/volume/v3/4f2e7909b1f24728b15c8b6b27b2bc2b/os-quota-sets/922b49a6cf1442ee912f77fb819d6ed0 returned with HTTP 200
May 26 15:24:54.041610 dv-cinder-788367-11-smb devstack@c-api.service[111278]: [pid: 111278|app: 0|req: 30/58] 10.222.0.41 () {60 vars in 1350 bytes} [Thu May 26 15:24:53 2022] PUT /volume/v3/4f2e7909b1f24728b15c8b6b27b2bc2b/os-quota-sets/922b49a6cf1442ee912f77fb819d6ed0 => generated 697 bytes in 679 msecs (HTTP/1.1 200) 7 headers in 285 bytes (1 switches on core 0)
May 26 15:24:54.048201 dv-cinder-788367-11-smb devstack@c-api.service[111277]: DEBUG cinder.api.middleware.request_id [None req-3a452af1-bc3c-44f1-afa6-77340cecde37 None None] RequestId filter calling following filter/app {{(pid=111277) _context_setter /opt/stack/cinder/cinder/api/middleware/request_id.py:62}}
May 26 15:24:54.207805 dv-cinder-788367-11-smb devstack@c-api.service[111277]: INFO cinder.api.openstack.wsgi [None req-3a452af1-bc3c-44f1-afa6-77340cecde37 tempest-VolumeSnapshotQuotasNegativeTestJSON-1657762829 tempest-VolumeSnapshotQuotasNegativeTestJSON-1657762829-project] POST http://10.222.0.41/volume/v3/922b49a6cf1442ee912f77fb819d6ed0/volumes
May 26 15:24:54.208534 dv-cinder-788367-11-smb devstack@c-api.service[111277]: DEBUG cinder.api.openstack.wsgi [None req-3a452af1-bc3c-44f1-afa6-77340cecde37 tempest-VolumeSnapshotQuotasNegativeTestJSON-1657762829 tempest-VolumeSnapshotQuotasNegativeTestJSON-1657762829-project] Action: 'create', calling method: create, body: {"volume": {"size": 1, "name": "tempest-VolumeSnapshotQuotasNegativeTestJSON-Volume-2077314171"}} {{(pid=111277) _process_stack /opt/stack/cinder/cinder/api/openstack/wsgi.py:866}}
