May 26 15:09:05.107155 dv-cinder-788367-11-iscsi neutron-server[104041]: DEBUG neutron_lib.callbacks.manager [req-6ba14074-d790-4f64-a49d-99f4ea3a2e20 req-e6e78250-6f05-4811-8c55-979bfa1b79ba tempest-DeleteServersTestJSON-1253958708 tempest-DeleteServersTestJSON-1253958708-project] Publish callbacks ['neutron.notifiers.nova.Notifier._send_nova_notification-7849', 'neutron.api.rpc.agentnotifiers.dhcp_rpc_agent_api.DhcpAgentNotifyAPI._send_dhcp_notification-381552'] for port (None), before_response {{(pid=104041) _notify_loop /usr/local/lib/python3.8/dist-packages/neutron_lib/callbacks/manager.py:176}}
May 26 15:09:05.126714 dv-cinder-788367-11-iscsi neutron-server[104043]: DEBUG neutron.plugins.ml2.plugin [None req-fc58716d-75e5-4013-a15f-a9ed86f6888b None None] Port 041528df-a4e9-47f6-a38e-07cde90ecc05 cannot update to ACTIVE because it is not bound. {{(pid=104043) _port_provisioned /opt/stack/neutron/neutron/plugins/ml2/plugin.py:354}}
May 26 15:09:05.227648 dv-cinder-788367-11-iscsi neutron-server[104043]: DEBUG neutron.plugins.ml2.plugin [None req-94490a59-78c7-42ba-8d09-23a9aa7f03bd None None] Current status of the port 71633039-63df-4edd-8b31-7f30c7ce1f89 is: ACTIVE; New status is: ACTIVE {{(pid=104043) _update_individual_port_db_status /opt/stack/neutron/neutron/plugins/ml2/plugin.py:2298}}
May 26 15:09:05.230753 dv-cinder-788367-11-iscsi neutron-server[104041]: DEBUG neutron_lib.callbacks.manager [None req-08df51a4-5b87-495f-b08c-754a1785c5d3 admin admin] Publish callbacks ['neutron.plugins.ml2.plugin.SecurityGroupDbMixin._ensure_default_security_group_handler-4141310'] for port (b4f7bdcb-e47f-4491-b225-b54a46448bea), before_update {{(pid=104041) _notify_loop /usr/local/lib/python3.8/dist-packages/neutron_lib/callbacks/manager.py:176}}
May 26 15:09:05.234874 dv-cinder-788367-11-iscsi neutron-server[104043]: DEBUG neutron.plugins.ml2.rpc [None req-94490a59-78c7-42ba-8d09-23a9aa7f03bd None None] Device 6d4b8d55-163c-46d9-ae5a-5c1a4d55ce45 up at agent ovs-agent-dv-cinder-788367-11-iscsi {{(pid=104043) update_device_up /opt/stack/neutron/neutron/plugins/ml2/rpc.py:296}}
May 26 15:09:05.347949 dv-cinder-788367-11-iscsi neutron-server[104043]: DEBUG neutron.db.provisioning_blocks [None req-94490a59-78c7-42ba-8d09-23a9aa7f03bd None None] Provisioning complete for port 6d4b8d55-163c-46d9-ae5a-5c1a4d55ce45 triggered by entity L2. {{(pid=104043) provisioning_complete /opt/stack/neutron/neutron/db/provisioning_blocks.py:145}}
May 26 15:09:05.348961 dv-cinder-788367-11-iscsi neutron-server[104043]: DEBUG neutron_lib.callbacks.manager [None req-94490a59-78c7-42ba-8d09-23a9aa7f03bd None None] Publish callbacks ['neutron.plugins.ml2.plugin.Ml2Plugin._port_provisioned-4164032'] for port (6d4b8d55-163c-46d9-ae5a-5c1a4d55ce45), provisioning_complete {{(pid=104043) _notify_loop /usr/local/lib/python3.8/dist-packages/neutron_lib/callbacks/manager.py:176}}
May 26 15:09:05.358623 dv-cinder-788367-11-iscsi neutron-server[104042]: DEBUG neutron_lib.callbacks.manager [None req-29051cc9-86aa-44bf-9836-394d5f8bbfcf admin admin] Publish callbacks ['neutron.plugins.ml2.plugin.Ml2Plugin._subnet_delete_after_delete_handler-3999477', 'neutron.plugins.ml2.ovo_rpc._ObjectChangeHandler.handle_event-577812', 'neutron.api.rpc.agentnotifiers.dhcp_rpc_agent_api.DhcpAgentNotifyAPI._native_event_send_dhcp_notification-381518', 'neutron.services.segments.plugin.NovaSegmentNotifier._notify_subnet_deleted-11761975', 'neutron.services.segments.plugin.SegmentHostRoutes.host_routes_after_delete-12408994'] for subnet (a813f999-0264-4f12-85c8-c252ad989fb0), after_delete {{(pid=104042) _notify_loop /usr/local/lib/python3.8/dist-packages/neutron_lib/callbacks/manager.py:176}}
May 26 15:09:05.396391 dv-cinder-788367-11-iscsi neutron-server[104042]: DEBUG neutron_lib.callbacks.manager [None req-29051cc9-86aa-44bf-9836-394d5f8bbfcf admin admin] Publish callbacks [] for subnet (None), before_response {{(pid=104042) _notify_loop /usr/local/lib/python3.8/dist-packages/neutron_lib/callbacks/manager.py:176}}
May 26 15:09:05.416427 dv-cinder-788367-11-iscsi neutron-server[104042]: INFO neutron.wsgi [None req-29051cc9-86aa-44bf-9836-394d5f8bbfcf admin admin] 10.222.0.46 "DELETE /v2.0/subnets/a813f999-0264-4f12-85c8-c252ad989fb0 HTTP/1.1" status: 204 len: 168 time: 1.3616691
May 26 15:09:05.421895 dv-cinder-788367-11-iscsi neutron-server[104042]: DEBUG neutron.wsgi [-] (104042) accepted ('10.222.0.46', 42082) {{(pid=104042) server /usr/local/lib/python3.8/dist-packages/eventlet/wsgi.py:1004}}
May 26 15:09:05.538816 dv-cinder-788367-11-iscsi neutron-server[104043]: DEBUG neutron.plugins.ml2.plugin [None req-94490a59-78c7-42ba-8d09-23a9aa7f03bd None None] Current status of the port 6d4b8d55-163c-46d9-ae5a-5c1a4d55ce45 is: DOWN; New status is: ACTIVE {{(pid=104043) _update_individual_port_db_status /opt/stack/neutron/neutron/plugins/ml2/plugin.py:2298}}
May 26 15:09:05.538816 dv-cinder-788367-11-iscsi neutron-server[104043]: DEBUG neutron_lib.callbacks.manager [None req-94490a59-78c7-42ba-8d09-23a9aa7f03bd None None] Publish callbacks ['neutron.plugins.ml2.plugin.SecurityGroupDbMixin._ensure_default_security_group_handler-4141310'] for port (6d4b8d55-163c-46d9-ae5a-5c1a4d55ce45), before_update {{(pid=104043) _notify_loop /usr/local/lib/python3.8/dist-packages/neutron_lib/callbacks/manager.py:176}}
May 26 15:09:05.558254 dv-cinder-788367-11-iscsi neutron-server[104043]: DEBUG neutron.plugins.ml2.db [None req-94490a59-78c7-42ba-8d09-23a9aa7f03bd None None] For port 6d4b8d55-163c-46d9-ae5a-5c1a4d55ce45, host dv-cinder-788367-11-iscsi, got binding levels [PortBindingLevel(driver='openvswitch',host='dv-cinder-788367-11-iscsi',level=0,port_id=6d4b8d55-163c-46d9-ae5a-5c1a4d55ce45,segment=NetworkSegment(f34761b3-e979-44ee-8e43-6eb62173f4e3),segment_id=f34761b3-e979-44ee-8e43-6eb62173f4e3)] {{(pid=104043) get_binding_level_objs /opt/stack/neutron/neutron/plugins/ml2/db.py:74}}
May 26 15:09:05.560471 dv-cinder-788367-11-iscsi neutron-server[104043]: DEBUG dbcounter [-] [104043] Writing DB stats neutron:SELECT=99,neutron:UPDATE=1 {{(pid=104043) stat_writer /usr/local/lib/python3.8/dist-packages/dbcounter.py:114}}
May 26 15:09:05.564299 dv-cinder-788367-11-iscsi neutron-server[104043]: DEBUG neutron_lib.callbacks.manager [None req-94490a59-78c7-42ba-8d09-23a9aa7f03bd None None] Publish callbacks ['neutron.plugins.ml2.plugin.SecurityGroupServerNotifierRpcMixin._notify_sg_on_port_change-4143374', 'neutron.plugins.ml2.ovo_rpc._ObjectChangeHandler.handle_event-337130', 'neutron.api.rpc.agentnotifiers.dhcp_rpc_agent_api.DhcpAgentNotifyAPI._native_event_send_dhcp_notification-381518', 'neutron.db.l3_db.L3RpcNotifierMixin._notify_gateway_port_ip_changed-8760522848741', 'neutron.db.l3_dvrscheduler_db._notify_l3_agent_port_update-8760522455363', 'neutron.db.l3_hascheduler_db._notify_l3_agent_ha_port_update-8760522455381'] for port (6d4b8d55-163c-46d9-ae5a-5c1a4d55ce45), after_update {{(pid=104043) _notify_loop /usr/local/lib/python3.8/dist-packages/neutron_lib/callbacks/manager.py:176}}
May 26 15:09:05.565768 dv-cinder-788367-11-iscsi neutron-server[104043]: DEBUG neutron.plugins.ml2.rpc [None req-94490a59-78c7-42ba-8d09-23a9aa7f03bd None None] Device 685a3363-d711-4d46-8dc3-dc3dd69a0afb up at agent ovs-agent-dv-cinder-788367-11-iscsi {{(pid=104043) update_device_up /opt/stack/neutron/neutron/plugins/ml2/rpc.py:296}}
May 26 15:09:05.698667 dv-cinder-788367-11-iscsi neutron-server[104041]: DEBUG neutron.pecan_wsgi.hooks.policy_enforcement [req-973ac221-9950-4941-ac3e-21d1cebbc5a8 req-e3340793-e034-450f-bdf3-532dfc4c1f58 tempest-DeleteServersTestJSON-1253958708 tempest-DeleteServersTestJSON-1253958708-project] Attributes excluded by policy engine: ['standard_attr_id', 'binding:profile', 'binding:host_id', 'binding:vif_type', 'binding:vif_details'] {{(pid=104041) _exclude_attributes_by_policy /opt/stack/neutron/neutron/pecan_wsgi/hooks/policy_enforcement.py:259}}
May 26 15:09:05.719614 dv-cinder-788367-11-iscsi neutron-server[104041]: INFO neutron.wsgi [req-973ac221-9950-4941-ac3e-21d1cebbc5a8 req-e3340793-e034-450f-bdf3-532dfc4c1f58 tempest-DeleteServersTestJSON-1253958708 tempest-DeleteServersTestJSON-1253958708-project] 10.222.0.46 "GET /v2.0/ports?device_id=36adfbf4-6054-422d-9c0a-f71051437895 HTTP/1.1" status: 200 len: 931 time: 0.3868101
May 26 15:09:05.924779 dv-cinder-788367-11-iscsi neutron-server[104042]: DEBUG neutron.api.rpc.handlers.resources_rpc [None req-29051cc9-86aa-44bf-9836-394d5f8bbfcf admin admin] Pushing event deleted for resources: {'Subnet': ['ID=a813f999-0264-4f12-85c8-c252ad989fb0,revision_number=None']} {{(pid=104042) push /opt/stack/neutron/neutron/api/rpc/handlers/resources_rpc.py:237}}
May 26 15:09:05.954542 dv-cinder-788367-11-iscsi neutron-server[104043]: DEBUG dbcounter [-] [104043] Writing DB stats neutron:SELECT=97,neutron:UPDATE=3 {{(pid=104043) stat_writer /usr/local/lib/python3.8/dist-packages/dbcounter.py:114}}
May 26 15:09:05.988839 dv-cinder-788367-11-iscsi neutron-server[104042]: DEBUG neutron_lib.callbacks.manager [None req-86787e03-bc6a-41d9-87de-ecee6f752d07 admin admin] Publish callbacks ['neutron.plugins.ml2.plugin.SecurityGroupDbMixin._ensure_default_security_group_handler-4141310'] for port (041528df-a4e9-47f6-a38e-07cde90ecc05), before_update {{(pid=104042) _notify_loop /usr/local/lib/python3.8/dist-packages/neutron_lib/callbacks/manager.py:176}}
May 26 15:09:06.012000 dv-cinder-788367-11-iscsi neutron-server[104043]: DEBUG neutron.api.rpc.handlers.resources_rpc [None req-94490a59-78c7-42ba-8d09-23a9aa7f03bd None None] Pushing event updated for resources: {'Port': ['ID=6d4b8d55-163c-46d9-ae5a-5c1a4d55ce45,revision_number=4']} {{(pid=104043) push /opt/stack/neutron/neutron/api/rpc/handlers/resources_rpc.py:237}}
May 26 15:09:06.032012 dv-cinder-788367-11-iscsi neutron-server[104043]: DEBUG neutron.db.provisioning_blocks [None req-94490a59-78c7-42ba-8d09-23a9aa7f03bd None None] Provisioning complete for port 685a3363-d711-4d46-8dc3-dc3dd69a0afb triggered by entity L2. {{(pid=104043) provisioning_complete /opt/stack/neutron/neutron/db/provisioning_blocks.py:145}}
May 26 15:09:06.032664 dv-cinder-788367-11-iscsi neutron-server[104042]: DEBUG neutron_lib.callbacks.manager [None req-efe1ad4a-f951-431b-9f5c-73a65af450b4 admin admin] Publish callbacks ['neutron.plugins.ml2.plugin.External_net_db_mixin._before_network_delete_handler-3964523'] for network (56bad15f-df13-428f-9f95-bf85c32bdc45), before_delete {{(pid=104042) _notify_loop /usr/local/lib/python3.8/dist-packages/neutron_lib/callbacks/manager.py:176}}
May 26 15:09:06.033928 dv-cinder-788367-11-iscsi neutron-server[104043]: DEBUG neutron_lib.callbacks.manager [None req-94490a59-78c7-42ba-8d09-23a9aa7f03bd None None] Publish callbacks ['neutron.plugins.ml2.plugin.Ml2Plugin._port_provisioned-4164032'] for port (685a3363-d711-4d46-8dc3-dc3dd69a0afb), provisioning_complete {{(pid=104043) _notify_loop /usr/local/lib/python3.8/dist-packages/neutron_lib/callbacks/manager.py:176}}
May 26 15:09:06.165790 dv-cinder-788367-11-iscsi neutron-server[104041]: INFO neutron.wsgi [req-6ba14074-d790-4f64-a49d-99f4ea3a2e20 req-e6e78250-6f05-4811-8c55-979bfa1b79ba tempest-DeleteServersTestJSON-1253958708 tempest-DeleteServersTestJSON-1253958708-project] 10.222.0.75 "POST /v2.0/ports HTTP/1.1" status: 201 len: 933 time: 5.8989670
May 26 15:09:06.180810 dv-cinder-788367-11-iscsi neutron-server[104041]: DEBUG neutron.api.rpc.handlers.resources_rpc [None req-e6e78250-6f05-4811-8c55-979bfa1b79ba tempest-DeleteServersTestJSON-1253958708 tempest-DeleteServersTestJSON-1253958708-project] Pushing event updated for resources: {'Port': ['ID=b9ffac19-267b-4766-ba46-ba00d2f456b7,revision_number=1']} {{(pid=104041) push /opt/stack/neutron/neutron/api/rpc/handlers/resources_rpc.py:237}}
May 26 15:09:06.354204 dv-cinder-788367-11-iscsi neutron-server[104041]: DEBUG dbcounter [-] [104041] Writing DB stats neutron:SELECT=97,neutron:UPDATE=2,neutron:DELETE=1 {{(pid=104041) stat_writer /usr/local/lib/python3.8/dist-packages/dbcounter.py:114}}
May 26 15:09:06.383492 dv-cinder-788367-11-iscsi neutron-server[104043]: DEBUG neutron.plugins.ml2.plugin [None req-94490a59-78c7-42ba-8d09-23a9aa7f03bd None None] Current status of the port 685a3363-d711-4d46-8dc3-dc3dd69a0afb is: ACTIVE; New status is: ACTIVE {{(pid=104043) _update_individual_port_db_status /opt/stack/neutron/neutron/plugins/ml2/plugin.py:2298}}
May 26 15:09:06.385716 dv-cinder-788367-11-iscsi neutron-server[104043]: DEBUG neutron.plugins.ml2.rpc [None req-94490a59-78c7-42ba-8d09-23a9aa7f03bd None None] Device 24ee727e-9c66-47ed-b054-6e6955b8c2a0 up at agent ovs-agent-dv-cinder-788367-11-iscsi {{(pid=104043) update_device_up /opt/stack/neutron/neutron/plugins/ml2/rpc.py:296}}
May 26 15:09:06.584388 dv-cinder-788367-11-iscsi neutron-server[104043]: DEBUG neutron.db.provisioning_blocks [None req-94490a59-78c7-42ba-8d09-23a9aa7f03bd None None] Provisioning complete for port 24ee727e-9c66-47ed-b054-6e6955b8c2a0 triggered by entity L2. {{(pid=104043) provisioning_complete /opt/stack/neutron/neutron/db/provisioning_blocks.py:145}}
May 26 15:09:06.585838 dv-cinder-788367-11-iscsi neutron-server[104043]: DEBUG neutron_lib.callbacks.manager [None req-94490a59-78c7-42ba-8d09-23a9aa7f03bd None None] Publish callbacks ['neutron.plugins.ml2.plugin.Ml2Plugin._port_provisioned-4164032'] for port (24ee727e-9c66-47ed-b054-6e6955b8c2a0), provisioning_complete {{(pid=104043) _notify_loop /usr/local/lib/python3.8/dist-packages/neutron_lib/callbacks/manager.py:176}}
May 26 15:09:06.660429 dv-cinder-788367-11-iscsi neutron-server[104041]: INFO neutron.wsgi [req-973ac221-9950-4941-ac3e-21d1cebbc5a8 req-79fd0cc6-dab8-4b42-95be-73185f0df98f tempest-DeleteServersTestJSON-1253958708 tempest-DeleteServersTestJSON-1253958708-project] 10.222.0.46 "GET /v2.0/security-groups?id=8112918a-5955-4fe0-97b1-7ed36d8b6a81&fields=id&fields=name HTTP/1.1" status: 200 len: 286 time: 0.9386408
May 26 15:09:06.804718 dv-cinder-788367-11-iscsi neutron-server[104042]: DEBUG neutron_lib.callbacks.manager [None req-efe1ad4a-f951-431b-9f5c-73a65af450b4 admin admin] Publish callbacks ['neutron.plugins.ml2.plugin.Ml2Plugin._network_delete_precommit_handler-3998041', 'neutron.services.segments.db._delete_segments_for_network-8760522984816'] for network (56bad15f-df13-428f-9f95-bf85c32bdc45), precommit_delete {{(pid=104042) _notify_loop /usr/local/lib/python3.8/dist-packages/neutron_lib/callbacks/manager.py:176}}
May 26 15:09:06.817987 dv-cinder-788367-11-iscsi neutron-server[104043]: DEBUG neutron.plugins.ml2.plugin [None req-94490a59-78c7-42ba-8d09-23a9aa7f03bd None None] Current status of the port 24ee727e-9c66-47ed-b054-6e6955b8c2a0 is: ACTIVE; New status is: ACTIVE {{(pid=104043) _update_individual_port_db_status /opt/stack/neutron/neutron/plugins/ml2/plugin.py:2298}}
May 26 15:09:06.830283 dv-cinder-788367-11-iscsi neutron-server[104041]: DEBUG neutron_lib.callbacks.manager [None req-08df51a4-5b87-495f-b08c-754a1785c5d3 admin admin] Publish callbacks [] for port (b4f7bdcb-e47f-4491-b225-b54a46448bea), precommit_update {{(pid=104041) _notify_loop /usr/local/lib/python3.8/dist-packages/neutron_lib/callbacks/manager.py:176}}
May 26 15:09:06.860095 dv-cinder-788367-11-iscsi neutron-server[104041]: DEBUG neutron_lib.callbacks.manager [None req-08df51a4-5b87-495f-b08c-754a1785c5d3 admin admin] Publish callbacks ['neutron.plugins.ml2.plugin.SecurityGroupServerNotifierRpcMixin._notify_sg_on_port_change-4143374', 'neutron.plugins.ml2.ovo_rpc._ObjectChangeHandler.handle_event-337130', 'neutron.api.rpc.agentnotifiers.dhcp_rpc_agent_api.DhcpAgentNotifyAPI._native_event_send_dhcp_notification-381518', 'neutron.db.l3_db.L3RpcNotifierMixin._notify_gateway_port_ip_changed-8760522848741', 'neutron.db.l3_dvrscheduler_db._notify_l3_agent_port_update-8760522455363', 'neutron.db.l3_hascheduler_db._notify_l3_agent_ha_port_update-8760522455381'] for port (b4f7bdcb-e47f-4491-b225-b54a46448bea), after_update {{(pid=104041) _notify_loop /usr/local/lib/python3.8/dist-packages/neutron_lib/callbacks/manager.py:176}}
May 26 15:09:06.867842 dv-cinder-788367-11-iscsi neutron-server[104041]: DEBUG neutron_lib.callbacks.manager [None req-08df51a4-5b87-495f-b08c-754a1785c5d3 admin admin] Publish callbacks ['neutron.api.rpc.agentnotifiers.dhcp_rpc_agent_api.DhcpAgentNotifyAPI._after_router_interface_created-381532', 'neutron.services.l3_router.l3_router_plugin.DVRResourceOperationHandler._update_snat_v6_addrs_after_intf_update-927226'] for router_interface (890ccd4b-a777-48f8-b6b3-37b79b45d48a), after_create {{(pid=104041) _notify_loop /usr/local/lib/python3.8/dist-packages/neutron_lib/callbacks/manager.py:176}}
May 26 15:09:06.868060 dv-cinder-788367-11-iscsi neutron-server[104042]: DEBUG neutron.services.segments.db [None req-efe1ad4a-f951-431b-9f5c-73a65af450b4 admin admin] neutron.services.segments.plugin.Plugin method get_segments called with arguments (,) {'filters': {'network_id': ['56bad15f-df13-428f-9f95-bf85c32bdc45']}} {{(pid=104042) wrapper /usr/local/lib/python3.8/dist-packages/oslo_log/helpers.py:65}}
May 26 15:09:06.925738 dv-cinder-788367-11-iscsi neutron-server[104042]: DEBUG neutron.services.segments.db [None req-efe1ad4a-f951-431b-9f5c-73a65af450b4 admin admin] neutron.services.segments.plugin.Plugin method delete_segment called with arguments (, 'af302b10-be5f-491e-9f43-e540e7c54ade') {'for_net_delete': True} {{(pid=104042) wrapper /usr/local/lib/python3.8/dist-packages/oslo_log/helpers.py:65}}
May 26 15:09:06.926948 dv-cinder-788367-11-iscsi neutron-server[104042]: DEBUG neutron.services.segments.db [None req-efe1ad4a-f951-431b-9f5c-73a65af450b4 admin admin] neutron.services.segments.plugin.Plugin method get_segment called with arguments (, 'af302b10-be5f-491e-9f43-e540e7c54ade') {} {{(pid=104042) wrapper /usr/local/lib/python3.8/dist-packages/oslo_log/helpers.py:65}}
May 26 15:09:06.954131 dv-cinder-788367-11-iscsi neutron-server[104042]: DEBUG neutron_lib.callbacks.manager [None req-efe1ad4a-f951-431b-9f5c-73a65af450b4 admin admin] Publish callbacks ['neutron.plugins.ml2.db._prevent_segment_delete_with_port_bound-8760522985593', 'neutron.services.segments.plugin.Plugin._prevent_segment_delete_with_subnet_associated-11762101'] for segment (af302b10-be5f-491e-9f43-e540e7c54ade), before_delete {{(pid=104042) _notify_loop /usr/local/lib/python3.8/dist-packages/neutron_lib/callbacks/manager.py:176}}
May 26 15:09:06.981467 dv-cinder-788367-11-iscsi neutron-server[104042]: DEBUG neutron_lib.callbacks.manager [None req-efe1ad4a-f951-431b-9f5c-73a65af450b4 admin admin] Publish callbacks ['neutron.plugins.ml2.plugin.Ml2Plugin._handle_segment_change-4005795'] for segment (af302b10-be5f-491e-9f43-e540e7c54ade), precommit_delete {{(pid=104042) _notify_loop /usr/local/lib/python3.8/dist-packages/neutron_lib/callbacks/manager.py:176}}
May 26 15:09:07.037510 dv-cinder-788367-11-iscsi neutron-server[104042]: DEBUG neutron.plugins.ml2.drivers.type_vlan [None req-efe1ad4a-f951-431b-9f5c-73a65af450b4 admin admin] Releasing vlan 686 on physical network physnet1 to pool {{(pid=104042) release_segment /opt/stack/neutron/neutron/plugins/ml2/drivers/type_vlan.py:304}}
May 26 15:09:07.038533 dv-cinder-788367-11-iscsi neutron-server[104042]: DEBUG neutron_lib.callbacks.manager [None req-efe1ad4a-f951-431b-9f5c-73a65af450b4 admin admin] Publish callbacks ['neutron.plugins.ml2.plugin.Ml2Plugin._handle_segment_change-4005795', 'neutron.services.segments.plugin.NovaSegmentNotifier._notify_segment_deleted-11732373'] for segment (af302b10-be5f-491e-9f43-e540e7c54ade), after_delete {{(pid=104042) _notify_loop /usr/local/lib/python3.8/dist-packages/neutron_lib/callbacks/manager.py:176}}
May 26 15:09:07.213093 dv-cinder-788367-11-iscsi neutron-server[104043]: DEBUG neutron.plugins.ml2.rpc [None req-94490a59-78c7-42ba-8d09-23a9aa7f03bd None None] Device e5fb689d-1029-4200-9668-795dbaeb29c4 up at agent ovs-agent-dv-cinder-788367-11-iscsi {{(pid=104043) update_device_up /opt/stack/neutron/neutron/plugins/ml2/rpc.py:296}}
May 26 15:09:07.230410 dv-cinder-788367-11-iscsi neutron-server[104042]: INFO neutron.services.segments.plugin [-] Segment af302b10-be5f-491e-9f43-e540e7c54ade resource provider aggregate not found
May 26 15:09:07.304210 dv-cinder-788367-11-iscsi neutron-server[104041]: DEBUG dbcounter [-] [104041] Writing DB stats neutron:SELECT=97,neutron:DELETE=1,neutron:INSERT=2 {{(pid=104041) stat_writer /usr/local/lib/python3.8/dist-packages/dbcounter.py:114}}
May 26 15:09:07.307357 dv-cinder-788367-11-iscsi neutron-server[104042]: INFO neutron.services.segments.plugin [-] Segment af302b10-be5f-491e-9f43-e540e7c54ade resource provider not found; error: Placement Client Error (4xx): {"errors": [{"status": 404, "title": "Not Found", "detail": "The resource could not be found.\n\n No resource provider with uuid af302b10-be5f-491e-9f43-e540e7c54ade found for delete ", "request_id": "req-7f9af5aa-7ee7-492e-97f8-4fc8f15e3e90"}]}
May 26 15:09:07.323536 dv-cinder-788367-11-iscsi neutron-server[104042]: DEBUG neutron_lib.callbacks.manager [None req-efe1ad4a-f951-431b-9f5c-73a65af450b4 admin admin] Publish callbacks ['neutron.plugins.ml2.plugin.Ml2Plugin._network_delete_after_delete_handler-3998050', 'neutron.plugins.ml2.ovo_rpc._ObjectChangeHandler.handle_event-567520', 'neutron.api.rpc.agentnotifiers.dhcp_rpc_agent_api.DhcpAgentNotifyAPI._native_event_send_dhcp_notification-381518', 'neutron.services.l3_router.l3_router_plugin.DVRResourceOperationHandler.delete_fip_namespaces_for_ext_net-927437'] for network (56bad15f-df13-428f-9f95-bf85c32bdc45), after_delete {{(pid=104042) _notify_loop /usr/local/lib/python3.8/dist-packages/neutron_lib/callbacks/manager.py:176}}
May 26 15:09:07.352193 dv-cinder-788367-11-iscsi neutron-server[104041]: DEBUG neutron.scheduler.dhcp_agent_scheduler [None req-08df51a4-5b87-495f-b08c-754a1785c5d3 admin admin] Network bf638e18-3aa1-4ba6-b2c0-e624f717acb0 is already hosted by enough agents. {{(pid=104041) _get_dhcp_agents_hosting_network /opt/stack/neutron/neutron/scheduler/dhcp_agent_scheduler.py:275}}
May 26 15:09:07.356690 dv-cinder-788367-11-iscsi neutron-server[104041]: DEBUG neutron.api.rpc.handlers.resources_rpc [None req-08df51a4-5b87-495f-b08c-754a1785c5d3 admin admin] Pushing event updated for resources: {'Port': ['ID=b4f7bdcb-e47f-4491-b225-b54a46448bea,revision_number=2']} {{(pid=104041) push /opt/stack/neutron/neutron/api/rpc/handlers/resources_rpc.py:237}}
May 26 15:09:07.368297 dv-cinder-788367-11-iscsi neutron-server[104042]: DEBUG neutron_lib.callbacks.manager [None req-efe1ad4a-f951-431b-9f5c-73a65af450b4 admin admin] Publish callbacks ['neutron.api.rpc.agentnotifiers.dhcp_rpc_agent_api.DhcpAgentNotifyAPI._send_dhcp_notification-381552'] for network (None), before_response {{(pid=104042) _notify_loop /usr/local/lib/python3.8/dist-packages/neutron_lib/callbacks/manager.py:176}}
May 26 15:09:07.376547 dv-cinder-788367-11-iscsi neutron-server[104042]: INFO neutron.wsgi [None req-efe1ad4a-f951-431b-9f5c-73a65af450b4 admin admin] 10.222.0.46 "DELETE /v2.0/networks/56bad15f-df13-428f-9f95-bf85c32bdc45 HTTP/1.1" status: 204 len: 168 time: 1.9348021
May 26 15:09:07.390102 dv-cinder-788367-11-iscsi neutron-server[104043]: DEBUG neutron.db.provisioning_blocks [None req-94490a59-78c7-42ba-8d09-23a9aa7f03bd None None] Provisioning complete for port e5fb689d-1029-4200-9668-795dbaeb29c4 triggered by entity L2. {{(pid=104043) provisioning_complete /opt/stack/neutron/neutron/db/provisioning_blocks.py:145}}
May 26 15:09:07.390862 dv-cinder-788367-11-iscsi neutron-server[104043]: DEBUG neutron_lib.callbacks.manager [None req-94490a59-78c7-42ba-8d09-23a9aa7f03bd None None] Publish callbacks ['neutron.plugins.ml2.plugin.Ml2Plugin._port_provisioned-4164032'] for port (e5fb689d-1029-4200-9668-795dbaeb29c4), provisioning_complete {{(pid=104043) _notify_loop /usr/local/lib/python3.8/dist-packages/neutron_lib/callbacks/manager.py:176}}
May 26 15:09:07.410686 dv-cinder-788367-11-iscsi neutron-server[104041]: DEBUG neutron.scheduler.base_scheduler [None req-08df51a4-5b87-495f-b08c-754a1785c5d3 admin admin] Resources bound (agent type, host, resource id): {{(pid=104041) schedule /opt/stack/neutron/neutron/scheduler/base_scheduler.py:57}}
May 26 15:09:07.448530 dv-cinder-788367-11-iscsi neutron-server[104041]: DEBUG neutron.db.db_base_plugin_common [None req-5ae153c1-bf5f-4801-9627-b8c87f5e3cef admin admin] Allocated IP 172.20.0.1 (8b416354-97a2-42f7-a460-05ec32c4591a/f1f83baf-9e5d-4532-b217-d468b06c5513/b7132ea9-a9b6-4859-9abe-7c57eeafdca5) {{(pid=104041) _store_ip_allocation /opt/stack/neutron/neutron/db/db_base_plugin_common.py:131}}
May 26 15:09:07.449014 dv-cinder-788367-11-iscsi neutron-server[104042]: DEBUG neutron.api.rpc.handlers.resources_rpc [None req-efe1ad4a-f951-431b-9f5c-73a65af450b4 admin admin] Pushing event deleted for resources: {'Network': ['ID=56bad15f-df13-428f-9f95-bf85c32bdc45,revision_number=None']} {{(pid=104042) push /opt/stack/neutron/neutron/api/rpc/handlers/resources_rpc.py:237}}
May 26 15:09:07.502735 dv-cinder-788367-11-iscsi neutron-server[104042]: DEBUG neutron_lib.callbacks.manager [None req-86787e03-bc6a-41d9-87de-ecee6f752d07 admin admin] Publish callbacks [] for port (041528df-a4e9-47f6-a38e-07cde90ecc05), precommit_update {{(pid=104042) _notify_loop /usr/local/lib/python3.8/dist-packages/neutron_lib/callbacks/manager.py:176}}
May 26 15:09:07.514844 dv-cinder-788367-11-iscsi neutron-server[104042]: DEBUG neutron_lib.callbacks.manager [None req-86787e03-bc6a-41d9-87de-ecee6f752d07 admin admin] Publish callbacks ['neutron.plugins.ml2.plugin.SecurityGroupServerNotifierRpcMixin._notify_sg_on_port_change-4143374', 'neutron.plugins.ml2.ovo_rpc._ObjectChangeHandler.handle_event-337130', 'neutron.api.rpc.agentnotifiers.dhcp_rpc_agent_api.DhcpAgentNotifyAPI._native_event_send_dhcp_notification-381518', 'neutron.db.l3_db.L3RpcNotifierMixin._notify_gateway_port_ip_changed-8760522848741', 'neutron.db.l3_dvrscheduler_db._notify_l3_agent_port_update-8760522455363', 'neutron.db.l3_hascheduler_db._notify_l3_agent_ha_port_update-8760522455381', 'neutron.services.segments.plugin.NovaSegmentNotifier._notify_port_updated-11732465'] for port (041528df-a4e9-47f6-a38e-07cde90ecc05), after_update {{(pid=104042) _notify_loop /usr/local/lib/python3.8/dist-packages/neutron_lib/callbacks/manager.py:176}}
May 26 15:09:07.525168 dv-cinder-788367-11-iscsi neutron-server[104041]: DEBUG neutron.wsgi [req-6ba14074-d790-4f64-a49d-99f4ea3a2e20 req-6302759f-8520-444b-a47a-83e2f66b5e94 tempest-DeleteServersTestJSON-1253958708 tempest-DeleteServersTestJSON-1253958708-project] http://10.222.0.46:9696/v2.0/extensions returned with HTTP 200 {{(pid=104041) __call__ /opt/stack/neutron/neutron/wsgi.py:730}}
May 26 15:09:07.526373 dv-cinder-788367-11-iscsi neutron-server[104041]: INFO neutron.wsgi [req-6ba14074-d790-4f64-a49d-99f4ea3a2e20 req-6302759f-8520-444b-a47a-83e2f66b5e94 tempest-DeleteServersTestJSON-1253958708 tempest-DeleteServersTestJSON-1253958708-project] 10.222.0.75 "GET /v2.0/extensions HTTP/1.1" status: 200 len: 14320 time: 0.0087640
May 26 15:09:07.690844 dv-cinder-788367-11-iscsi neutron-server[104042]: DEBUG neutron_lib.callbacks.manager [None req-86787e03-bc6a-41d9-87de-ecee6f752d07 admin admin] Publish callbacks ['neutron.api.rpc.agentnotifiers.dhcp_rpc_agent_api.DhcpAgentNotifyAPI._after_router_interface_created-381532', 'neutron.services.l3_router.l3_router_plugin.DVRResourceOperationHandler._update_snat_v6_addrs_after_intf_update-927226'] for router_interface (63032ff9-f2ac-4259-8458-6aa7251ad3c4), after_create {{(pid=104042) _notify_loop /usr/local/lib/python3.8/dist-packages/neutron_lib/callbacks/manager.py:176}}
May 26 15:09:07.694384 dv-cinder-788367-11-iscsi neutron-server[104042]: DEBUG neutron.api.rpc.handlers.resources_rpc [None req-86787e03-bc6a-41d9-87de-ecee6f752d07 admin admin] Pushing event updated for resources: {'Port': ['ID=041528df-a4e9-47f6-a38e-07cde90ecc05,revision_number=2']} {{(pid=104042) push /opt/stack/neutron/neutron/api/rpc/handlers/resources_rpc.py:237}}
May 26 15:09:07.799901 dv-cinder-788367-11-iscsi neutron-server[104043]: DEBUG neutron.plugins.ml2.plugin [None req-94490a59-78c7-42ba-8d09-23a9aa7f03bd None None] Current status of the port e5fb689d-1029-4200-9668-795dbaeb29c4 is: DOWN; New status is: ACTIVE {{(pid=104043) _update_individual_port_db_status /opt/stack/neutron/neutron/plugins/ml2/plugin.py:2298}}
May 26 15:09:07.800280 dv-cinder-788367-11-iscsi neutron-server[104043]: DEBUG neutron_lib.callbacks.manager [None req-94490a59-78c7-42ba-8d09-23a9aa7f03bd None None] Publish callbacks ['neutron.plugins.ml2.plugin.SecurityGroupDbMixin._ensure_default_security_group_handler-4141310'] for port (e5fb689d-1029-4200-9668-795dbaeb29c4), before_update {{(pid=104043) _notify_loop /usr/local/lib/python3.8/dist-packages/neutron_lib/callbacks/manager.py:176}}
May 26 15:09:07.871900 dv-cinder-788367-11-iscsi neutron-server[104042]: DEBUG neutron.wsgi [-] (104042) accepted ('10.222.0.46', 42142) {{(pid=104042) server /usr/local/lib/python3.8/dist-packages/eventlet/wsgi.py:1004}}
May 26 15:09:07.922334 dv-cinder-788367-11-iscsi neutron-server[104043]: DEBUG neutron.plugins.ml2.db [None req-94490a59-78c7-42ba-8d09-23a9aa7f03bd None None] For port e5fb689d-1029-4200-9668-795dbaeb29c4, host dv-cinder-788367-11-iscsi, got binding levels [PortBindingLevel(driver='openvswitch',host='dv-cinder-788367-11-iscsi',level=0,port_id=e5fb689d-1029-4200-9668-795dbaeb29c4,segment=NetworkSegment(f34761b3-e979-44ee-8e43-6eb62173f4e3),segment_id=f34761b3-e979-44ee-8e43-6eb62173f4e3)] {{(pid=104043) get_binding_level_objs /opt/stack/neutron/neutron/plugins/ml2/db.py:74}}
May 26 15:09:07.931190 dv-cinder-788367-11-iscsi neutron-server[104043]: DEBUG neutron_lib.callbacks.manager [None req-94490a59-78c7-42ba-8d09-23a9aa7f03bd None None] Publish callbacks ['neutron.plugins.ml2.plugin.SecurityGroupServerNotifierRpcMixin._notify_sg_on_port_change-4143374', 'neutron.plugins.ml2.ovo_rpc._ObjectChangeHandler.handle_event-337130', 'neutron.api.rpc.agentnotifiers.dhcp_rpc_agent_api.DhcpAgentNotifyAPI._native_event_send_dhcp_notification-381518', 'neutron.db.l3_db.L3RpcNotifierMixin._notify_gateway_port_ip_changed-8760522848741', 'neutron.db.l3_dvrscheduler_db._notify_l3_agent_port_update-8760522455363', 'neutron.db.l3_hascheduler_db._notify_l3_agent_ha_port_update-8760522455381'] for port (e5fb689d-1029-4200-9668-795dbaeb29c4), after_update {{(pid=104043) _notify_loop /usr/local/lib/python3.8/dist-packages/neutron_lib/callbacks/manager.py:176}}
May 26 15:09:07.934573 dv-cinder-788367-11-iscsi neutron-server[104043]: DEBUG neutron.plugins.ml2.rpc [None req-94490a59-78c7-42ba-8d09-23a9aa7f03bd None None] Device 6d4b8d55-163c-46d9-ae5a-5c1a4d55ce45 up at agent ovs-agent-dv-cinder-788367-11-iscsi {{(pid=104043) update_device_up /opt/stack/neutron/neutron/plugins/ml2/rpc.py:296}}
May 26 15:09:07.985410 dv-cinder-788367-11-iscsi neutron-server[104042]: DEBUG dbcounter [-] [104042] Writing DB stats neutron:DELETE=6,neutron:UPDATE=2,neutron:SELECT=92 {{(pid=104042) stat_writer /usr/local/lib/python3.8/dist-packages/dbcounter.py:114}}
May 26 15:09:07.989379 dv-cinder-788367-11-iscsi neutron-server[104042]: INFO neutron.wsgi [None req-3734c475-5fd4-4ec4-9609-79275dbad395 admin admin] 10.222.0.46 "GET /v2.0/security-groups?tenant_id=68969c3e05e9433dbac7ff643427c5f4&name=default HTTP/1.1" status: 200 len: 2992 time: 0.1158969
May 26 15:09:07.993207 dv-cinder-788367-11-iscsi neutron-server[104042]: DEBUG neutron.wsgi [-] (104042) accepted ('10.222.0.46', 42146) {{(pid=104042) server /usr/local/lib/python3.8/dist-packages/eventlet/wsgi.py:1004}}
May 26 15:09:08.046470 dv-cinder-788367-11-iscsi neutron-server[104042]: DEBUG dbcounter [-] [104042] Writing DB stats neutron:SELECT=93,neutron:INSERT=1,neutron:DELETE=4,neutron:UPDATE=2 {{(pid=104042) stat_writer /usr/local/lib/python3.8/dist-packages/dbcounter.py:114}}
May 26 15:09:08.097118 dv-cinder-788367-11-iscsi neutron-server[104042]: DEBUG neutron.scheduler.dhcp_agent_scheduler [None req-86787e03-bc6a-41d9-87de-ecee6f752d07 admin admin] Network 4cc6f64a-79d5-4535-9da7-4cf3dfad5e95 is already hosted by enough agents. {{(pid=104042) _get_dhcp_agents_hosting_network /opt/stack/neutron/neutron/scheduler/dhcp_agent_scheduler.py:275}}
May 26 15:09:08.104017 dv-cinder-788367-11-iscsi neutron-server[104042]: DEBUG neutron.scheduler.base_scheduler [None req-86787e03-bc6a-41d9-87de-ecee6f752d07 admin admin] Resources bound (agent type, host, resource id): {{(pid=104042) schedule /opt/stack/neutron/neutron/scheduler/base_scheduler.py:57}}
May 26 15:09:08.111891 dv-cinder-788367-11-iscsi neutron-server[104043]: DEBUG neutron.api.rpc.handlers.resources_rpc [None req-94490a59-78c7-42ba-8d09-23a9aa7f03bd None None] Pushing event updated for resources: {'Port': ['ID=e5fb689d-1029-4200-9668-795dbaeb29c4,revision_number=4']} {{(pid=104043) push /opt/stack/neutron/neutron/api/rpc/handlers/resources_rpc.py:237}}
May 26 15:09:08.129534 dv-cinder-788367-11-iscsi neutron-server[104042]: DEBUG neutron_lib.callbacks.manager [None req-5b14f4b1-78f6-43ed-821f-e4ed3cb45d12 admin admin] Publish callbacks [] for security_group (04c6630a-43e3-4bed-a3d7-6f0ebae468e6), before_delete {{(pid=104042) _notify_loop /usr/local/lib/python3.8/dist-packages/neutron_lib/callbacks/manager.py:176}}
May 26 15:09:08.155073 dv-cinder-788367-11-iscsi neutron-server[104041]: DEBUG neutron.pecan_wsgi.hooks.policy_enforcement [req-18e3bf83-d73d-45c8-8584-628ee401d6b8 req-14aed088-e9ef-4663-9eb9-5a26b084c00f tempest-DeleteServersTestJSON-1253958708 tempest-DeleteServersTestJSON-1253958708-project] Attributes excluded by policy engine: ['standard_attr_id', 'binding:profile', 'binding:host_id', 'binding:vif_type', 'binding:vif_details'] {{(pid=104041) _exclude_attributes_by_policy /opt/stack/neutron/neutron/pecan_wsgi/hooks/policy_enforcement.py:259}}
May 26 15:09:08.157098 dv-cinder-788367-11-iscsi neutron-server[104041]: INFO neutron.wsgi [req-18e3bf83-d73d-45c8-8584-628ee401d6b8 req-14aed088-e9ef-4663-9eb9-5a26b084c00f tempest-DeleteServersTestJSON-1253958708 tempest-DeleteServersTestJSON-1253958708-project] 10.222.0.46 "GET /v2.0/ports?device_id=36adfbf4-6054-422d-9c0a-f71051437895 HTTP/1.1" status: 200 len: 931 time: 0.0869722
May 26 15:09:08.177589 dv-cinder-788367-11-iscsi neutron-server[104043]: DEBUG neutron.db.provisioning_blocks [None req-792f786c-7082-43c5-8a02-847fc9fa17d6 None None] Provisioning complete for port b4f7bdcb-e47f-4491-b225-b54a46448bea triggered by entity DHCP. {{(pid=104043) provisioning_complete /opt/stack/neutron/neutron/db/provisioning_blocks.py:145}}
May 26 15:09:08.177993 dv-cinder-788367-11-iscsi neutron-server[104043]: DEBUG neutron_lib.callbacks.manager [None req-792f786c-7082-43c5-8a02-847fc9fa17d6 None None] Publish callbacks ['neutron.plugins.ml2.plugin.Ml2Plugin._port_provisioned-4164032'] for port (b4f7bdcb-e47f-4491-b225-b54a46448bea), provisioning_complete {{(pid=104043) _notify_loop /usr/local/lib/python3.8/dist-packages/neutron_lib/callbacks/manager.py:176}}
May 26 15:09:08.243872 dv-cinder-788367-11-iscsi neutron-server[104043]: DEBUG neutron.plugins.ml2.plugin [None req-792f786c-7082-43c5-8a02-847fc9fa17d6 None None] Port b4f7bdcb-e47f-4491-b225-b54a46448bea cannot update to ACTIVE because it is not bound. {{(pid=104043) _port_provisioned /opt/stack/neutron/neutron/plugins/ml2/plugin.py:354}}
May 26 15:09:08.246822 dv-cinder-788367-11-iscsi neutron-server[104043]: DEBUG neutron.db.provisioning_blocks [None req-94490a59-78c7-42ba-8d09-23a9aa7f03bd None None] Provisioning complete for port 6d4b8d55-163c-46d9-ae5a-5c1a4d55ce45 triggered by entity L2. {{(pid=104043) provisioning_complete /opt/stack/neutron/neutron/db/provisioning_blocks.py:145}}
May 26 15:09:08.247501 dv-cinder-788367-11-iscsi neutron-server[104043]: DEBUG neutron_lib.callbacks.manager [None req-94490a59-78c7-42ba-8d09-23a9aa7f03bd None None] Publish callbacks ['neutron.plugins.ml2.plugin.Ml2Plugin._port_provisioned-4164032'] for port (6d4b8d55-163c-46d9-ae5a-5c1a4d55ce45), provisioning_complete {{(pid=104043) _notify_loop /usr/local/lib/python3.8/dist-packages/neutron_lib/callbacks/manager.py:176}}
May 26 15:09:08.264178 dv-cinder-788367-11-iscsi neutron-server[104042]: DEBUG neutron_lib.callbacks.manager [None req-5b14f4b1-78f6-43ed-821f-e4ed3cb45d12 admin admin] Publish callbacks [] for security_group (04c6630a-43e3-4bed-a3d7-6f0ebae468e6), precommit_delete {{(pid=104042) _notify_loop /usr/local/lib/python3.8/dist-packages/neutron_lib/callbacks/manager.py:176}}
May 26 15:09:08.374976 dv-cinder-788367-11-iscsi neutron-server[104042]: DEBUG neutron.scheduler.l3_agent_scheduler [None req-86787e03-bc6a-41d9-87de-ecee6f752d07 admin admin] Router 63032ff9-f2ac-4259-8458-6aa7251ad3c4 has already been hosted by L3 agent b78566d1-f300-4d6d-b6e4-ea9fee13fb5d {{(pid=104042) _get_candidates /opt/stack/neutron/neutron/scheduler/l3_agent_scheduler.py:126}}
May 26 15:09:08.421040 dv-cinder-788367-11-iscsi neutron-server[104043]: DEBUG neutron.plugins.ml2.plugin [None req-94490a59-78c7-42ba-8d09-23a9aa7f03bd None None] Current status of the port 6d4b8d55-163c-46d9-ae5a-5c1a4d55ce45 is: ACTIVE; New status is: ACTIVE {{(pid=104043) _update_individual_port_db_status /opt/stack/neutron/neutron/plugins/ml2/plugin.py:2298}}
May 26 15:09:08.422292 dv-cinder-788367-11-iscsi neutron-server[104043]: DEBUG neutron.plugins.ml2.rpc [None req-94490a59-78c7-42ba-8d09-23a9aa7f03bd None None] Device 6d250f4b-975e-4968-ae93-88e951d30e0a up at agent ovs-agent-dv-cinder-788367-11-iscsi {{(pid=104043) update_device_up /opt/stack/neutron/neutron/plugins/ml2/rpc.py:296}}
May 26 15:09:08.434830 dv-cinder-788367-11-iscsi neutron-server[104042]: DEBUG neutron_lib.callbacks.manager [None req-5b14f4b1-78f6-43ed-821f-e4ed3cb45d12 admin admin] Publish callbacks ['neutron.plugins.ml2.ovo_rpc._ObjectChangeHandler.handle_event-567313'] for security_group (04c6630a-43e3-4bed-a3d7-6f0ebae468e6), after_delete {{(pid=104042) _notify_loop /usr/local/lib/python3.8/dist-packages/neutron_lib/callbacks/manager.py:176}}
May 26 15:09:08.438054 dv-cinder-788367-11-iscsi neutron-server[104042]: DEBUG neutron_lib.callbacks.manager [None req-5b14f4b1-78f6-43ed-821f-e4ed3cb45d12 admin admin] Publish callbacks [] for security_group (None), before_response {{(pid=104042) _notify_loop /usr/local/lib/python3.8/dist-packages/neutron_lib/callbacks/manager.py:176}}
May 26 15:09:08.439817 dv-cinder-788367-11-iscsi neutron-server[104042]: INFO neutron.wsgi [None req-5b14f4b1-78f6-43ed-821f-e4ed3cb45d12 admin admin] 10.222.0.46 "DELETE /v2.0/security-groups/04c6630a-43e3-4bed-a3d7-6f0ebae468e6 HTTP/1.1" status: 204 len: 168 time: 0.4454341
May 26 15:09:08.473222 dv-cinder-788367-11-iscsi neutron-server[104042]: DEBUG neutron.api.rpc.handlers.resources_rpc [None req-5b14f4b1-78f6-43ed-821f-e4ed3cb45d12 admin admin] Pushing event deleted for resources: {'SecurityGroup': ['ID=04c6630a-43e3-4bed-a3d7-6f0ebae468e6,revision_number=None']} {{(pid=104042) push /opt/stack/neutron/neutron/api/rpc/handlers/resources_rpc.py:237}}
May 26 15:09:08.504226 dv-cinder-788367-11-iscsi neutron-server[104043]: DEBUG dbcounter [-] [104043] Writing DB stats neutron:SELECT=99,neutron:UPDATE=1 {{(pid=104043) stat_writer /usr/local/lib/python3.8/dist-packages/dbcounter.py:114}}
May 26 15:09:08.551273 dv-cinder-788367-11-iscsi neutron-server[104043]: DEBUG neutron.db.provisioning_blocks [None req-94490a59-78c7-42ba-8d09-23a9aa7f03bd None None] Provisioning complete for port 6d250f4b-975e-4968-ae93-88e951d30e0a triggered by entity L2. {{(pid=104043) provisioning_complete /opt/stack/neutron/neutron/db/provisioning_blocks.py:145}}
May 26 15:09:08.551668 dv-cinder-788367-11-iscsi neutron-server[104043]: DEBUG neutron_lib.callbacks.manager [None req-94490a59-78c7-42ba-8d09-23a9aa7f03bd None None] Publish callbacks ['neutron.plugins.ml2.plugin.Ml2Plugin._port_provisioned-4164032'] for port (6d250f4b-975e-4968-ae93-88e951d30e0a), provisioning_complete {{(pid=104043) _notify_loop /usr/local/lib/python3.8/dist-packages/neutron_lib/callbacks/manager.py:176}}
May 26 15:09:08.564077 dv-cinder-788367-11-iscsi neutron-server[104041]: INFO neutron.wsgi [req-18e3bf83-d73d-45c8-8584-628ee401d6b8 req-f047e954-b0e1-4ff8-9bf0-2550fbbc4d53 tempest-DeleteServersTestJSON-1253958708 tempest-DeleteServersTestJSON-1253958708-project] 10.222.0.46 "GET /v2.0/security-groups?id=8112918a-5955-4fe0-97b1-7ed36d8b6a81&fields=id&fields=name HTTP/1.1" status: 200 len: 286 time: 0.3920498
May 26 15:09:08.567663 dv-cinder-788367-11-iscsi neutron-server[104041]: DEBUG neutron_lib.callbacks.manager [None req-5ae153c1-bf5f-4801-9627-b8c87f5e3cef admin admin] Publish callbacks [] for port (b7132ea9-a9b6-4859-9abe-7c57eeafdca5), precommit_create {{(pid=104041) _notify_loop /usr/local/lib/python3.8/dist-packages/neutron_lib/callbacks/manager.py:176}}
May 26 15:09:08.596610 dv-cinder-788367-11-iscsi neutron-server[104041]: DEBUG neutron.scheduler.l3_agent_scheduler [None req-08df51a4-5b87-495f-b08c-754a1785c5d3 admin admin] Router 890ccd4b-a777-48f8-b6b3-37b79b45d48a has already been hosted by L3 agent b78566d1-f300-4d6d-b6e4-ea9fee13fb5d {{(pid=104041) _get_candidates /opt/stack/neutron/neutron/scheduler/l3_agent_scheduler.py:126}}
May 26 15:09:08.647995 dv-cinder-788367-11-iscsi neutron-server[104042]: DEBUG neutron.api.rpc.agentnotifiers.l3_rpc_agent_api [None req-86787e03-bc6a-41d9-87de-ecee6f752d07 admin admin] Notify agent at l3_agent.dv-cinder-788367-11-iscsi the message routers_updated {{(pid=104042) _agent_notification /opt/stack/neutron/neutron/api/rpc/agentnotifiers/l3_rpc_agent_api.py:65}}
May 26 15:09:08.651054 dv-cinder-788367-11-iscsi neutron-server[104043]: DEBUG neutron.db.provisioning_blocks [None req-5992e9d0-469d-4380-a198-9b811adb1368 None None] Provisioning complete for port 041528df-a4e9-47f6-a38e-07cde90ecc05 triggered by entity DHCP. {{(pid=104043) provisioning_complete /opt/stack/neutron/neutron/db/provisioning_blocks.py:145}}
May 26 15:09:08.651576 dv-cinder-788367-11-iscsi neutron-server[104043]: DEBUG neutron_lib.callbacks.manager [None req-5992e9d0-469d-4380-a198-9b811adb1368 None None] Publish callbacks ['neutron.plugins.ml2.plugin.Ml2Plugin._port_provisioned-4164032'] for port (041528df-a4e9-47f6-a38e-07cde90ecc05), provisioning_complete {{(pid=104043) _notify_loop /usr/local/lib/python3.8/dist-packages/neutron_lib/callbacks/manager.py:176}}
May 26 15:09:08.665407 dv-cinder-788367-11-iscsi neutron-server[104042]: INFO neutron.wsgi [None req-86787e03-bc6a-41d9-87de-ecee6f752d07 admin admin] 10.222.0.46 "PUT /v2.0/routers/63032ff9-f2ac-4259-8458-6aa7251ad3c4/add_router_interface HTTP/1.1" status: 200 len: 503 time: 10.1192465
May 26 15:09:08.717870 dv-cinder-788367-11-iscsi neutron-server[104043]: DEBUG dbcounter [-] [104043] Writing DB stats neutron:SELECT=99,neutron:UPDATE=1 {{(pid=104043) stat_writer /usr/local/lib/python3.8/dist-packages/dbcounter.py:114}}
May 26 15:09:08.741305 dv-cinder-788367-11-iscsi neutron-server[104041]: DEBUG neutron_lib.callbacks.manager [None req-5ae153c1-bf5f-4801-9627-b8c87f5e3cef admin admin] Publish callbacks ['neutron.plugins.ml2.plugin.SecurityGroupServerNotifierRpcMixin._notify_sg_on_port_change-4143374', 'neutron.plugins.ml2.ovo_rpc._ObjectChangeHandler.handle_event-337130', 'neutron.api.rpc.agentnotifiers.dhcp_rpc_agent_api.DhcpAgentNotifyAPI._native_event_send_dhcp_notification-381518', 'neutron.db.l3_dvrscheduler_db._notify_l3_agent_new_port-8760522455345'] for port (b7132ea9-a9b6-4859-9abe-7c57eeafdca5), after_create {{(pid=104041) _notify_loop /usr/local/lib/python3.8/dist-packages/neutron_lib/callbacks/manager.py:176}}
May 26 15:09:08.839370 dv-cinder-788367-11-iscsi neutron-server[104043]: DEBUG neutron.plugins.ml2.plugin [None req-5992e9d0-469d-4380-a198-9b811adb1368 None None] Port 041528df-a4e9-47f6-a38e-07cde90ecc05 cannot update to ACTIVE because it is not bound. {{(pid=104043) _port_provisioned /opt/stack/neutron/neutron/plugins/ml2/plugin.py:354}}
May 26 15:09:08.868642 dv-cinder-788367-11-iscsi neutron-server[104041]: DEBUG neutron.scheduler.dhcp_agent_scheduler [None req-5ae153c1-bf5f-4801-9627-b8c87f5e3cef admin admin] Network 8b416354-97a2-42f7-a460-05ec32c4591a is already hosted by enough agents. {{(pid=104041) _get_dhcp_agents_hosting_network /opt/stack/neutron/neutron/scheduler/dhcp_agent_scheduler.py:275}}
May 26 15:09:08.881212 dv-cinder-788367-11-iscsi neutron-server[104041]: DEBUG neutron.scheduler.base_scheduler [None req-5ae153c1-bf5f-4801-9627-b8c87f5e3cef admin admin] Resources bound (agent type, host, resource id): {{(pid=104041) schedule /opt/stack/neutron/neutron/scheduler/base_scheduler.py:57}}
May 26 15:09:08.888023 dv-cinder-788367-11-iscsi neutron-server[104041]: DEBUG neutron.db.l3_dvrscheduler_db [None req-5ae153c1-bf5f-4801-9627-b8c87f5e3cef admin admin] Received port after_create {{(pid=104041) _notify_l3_agent_new_port /opt/stack/neutron/neutron/db/l3_dvrscheduler_db.py:536}}
May 26 15:09:08.889762 dv-cinder-788367-11-iscsi neutron-server[104041]: DEBUG neutron_lib.callbacks.manager [None req-5ae153c1-bf5f-4801-9627-b8c87f5e3cef admin admin] Publish callbacks ['neutron.services.l3_router.l3_router_plugin.DVRResourceOperationHandler._add_csnat_on_interface_create-927306'] for router_interface (59ac08e4-aeb4-4212-b950-3597a8c679d3), before_create {{(pid=104041) _notify_loop /usr/local/lib/python3.8/dist-packages/neutron_lib/callbacks/manager.py:176}}
May 26 15:09:08.933938 dv-cinder-788367-11-iscsi neutron-server[104043]: DEBUG neutron.plugins.ml2.plugin [None req-94490a59-78c7-42ba-8d09-23a9aa7f03bd None None] Current status of the port 6d250f4b-975e-4968-ae93-88e951d30e0a is: DOWN; New status is: ACTIVE {{(pid=104043) _update_individual_port_db_status /opt/stack/neutron/neutron/plugins/ml2/plugin.py:2298}}
May 26 15:09:08.936954 dv-cinder-788367-11-iscsi neutron-server[104043]: DEBUG neutron_lib.callbacks.manager [None req-94490a59-78c7-42ba-8d09-23a9aa7f03bd None None] Publish callbacks ['neutron.plugins.ml2.plugin.SecurityGroupDbMixin._ensure_default_security_group_handler-4141310'] for port (6d250f4b-975e-4968-ae93-88e951d30e0a), before_update {{(pid=104043) _notify_loop /usr/local/lib/python3.8/dist-packages/neutron_lib/callbacks/manager.py:176}}
May 26 15:09:09.039018 dv-cinder-788367-11-iscsi neutron-server[104041]: DEBUG dbcounter [-] [104041] Writing DB stats neutron:SELECT=96,neutron:UPDATE=2,neutron:INSERT=2 {{(pid=104041) stat_writer /usr/local/lib/python3.8/dist-packages/dbcounter.py:114}}
May 26 15:09:09.046439 dv-cinder-788367-11-iscsi neutron-server[104041]: DEBUG neutron.api.rpc.handlers.resources_rpc [None req-5ae153c1-bf5f-4801-9627-b8c87f5e3cef admin admin] Pushing event updated for resources: {'Port': ['ID=b7132ea9-a9b6-4859-9abe-7c57eeafdca5,revision_number=1']} {{(pid=104041) push /opt/stack/neutron/neutron/api/rpc/handlers/resources_rpc.py:237}}
May 26 15:09:09.072662 dv-cinder-788367-11-iscsi neutron-server[104043]: DEBUG neutron.plugins.ml2.db [None req-94490a59-78c7-42ba-8d09-23a9aa7f03bd None None] For port 6d250f4b-975e-4968-ae93-88e951d30e0a, host dv-cinder-788367-11-iscsi, got binding levels [PortBindingLevel(driver='openvswitch',host='dv-cinder-788367-11-iscsi',level=0,port_id=6d250f4b-975e-4968-ae93-88e951d30e0a,segment=NetworkSegment(f34761b3-e979-44ee-8e43-6eb62173f4e3),segment_id=f34761b3-e979-44ee-8e43-6eb62173f4e3)] {{(pid=104043) get_binding_level_objs /opt/stack/neutron/neutron/plugins/ml2/db.py:74}}
May 26 15:09:09.089492 dv-cinder-788367-11-iscsi neutron-server[104043]: DEBUG neutron_lib.callbacks.manager [None req-94490a59-78c7-42ba-8d09-23a9aa7f03bd None None] Publish callbacks ['neutron.plugins.ml2.plugin.SecurityGroupServerNotifierRpcMixin._notify_sg_on_port_change-4143374', 'neutron.plugins.ml2.ovo_rpc._ObjectChangeHandler.handle_event-337130', 'neutron.api.rpc.agentnotifiers.dhcp_rpc_agent_api.DhcpAgentNotifyAPI._native_event_send_dhcp_notification-381518', 'neutron.db.l3_db.L3RpcNotifierMixin._notify_gateway_port_ip_changed-8760522848741', 'neutron.db.l3_dvrscheduler_db._notify_l3_agent_port_update-8760522455363', 'neutron.db.l3_hascheduler_db._notify_l3_agent_ha_port_update-8760522455381'] for port (6d250f4b-975e-4968-ae93-88e951d30e0a), after_update {{(pid=104043) _notify_loop /usr/local/lib/python3.8/dist-packages/neutron_lib/callbacks/manager.py:176}}
May 26 15:09:09.261134 dv-cinder-788367-11-iscsi neutron-server[104041]: DEBUG neutron.api.rpc.agentnotifiers.l3_rpc_agent_api [None req-08df51a4-5b87-495f-b08c-754a1785c5d3 admin admin] Notify agent at l3_agent.dv-cinder-788367-11-iscsi the message routers_updated {{(pid=104041) _agent_notification /opt/stack/neutron/neutron/api/rpc/agentnotifiers/l3_rpc_agent_api.py:65}}
May 26 15:09:09.285976 dv-cinder-788367-11-iscsi neutron-server[104041]: INFO neutron.wsgi [None req-08df51a4-5b87-495f-b08c-754a1785c5d3 admin admin] 10.222.0.46 "PUT /v2.0/routers/890ccd4b-a777-48f8-b6b3-37b79b45d48a/add_router_interface HTTP/1.1" status: 200 len: 503 time: 11.6367509
May 26 15:09:09.287569 dv-cinder-788367-11-iscsi neutron-server[104041]: DEBUG neutron_lib.callbacks.manager [None req-5ae153c1-bf5f-4801-9627-b8c87f5e3cef admin admin] Publish callbacks ['neutron.plugins.ml2.plugin.SecurityGroupDbMixin._ensure_default_security_group_handler-4141310'] for port (b7132ea9-a9b6-4859-9abe-7c57eeafdca5), before_update {{(pid=104041) _notify_loop /usr/local/lib/python3.8/dist-packages/neutron_lib/callbacks/manager.py:176}}
May 26 15:09:09.320079 dv-cinder-788367-11-iscsi neutron-server[104043]: DEBUG neutron.api.rpc.handlers.l3_rpc [None req-9906db5b-47ce-4cd1-954d-3bc8e7d484d2 None None] Sync routers for ids ['890ccd4b-a777-48f8-b6b3-37b79b45d48a'] in dv-cinder-788367-11-iscsi {{(pid=104043) sync_routers /opt/stack/neutron/neutron/api/rpc/handlers/l3_rpc.py:125}}
