May 26 14:54:54.526950 dv-cinder-788367-11-iscsi devstack@keystone.service[80167]: DEBUG keystone.common.rbac_enforcer.enforcer [None req-81f2e6a0-6877-4612-966b-f522f52463c1 None admin] RBAC: Authorization granted {{(pid=80167) enforce_call /opt/stack/keystone/keystone/common/rbac_enforcer/enforcer.py:457}}
May 26 14:54:54.527244 dv-cinder-788367-11-iscsi devstack@keystone.service[80168]: DEBUG keystone.server.flask.request_processing.req_logging [None req-349a2460-332d-4797-904f-bf75ddf7da40 None admin] REQUEST_METHOD: `PUT` {{(pid=80168) log_request_info /opt/stack/keystone/keystone/server/flask/request_processing/req_logging.py:27}}
May 26 14:54:54.527753 dv-cinder-788367-11-iscsi devstack@keystone.service[80168]: DEBUG keystone.server.flask.request_processing.req_logging [None req-349a2460-332d-4797-904f-bf75ddf7da40 None admin] SCRIPT_NAME: `/identity` {{(pid=80168) log_request_info /opt/stack/keystone/keystone/server/flask/request_processing/req_logging.py:28}}
May 26 14:54:54.528219 dv-cinder-788367-11-iscsi devstack@keystone.service[80168]: DEBUG keystone.server.flask.request_processing.req_logging [None req-349a2460-332d-4797-904f-bf75ddf7da40 None admin] PATH_INFO: `/v3/projects/94ad8a7442da4d658f58d1543ae06493/groups/4c84bf7a4c4f41da83d400606d236080/roles/d4088d1845a24fbd9bd8975ce0b1d3d0` {{(pid=80168) log_request_info /opt/stack/keystone/keystone/server/flask/request_processing/req_logging.py:29}}
May 26 14:54:54.530513 dv-cinder-788367-11-iscsi devstack@keystone.service[80168]: DEBUG keystone.common.rbac_enforcer.enforcer [None req-349a2460-332d-4797-904f-bf75ddf7da40 None admin] RBAC: Authorizing `identity:create_grant(project_id=94ad8a7442da4d658f58d1543ae06493, group_id=4c84bf7a4c4f41da83d400606d236080, role_id=d4088d1845a24fbd9bd8975ce0b1d3d0)` {{(pid=80168) enforce_call /opt/stack/keystone/keystone/common/rbac_enforcer/enforcer.py:449}}
May 26 14:54:54.532257 dv-cinder-788367-11-iscsi devstack@keystone.service[80168]: DEBUG keystone.common.rbac_enforcer.enforcer [None req-349a2460-332d-4797-904f-bf75ddf7da40 None admin] RBAC: Authorization granted {{(pid=80168) enforce_call /opt/stack/keystone/keystone/common/rbac_enforcer/enforcer.py:457}}
May 26 14:54:54.533501 dv-cinder-788367-11-iscsi devstack@keystone.service[80167]: [pid: 80167|app: 0|req: 204/409] 10.222.0.46 () {56 vars in 1180 bytes} [Thu May 26 14:54:54 2022] GET /identity/v3/groups/7757649a149e40c398b4898ac4f6d4a3 => generated 229 bytes in 163 msecs (HTTP/1.1 200) 5 headers in 177 bytes (1 switches on core 0)
May 26 14:54:54.534476 dv-cinder-788367-11-iscsi devstack@keystone.service[80167]: DEBUG keystone.server.flask.request_processing.middleware.auth_context [None req-81f2e6a0-6877-4612-966b-f522f52463c1 None admin] Authenticating user token {{(pid=80167) process_request /usr/local/lib/python3.8/dist-packages/keystonemiddleware/auth_token/__init__.py:407}}
May 26 14:54:54.552504 dv-cinder-788367-11-iscsi devstack@keystone.service[80168]: [pid: 80168|app: 0|req: 206/410] 10.222.0.46 () {58 vars in 1442 bytes} [Thu May 26 14:54:54 2022] PUT /identity/v3/projects/94ad8a7442da4d658f58d1543ae06493/groups/4c84bf7a4c4f41da83d400606d236080/roles/d4088d1845a24fbd9bd8975ce0b1d3d0 => generated 0 bytes in 204 msecs (HTTP/1.1 204) 3 headers in 132 bytes (0 switches on core 0)
May 26 14:54:54.553763 dv-cinder-788367-11-iscsi devstack@keystone.service[80168]: DEBUG keystone.server.flask.request_processing.middleware.auth_context [None req-349a2460-332d-4797-904f-bf75ddf7da40 None admin] Authenticating user token {{(pid=80168) process_request /usr/local/lib/python3.8/dist-packages/keystonemiddleware/auth_token/__init__.py:407}}
May 26 14:54:54.584625 dv-cinder-788367-11-iscsi devstack@keystone.service[80168]: DEBUG dbcounter [-] [80168] Writing DB stats keystone:SELECT=99,keystone:INSERT=1 {{(pid=80168) stat_writer /usr/local/lib/python3.8/dist-packages/dbcounter.py:114}}
May 26 14:54:54.718161 dv-cinder-788367-11-iscsi devstack@keystone.service[80168]: DEBUG keystone.server.flask.request_processing.middleware.auth_context [None req-349a2460-332d-4797-904f-bf75ddf7da40 None admin] Validating token access rules against request {{(pid=80168) validate_allowed_request /usr/local/lib/python3.8/dist-packages/keystonemiddleware/auth_token/__init__.py:545}}
May 26 14:54:54.720550 dv-cinder-788367-11-iscsi devstack@keystone.service[80167]: DEBUG keystone.server.flask.request_processing.middleware.auth_context [None req-81f2e6a0-6877-4612-966b-f522f52463c1 None admin] Validating token access rules against request {{(pid=80167) validate_allowed_request /usr/local/lib/python3.8/dist-packages/keystonemiddleware/auth_token/__init__.py:545}}
May 26 14:54:54.724777 dv-cinder-788367-11-iscsi devstack@keystone.service[80167]: DEBUG dbcounter [-] [80167] Writing DB stats keystone:SELECT=100 {{(pid=80167) stat_writer /usr/local/lib/python3.8/dist-packages/dbcounter.py:114}}
May 26 14:54:54.763686 dv-cinder-788367-11-iscsi devstack@keystone.service[80168]: DEBUG keystone.server.flask.request_processing.middleware.auth_context [None req-5148d7a3-7e01-4a19-93d1-a8570a0079e1 None admin] RBAC: auth_context: {'token': , 'domain_id': None, 'trust_id': None, 'trustor_id': None, 'trustee_id': None, 'domain_name': None, 'group_ids': [], 'user_id': 'dede0ef3af5b453796bce68732b5fd29', 'user_domain_id': 'default', 'system_scope': 'all', 'project_id': None, 'project_domain_id': None, 'roles': ['admin', 'member', 'reader'], 'is_admin_project': True, 'service_user_id': None, 'service_user_domain_id': None, 'service_project_id': None, 'service_project_domain_id': None, 'service_roles': []} {{(pid=80168) fill_context /opt/stack/keystone/keystone/server/flask/request_processing/middleware/auth_context.py:478}}
May 26 14:54:54.764886 dv-cinder-788367-11-iscsi devstack@keystone.service[80168]: DEBUG keystone.server.flask.request_processing.req_logging [None req-5148d7a3-7e01-4a19-93d1-a8570a0079e1 None admin] REQUEST_METHOD: `GET` {{(pid=80168) log_request_info /opt/stack/keystone/keystone/server/flask/request_processing/req_logging.py:27}}
May 26 14:54:54.765272 dv-cinder-788367-11-iscsi devstack@keystone.service[80168]: DEBUG keystone.server.flask.request_processing.req_logging [None req-5148d7a3-7e01-4a19-93d1-a8570a0079e1 None admin] SCRIPT_NAME: `/identity` {{(pid=80168) log_request_info /opt/stack/keystone/keystone/server/flask/request_processing/req_logging.py:28}}
May 26 14:54:54.765690 dv-cinder-788367-11-iscsi devstack@keystone.service[80168]: DEBUG keystone.server.flask.request_processing.req_logging [None req-5148d7a3-7e01-4a19-93d1-a8570a0079e1 None admin] PATH_INFO: `/v3/projects/064fc3c7af494c988e44e426f21b1c78` {{(pid=80168) log_request_info /opt/stack/keystone/keystone/server/flask/request_processing/req_logging.py:29}}
May 26 14:54:54.767214 dv-cinder-788367-11-iscsi devstack@keystone.service[80168]: DEBUG keystone.common.rbac_enforcer.enforcer [None req-5148d7a3-7e01-4a19-93d1-a8570a0079e1 None admin] RBAC: Authorizing `identity:get_project(project_id=064fc3c7af494c988e44e426f21b1c78)` {{(pid=80168) enforce_call /opt/stack/keystone/keystone/common/rbac_enforcer/enforcer.py:449}}
May 26 14:54:54.767627 dv-cinder-788367-11-iscsi devstack@keystone.service[80167]: DEBUG keystone.server.flask.request_processing.middleware.auth_context [None req-f488d18d-18da-44b9-b785-279a5c5ad2b5 None admin] RBAC: auth_context: {'token': , 'domain_id': None, 'trust_id': None, 'trustor_id': None, 'trustee_id': None, 'domain_name': None, 'group_ids': [], 'user_id': 'dede0ef3af5b453796bce68732b5fd29', 'user_domain_id': 'default', 'system_scope': 'all', 'project_id': None, 'project_domain_id': None, 'roles': ['admin', 'member', 'reader'], 'is_admin_project': True, 'service_user_id': None, 'service_user_domain_id': None, 'service_project_id': None, 'service_project_domain_id': None, 'service_roles': []} {{(pid=80167) fill_context /opt/stack/keystone/keystone/server/flask/request_processing/middleware/auth_context.py:478}}
May 26 14:54:54.768554 dv-cinder-788367-11-iscsi devstack@keystone.service[80167]: DEBUG keystone.server.flask.request_processing.req_logging [None req-f488d18d-18da-44b9-b785-279a5c5ad2b5 None admin] REQUEST_METHOD: `GET` {{(pid=80167) log_request_info /opt/stack/keystone/keystone/server/flask/request_processing/req_logging.py:27}}
May 26 14:54:54.768891 dv-cinder-788367-11-iscsi devstack@keystone.service[80167]: DEBUG keystone.server.flask.request_processing.req_logging [None req-f488d18d-18da-44b9-b785-279a5c5ad2b5 None admin] SCRIPT_NAME: `/identity` {{(pid=80167) log_request_info /opt/stack/keystone/keystone/server/flask/request_processing/req_logging.py:28}}
May 26 14:54:54.768990 dv-cinder-788367-11-iscsi devstack@keystone.service[80168]: DEBUG keystone.common.rbac_enforcer.enforcer [None req-5148d7a3-7e01-4a19-93d1-a8570a0079e1 None admin] RBAC: Authorization granted {{(pid=80168) enforce_call /opt/stack/keystone/keystone/common/rbac_enforcer/enforcer.py:457}}
May 26 14:54:54.769166 dv-cinder-788367-11-iscsi devstack@keystone.service[80167]: DEBUG keystone.server.flask.request_processing.req_logging [None req-f488d18d-18da-44b9-b785-279a5c5ad2b5 None admin] PATH_INFO: `/v3/groups/4c84bf7a4c4f41da83d400606d236080` {{(pid=80167) log_request_info /opt/stack/keystone/keystone/server/flask/request_processing/req_logging.py:29}}
May 26 14:54:54.770387 dv-cinder-788367-11-iscsi devstack@keystone.service[80167]: DEBUG keystone.common.rbac_enforcer.enforcer [None req-f488d18d-18da-44b9-b785-279a5c5ad2b5 None admin] RBAC: Authorizing `identity:get_group(group_id=4c84bf7a4c4f41da83d400606d236080)` {{(pid=80167) enforce_call /opt/stack/keystone/keystone/common/rbac_enforcer/enforcer.py:449}}
May 26 14:54:54.770978 dv-cinder-788367-11-iscsi devstack@keystone.service[80168]: [pid: 80168|app: 0|req: 207/411] 10.222.0.46 () {56 vars in 1186 bytes} [Thu May 26 14:54:54 2022] GET /identity/v3/projects/064fc3c7af494c988e44e426f21b1c78 => generated 344 bytes in 218 msecs (HTTP/1.1 200) 5 headers in 177 bytes (1 switches on core 0)
May 26 14:54:54.771858 dv-cinder-788367-11-iscsi devstack@keystone.service[80167]: DEBUG keystone.common.rbac_enforcer.enforcer [None req-f488d18d-18da-44b9-b785-279a5c5ad2b5 None admin] RBAC: Authorization granted {{(pid=80167) enforce_call /opt/stack/keystone/keystone/common/rbac_enforcer/enforcer.py:457}}
May 26 14:54:54.773731 dv-cinder-788367-11-iscsi devstack@keystone.service[80167]: [pid: 80167|app: 0|req: 205/412] 10.222.0.46 () {56 vars in 1180 bytes} [Thu May 26 14:54:54 2022] GET /identity/v3/groups/4c84bf7a4c4f41da83d400606d236080 => generated 226 bytes in 240 msecs (HTTP/1.1 200) 5 headers in 177 bytes (1 switches on core 0)
May 26 14:54:54.776660 dv-cinder-788367-11-iscsi devstack@keystone.service[80168]: DEBUG keystone.server.flask.request_processing.req_logging [None req-62562612-8623-4a2b-99ed-f07fda369939 None None] REQUEST_METHOD: `GET` {{(pid=80168) log_request_info /opt/stack/keystone/keystone/server/flask/request_processing/req_logging.py:27}}
May 26 14:54:54.778331 dv-cinder-788367-11-iscsi devstack@keystone.service[80168]: DEBUG keystone.server.flask.request_processing.req_logging [None req-62562612-8623-4a2b-99ed-f07fda369939 None None] SCRIPT_NAME: `/identity` {{(pid=80168) log_request_info /opt/stack/keystone/keystone/server/flask/request_processing/req_logging.py:28}}
May 26 14:54:54.778331 dv-cinder-788367-11-iscsi devstack@keystone.service[80168]: DEBUG keystone.server.flask.request_processing.req_logging [None req-62562612-8623-4a2b-99ed-f07fda369939 None None] PATH_INFO: `/` {{(pid=80168) log_request_info /opt/stack/keystone/keystone/server/flask/request_processing/req_logging.py:29}}
May 26 14:54:54.779147 dv-cinder-788367-11-iscsi devstack@keystone.service[80168]: [pid: 80168|app: 0|req: 208/413] 10.222.0.46 () {54 vars in 926 bytes} [Thu May 26 14:54:54 2022] GET /identity => generated 270 bytes in 7 msecs (HTTP/1.1 300) 6 headers in 234 bytes (1 switches on core 0)
May 26 14:54:54.779562 dv-cinder-788367-11-iscsi devstack@keystone.service[80167]: DEBUG keystone.server.flask.request_processing.middleware.auth_context [None req-f488d18d-18da-44b9-b785-279a5c5ad2b5 None admin] Authenticating user token {{(pid=80167) process_request /usr/local/lib/python3.8/dist-packages/keystonemiddleware/auth_token/__init__.py:407}}
May 26 14:54:54.779996 dv-cinder-788367-11-iscsi devstack@keystone.service[80168]: DEBUG keystone.server.flask.request_processing.middleware.auth_context [None req-62562612-8623-4a2b-99ed-f07fda369939 None None] Authenticating user token {{(pid=80168) process_request /usr/local/lib/python3.8/dist-packages/keystonemiddleware/auth_token/__init__.py:407}}
May 26 14:54:54.894726 dv-cinder-788367-11-iscsi devstack@keystone.service[80168]: DEBUG dbcounter [-] [80168] Writing DB stats keystone:SELECT=100 {{(pid=80168) stat_writer /usr/local/lib/python3.8/dist-packages/dbcounter.py:114}}
May 26 14:54:54.900102 dv-cinder-788367-11-iscsi devstack@keystone.service[80167]: DEBUG keystone.server.flask.request_processing.middleware.auth_context [None req-f488d18d-18da-44b9-b785-279a5c5ad2b5 None admin] Validating token access rules against request {{(pid=80167) validate_allowed_request /usr/local/lib/python3.8/dist-packages/keystonemiddleware/auth_token/__init__.py:545}}
May 26 14:54:54.906449 dv-cinder-788367-11-iscsi devstack@keystone.service[80168]: DEBUG keystone.server.flask.request_processing.middleware.auth_context [None req-62562612-8623-4a2b-99ed-f07fda369939 None None] Validating token access rules against request {{(pid=80168) validate_allowed_request /usr/local/lib/python3.8/dist-packages/keystonemiddleware/auth_token/__init__.py:545}}
May 26 14:54:54.937359 dv-cinder-788367-11-iscsi devstack@keystone.service[80167]: DEBUG keystone.server.flask.request_processing.middleware.auth_context [None req-d36c7ee0-0f2c-4be4-97c8-6e37829174d2 None admin] RBAC: auth_context: {'token': , 'domain_id': None, 'trust_id': None, 'trustor_id': None, 'trustee_id': None, 'domain_name': None, 'group_ids': [], 'user_id': 'dede0ef3af5b453796bce68732b5fd29', 'user_domain_id': 'default', 'system_scope': 'all', 'project_id': None, 'project_domain_id': None, 'roles': ['admin', 'member', 'reader'], 'is_admin_project': True, 'service_user_id': None, 'service_user_domain_id': None, 'service_project_id': None, 'service_project_domain_id': None, 'service_roles': []} {{(pid=80167) fill_context /opt/stack/keystone/keystone/server/flask/request_processing/middleware/auth_context.py:478}}
May 26 14:54:54.938695 dv-cinder-788367-11-iscsi devstack@keystone.service[80167]: DEBUG keystone.server.flask.request_processing.req_logging [None req-d36c7ee0-0f2c-4be4-97c8-6e37829174d2 None admin] REQUEST_METHOD: `PUT` {{(pid=80167) log_request_info /opt/stack/keystone/keystone/server/flask/request_processing/req_logging.py:27}}
May 26 14:54:54.939165 dv-cinder-788367-11-iscsi devstack@keystone.service[80167]: DEBUG keystone.server.flask.request_processing.req_logging [None req-d36c7ee0-0f2c-4be4-97c8-6e37829174d2 None admin] SCRIPT_NAME: `/identity` {{(pid=80167) log_request_info /opt/stack/keystone/keystone/server/flask/request_processing/req_logging.py:28}}
May 26 14:54:54.939716 dv-cinder-788367-11-iscsi devstack@keystone.service[80167]: DEBUG keystone.server.flask.request_processing.req_logging [None req-d36c7ee0-0f2c-4be4-97c8-6e37829174d2 None admin] PATH_INFO: `/v3/projects/064fc3c7af494c988e44e426f21b1c78/groups/7757649a149e40c398b4898ac4f6d4a3/roles/a2e551773cbd4df084020676865b8222` {{(pid=80167) log_request_info /opt/stack/keystone/keystone/server/flask/request_processing/req_logging.py:29}}
May 26 14:54:54.942022 dv-cinder-788367-11-iscsi devstack@keystone.service[80167]: DEBUG keystone.common.rbac_enforcer.enforcer [None req-d36c7ee0-0f2c-4be4-97c8-6e37829174d2 None admin] RBAC: Authorizing `identity:create_grant(project_id=064fc3c7af494c988e44e426f21b1c78, group_id=7757649a149e40c398b4898ac4f6d4a3, role_id=a2e551773cbd4df084020676865b8222)` {{(pid=80167) enforce_call /opt/stack/keystone/keystone/common/rbac_enforcer/enforcer.py:449}}
May 26 14:54:54.942936 dv-cinder-788367-11-iscsi devstack@keystone.service[80168]: DEBUG keystone.server.flask.request_processing.middleware.auth_context [None req-f7200fa1-638c-4677-af49-c6c72a0adb0c None admin] RBAC: auth_context: {'token': , 'domain_id': None, 'trust_id': None, 'trustor_id': None, 'trustee_id': None, 'domain_name': None, 'group_ids': [], 'user_id': 'dede0ef3af5b453796bce68732b5fd29', 'user_domain_id': 'default', 'system_scope': 'all', 'project_id': None, 'project_domain_id': None, 'roles': ['admin', 'member', 'reader'], 'is_admin_project': True, 'service_user_id': None, 'service_user_domain_id': None, 'service_project_id': None, 'service_project_domain_id': None, 'service_roles': []} {{(pid=80168) fill_context /opt/stack/keystone/keystone/server/flask/request_processing/middleware/auth_context.py:478}}
May 26 14:54:54.943805 dv-cinder-788367-11-iscsi devstack@keystone.service[80168]: DEBUG keystone.server.flask.request_processing.req_logging [None req-f7200fa1-638c-4677-af49-c6c72a0adb0c None admin] REQUEST_METHOD: `GET` {{(pid=80168) log_request_info /opt/stack/keystone/keystone/server/flask/request_processing/req_logging.py:27}}
May 26 14:54:54.944056 dv-cinder-788367-11-iscsi devstack@keystone.service[80167]: DEBUG keystone.common.rbac_enforcer.enforcer [None req-d36c7ee0-0f2c-4be4-97c8-6e37829174d2 None admin] RBAC: Authorization granted {{(pid=80167) enforce_call /opt/stack/keystone/keystone/common/rbac_enforcer/enforcer.py:457}}
May 26 14:54:54.944154 dv-cinder-788367-11-iscsi devstack@keystone.service[80168]: DEBUG keystone.server.flask.request_processing.req_logging [None req-f7200fa1-638c-4677-af49-c6c72a0adb0c None admin] SCRIPT_NAME: `/identity` {{(pid=80168) log_request_info /opt/stack/keystone/keystone/server/flask/request_processing/req_logging.py:28}}
May 26 14:54:54.944352 dv-cinder-788367-11-iscsi devstack@keystone.service[80168]: DEBUG keystone.server.flask.request_processing.req_logging [None req-f7200fa1-638c-4677-af49-c6c72a0adb0c None admin] PATH_INFO: `/v3/projects/94ad8a7442da4d658f58d1543ae06493` {{(pid=80168) log_request_info /opt/stack/keystone/keystone/server/flask/request_processing/req_logging.py:29}}
May 26 14:54:54.945609 dv-cinder-788367-11-iscsi devstack@keystone.service[80168]: DEBUG keystone.common.rbac_enforcer.enforcer [None req-f7200fa1-638c-4677-af49-c6c72a0adb0c None admin] RBAC: Authorizing `identity:get_project(project_id=94ad8a7442da4d658f58d1543ae06493)` {{(pid=80168) enforce_call /opt/stack/keystone/keystone/common/rbac_enforcer/enforcer.py:449}}
May 26 14:54:54.947144 dv-cinder-788367-11-iscsi devstack@keystone.service[80168]: DEBUG keystone.common.rbac_enforcer.enforcer [None req-f7200fa1-638c-4677-af49-c6c72a0adb0c None admin] RBAC: Authorization granted {{(pid=80168) enforce_call /opt/stack/keystone/keystone/common/rbac_enforcer/enforcer.py:457}}
May 26 14:54:54.949831 dv-cinder-788367-11-iscsi devstack@keystone.service[80168]: [pid: 80168|app: 0|req: 209/414] 10.222.0.46 () {56 vars in 1186 bytes} [Thu May 26 14:54:54 2022] GET /identity/v3/projects/94ad8a7442da4d658f58d1543ae06493 => generated 302 bytes in 170 msecs (HTTP/1.1 200) 5 headers in 177 bytes (1 switches on core 0)
May 26 14:54:54.955498 dv-cinder-788367-11-iscsi devstack@keystone.service[80168]: DEBUG keystone.server.flask.request_processing.req_logging [None req-46946086-f8d3-439b-addc-a4da9e8f9263 None None] REQUEST_METHOD: `POST` {{(pid=80168) log_request_info /opt/stack/keystone/keystone/server/flask/request_processing/req_logging.py:27}}
May 26 14:54:54.955797 dv-cinder-788367-11-iscsi devstack@keystone.service[80168]: DEBUG keystone.server.flask.request_processing.req_logging [None req-46946086-f8d3-439b-addc-a4da9e8f9263 None None] SCRIPT_NAME: `/identity` {{(pid=80168) log_request_info /opt/stack/keystone/keystone/server/flask/request_processing/req_logging.py:28}}
May 26 14:54:54.956070 dv-cinder-788367-11-iscsi devstack@keystone.service[80168]: DEBUG keystone.server.flask.request_processing.req_logging [None req-46946086-f8d3-439b-addc-a4da9e8f9263 None None] PATH_INFO: `/v3/auth/tokens` {{(pid=80168) log_request_info /opt/stack/keystone/keystone/server/flask/request_processing/req_logging.py:29}}
May 26 14:54:54.962958 dv-cinder-788367-11-iscsi devstack@keystone.service[80167]: [pid: 80167|app: 0|req: 206/415] 10.222.0.46 () {58 vars in 1442 bytes} [Thu May 26 14:54:54 2022] PUT /identity/v3/projects/064fc3c7af494c988e44e426f21b1c78/groups/7757649a149e40c398b4898ac4f6d4a3/roles/a2e551773cbd4df084020676865b8222 => generated 0 bytes in 184 msecs (HTTP/1.1 204) 3 headers in 132 bytes (0 switches on core 0)
May 26 14:54:54.969472 dv-cinder-788367-11-iscsi devstack@keystone.service[80167]: DEBUG keystone.server.flask.request_processing.middleware.auth_context [None req-d36c7ee0-0f2c-4be4-97c8-6e37829174d2 None admin] Authenticating user token {{(pid=80167) process_request /usr/local/lib/python3.8/dist-packages/keystonemiddleware/auth_token/__init__.py:407}}
May 26 14:54:54.985070 dv-cinder-788367-11-iscsi devstack@keystone.service[80168]: DEBUG keystone.auth.core [None req-46946086-f8d3-439b-addc-a4da9e8f9263 None None] MFA Rules not processed for user `dede0ef3af5b453796bce68732b5fd29`. Rule list: `[]` (Enabled: `True`). {{(pid=80168) check_auth_methods_against_rules /opt/stack/keystone/keystone/auth/core.py:438}}
May 26 14:54:54.986892 dv-cinder-788367-11-iscsi devstack@keystone.service[80168]: DEBUG keystone.common.fernet_utils [None req-46946086-f8d3-439b-addc-a4da9e8f9263 None None] Loaded 2 Fernet keys from /etc/keystone/fernet-keys/, but `[fernet_tokens] max_active_keys = 3`; perhaps there have not been enough key rotations to reach `max_active_keys` yet? {{(pid=80168) load_keys /opt/stack/keystone/keystone/common/fernet_utils.py:286}}
May 26 14:54:55.007007 dv-cinder-788367-11-iscsi devstack@keystone.service[80167]: DEBUG dbcounter [-] [80167] Writing DB stats keystone:SELECT=99,keystone:INSERT=1 {{(pid=80167) stat_writer /usr/local/lib/python3.8/dist-packages/dbcounter.py:114}}
May 26 14:54:55.091136 dv-cinder-788367-11-iscsi devstack@keystone.service[80167]: DEBUG keystone.server.flask.request_processing.middleware.auth_context [None req-d36c7ee0-0f2c-4be4-97c8-6e37829174d2 None admin] Validating token access rules against request {{(pid=80167) validate_allowed_request /usr/local/lib/python3.8/dist-packages/keystonemiddleware/auth_token/__init__.py:545}}
May 26 14:54:55.131205 dv-cinder-788367-11-iscsi devstack@keystone.service[80167]: DEBUG keystone.server.flask.request_processing.middleware.auth_context [None req-afd6dbbc-1ca0-49e2-8226-14c7c79715cd None admin] RBAC: auth_context: {'token': , 'domain_id': None, 'trust_id': None, 'trustor_id': None, 'trustee_id': None, 'domain_name': None, 'group_ids': [], 'user_id': 'dede0ef3af5b453796bce68732b5fd29', 'user_domain_id': 'default', 'system_scope': 'all', 'project_id': None, 'project_domain_id': None, 'roles': ['admin', 'member', 'reader'], 'is_admin_project': True, 'service_user_id': None, 'service_user_domain_id': None, 'service_project_id': None, 'service_project_domain_id': None, 'service_roles': []} {{(pid=80167) fill_context /opt/stack/keystone/keystone/server/flask/request_processing/middleware/auth_context.py:478}}
May 26 14:54:55.132508 dv-cinder-788367-11-iscsi devstack@keystone.service[80167]: DEBUG keystone.server.flask.request_processing.req_logging [None req-afd6dbbc-1ca0-49e2-8226-14c7c79715cd None admin] REQUEST_METHOD: `PUT` {{(pid=80167) log_request_info /opt/stack/keystone/keystone/server/flask/request_processing/req_logging.py:27}}
May 26 14:54:55.133020 dv-cinder-788367-11-iscsi devstack@keystone.service[80167]: DEBUG keystone.server.flask.request_processing.req_logging [None req-afd6dbbc-1ca0-49e2-8226-14c7c79715cd None admin] SCRIPT_NAME: `/identity` {{(pid=80167) log_request_info /opt/stack/keystone/keystone/server/flask/request_processing/req_logging.py:28}}
May 26 14:54:55.133535 dv-cinder-788367-11-iscsi devstack@keystone.service[80167]: DEBUG keystone.server.flask.request_processing.req_logging [None req-afd6dbbc-1ca0-49e2-8226-14c7c79715cd None admin] PATH_INFO: `/v3/projects/94ad8a7442da4d658f58d1543ae06493/groups/4c84bf7a4c4f41da83d400606d236080/roles/160115b2143c4b389d39cd93f43e1d01` {{(pid=80167) log_request_info /opt/stack/keystone/keystone/server/flask/request_processing/req_logging.py:29}}
May 26 14:54:55.136846 dv-cinder-788367-11-iscsi devstack@keystone.service[80167]: DEBUG keystone.common.rbac_enforcer.enforcer [None req-afd6dbbc-1ca0-49e2-8226-14c7c79715cd None admin] RBAC: Authorizing `identity:create_grant(project_id=94ad8a7442da4d658f58d1543ae06493, group_id=4c84bf7a4c4f41da83d400606d236080, role_id=160115b2143c4b389d39cd93f43e1d01)` {{(pid=80167) enforce_call /opt/stack/keystone/keystone/common/rbac_enforcer/enforcer.py:449}}
May 26 14:54:55.138658 dv-cinder-788367-11-iscsi devstack@keystone.service[80167]: DEBUG keystone.common.rbac_enforcer.enforcer [None req-afd6dbbc-1ca0-49e2-8226-14c7c79715cd None admin] RBAC: Authorization granted {{(pid=80167) enforce_call /opt/stack/keystone/keystone/common/rbac_enforcer/enforcer.py:457}}
May 26 14:54:55.162857 dv-cinder-788367-11-iscsi devstack@keystone.service[80167]: [pid: 80167|app: 0|req: 207/416] 10.222.0.46 () {58 vars in 1442 bytes} [Thu May 26 14:54:54 2022] PUT /identity/v3/projects/94ad8a7442da4d658f58d1543ae06493/groups/4c84bf7a4c4f41da83d400606d236080/roles/160115b2143c4b389d39cd93f43e1d01 => generated 0 bytes in 193 msecs (HTTP/1.1 204) 3 headers in 132 bytes (0 switches on core 0)
May 26 14:54:55.197349 dv-cinder-788367-11-iscsi devstack@keystone.service[80168]: [pid: 80168|app: 0|req: 210/417] 10.222.0.46 () {58 vars in 1023 bytes} [Thu May 26 14:54:54 2022] POST /identity/v3/auth/tokens => generated 799 bytes in 247 msecs (HTTP/1.1 201) 6 headers in 363 bytes (1 switches on core 0)
May 26 14:54:55.234404 dv-cinder-788367-11-iscsi devstack@keystone.service[80167]: DEBUG keystone.server.flask.request_processing.middleware.auth_context [None req-afd6dbbc-1ca0-49e2-8226-14c7c79715cd None admin] Authenticating user token {{(pid=80167) process_request /usr/local/lib/python3.8/dist-packages/keystonemiddleware/auth_token/__init__.py:407}}
May 26 14:54:55.346366 dv-cinder-788367-11-iscsi devstack@keystone.service[80167]: DEBUG dbcounter [-] [80167] Writing DB stats keystone:SELECT=99,keystone:INSERT=1 {{(pid=80167) stat_writer /usr/local/lib/python3.8/dist-packages/dbcounter.py:114}}
May 26 14:54:55.359167 dv-cinder-788367-11-iscsi devstack@keystone.service[80167]: DEBUG keystone.server.flask.request_processing.middleware.auth_context [None req-afd6dbbc-1ca0-49e2-8226-14c7c79715cd None admin] Validating token access rules against request {{(pid=80167) validate_allowed_request /usr/local/lib/python3.8/dist-packages/keystonemiddleware/auth_token/__init__.py:545}}
May 26 14:54:55.400979 dv-cinder-788367-11-iscsi devstack@keystone.service[80167]: DEBUG keystone.server.flask.request_processing.middleware.auth_context [None req-87819b55-933c-4a34-888c-7b85ab5f2807 None admin] RBAC: auth_context: {'token': , 'domain_id': None, 'trust_id': None, 'trustor_id': None, 'trustee_id': None, 'domain_name': None, 'group_ids': [], 'user_id': 'dede0ef3af5b453796bce68732b5fd29', 'user_domain_id': 'default', 'system_scope': 'all', 'project_id': None, 'project_domain_id': None, 'roles': ['admin', 'member', 'reader'], 'is_admin_project': True, 'service_user_id': None, 'service_user_domain_id': None, 'service_project_id': None, 'service_project_domain_id': None, 'service_roles': []} {{(pid=80167) fill_context /opt/stack/keystone/keystone/server/flask/request_processing/middleware/auth_context.py:478}}
May 26 14:54:55.401971 dv-cinder-788367-11-iscsi devstack@keystone.service[80167]: DEBUG keystone.server.flask.request_processing.req_logging [None req-87819b55-933c-4a34-888c-7b85ab5f2807 None admin] REQUEST_METHOD: `GET` {{(pid=80167) log_request_info /opt/stack/keystone/keystone/server/flask/request_processing/req_logging.py:27}}
May 26 14:54:55.402258 dv-cinder-788367-11-iscsi devstack@keystone.service[80167]: DEBUG keystone.server.flask.request_processing.req_logging [None req-87819b55-933c-4a34-888c-7b85ab5f2807 None admin] SCRIPT_NAME: `/identity` {{(pid=80167) log_request_info /opt/stack/keystone/keystone/server/flask/request_processing/req_logging.py:28}}
May 26 14:54:55.402531 dv-cinder-788367-11-iscsi devstack@keystone.service[80167]: DEBUG keystone.server.flask.request_processing.req_logging [None req-87819b55-933c-4a34-888c-7b85ab5f2807 None admin] PATH_INFO: `/v3/roles/member` {{(pid=80167) log_request_info /opt/stack/keystone/keystone/server/flask/request_processing/req_logging.py:29}}
May 26 14:54:55.414815 dv-cinder-788367-11-iscsi devstack@keystone.service[80167]: DEBUG keystone.common.rbac_enforcer.enforcer [None req-87819b55-933c-4a34-888c-7b85ab5f2807 None admin] Extracting inferred target data resulted in "NOT FOUND (404)". {{(pid=80167) enforce_call /opt/stack/keystone/keystone/common/rbac_enforcer/enforcer.py:409}}
May 26 14:54:55.423320 dv-cinder-788367-11-iscsi devstack@keystone.service[80167]: ERROR keystone.server.flask.application [None req-87819b55-933c-4a34-888c-7b85ab5f2807 None admin] Could not find role: member.: keystone.exception.RoleNotFound: Could not find role: member.
May 26 14:54:55.423320 dv-cinder-788367-11-iscsi devstack@keystone.service[80167]: ERROR keystone.server.flask.application
Traceback (most recent call last):
May 26 14:54:55.423320 dv-cinder-788367-11-iscsi devstack@keystone.service[80167]: ERROR keystone.server.flask.application
File "/usr/local/lib/python3.8/dist-packages/flask/app.py", line 1523, in full_dispatch_request
May 26 14:54:55.423320 dv-cinder-788367-11-iscsi devstack@keystone.service[80167]: ERROR keystone.server.flask.application rv = self.dispatch_request()
May 26 14:54:55.423320 dv-cinder-788367-11-iscsi devstack@keystone.service[80167]: ERROR keystone.server.flask.application
File "/usr/local/lib/python3.8/dist-packages/flask/app.py", line 1509, in dispatch_request
May 26 14:54:55.423320 dv-cinder-788367-11-iscsi devstack@keystone.service[80167]: ERROR keystone.server.flask.application return self.ensure_sync(self.view_functions[rule.endpoint])(**req.view_args)
May 26 14:54:55.423320 dv-cinder-788367-11-iscsi devstack@keystone.service[80167]: ERROR keystone.server.flask.application
File "/usr/local/lib/python3.8/dist-packages/flask_restful/__init__.py", line 467, in wrapper
May 26 14:54:55.423320 dv-cinder-788367-11-iscsi devstack@keystone.service[80167]: ERROR keystone.server.flask.application resp = resource(*args, **kwargs)
May 26 14:54:55.423320 dv-cinder-788367-11-iscsi devstack@keystone.service[80167]: ERROR keystone.server.flask.application
File "/usr/local/lib/python3.8/dist-packages/flask/views.py", line 84, in view
May 26 14:54:55.423320 dv-cinder-788367-11-iscsi devstack@keystone.service[80167]: ERROR keystone.server.flask.application return current_app.ensure_sync(self.dispatch_request)(*args, **kwargs)
May 26 14:54:55.423320 dv-cinder-788367-11-iscsi devstack@keystone.service[80167]: ERROR keystone.server.flask.application
File "/usr/local/lib/python3.8/dist-packages/flask_restful/__init__.py", line 582, in dispatch_request
May 26 14:54:55.423320 dv-cinder-788367-11-iscsi devstack@keystone.service[80167]: ERROR keystone.server.flask.application resp = meth(*args, **kwargs)
May 26 14:54:55.423320 dv-cinder-788367-11-iscsi devstack@keystone.service[80167]: ERROR keystone.server.flask.application
File "/opt/stack/keystone/keystone/api/roles.py", line 50, in get
May 26 14:54:55.423320 dv-cinder-788367-11-iscsi devstack@keystone.service[80167]: ERROR keystone.server.flask.application return self._get_role(role_id)
May 26 14:54:55.423320 dv-cinder-788367-11-iscsi devstack@keystone.service[80167]: ERROR keystone.server.flask.application
File "/opt/stack/keystone/keystone/api/roles.py", line 70, in _get_role
May 26 14:54:55.423320 dv-cinder-788367-11-iscsi devstack@keystone.service[80167]: ERROR keystone.server.flask.application ENFORCER.enforce_call(action='identity:get_role')
May 26 14:54:55.424270 dv-cinder-788367-11-iscsi devstack@keystone.service[80167]: ERROR keystone.server.flask.application
File "/opt/stack/keystone/keystone/common/rbac_enforcer/enforcer.py", line 402, in enforce_call
May 26 14:54:55.424270 dv-cinder-788367-11-iscsi devstack@keystone.service[80167]: ERROR keystone.server.flask.application policy_dict.update(cls._extract_member_target_data(
May 26 14:54:55.424270 dv-cinder-788367-11-iscsi devstack@keystone.service[80167]: ERROR keystone.server.flask.application
File "/opt/stack/keystone/keystone/common/rbac_enforcer/enforcer.py", line 234, in _extract_member_target_data
May 26 14:54:55.424270 dv-cinder-788367-11-iscsi devstack@keystone.service[80167]: ERROR keystone.server.flask.application member_name: func(flask.request.view_args[key])
May 26 14:54:55.424270 dv-cinder-788367-11-iscsi devstack@keystone.service[80167]: ERROR keystone.server.flask.application
File "/opt/stack/keystone/keystone/common/manager.py", line 115, in wrapped
May 26 14:54:55.424270 dv-cinder-788367-11-iscsi devstack@keystone.service[80167]: ERROR keystone.server.flask.application __ret_val = __f(*args, **kwargs)
May 26 14:54:55.424270 dv-cinder-788367-11-iscsi devstack@keystone.service[80167]: ERROR keystone.server.flask.application
File "/usr/local/lib/python3.8/dist-packages/decorator.py", line 232, in fun
May 26 14:54:55.424270 dv-cinder-788367-11-iscsi devstack@keystone.service[80167]: ERROR keystone.server.flask.application return caller(func, *(extras + args), **kw)
May 26 14:54:55.424270 dv-cinder-788367-11-iscsi devstack@keystone.service[80167]: ERROR keystone.server.flask.application
File "/usr/local/lib/python3.8/dist-packages/dogpile/cache/region.py", line 1577, in get_or_create_for_user_func
May 26 14:54:55.424270 dv-cinder-788367-11-iscsi devstack@keystone.service[80167]: ERROR keystone.server.flask.application return self.get_or_create(
May 26 14:54:55.424270 dv-cinder-788367-11-iscsi devstack@keystone.service[80167]: ERROR keystone.server.flask.application
File "/usr/local/lib/python3.8/dist-packages/dogpile/cache/region.py", line 1042, in get_or_create
May 26 14:54:55.424270 dv-cinder-788367-11-iscsi devstack@keystone.service[80167]: ERROR keystone.server.flask.application with Lock(
May 26 14:54:55.424270 dv-cinder-788367-11-iscsi devstack@keystone.service[80167]: ERROR keystone.server.flask.application
File "/usr/local/lib/python3.8/dist-packages/dogpile/lock.py", line 185, in __enter__
May 26 14:54:55.424270 dv-cinder-788367-11-iscsi devstack@keystone.service[80167]: ERROR keystone.server.flask.application return self._enter()
May 26 14:54:55.424270 dv-cinder-788367-11-iscsi devstack@keystone.service[80167]: ERROR keystone.server.flask.application
File "/usr/local/lib/python3.8/dist-packages/dogpile/lock.py", line 94, in _enter
May 26 14:54:55.424270 dv-cinder-788367-11-iscsi devstack@keystone.service[80167]: ERROR keystone.server.flask.application generated = self._enter_create(value, createdtime)
May 26 14:54:55.425053 dv-cinder-788367-11-iscsi devstack@keystone.service[80167]: ERROR keystone.server.flask.application
File "/usr/local/lib/python3.8/dist-packages/dogpile/lock.py", line 178, in _enter_create
May 26 14:54:55.425053 dv-cinder-788367-11-iscsi devstack@keystone.service[80167]: ERROR keystone.server.flask.application return self.creator()
May 26 14:54:55.425053 dv-cinder-788367-11-iscsi devstack@keystone.service[80167]: ERROR keystone.server.flask.application
File "/usr/local/lib/python3.8/dist-packages/dogpile/cache/region.py", line 995, in gen_value
May 26 14:54:55.425053 dv-cinder-788367-11-iscsi devstack@keystone.service[80167]: ERROR keystone.server.flask.application created_value = creator(
May 26 14:54:55.425053 dv-cinder-788367-11-iscsi devstack@keystone.service[80167]: ERROR keystone.server.flask.application
File "/opt/stack/keystone/keystone/assignment/core.py", line 1276, in get_role
May 26 14:54:55.425053 dv-cinder-788367-11-iscsi devstack@keystone.service[80167]: ERROR keystone.server.flask.application return self.driver.get_role(role_id)
May 26 14:54:55.425053 dv-cinder-788367-11-iscsi devstack@keystone.service[80167]: ERROR keystone.server.flask.application
File "/opt/stack/keystone/keystone/assignment/role_backends/sql.py", line 70, in get_role
May 26 14:54:55.425053 dv-cinder-788367-11-iscsi devstack@keystone.service[80167]: ERROR keystone.server.flask.application return self._get_role(session, role_id).to_dict()
May 26 14:54:55.425053 dv-cinder-788367-11-iscsi devstack@keystone.service[80167]: ERROR keystone.server.flask.application
File "/opt/stack/keystone/keystone/assignment/role_backends/sql.py", line 65, in _get_role
May 26 14:54:55.425053 dv-cinder-788367-11-iscsi devstack@keystone.service[80167]: ERROR keystone.server.flask.application raise exception.RoleNotFound(role_id=role_id)
May 26 14:54:55.425053 dv-cinder-788367-11-iscsi devstack@keystone.service[80167]: ERROR keystone.server.flask.application keystone.exception.RoleNotFound: Could not find role: member.
May 26 14:54:55.425053 dv-cinder-788367-11-iscsi devstack@keystone.service[80167]: ERROR keystone.server.flask.application
May 26 14:54:55.425053 dv-cinder-788367-11-iscsi devstack@keystone.service[80167]: [pid: 80167|app: 0|req: 208/418] 10.222.0.46 () {56 vars in 1099 bytes} [Thu May 26 14:54:55 2022] GET /identity/v3/roles/member => generated 84 bytes in 191 msecs (HTTP/1.1 404) 5 headers in 183 bytes (1 switches on core 0)
May 26 14:54:55.437935 dv-cinder-788367-11-iscsi devstack@keystone.service[80168]: DEBUG keystone.server.flask.request_processing.middleware.auth_context [None req-46946086-f8d3-439b-addc-a4da9e8f9263 None None] Authenticating user token {{(pid=80168) process_request /usr/local/lib/python3.8/dist-packages/keystonemiddleware/auth_token/__init__.py:407}}
May 26 14:54:55.601832 dv-cinder-788367-11-iscsi devstack@keystone.service[80168]: DEBUG dbcounter [-] [80168] Writing DB stats keystone:SELECT=100 {{(pid=80168) stat_writer /usr/local/lib/python3.8/dist-packages/dbcounter.py:114}}
May 26 14:54:55.652953 dv-cinder-788367-11-iscsi devstack@keystone.service[80168]: DEBUG keystone.server.flask.request_processing.middleware.auth_context [None req-46946086-f8d3-439b-addc-a4da9e8f9263 None None] Validating token access rules against request {{(pid=80168) validate_allowed_request /usr/local/lib/python3.8/dist-packages/keystonemiddleware/auth_token/__init__.py:545}}
May 26 14:54:55.716153 dv-cinder-788367-11-iscsi devstack@keystone.service[80168]: DEBUG keystone.server.flask.request_processing.middleware.auth_context [None req-bf365aba-b595-4389-8d5f-bf2c0735fc73 None admin] RBAC: auth_context: {'token': , 'domain_id': None, 'trust_id': None, 'trustor_id': None, 'trustee_id': None, 'domain_name': None, 'group_ids': [], 'user_id': 'dede0ef3af5b453796bce68732b5fd29', 'user_domain_id': 'default', 'system_scope': 'all', 'project_id': None, 'project_domain_id': None, 'roles': ['admin', 'member', 'reader'], 'is_admin_project': True, 'service_user_id': None, 'service_user_domain_id': None, 'service_project_id': None, 'service_project_domain_id': None, 'service_roles': []} {{(pid=80168) fill_context /opt/stack/keystone/keystone/server/flask/request_processing/middleware/auth_context.py:478}}
May 26 14:54:55.717221 dv-cinder-788367-11-iscsi devstack@keystone.service[80168]: DEBUG keystone.server.flask.request_processing.req_logging [None req-bf365aba-b595-4389-8d5f-bf2c0735fc73 None admin] REQUEST_METHOD: `GET` {{(pid=80168) log_request_info /opt/stack/keystone/keystone/server/flask/request_processing/req_logging.py:27}}
May 26 14:54:55.717725 dv-cinder-788367-11-iscsi devstack@keystone.service[80168]: DEBUG keystone.server.flask.request_processing.req_logging [None req-bf365aba-b595-4389-8d5f-bf2c0735fc73 None admin] SCRIPT_NAME: `/identity` {{(pid=80168) log_request_info /opt/stack/keystone/keystone/server/flask/request_processing/req_logging.py:28}}
May 26 14:54:55.718199 dv-cinder-788367-11-iscsi devstack@keystone.service[80168]: DEBUG keystone.server.flask.request_processing.req_logging [None req-bf365aba-b595-4389-8d5f-bf2c0735fc73 None admin] PATH_INFO: `/v3/roles` {{(pid=80168) log_request_info /opt/stack/keystone/keystone/server/flask/request_processing/req_logging.py:29}}
May 26 14:54:55.719169 dv-cinder-788367-11-iscsi devstack@keystone.service[80168]: DEBUG keystone.common.rbac_enforcer.enforcer [None req-bf365aba-b595-4389-8d5f-bf2c0735fc73 None admin] RBAC: Adding query filter params (name=member) {{(pid=80168) _extract_filter_values /opt/stack/keystone/keystone/common/rbac_enforcer/enforcer.py:167}}
May 26 14:54:55.719668 dv-cinder-788367-11-iscsi devstack@keystone.service[80168]: DEBUG keystone.common.rbac_enforcer.enforcer [None req-bf365aba-b595-4389-8d5f-bf2c0735fc73 None admin] RBAC: Authorizing `identity:list_roles()` {{(pid=80168) enforce_call /opt/stack/keystone/keystone/common/rbac_enforcer/enforcer.py:449}}
May 26 14:54:55.721241 dv-cinder-788367-11-iscsi devstack@keystone.service[80168]: DEBUG keystone.common.rbac_enforcer.enforcer [None req-bf365aba-b595-4389-8d5f-bf2c0735fc73 None admin] RBAC: Authorization granted {{(pid=80168) enforce_call /opt/stack/keystone/keystone/common/rbac_enforcer/enforcer.py:457}}
May 26 14:54:55.734261 dv-cinder-788367-11-iscsi devstack@keystone.service[80168]: [pid: 80168|app: 0|req: 211/419] 10.222.0.46 () {56 vars in 1101 bytes} [Thu May 26 14:54:55 2022] GET /identity/v3/roles?name=member => generated 341 bytes in 299 msecs (HTTP/1.1 200) 5 headers in 177 bytes (1 switches on core 0)
May 26 14:54:55.741162 dv-cinder-788367-11-iscsi devstack@keystone.service[80167]: DEBUG keystone.server.flask.request_processing.middleware.auth_context [None req-87819b55-933c-4a34-888c-7b85ab5f2807 None admin] Authenticating user token {{(pid=80167) process_request /usr/local/lib/python3.8/dist-packages/keystonemiddleware/auth_token/__init__.py:407}}
May 26 14:54:55.912254 dv-cinder-788367-11-iscsi devstack@keystone.service[80167]: DEBUG keystone.server.flask.request_processing.middleware.auth_context [None req-87819b55-933c-4a34-888c-7b85ab5f2807 None admin] Validating token access rules against request {{(pid=80167) validate_allowed_request /usr/local/lib/python3.8/dist-packages/keystonemiddleware/auth_token/__init__.py:545}}
May 26 14:54:55.952953 dv-cinder-788367-11-iscsi devstack@keystone.service[80167]: DEBUG keystone.server.flask.request_processing.middleware.auth_context [None req-fabb502f-4a43-4b3d-9624-0bd5d8f9ce90 None admin] RBAC: auth_context: {'token': , 'domain_id': None, 'trust_id': None, 'trustor_id': None, 'trustee_id': None, 'domain_name': None, 'group_ids': [], 'user_id': 'dede0ef3af5b453796bce68732b5fd29', 'user_domain_id': 'default', 'system_scope': 'all', 'project_id': None, 'project_domain_id': None, 'roles': ['admin', 'member', 'reader'], 'is_admin_project': True, 'service_user_id': None, 'service_user_domain_id': None, 'service_project_id': None, 'service_project_domain_id': None, 'service_roles': []} {{(pid=80167) fill_context /opt/stack/keystone/keystone/server/flask/request_processing/middleware/auth_context.py:478}}
May 26 14:54:55.954082 dv-cinder-788367-11-iscsi devstack@keystone.service[80167]: DEBUG keystone.server.flask.request_processing.req_logging [None req-fabb502f-4a43-4b3d-9624-0bd5d8f9ce90 None admin] REQUEST_METHOD: `GET` {{(pid=80167) log_request_info /opt/stack/keystone/keystone/server/flask/request_processing/req_logging.py:27}}
May 26 14:54:55.954565 dv-cinder-788367-11-iscsi devstack@keystone.service[80167]: DEBUG keystone.server.flask.request_processing.req_logging [None req-fabb502f-4a43-4b3d-9624-0bd5d8f9ce90 None admin] SCRIPT_NAME: `/identity` {{(pid=80167) log_request_info /opt/stack/keystone/keystone/server/flask/request_processing/req_logging.py:28}}
May 26 14:54:55.955083 dv-cinder-788367-11-iscsi devstack@keystone.service[80167]: DEBUG keystone.server.flask.request_processing.req_logging [None req-fabb502f-4a43-4b3d-9624-0bd5d8f9ce90 None admin] PATH_INFO: `/v3/auth/tokens` {{(pid=80167) log_request_info /opt/stack/keystone/keystone/server/flask/request_processing/req_logging.py:29}}
May 26 14:54:55.985930 dv-cinder-788367-11-iscsi devstack@keystone.service[80167]: DEBUG dbcounter [-] [80167] Writing DB stats keystone:SELECT=100 {{(pid=80167) stat_writer /usr/local/lib/python3.8/dist-packages/dbcounter.py:114}}
May 26 14:54:56.072767 dv-cinder-788367-11-iscsi devstack@keystone.service[80168]: DEBUG keystone.server.flask.request_processing.req_logging [None req-68651995-31d9-4a23-b812-ed640c5acd9c None None] REQUEST_METHOD: `GET` {{(pid=80168) log_request_info /opt/stack/keystone/keystone/server/flask/request_processing/req_logging.py:27}}
May 26 14:54:56.073193 dv-cinder-788367-11-iscsi devstack@keystone.service[80168]: DEBUG keystone.server.flask.request_processing.req_logging [None req-68651995-31d9-4a23-b812-ed640c5acd9c None None] SCRIPT_NAME: `/identity` {{(pid=80168) log_request_info /opt/stack/keystone/keystone/server/flask/request_processing/req_logging.py:28}}
May 26 14:54:56.073365 dv-cinder-788367-11-iscsi devstack@keystone.service[80168]: DEBUG keystone.server.flask.request_processing.req_logging [None req-68651995-31d9-4a23-b812-ed640c5acd9c None None] PATH_INFO: `/` {{(pid=80168) log_request_info /opt/stack/keystone/keystone/server/flask/request_processing/req_logging.py:29}}
May 26 14:54:56.075004 dv-cinder-788367-11-iscsi devstack@keystone.service[80168]: [pid: 80168|app: 0|req: 212/420] 10.222.0.46 () {54 vars in 926 bytes} [Thu May 26 14:54:56 2022] GET /identity => generated 270 bytes in 3 msecs (HTTP/1.1 300) 6 headers in 234 bytes (1 switches on core 0)
May 26 14:54:56.077360 dv-cinder-788367-11-iscsi devstack@keystone.service[80167]: DEBUG keystone.common.rbac_enforcer.enforcer [None req-fabb502f-4a43-4b3d-9624-0bd5d8f9ce90 None admin] RBAC: Authorizing `identity:validate_token()` {{(pid=80167) enforce_call /opt/stack/keystone/keystone/common/rbac_enforcer/enforcer.py:449}}
May 26 14:54:56.079928 dv-cinder-788367-11-iscsi devstack@keystone.service[80167]: DEBUG keystone.common.rbac_enforcer.enforcer [None req-fabb502f-4a43-4b3d-9624-0bd5d8f9ce90 None admin] RBAC: Authorization granted {{(pid=80167) enforce_call /opt/stack/keystone/keystone/common/rbac_enforcer/enforcer.py:457}}
May 26 14:54:56.080262 dv-cinder-788367-11-iscsi devstack@keystone.service[80168]: DEBUG keystone.server.flask.request_processing.req_logging [None req-2832dc87-b6b8-4746-a73b-0de28201a31a None None] REQUEST_METHOD: `POST` {{(pid=80168) log_request_info /opt/stack/keystone/keystone/server/flask/request_processing/req_logging.py:27}}
May 26 14:54:56.080554 dv-cinder-788367-11-iscsi devstack@keystone.service[80168]: DEBUG keystone.server.flask.request_processing.req_logging [None req-2832dc87-b6b8-4746-a73b-0de28201a31a None None] SCRIPT_NAME: `/identity` {{(pid=80168) log_request_info /opt/stack/keystone/keystone/server/flask/request_processing/req_logging.py:28}}
May 26 14:54:56.080835 dv-cinder-788367-11-iscsi devstack@keystone.service[80168]: DEBUG keystone.server.flask.request_processing.req_logging [None req-2832dc87-b6b8-4746-a73b-0de28201a31a None None] PATH_INFO: `/v3/auth/tokens` {{(pid=80168) log_request_info /opt/stack/keystone/keystone/server/flask/request_processing/req_logging.py:29}}
May 26 14:54:56.130617 dv-cinder-788367-11-iscsi devstack@keystone.service[80168]: DEBUG keystone.auth.core [None req-2832dc87-b6b8-4746-a73b-0de28201a31a None None] MFA Rules not processed for user `dede0ef3af5b453796bce68732b5fd29`. Rule list: `[]` (Enabled: `True`). {{(pid=80168) check_auth_methods_against_rules /opt/stack/keystone/keystone/auth/core.py:438}}
May 26 14:54:56.132515 dv-cinder-788367-11-iscsi devstack@keystone.service[80168]: DEBUG keystone.common.fernet_utils [None req-2832dc87-b6b8-4746-a73b-0de28201a31a None None] Loaded 2 Fernet keys from /etc/keystone/fernet-keys/, but `[fernet_tokens] max_active_keys = 3`; perhaps there have not been enough key rotations to reach `max_active_keys` yet? {{(pid=80168) load_keys /opt/stack/keystone/keystone/common/fernet_utils.py:286}}
May 26 14:54:56.311430 dv-cinder-788367-11-iscsi devstack@keystone.service[80168]: [pid: 80168|app: 0|req: 213/421] 10.222.0.46 () {58 vars in 1023 bytes} [Thu May 26 14:54:56 2022] POST /identity/v3/auth/tokens => generated 799 bytes in 232 msecs (HTTP/1.1 201) 6 headers in 363 bytes (2 switches on core 0)
May 26 14:54:56.344837 dv-cinder-788367-11-iscsi devstack@keystone.service[80167]: [pid: 80167|app: 0|req: 209/422] 10.222.0.46 () {58 vars in 1282 bytes} [Thu May 26 14:54:55 2022] GET /identity/v3/auth/tokens => generated 799 bytes in 604 msecs (HTTP/1.1 200) 6 headers in 358 bytes (1 switches on core 0)
May 26 14:54:56.350027 dv-cinder-788367-11-iscsi devstack@keystone.service[80168]: DEBUG keystone.server.flask.request_processing.middleware.auth_context [None req-2832dc87-b6b8-4746-a73b-0de28201a31a None None] Authenticating user token {{(pid=80168) process_request /usr/local/lib/python3.8/dist-packages/keystonemiddleware/auth_token/__init__.py:407}}
May 26 14:54:56.365392 dv-cinder-788367-11-iscsi devstack@keystone.service[80167]: DEBUG keystone.server.flask.request_processing.middleware.auth_context [None req-fabb502f-4a43-4b3d-9624-0bd5d8f9ce90 None admin] Authenticating user token {{(pid=80167) process_request /usr/local/lib/python3.8/dist-packages/keystonemiddleware/auth_token/__init__.py:407}}
May 26 14:54:56.490814 dv-cinder-788367-11-iscsi devstack@keystone.service[80167]: DEBUG dbcounter [-] [80167] Writing DB stats keystone:SELECT=100 {{(pid=80167) stat_writer /usr/local/lib/python3.8/dist-packages/dbcounter.py:114}}
