Nov 15 17:49:35.392971 dv-cinder-788366-7-smb neutron-server[108078]: DEBUG neutron_lib.callbacks.manager [None req-339f3af5-9a83-412a-a828-a1c0c09d16d5 None None] Publish callbacks ['neutron.plugins.ml2.plugin.Ml2Plugin._port_provisioned-3633601'] for port, provisioning_complete {{(pid=108078) _notify_loop /usr/local/lib/python3.8/dist-packages/neutron_lib/callbacks/manager.py:175}}
Nov 15 17:49:35.460564 dv-cinder-788366-7-smb neutron-server[108077]: DEBUG neutron.pecan_wsgi.hooks.policy_enforcement [req-11328d65-d3b3-4b02-9894-c04044d5b9ed req-7b20cb40-5e96-4400-ade7-43a0877b17af service neutron] Attributes excluded by policy engine: ['standard_attr_id'] {{(pid=108077) _exclude_attributes_by_policy /opt/stack/neutron/neutron/pecan_wsgi/hooks/policy_enforcement.py:255}}
Nov 15 17:49:35.461183 dv-cinder-788366-7-smb neutron-server[108077]: DEBUG neutron_lib.callbacks.manager [req-11328d65-d3b3-4b02-9894-c04044d5b9ed req-7b20cb40-5e96-4400-ade7-43a0877b17af service neutron] Publish callbacks ['neutron.notifiers.nova.Notifier._send_nova_notification-219360', 'neutron.api.rpc.agentnotifiers.dhcp_rpc_agent_api.DhcpAgentNotifyAPI._send_dhcp_notification-3748379'] for port, before_response {{(pid=108077) _notify_loop /usr/local/lib/python3.8/dist-packages/neutron_lib/callbacks/manager.py:175}}
Nov 15 17:49:35.466606 dv-cinder-788366-7-smb neutron-server[108077]: INFO neutron.wsgi [req-11328d65-d3b3-4b02-9894-c04044d5b9ed req-7b20cb40-5e96-4400-ade7-43a0877b17af service neutron] 10.222.0.41 "PUT /v2.0/ports/92d40fdd-026d-43c3-bc88-e9a6ab9f9d8c HTTP/1.1" status: 200 len: 1093 time: 2.4265242
Nov 15 17:49:35.467214 dv-cinder-788366-7-smb neutron-server[108077]: DEBUG neutron.wsgi [-] (108077) accepted ('10.222.0.37', 42736) {{(pid=108077) server /usr/local/lib/python3.8/dist-packages/eventlet/wsgi.py:982}}
Nov 15 17:49:35.477322 dv-cinder-788366-7-smb neutron-server[108078]: DEBUG neutron.plugins.ml2.plugin [None req-339f3af5-9a83-412a-a828-a1c0c09d16d5 None None] Port 09234e92-521c-493c-937e-e4fecd51cc17 cannot update to ACTIVE because it is not bound. {{(pid=108078) _port_provisioned /opt/stack/neutron/neutron/plugins/ml2/plugin.py:342}}
Nov 15 17:49:35.490105 dv-cinder-788366-7-smb neutron-server[108077]: DEBUG neutron.notifiers.nova [-] Sending events: [{'name': 'network-changed', 'server_uuid': '0cb61716-0a6a-4891-82a7-064b75b28097', 'tag': '92d40fdd-026d-43c3-bc88-e9a6ab9f9d8c'}] {{(pid=108077) send_events /opt/stack/neutron/neutron/notifiers/nova.py:262}}
Nov 15 17:49:35.496265 dv-cinder-788366-7-smb neutron-server[108077]: DEBUG novaclient.v2.client [-] REQ: curl -g -i --cacert "/opt/stack/data/ca-bundle.pem" -X POST http://10.222.0.37/compute/v2.1/os-server-external-events -H "Accept: application/json" -H "Content-Type: application/json" -H "User-Agent: python-novaclient" -H "X-Auth-Token: {SHA256}f9633d2a0c99ef7f2a1d7c3f8046976a7d9b58e2529ce2cac8ffc1bafc6375a2" -H "X-OpenStack-Nova-API-Version: 2.1" -H "X-OpenStack-Request-ID: req-20e69b97-1ddd-4ee1-9afd-96e6cd7d4834" -d '{"events": [{"name": "network-changed", "server_uuid": "0cb61716-0a6a-4891-82a7-064b75b28097", "tag": "92d40fdd-026d-43c3-bc88-e9a6ab9f9d8c"}]}' {{(pid=108077) _http_log_request /usr/local/lib/python3.8/dist-packages/keystoneauth1/session.py:519}}
Nov 15 17:49:35.518859 dv-cinder-788366-7-smb neutron-server[108076]: DEBUG neutron.pecan_wsgi.hooks.policy_enforcement [req-6db2fa27-5400-4367-8e91-7c204eab4a24 req-6c73e4e4-17fd-466f-bbb7-2ea9f6479b49 tempest-AttachVolumeNegativeTest-1114387696 tempest-AttachVolumeNegativeTest-1114387696-project] Attributes excluded by policy engine: ['standard_attr_id', 'binding:profile', 'binding:host_id', 'binding:vif_type', 'binding:vif_details'] {{(pid=108076) _exclude_attributes_by_policy /opt/stack/neutron/neutron/pecan_wsgi/hooks/policy_enforcement.py:255}}
Nov 15 17:49:35.528158 dv-cinder-788366-7-smb neutron-server[108076]: INFO neutron.wsgi [req-6db2fa27-5400-4367-8e91-7c204eab4a24 req-6c73e4e4-17fd-466f-bbb7-2ea9f6479b49 tempest-AttachVolumeNegativeTest-1114387696 tempest-AttachVolumeNegativeTest-1114387696-project] 10.222.0.37 "GET /v2.0/ports?device_id=0cb61716-0a6a-4891-82a7-064b75b28097 HTTP/1.1" status: 200 len: 943 time: 0.1188242
Nov 15 17:49:35.537366 dv-cinder-788366-7-smb neutron-server[108077]: DEBUG neutron_lib.callbacks.manager [None req-74ee6057-6a3c-4691-bfb7-373016c07284 admin admin] Publish callbacks [] for security_group, before_create {{(pid=108077) _notify_loop /usr/local/lib/python3.8/dist-packages/neutron_lib/callbacks/manager.py:175}}
Nov 15 17:49:35.600373 dv-cinder-788366-7-smb neutron-server[108077]: DEBUG neutron.scheduler.l3_agent_scheduler [None req-05ddfcae-d565-40ba-a558-449ee6e5bff2 admin admin] Router d788ed74-3390-448c-a33e-48788640a388 has already been hosted by L3 agent 159f9523-9551-4918-a939-82eac7a081e1 {{(pid=108077) _get_candidates /opt/stack/neutron/neutron/scheduler/l3_agent_scheduler.py:126}}
Nov 15 17:49:35.602040 dv-cinder-788366-7-smb neutron-server[108077]: DEBUG neutron.api.rpc.handlers.resources_rpc [None req-7b20cb40-5e96-4400-ade7-43a0877b17af service neutron] Pushing event updated for resources: {'Port': ['ID=92d40fdd-026d-43c3-bc88-e9a6ab9f9d8c,revision_number=3']} {{(pid=108077) push /opt/stack/neutron/neutron/api/rpc/handlers/resources_rpc.py:237}}
Nov 15 17:49:35.630876 dv-cinder-788366-7-smb neutron-server[108076]: INFO neutron.wsgi [req-6db2fa27-5400-4367-8e91-7c204eab4a24 req-9c86eaa5-4723-43f3-bd9c-461056b98b16 tempest-AttachVolumeNegativeTest-1114387696 tempest-AttachVolumeNegativeTest-1114387696-project] 10.222.0.37 "GET /v2.0/security-groups?id=209e1085-23ae-4e88-8a28-95dbe64badbe&fields=id&fields=name HTTP/1.1" status: 200 len: 286 time: 0.1010334
Nov 15 17:49:35.642806 dv-cinder-788366-7-smb neutron-server[108077]: DEBUG neutron.pecan_wsgi.hooks.policy_enforcement [req-11328d65-d3b3-4b02-9894-c04044d5b9ed req-aafdf800-3e32-4f1a-a9dc-6934db812d15 service neutron] Attributes excluded by policy engine: ['standard_attr_id'] {{(pid=108077) _exclude_attributes_by_policy /opt/stack/neutron/neutron/pecan_wsgi/hooks/policy_enforcement.py:255}}
Nov 15 17:49:35.644093 dv-cinder-788366-7-smb neutron-server[108076]: DEBUG neutron.pecan_wsgi.hooks.policy_enforcement [req-d1aef32b-f246-4a44-8101-97b8a23403dd req-ba14c76a-cec6-461c-918f-a1e9f7713ec1 tempest-AttachVolumeTestJSON-1149703691 tempest-AttachVolumeTestJSON-1149703691-project] Attributes excluded by policy engine: ['standard_attr_id', 'binding:profile', 'binding:host_id', 'binding:vif_type', 'binding:vif_details'] {{(pid=108076) _exclude_attributes_by_policy /opt/stack/neutron/neutron/pecan_wsgi/hooks/policy_enforcement.py:255}}
Nov 15 17:49:35.645265 dv-cinder-788366-7-smb neutron-server[108077]: INFO neutron.wsgi [req-11328d65-d3b3-4b02-9894-c04044d5b9ed req-aafdf800-3e32-4f1a-a9dc-6934db812d15 service neutron] 10.222.0.41 "GET /v2.0/ports?tenant_id=0eed2179f6f942f29d459f9f3d2a8d86&device_id=0cb61716-0a6a-4891-82a7-064b75b28097 HTTP/1.1" status: 200 len: 1096 time: 0.1107399
Nov 15 17:49:35.657671 dv-cinder-788366-7-smb neutron-server[108076]: INFO neutron.wsgi [req-d1aef32b-f246-4a44-8101-97b8a23403dd req-ba14c76a-cec6-461c-918f-a1e9f7713ec1 tempest-AttachVolumeTestJSON-1149703691 tempest-AttachVolumeTestJSON-1149703691-project] 10.222.0.37 "GET /v2.0/ports?device_id=15528d98-5303-40cc-9ad0-e1d2f5d33a99 HTTP/1.1" status: 200 len: 943 time: 0.1101890
Nov 15 17:49:35.712058 dv-cinder-788366-7-smb neutron-server[108076]: INFO neutron.wsgi [req-d1aef32b-f246-4a44-8101-97b8a23403dd req-54476ff9-54c3-4ef3-b954-33989f59ce44 tempest-AttachVolumeTestJSON-1149703691 tempest-AttachVolumeTestJSON-1149703691-project] 10.222.0.37 "GET /v2.0/security-groups?id=1e56e969-2626-4a26-bd2b-699145f5cddb&fields=id&fields=name HTTP/1.1" status: 200 len: 313 time: 0.0486200
Nov 15 17:49:35.775596 dv-cinder-788366-7-smb neutron-server[108077]: DEBUG novaclient.v2.client [-] RESP: [200] Connection: close Content-Length: 179 Content-Type: application/json Date: Mon, 15 Nov 2021 17:49:35 GMT OpenStack-API-Version: compute 2.1 Server: Apache/2.4.41 (Ubuntu) Vary: OpenStack-API-Version,X-OpenStack-Nova-API-Version X-OpenStack-Nova-API-Version: 2.1 x-compute-request-id: req-e29ce66a-302b-425c-bf2d-57a8fa2bfd64 x-openstack-request-id: req-e29ce66a-302b-425c-bf2d-57a8fa2bfd64 {{(pid=108077) _http_log_response /usr/local/lib/python3.8/dist-packages/keystoneauth1/session.py:550}}
Nov 15 17:49:35.775873 dv-cinder-788366-7-smb neutron-server[108077]: DEBUG novaclient.v2.client [-] RESP BODY: {"events": [{"name": "network-changed", "server_uuid": "0cb61716-0a6a-4891-82a7-064b75b28097", "tag": "92d40fdd-026d-43c3-bc88-e9a6ab9f9d8c", "status": "completed", "code": 200}]} {{(pid=108077) _http_log_response /usr/local/lib/python3.8/dist-packages/keystoneauth1/session.py:582}}
Nov 15 17:49:35.776114 dv-cinder-788366-7-smb neutron-server[108077]: DEBUG novaclient.v2.client [-] POST call to compute for http://10.222.0.37/compute/v2.1/os-server-external-events used request id req-e29ce66a-302b-425c-bf2d-57a8fa2bfd64 {{(pid=108077) request /usr/local/lib/python3.8/dist-packages/keystoneauth1/session.py:954}}
Nov 15 17:49:35.776499 dv-cinder-788366-7-smb neutron-server[108077]: INFO neutron.notifiers.nova [-] Nova event response: {'name': 'network-changed', 'server_uuid': '0cb61716-0a6a-4891-82a7-064b75b28097', 'tag': '92d40fdd-026d-43c3-bc88-e9a6ab9f9d8c', 'status': 'completed', 'code': 200}
Nov 15 17:49:35.780632 dv-cinder-788366-7-smb neutron-server[108077]: INFO neutron.wsgi [req-11328d65-d3b3-4b02-9894-c04044d5b9ed req-c372340c-6b43-4555-8c05-ad75481201a0 service neutron] 10.222.0.41 "GET /v2.0/floatingips?fixed_ip_address=172.20.0.6&port_id=92d40fdd-026d-43c3-bc88-e9a6ab9f9d8c HTTP/1.1" status: 200 len: 217 time: 0.0845289
Nov 15 17:49:35.853314 dv-cinder-788366-7-smb neutron-server[108077]: DEBUG neutron_lib.callbacks.manager [None req-74ee6057-6a3c-4691-bfb7-373016c07284 admin admin] Publish callbacks [] for security_group, precommit_create {{(pid=108077) _notify_loop /usr/local/lib/python3.8/dist-packages/neutron_lib/callbacks/manager.py:175}}
Nov 15 17:49:35.867264 dv-cinder-788366-7-smb neutron-server[108077]: DEBUG neutron_lib.callbacks.manager [None req-74ee6057-6a3c-4691-bfb7-373016c07284 admin admin] Publish callbacks ['neutron.plugins.ml2.ovo_rpc._ObjectChangeHandler.handle_event-507519'] for security_group, after_create {{(pid=108077) _notify_loop /usr/local/lib/python3.8/dist-packages/neutron_lib/callbacks/manager.py:175}}
Nov 15 17:49:35.901247 dv-cinder-788366-7-smb neutron-server[108077]: DEBUG neutron.api.rpc.agentnotifiers.l3_rpc_agent_api [None req-05ddfcae-d565-40ba-a558-449ee6e5bff2 admin admin] Notify agent at l3_agent.dv-cinder-788366-7-smb the message routers_updated {{(pid=108077) _agent_notification /opt/stack/neutron/neutron/api/rpc/agentnotifiers/l3_rpc_agent_api.py:65}}
Nov 15 17:49:35.906778 dv-cinder-788366-7-smb neutron-server[108077]: INFO neutron.wsgi [None req-05ddfcae-d565-40ba-a558-449ee6e5bff2 admin admin] 10.222.0.37 "PUT /v2.0/routers/d788ed74-3390-448c-a33e-48788640a388/add_router_interface HTTP/1.1" status: 200 len: 503 time: 5.3524327
Nov 15 17:49:35.917135 dv-cinder-788366-7-smb neutron-server[108077]: DEBUG neutron.pecan_wsgi.hooks.policy_enforcement [req-11328d65-d3b3-4b02-9894-c04044d5b9ed req-807d8b45-51f1-4d3e-8685-69d6f56a940d service neutron] Attributes excluded by policy engine: ['standard_attr_id', 'shared', 'segment_id'] {{(pid=108077) _exclude_attributes_by_policy /opt/stack/neutron/neutron/pecan_wsgi/hooks/policy_enforcement.py:255}}
Nov 15 17:49:35.919477 dv-cinder-788366-7-smb neutron-server[108077]: INFO neutron.wsgi [req-11328d65-d3b3-4b02-9894-c04044d5b9ed req-807d8b45-51f1-4d3e-8685-69d6f56a940d service neutron] 10.222.0.41 "GET /v2.0/subnets?id=8572da11-204e-4b3b-a14f-94d40a5ab2e4 HTTP/1.1" status: 200 len: 854 time: 0.1096871
Nov 15 17:49:35.922158 dv-cinder-788366-7-smb neutron-server[108078]: DEBUG neutron.api.rpc.handlers.l3_rpc [None req-5c4deb9a-c6d0-4bae-a6fd-69a7eb6cc536 None None] Sync routers for ids ['d788ed74-3390-448c-a33e-48788640a388'] in dv-cinder-788366-7-smb {{(pid=108078) sync_routers /opt/stack/neutron/neutron/api/rpc/handlers/l3_rpc.py:125}}
Nov 15 17:49:35.944911 dv-cinder-788366-7-smb neutron-server[108077]: INFO neutron.wsgi [None req-74ee6057-6a3c-4691-bfb7-373016c07284 admin admin] 10.222.0.37 "GET /v2.0/security-groups?tenant_id=e9d4a5b30f8b44228abdd31b39397887&name=default HTTP/1.1" status: 200 len: 2996 time: 0.4382353
Nov 15 17:49:35.946624 dv-cinder-788366-7-smb neutron-server[108078]: DEBUG neutron.db.l3_dvrscheduler_db [None req-5c4deb9a-c6d0-4bae-a6fd-69a7eb6cc536 None None] Routers {'d788ed74-3390-448c-a33e-48788640a388'} bound to L3 agent in host dv-cinder-788366-7-smb {{(pid=108078) _get_router_ids_for_agent /opt/stack/neutron/neutron/db/l3_dvrscheduler_db.py:420}}
Nov 15 17:49:35.946931 dv-cinder-788366-7-smb neutron-server[108076]: DEBUG neutron.wsgi [-] (108076) accepted ('10.222.0.37', 42752) {{(pid=108076) server /usr/local/lib/python3.8/dist-packages/eventlet/wsgi.py:982}}
Nov 15 17:49:35.947253 dv-cinder-788366-7-smb neutron-server[108078]: DEBUG neutron.db.l3_hamode_db [None req-5c4deb9a-c6d0-4bae-a6fd-69a7eb6cc536 None None] neutron.services.l3_router.l3_router_plugin.L3RouterPlugin method get_ha_sync_data_for_host called with arguments (, 'dv-cinder-788366-7-smb', Agent(admin_state_up=True,agent_type='L3 agent',availability_zone='nova',binary='neutron-l3-agent',configurations={"agent_mode": "legacy", "ex_gw_ports": 4, "extensions": [], "floating_ips": 1, "handle_internal_only_routers": true, "interface_driver": "openvswitch", "interfaces": 3, "log_agent_heartbeats": false, "routers": 4},created_at=2021-11-15T17:39:53Z,description=,heartbeat_timestamp=2021-11-15T17:49:23Z,host='dv-cinder-788366-7-smb',id=159f9523-9551-4918-a939-82eac7a081e1,load=0,resource_versions=,resources_synced=,started_at=2021-11-15T17:39:53Z,topic='l3_agent')) {'router_ids': ['d788ed74-3390-448c-a33e-48788640a388'], 'active': True} {{(pid=108078) wrapper /usr/local/lib/python3.8/dist-packages/oslo_log/helpers.py:65}}
Nov 15 17:49:35.961055 dv-cinder-788366-7-smb neutron-server[108077]: DEBUG neutron.api.rpc.handlers.resources_rpc [None req-74ee6057-6a3c-4691-bfb7-373016c07284 admin admin] Pushing event updated for resources: {'SecurityGroup': ['ID=419c23a1-8706-43b3-a4d8-a40185d10e01,revision_number=1']} {{(pid=108077) push /opt/stack/neutron/neutron/api/rpc/handlers/resources_rpc.py:237}}
Nov 15 17:49:35.966718 dv-cinder-788366-7-smb neutron-server[108077]: INFO neutron.wsgi [req-11328d65-d3b3-4b02-9894-c04044d5b9ed req-afe51356-e6b0-40cb-9352-71e513bb4e3a service neutron] 10.222.0.41 "GET /v2.0/ports?network_id=d8ecc5f3-7730-4343-9f93-37759b7ef77c&device_owner=network%3Adhcp HTTP/1.1" status: 200 len: 210 time: 0.0358498
Nov 15 17:49:36.021371 dv-cinder-788366-7-smb neutron-server[108076]: DEBUG neutron_lib.callbacks.manager [None req-a375efd8-0557-482f-99ed-c3e4c6c5a261 admin admin] Publish callbacks [] for security_group, before_delete {{(pid=108076) _notify_loop /usr/local/lib/python3.8/dist-packages/neutron_lib/callbacks/manager.py:175}}
Nov 15 17:49:36.072462 dv-cinder-788366-7-smb neutron-server[108076]: DEBUG neutron_lib.callbacks.manager [None req-a375efd8-0557-482f-99ed-c3e4c6c5a261 admin admin] Publish callbacks [] for security_group, precommit_delete {{(pid=108076) _notify_loop /usr/local/lib/python3.8/dist-packages/neutron_lib/callbacks/manager.py:175}}
Nov 15 17:49:36.149848 dv-cinder-788366-7-smb neutron-server[108078]: DEBUG neutron.db.l3_dvr_db [None req-5c4deb9a-c6d0-4bae-a6fd-69a7eb6cc536 None None] Set router d788ed74-3390-448c-a33e-48788640a388 gateway port host: dv-cinder-788366-7-smb {{(pid=108078) _build_routers_list /opt/stack/neutron/neutron/db/l3_dvr_db.py:906}}
Nov 15 17:49:36.160235 dv-cinder-788366-7-smb neutron-server[108076]: DEBUG neutron_lib.callbacks.manager [None req-a375efd8-0557-482f-99ed-c3e4c6c5a261 admin admin] Publish callbacks ['neutron.plugins.ml2.ovo_rpc._ObjectChangeHandler.handle_event-507519'] for security_group, after_delete {{(pid=108076) _notify_loop /usr/local/lib/python3.8/dist-packages/neutron_lib/callbacks/manager.py:175}}
Nov 15 17:49:36.161058 dv-cinder-788366-7-smb neutron-server[108077]: INFO neutron.wsgi [req-11328d65-d3b3-4b02-9894-c04044d5b9ed req-adae3e22-554f-49f2-a1d7-86a2713f91f0 service neutron] 10.222.0.41 "GET /v2.0/networks/d8ecc5f3-7730-4343-9f93-37759b7ef77c?fields=segments HTTP/1.1" status: 200 len: 212 time: 0.1845965
Nov 15 17:49:36.167135 dv-cinder-788366-7-smb neutron-server[108076]: DEBUG neutron_lib.callbacks.manager [None req-a375efd8-0557-482f-99ed-c3e4c6c5a261 admin admin] Publish callbacks [] for security_group, before_response {{(pid=108076) _notify_loop /usr/local/lib/python3.8/dist-packages/neutron_lib/callbacks/manager.py:175}}
Nov 15 17:49:36.168792 dv-cinder-788366-7-smb neutron-server[108076]: INFO neutron.wsgi [None req-a375efd8-0557-482f-99ed-c3e4c6c5a261 admin admin] 10.222.0.37 "DELETE /v2.0/security-groups/419c23a1-8706-43b3-a4d8-a40185d10e01 HTTP/1.1" status: 204 len: 168 time: 0.2201486
Nov 15 17:49:36.182850 dv-cinder-788366-7-smb neutron-server[108076]: DEBUG neutron.api.rpc.handlers.resources_rpc [None req-a375efd8-0557-482f-99ed-c3e4c6c5a261 admin admin] Pushing event deleted for resources: {'SecurityGroup': ['ID=419c23a1-8706-43b3-a4d8-a40185d10e01,revision_number=None']} {{(pid=108076) push /opt/stack/neutron/neutron/api/rpc/handlers/resources_rpc.py:237}}
Nov 15 17:49:36.258849 dv-cinder-788366-7-smb neutron-server[108076]: DEBUG neutron.pecan_wsgi.hooks.policy_enforcement [req-d8a13826-79d3-40af-9287-c3b5d4daa8dc req-b7aa66bf-f0d5-4972-ae9e-65033e82d472 tempest-ServerRescueNegativeTestJSON-282459688 tempest-ServerRescueNegativeTestJSON-282459688-project] Attributes excluded by policy engine: ['standard_attr_id', 'binding:profile', 'binding:host_id', 'binding:vif_type', 'binding:vif_details'] {{(pid=108076) _exclude_attributes_by_policy /opt/stack/neutron/neutron/pecan_wsgi/hooks/policy_enforcement.py:255}}
Nov 15 17:49:36.261719 dv-cinder-788366-7-smb neutron-server[108076]: INFO neutron.wsgi [req-d8a13826-79d3-40af-9287-c3b5d4daa8dc req-b7aa66bf-f0d5-4972-ae9e-65033e82d472 tempest-ServerRescueNegativeTestJSON-282459688 tempest-ServerRescueNegativeTestJSON-282459688-project] 10.222.0.37 "GET /v2.0/ports?device_id=e2af381e-2089-4172-b5c2-9d3b2ea85fcf HTTP/1.1" status: 200 len: 945 time: 0.0661075
Nov 15 17:49:36.362414 dv-cinder-788366-7-smb neutron-server[108076]: INFO neutron.wsgi [req-d8a13826-79d3-40af-9287-c3b5d4daa8dc req-c5a42209-ddbd-4430-bc99-0f087d73d367 tempest-ServerRescueNegativeTestJSON-282459688 tempest-ServerRescueNegativeTestJSON-282459688-project] 10.222.0.37 "GET /v2.0/security-groups?id=396490ba-8859-4e58-a2c9-28bb1b885b98&fields=id&fields=name HTTP/1.1" status: 200 len: 286 time: 0.0843680
Nov 15 17:49:36.395325 dv-cinder-788366-7-smb neutron-server[108077]: INFO neutron.wsgi [req-11328d65-d3b3-4b02-9894-c04044d5b9ed req-bbe04151-65e3-4eb7-997e-d1aa17e11f93 service neutron] 10.222.0.41 "GET /v2.0/networks/d8ecc5f3-7730-4343-9f93-37759b7ef77c?fields=provider%3Aphysical_network&fields=provider%3Anetwork_type HTTP/1.1" status: 200 len: 281 time: 0.2232866
Nov 15 17:49:36.528997 dv-cinder-788366-7-smb neutron-server[108077]: DEBUG neutron.pecan_wsgi.hooks.policy_enforcement [req-20e69b97-1ddd-4ee1-9afd-96e6cd7d4834 req-ba31814e-7e1c-46a5-a0ed-501c85176f52 service neutron] Attributes excluded by policy engine: ['standard_attr_id'] {{(pid=108077) _exclude_attributes_by_policy /opt/stack/neutron/neutron/pecan_wsgi/hooks/policy_enforcement.py:255}}
Nov 15 17:49:36.531324 dv-cinder-788366-7-smb neutron-server[108077]: INFO neutron.wsgi [req-20e69b97-1ddd-4ee1-9afd-96e6cd7d4834 req-ba31814e-7e1c-46a5-a0ed-501c85176f52 service neutron] 10.222.0.41 "GET /v2.0/ports?tenant_id=0eed2179f6f942f29d459f9f3d2a8d86&device_id=0cb61716-0a6a-4891-82a7-064b75b28097 HTTP/1.1" status: 200 len: 1096 time: 0.0803585
Nov 15 17:49:36.532803 dv-cinder-788366-7-smb neutron-server[108078]: DEBUG neutron.db.l3_hamode_db [None req-5c4deb9a-c6d0-4bae-a6fd-69a7eb6cc536 None None] neutron.services.l3_router.l3_router_plugin.L3RouterPlugin method _process_sync_ha_data called with arguments (, [{'id': 'd788ed74-3390-448c-a33e-48788640a388', 'name': 'tempest-TestMinimumBasicScenario-574900722-router', 'tenant_id': '1fb4d7bcdf294d1487a009dbbbaf413b', 'admin_state_up': True, 'status': 'ACTIVE', 'external_gateway_info': {'network_id': '00667baf-713a-4fe3-a5a7-7f4c0b5360b7', 'external_fixed_ips': [{'subnet_id': 'c581e55c-e228-42d6-9eea-46a88a6b2db3', 'ip_address': '172.28.3.26'}], 'enable_snat': True}, 'gw_port_id': '53859711-4ef0-4743-97ea-42604df3f21c', 'description': '', 'availability_zones': ['nova'], 'distributed': False, 'ha': False, 'ha_vr_id': 0, 'availability_zone_hints': [], 'routes': [], 'flavor_id': None, 'tags': [], 'created_at': '2021-11-15T17:49:27Z', 'updated_at': '2021-11-15T17:49:34Z', 'revision_number': 4, 'project_id': '1fb4d7bcdf294d1487a009dbbbaf413b', 'gw_port': {'id': '53859711-4ef0-4743-97ea-42604df3f21c', 'name': '', 'network_id': '00667baf-713a-4fe3-a5a7-7f4c0b5360b7', 'tenant_id': '', 'mac_address': 'fa:16:3e:bb:92:35', 'admin_state_up': True, 'status': 'ACTIVE', 'device_id': 'd788ed74-3390-448c-a33e-48788640a388', 'device_owner': 'network:router_gateway', 'standard_attr_id': 307, 'fixed_ips': [{'subnet_id': 'c581e55c-e228-42d6-9eea-46a88a6b2db3', 'ip_address': '172.28.3.26', 'prefixlen': 24}], 'allowed_address_pairs': [], 'extra_dhcp_opts': [], 'security_groups': [], 'description': '', 'binding:vnic_type': 'normal', 'binding:profile': {}, 'binding:host_id': 'dv-cinder-788366-7-smb', 'binding:vif_type': 'ovs', 'binding:vif_details': {'connectivity': 'l2', 'port_filter': True, 'ovs_hybrid_plug': False, 'datapath_type': 'system', 'bridge_name': 'br-int'}, 'port_security_enabled': False, 'tags': [], 'created_at': '2021-11-15T17:49:28Z', 'updated_at': '2021-11-15T17:49:34Z', 'revision_number': 4, 'project_id': '', 'subnets': [{'id': 'c581e55c-e228-42d6-9eea-46a88a6b2db3', 'cidr': '172.28.3.0/24', 'gateway_ip': '172.28.3.1', 'dns_nameservers': [], 'ipv6_ra_mode': None, 'subnetpool_id': None}], 'extra_subnets': [], 'address_scopes': {4: None, 6: None}, 'mtu': 1500}, 'enable_snat': True, 'gw_port_host': 'dv-cinder-788366-7-smb', '_interfaces': [{'id': '09234e92-521c-493c-937e-e4fecd51cc17', 'name': '', 'network_id': '5ef70696-e385-4075-915a-8bc0b392fa2b', 'tenant_id': '1fb4d7bcdf294d1487a009dbbbaf413b', 'mac_address': 'fa:16:3e:02:3b:56', 'admin_state_up': True, 'status': 'DOWN', 'device_id': 'd788ed74-3390-448c-a33e-48788640a388', 'device_owner': 'network:router_interface', 'standard_attr_id': 315, 'fixed_ips': [{'subnet_id': '383e555d-e383-4f60-ab8b-69e37036b95d', 'ip_address': '172.20.0.1', 'prefixlen': 28}], 'allowed_address_pairs': [], 'extra_dhcp_opts': [], 'security_groups': [], 'description': '', 'binding:vnic_type': 'normal', 'binding:profile': {}, 'binding:host_id': '', 'binding:vif_type': 'unbound', 'binding:vif_details': {}, 'port_security_enabled': False, 'tags': [], 'created_at': '2021-11-15T17:49:31Z', 'updated_at': '2021-11-15T17:49:34Z', 'revision_number': 2, 'project_id': '1fb4d7bcdf294d1487a009dbbbaf413b', 'subnets': [{'id': '383e555d-e383-4f60-ab8b-69e37036b95d', 'cidr': '172.20.0.0/28', 'gateway_ip': '172.20.0.1', 'dns_nameservers': [], 'ipv6_ra_mode': None, 'subnetpool_id': None}], 'extra_subnets': [], 'address_scopes': {4: None, 6: None}, 'mtu': 1500}]}], 'dv-cinder-788366-7-smb', False) {} {{(pid=108078) wrapper /usr/local/lib/python3.8/dist-packages/oslo_log/helpers.py:65}}
Nov 15 17:49:36.613592 dv-cinder-788366-7-smb neutron-server[108078]: DEBUG neutron.plugins.ml2.rpc [None req-503a880a-d4fb-4508-971f-67f5ce28d355 None None] Device 53859711-4ef0-4743-97ea-42604df3f21c up at agent ovs-agent-dv-cinder-788366-7-smb {{(pid=108078) update_device_up /opt/stack/neutron/neutron/plugins/ml2/rpc.py:296}}
Nov 15 17:49:36.639794 dv-cinder-788366-7-smb neutron-server[108078]: DEBUG neutron.api.rpc.handlers.l3_rpc [None req-5c4deb9a-c6d0-4bae-a6fd-69a7eb6cc536 None None] Checking router: d788ed74-3390-448c-a33e-48788640a388 for host: dv-cinder-788366-7-smb {{(pid=108078) _ensure_host_set_on_ports /opt/stack/neutron/neutron/api/rpc/handlers/l3_rpc.py:155}}
Nov 15 17:49:36.640157 dv-cinder-788366-7-smb neutron-server[108078]: DEBUG neutron.api.rpc.handlers.l3_rpc [None req-5c4deb9a-c6d0-4bae-a6fd-69a7eb6cc536 None None] Updating router d788ed74-3390-448c-a33e-48788640a388 port 09234e92-521c-493c-937e-e4fecd51cc17 binding host dv-cinder-788366-7-smb {{(pid=108078) _ensure_host_set_on_port /opt/stack/neutron/neutron/api/rpc/handlers/l3_rpc.py:205}}
Nov 15 17:49:36.655392 dv-cinder-788366-7-smb neutron-server[108077]: DEBUG neutron.pecan_wsgi.hooks.policy_enforcement [req-20e69b97-1ddd-4ee1-9afd-96e6cd7d4834 req-301056df-445f-4727-b3ae-005462517b01 service neutron] Attributes excluded by policy engine: ['standard_attr_id', 'vlan_transparent'] {{(pid=108077) _exclude_attributes_by_policy /opt/stack/neutron/neutron/pecan_wsgi/hooks/policy_enforcement.py:255}}
Nov 15 17:49:36.657041 dv-cinder-788366-7-smb neutron-server[108077]: INFO neutron.wsgi [req-20e69b97-1ddd-4ee1-9afd-96e6cd7d4834 req-301056df-445f-4727-b3ae-005462517b01 service neutron] 10.222.0.41 "GET /v2.0/networks?id=d8ecc5f3-7730-4343-9f93-37759b7ef77c HTTP/1.1" status: 200 len: 915 time: 0.1160803
Nov 15 17:49:36.686877 dv-cinder-788366-7-smb neutron-server[108078]: DEBUG neutron_lib.callbacks.manager [None req-5c4deb9a-c6d0-4bae-a6fd-69a7eb6cc536 None None] Publish callbacks ['neutron.plugins.ml2.plugin.SecurityGroupDbMixin._ensure_default_security_group_handler-3664399'] for port, before_update {{(pid=108078) _notify_loop /usr/local/lib/python3.8/dist-packages/neutron_lib/callbacks/manager.py:175}}
Nov 15 17:49:36.725235 dv-cinder-788366-7-smb neutron-server[108077]: INFO neutron.wsgi [req-20e69b97-1ddd-4ee1-9afd-96e6cd7d4834 req-9ab9b7d3-96a7-4c05-9eff-8351074d2f76 service neutron] 10.222.0.41 "GET /v2.0/floatingips?fixed_ip_address=172.20.0.6&port_id=92d40fdd-026d-43c3-bc88-e9a6ab9f9d8c HTTP/1.1" status: 200 len: 217 time: 0.0556507
Nov 15 17:49:36.735658 dv-cinder-788366-7-smb neutron-server[108078]: DEBUG neutron.db.provisioning_blocks [None req-503a880a-d4fb-4508-971f-67f5ce28d355 None None] Provisioning complete for port 53859711-4ef0-4743-97ea-42604df3f21c triggered by entity L2. {{(pid=108078) provisioning_complete /opt/stack/neutron/neutron/db/provisioning_blocks.py:139}}
Nov 15 17:49:36.736031 dv-cinder-788366-7-smb neutron-server[108078]: DEBUG neutron_lib.callbacks.manager [None req-503a880a-d4fb-4508-971f-67f5ce28d355 None None] Publish callbacks ['neutron.plugins.ml2.plugin.Ml2Plugin._port_provisioned-3633601'] for port, provisioning_complete {{(pid=108078) _notify_loop /usr/local/lib/python3.8/dist-packages/neutron_lib/callbacks/manager.py:175}}
Nov 15 17:49:36.823711 dv-cinder-788366-7-smb neutron-server[108076]: DEBUG neutron.pecan_wsgi.hooks.policy_enforcement [req-23fccd9a-24b3-4a8b-b414-74c2faf3d3b8 req-0c8a37cc-049e-478b-a8f6-5ecb964e2a2a tempest-AttachVolumeNegativeTest-1114387696 tempest-AttachVolumeNegativeTest-1114387696-project] Attributes excluded by policy engine: ['standard_attr_id', 'binding:profile', 'binding:host_id', 'binding:vif_type', 'binding:vif_details'] {{(pid=108076) _exclude_attributes_by_policy /opt/stack/neutron/neutron/pecan_wsgi/hooks/policy_enforcement.py:255}}
Nov 15 17:49:36.825687 dv-cinder-788366-7-smb neutron-server[108077]: DEBUG neutron.pecan_wsgi.hooks.policy_enforcement [req-20e69b97-1ddd-4ee1-9afd-96e6cd7d4834 req-ab5275be-b415-43a0-ab45-23107c4061c9 service neutron] Attributes excluded by policy engine: ['standard_attr_id', 'shared', 'segment_id'] {{(pid=108077) _exclude_attributes_by_policy /opt/stack/neutron/neutron/pecan_wsgi/hooks/policy_enforcement.py:255}}
Nov 15 17:49:36.829989 dv-cinder-788366-7-smb neutron-server[108077]: INFO neutron.wsgi [req-20e69b97-1ddd-4ee1-9afd-96e6cd7d4834 req-ab5275be-b415-43a0-ab45-23107c4061c9 service neutron] 10.222.0.41 "GET /v2.0/subnets?id=8572da11-204e-4b3b-a14f-94d40a5ab2e4 HTTP/1.1" status: 200 len: 854 time: 0.0935516
Nov 15 17:49:36.838955 dv-cinder-788366-7-smb neutron-server[108076]: INFO neutron.wsgi [req-23fccd9a-24b3-4a8b-b414-74c2faf3d3b8 req-0c8a37cc-049e-478b-a8f6-5ecb964e2a2a tempest-AttachVolumeNegativeTest-1114387696 tempest-AttachVolumeNegativeTest-1114387696-project] 10.222.0.37 "GET /v2.0/ports?device_id=0cb61716-0a6a-4891-82a7-064b75b28097 HTTP/1.1" status: 200 len: 943 time: 0.0995262
Nov 15 17:49:36.877784 dv-cinder-788366-7-smb neutron-server[108077]: INFO neutron.wsgi [req-20e69b97-1ddd-4ee1-9afd-96e6cd7d4834 req-42413b96-516a-4b34-a5c6-594e16e9a069 service neutron] 10.222.0.41 "GET /v2.0/ports?network_id=d8ecc5f3-7730-4343-9f93-37759b7ef77c&device_owner=network%3Adhcp HTTP/1.1" status: 200 len: 210 time: 0.0340509
Nov 15 17:49:36.964559 dv-cinder-788366-7-smb neutron-server[108076]: INFO neutron.wsgi [req-23fccd9a-24b3-4a8b-b414-74c2faf3d3b8 req-010e5315-d499-4602-ade7-52cbf5ea6ae5 tempest-AttachVolumeNegativeTest-1114387696 tempest-AttachVolumeNegativeTest-1114387696-project] 10.222.0.37 "GET /v2.0/security-groups?id=209e1085-23ae-4e88-8a28-95dbe64badbe&fields=id&fields=name HTTP/1.1" status: 200 len: 286 time: 0.1208453
Nov 15 17:49:37.014381 dv-cinder-788366-7-smb neutron-server[108076]: DEBUG neutron.pecan_wsgi.hooks.policy_enforcement [req-b8507b1e-8f3b-48b8-82cd-68fe10298d7d req-6a1dcc1d-3a09-4295-85be-fe8b69145efb tempest-AttachVolumeTestJSON-1149703691 tempest-AttachVolumeTestJSON-1149703691-project] Attributes excluded by policy engine: ['standard_attr_id', 'binding:profile', 'binding:host_id', 'binding:vif_type', 'binding:vif_details'] {{(pid=108076) _exclude_attributes_by_policy /opt/stack/neutron/neutron/pecan_wsgi/hooks/policy_enforcement.py:255}}
Nov 15 17:49:37.029449 dv-cinder-788366-7-smb neutron-server[108076]: INFO neutron.wsgi [req-b8507b1e-8f3b-48b8-82cd-68fe10298d7d req-6a1dcc1d-3a09-4295-85be-fe8b69145efb tempest-AttachVolumeTestJSON-1149703691 tempest-AttachVolumeTestJSON-1149703691-project] 10.222.0.37 "GET /v2.0/ports?device_id=15528d98-5303-40cc-9ad0-e1d2f5d33a99 HTTP/1.1" status: 200 len: 943 time: 0.1732767
Nov 15 17:49:37.067134 dv-cinder-788366-7-smb neutron-server[108077]: DEBUG neutron.wsgi [-] (108077) accepted ('10.222.0.37', 42798) {{(pid=108077) server /usr/local/lib/python3.8/dist-packages/eventlet/wsgi.py:982}}
Nov 15 17:49:37.072215 dv-cinder-788366-7-smb neutron-server[108077]: DEBUG neutron.api.v2.base [None req-aee20353-a275-4f45-84db-6973d2a092a0 admin admin] Request body: {'network': {'name': 'tempest-TestMinimumBasicScenario-612704802-network', 'tenant_id': '5bfb79e2e28849d59130b785dbc6e604'}} {{(pid=108077) prepare_request_body /opt/stack/neutron/neutron/api/v2/base.py:729}}
Nov 15 17:49:37.106001 dv-cinder-788366-7-smb neutron-server[108077]: INFO neutron.wsgi [req-20e69b97-1ddd-4ee1-9afd-96e6cd7d4834 req-29f4bfda-c847-4edf-a9f1-a4d10cb92447 service neutron] 10.222.0.41 "GET /v2.0/networks/d8ecc5f3-7730-4343-9f93-37759b7ef77c?fields=segments HTTP/1.1" status: 200 len: 212 time: 0.2181120
Nov 15 17:49:37.106758 dv-cinder-788366-7-smb neutron-server[108077]: DEBUG neutron.pecan_wsgi.hooks.quota_enforcement [None req-aee20353-a275-4f45-84db-6973d2a092a0 admin admin] Made reservation on behalf of 5bfb79e2e28849d59130b785dbc6e604 for: {'network': 1} {{(pid=108077) before /opt/stack/neutron/neutron/pecan_wsgi/hooks/quota_enforcement.py:53}}
Nov 15 17:49:37.109425 dv-cinder-788366-7-smb neutron-server[108077]: DEBUG neutron_lib.callbacks.manager [None req-aee20353-a275-4f45-84db-6973d2a092a0 admin admin] Publish callbacks ['neutron.plugins.ml2.plugin.SecurityGroupDbMixin._ensure_default_security_group_handler-3664399'] for network, before_create {{(pid=108077) _notify_loop /usr/local/lib/python3.8/dist-packages/neutron_lib/callbacks/manager.py:175}}
Nov 15 17:49:37.124213 dv-cinder-788366-7-smb neutron-server[108076]: INFO neutron.wsgi [req-b8507b1e-8f3b-48b8-82cd-68fe10298d7d req-9a2917d1-baa8-448f-837b-1fd2d712a18b tempest-AttachVolumeTestJSON-1149703691 tempest-AttachVolumeTestJSON-1149703691-project] 10.222.0.37 "GET /v2.0/security-groups?id=1e56e969-2626-4a26-bd2b-699145f5cddb&fields=id&fields=name HTTP/1.1" status: 200 len: 313 time: 0.0876832
Nov 15 17:49:37.150069 dv-cinder-788366-7-smb neutron-server[108077]: DEBUG neutron_lib.callbacks.manager [None req-aee20353-a275-4f45-84db-6973d2a092a0 admin admin] Publish callbacks [] for security_group, before_create {{(pid=108077) _notify_loop /usr/local/lib/python3.8/dist-packages/neutron_lib/callbacks/manager.py:175}}
Nov 15 17:49:37.257158 dv-cinder-788366-7-smb neutron-server[108078]: DEBUG neutron_lib.callbacks.manager [None req-5c4deb9a-c6d0-4bae-a6fd-69a7eb6cc536 None None] Publish callbacks [] for port, precommit_update {{(pid=108078) _notify_loop /usr/local/lib/python3.8/dist-packages/neutron_lib/callbacks/manager.py:175}}
Nov 15 17:49:37.264408 dv-cinder-788366-7-smb neutron-server[108078]: DEBUG neutron_lib.callbacks.manager [None req-5c4deb9a-c6d0-4bae-a6fd-69a7eb6cc536 None None] Publish callbacks ['neutron.plugins.ml2.plugin.SecurityGroupServerNotifierRpcMixin._notify_sg_on_port_change-3664584', 'neutron.plugins.ml2.ovo_rpc._ObjectChangeHandler.handle_event-118497', 'neutron.api.rpc.agentnotifiers.dhcp_rpc_agent_api.DhcpAgentNotifyAPI._native_event_send_dhcp_notification-3748357', 'neutron.db.l3_db.L3RpcNotifierMixin._notify_gateway_port_ip_changed-8770207754927', 'neutron.db.l3_dvrscheduler_db._notify_l3_agent_port_update-8770207343782', 'neutron.db.l3_hascheduler_db._notify_l3_agent_ha_port_update-8770207343800'] for port, after_update {{(pid=108078) _notify_loop /usr/local/lib/python3.8/dist-packages/neutron_lib/callbacks/manager.py:175}}
Nov 15 17:49:37.267617 dv-cinder-788366-7-smb neutron-server[108077]: INFO neutron.wsgi [req-20e69b97-1ddd-4ee1-9afd-96e6cd7d4834 req-e13b27d8-af8e-4413-ba0b-e08ebe665da5 service neutron] 10.222.0.41 "GET /v2.0/networks/d8ecc5f3-7730-4343-9f93-37759b7ef77c?fields=provider%3Aphysical_network&fields=provider%3Anetwork_type HTTP/1.1" status: 200 len: 281 time: 0.1479967
Nov 15 17:49:37.324110 dv-cinder-788366-7-smb neutron-server[108077]: DEBUG neutron_lib.callbacks.manager [None req-aee20353-a275-4f45-84db-6973d2a092a0 admin admin] Publish callbacks [] for security_group, precommit_create {{(pid=108077) _notify_loop /usr/local/lib/python3.8/dist-packages/neutron_lib/callbacks/manager.py:175}}
Nov 15 17:49:37.333022 dv-cinder-788366-7-smb neutron-server[108077]: DEBUG neutron_lib.callbacks.manager [None req-aee20353-a275-4f45-84db-6973d2a092a0 admin admin] Publish callbacks ['neutron.plugins.ml2.ovo_rpc._ObjectChangeHandler.handle_event-507519'] for security_group, after_create {{(pid=108077) _notify_loop /usr/local/lib/python3.8/dist-packages/neutron_lib/callbacks/manager.py:175}}
Nov 15 17:49:37.359569 dv-cinder-788366-7-smb neutron-server[108077]: DEBUG neutron.plugins.ml2.drivers.helpers [None req-aee20353-a275-4f45-84db-6973d2a092a0 admin admin] vlan segment allocate from pool success with {'physical_network': 'physnet1', 'vlan_id': 348} {{(pid=108077) allocate_partially_specified_segment /opt/stack/neutron/neutron/plugins/ml2/drivers/helpers.py:153}}
Nov 15 17:49:37.359782 dv-cinder-788366-7-smb neutron-server[108078]: DEBUG neutron.api.rpc.handlers.resources_rpc [None req-5301df64-befd-4d0f-b837-e7c91d5fcd8f None None] Pushing event updated for resources: {'Port': ['ID=09234e92-521c-493c-937e-e4fecd51cc17,revision_number=3']} {{(pid=108078) push /opt/stack/neutron/neutron/api/rpc/handlers/resources_rpc.py:237}}
Nov 15 17:49:37.374952 dv-cinder-788366-7-smb neutron-server[108078]: DEBUG neutron.plugins.ml2.managers [None req-5c4deb9a-c6d0-4bae-a6fd-69a7eb6cc536 None None] Attempting to bind port 09234e92-521c-493c-937e-e4fecd51cc17 on host dv-cinder-788366-7-smb for vnic_type normal with profile {{(pid=108078) bind_port /opt/stack/neutron/neutron/plugins/ml2/managers.py:795}}
Nov 15 17:49:37.375442 dv-cinder-788366-7-smb neutron-server[108078]: DEBUG neutron.plugins.ml2.managers [None req-5c4deb9a-c6d0-4bae-a6fd-69a7eb6cc536 None None] Attempting to bind port 09234e92-521c-493c-937e-e4fecd51cc17 by drivers openvswitch,hyperv on host dv-cinder-788366-7-smb at level 0 using segments [{'id': '1c487c0e-5911-41d5-801a-1e36b6d44810', 'network_type': 'vlan', 'physical_network': 'physnet1', 'segmentation_id': 339, 'network_id': '5ef70696-e385-4075-915a-8bc0b392fa2b'}] {{(pid=108078) _bind_port_level /opt/stack/neutron/neutron/plugins/ml2/managers.py:820}}
Nov 15 17:49:37.375884 dv-cinder-788366-7-smb neutron-server[108078]: DEBUG neutron.plugins.ml2.drivers.mech_agent [None req-5c4deb9a-c6d0-4bae-a6fd-69a7eb6cc536 None None] Attempting to bind port 09234e92-521c-493c-937e-e4fecd51cc17 on network 5ef70696-e385-4075-915a-8bc0b392fa2b {{(pid=108078) bind_port /opt/stack/neutron/neutron/plugins/ml2/drivers/mech_agent.py:91}}
Nov 15 17:49:37.383940 dv-cinder-788366-7-smb neutron-server[108078]: DEBUG neutron.plugins.ml2.drivers.mech_agent [None req-5c4deb9a-c6d0-4bae-a6fd-69a7eb6cc536 None None] Checking agent: {'id': '8acd39bf-9aaf-41f4-9ecc-49fe680f5941', 'agent_type': 'Open vSwitch agent', 'binary': 'neutron-openvswitch-agent', 'topic': 'N/A', 'host': 'dv-cinder-788366-7-smb', 'admin_state_up': True, 'created_at': datetime.datetime(2021, 11, 15, 17, 39, 56), 'started_at': datetime.datetime(2021, 11, 15, 17, 40, 26), 'heartbeat_timestamp': datetime.datetime(2021, 11, 15, 17, 49, 26), 'description': None, 'resources_synced': None, 'availability_zone': None, 'alive': True, 'configurations': {'arp_responder_enabled': False, 'baremetal_smartnic': False, 'bridge_mappings': {'physnet1': 'br-data'}, 'datapath_type': 'system', 'devices': 0, 'enable_distributed_routing': False, 'extensions': [], 'in_distributed_mode': False, 'integration_bridge': 'br-int', 'l2_population': False, 'log_agent_heartbeats': False, 'ovs_capabilities': {'datapath_types': ['netdev', 'system'], 'iface_types': ['erspan', 'geneve', 'gre', 'internal', 'ip6erspan', 'ip6gre', 'lisp', 'patch', 'stt', 'system', 'tap', 'vxlan']}, 'ovs_hybrid_plug': False, 'resource_provider_bandwidths': {}, 'resource_provider_hypervisors': {'br-data': 'dv-cinder-788366-7-smb'}, 'resource_provider_inventory_defaults': {'allocation_ratio': 1.0, 'min_unit': 1, 'step_size': 1, 'reserved': 0}, 'resource_provider_packet_processing_inventory_defaults': {'allocation_ratio': 1.0, 'min_unit': 1, 'step_size': 1, 'reserved': 0}, 'resource_provider_packet_processing_with_direction': {}, 'resource_provider_packet_processing_without_direction': {}, 'tunnel_types': [], 'tunneling_ip': None, 'vhostuser_socket_dir': '/var/run/openvswitch'}, 'resource_versions': {'AddressGroup': '1.2', 'ConntrackHelper': '1.0', 'Log': '1.0', 'Network': '1.1', 'Port': '1.7', 'PortForwarding': '1.2', 'QosPolicy': '1.10', 'SecurityGroup': '1.5', 'SecurityGroupRule': '1.2', 'SubPort': '1.0', 'Subnet': '1.1', 'Trunk': '1.1'}} {{(pid=108078) bind_port /opt/stack/neutron/neutron/plugins/ml2/drivers/mech_agent.py:110}}
Nov 15 17:49:37.384203 dv-cinder-788366-7-smb neutron-server[108077]: DEBUG neutron.api.rpc.handlers.resources_rpc [None req-aee20353-a275-4f45-84db-6973d2a092a0 admin admin] Pushing event updated for resources: {'SecurityGroup': ['ID=f696f347-f971-424d-bfe6-c9050897b5db,revision_number=1']} {{(pid=108077) push /opt/stack/neutron/neutron/api/rpc/handlers/resources_rpc.py:237}}
Nov 15 17:49:37.385092 dv-cinder-788366-7-smb neutron-server[108078]: DEBUG neutron.plugins.ml2.drivers.mech_agent [None req-5c4deb9a-c6d0-4bae-a6fd-69a7eb6cc536 None None] Checking segment: {'id': '1c487c0e-5911-41d5-801a-1e36b6d44810', 'network_type': 'vlan', 'physical_network': 'physnet1', 'segmentation_id': 339, 'network_id': '5ef70696-e385-4075-915a-8bc0b392fa2b'} for mappings: {'physnet1': 'br-data'} with network types: ['local', 'flat', 'vlan'] {{(pid=108078) check_segment_for_agent /opt/stack/neutron/neutron/plugins/ml2/drivers/mech_agent.py:371}}
Nov 15 17:49:37.386063 dv-cinder-788366-7-smb neutron-server[108078]: DEBUG neutron_lib.callbacks.manager [None req-5c4deb9a-c6d0-4bae-a6fd-69a7eb6cc536 None None] Publish callbacks [] for ovs_bridge_name, before_read {{(pid=108078) _notify_loop /usr/local/lib/python3.8/dist-packages/neutron_lib/callbacks/manager.py:175}}
Nov 15 17:49:37.386725 dv-cinder-788366-7-smb neutron-server[108078]: DEBUG neutron.plugins.ml2.drivers.mech_agent [None req-5c4deb9a-c6d0-4bae-a6fd-69a7eb6cc536 None None] Bound using segment: {'id': '1c487c0e-5911-41d5-801a-1e36b6d44810', 'network_type': 'vlan', 'physical_network': 'physnet1', 'segmentation_id': 339, 'network_id': '5ef70696-e385-4075-915a-8bc0b392fa2b'} {{(pid=108078) bind_port /opt/stack/neutron/neutron/plugins/ml2/drivers/mech_agent.py:120}}
Nov 15 17:49:37.387236 dv-cinder-788366-7-smb neutron-server[108077]: DEBUG neutron_lib.callbacks.manager [None req-aee20353-a275-4f45-84db-6973d2a092a0 admin admin] Publish callbacks ['neutron.plugins.ml2.plugin.Ml2Plugin._handle_segment_change-3640342'] for segment, precommit_create {{(pid=108077) _notify_loop /usr/local/lib/python3.8/dist-packages/neutron_lib/callbacks/manager.py:175}}
Nov 15 17:49:37.387579 dv-cinder-788366-7-smb neutron-server[108077]: INFO neutron.db.segments_db [None req-aee20353-a275-4f45-84db-6973d2a092a0 admin admin] Added segment 2a31c332-c645-44ee-a810-16fba86b40b1 of type vlan for network 6bee6d5c-62d0-4c8c-984a-8127668ef51d
Nov 15 17:49:37.387930 dv-cinder-788366-7-smb neutron-server[108078]: DEBUG neutron.plugins.ml2.managers [None req-5c4deb9a-c6d0-4bae-a6fd-69a7eb6cc536 None None] Bound port: 09234e92-521c-493c-937e-e4fecd51cc17, host: dv-cinder-788366-7-smb, vif_type: ovs, vif_details: {"connectivity": "l2", "port_filter": true, "ovs_hybrid_plug": false, "datapath_type": "system", "bridge_name": "br-int"}, binding_levels: [{'bound_driver': 'openvswitch', 'bound_segment': {'id': '1c487c0e-5911-41d5-801a-1e36b6d44810', 'network_type': 'vlan', 'physical_network': 'physnet1', 'segmentation_id': 339, 'network_id': '5ef70696-e385-4075-915a-8bc0b392fa2b'}}] {{(pid=108078) _bind_port_level /opt/stack/neutron/neutron/plugins/ml2/managers.py:932}}
Nov 15 17:49:37.389116 dv-cinder-788366-7-smb neutron-server[108078]: DEBUG neutron_lib.callbacks.manager [None req-5c4deb9a-c6d0-4bae-a6fd-69a7eb6cc536 None None] Publish callbacks ['neutron.plugins.ml2.plugin.SecurityGroupDbMixin._ensure_default_security_group_handler-3664399'] for port, before_update {{(pid=108078) _notify_loop /usr/local/lib/python3.8/dist-packages/neutron_lib/callbacks/manager.py:175}}
Nov 15 17:49:37.455072 dv-cinder-788366-7-smb neutron-server[108077]: DEBUG neutron_lib.callbacks.manager [None req-aee20353-a275-4f45-84db-6973d2a092a0 admin admin] Publish callbacks ['neutron.services.auto_allocate.db._ensure_external_network_default_value_callback-8770207361783'] for network, precommit_create {{(pid=108077) _notify_loop /usr/local/lib/python3.8/dist-packages/neutron_lib/callbacks/manager.py:175}}
Nov 15 17:49:37.494402 dv-cinder-788366-7-smb neutron-server[108078]: DEBUG neutron.plugins.ml2.db [None req-5c4deb9a-c6d0-4bae-a6fd-69a7eb6cc536 None None] For port 09234e92-521c-493c-937e-e4fecd51cc17, host dv-cinder-788366-7-smb, cleared binding levels {{(pid=108078) clear_binding_levels /opt/stack/neutron/neutron/plugins/ml2/db.py:87}}
Nov 15 17:49:37.499432 dv-cinder-788366-7-smb neutron-server[108078]: DEBUG neutron.plugins.ml2.db [None req-5c4deb9a-c6d0-4bae-a6fd-69a7eb6cc536 None None] For port 09234e92-521c-493c-937e-e4fecd51cc17, host dv-cinder-788366-7-smb, set binding levels [PortBindingLevel(driver='openvswitch',host='dv-cinder-788366-7-smb',level=0,port_id=09234e92-521c-493c-937e-e4fecd51cc17,segment=NetworkSegment(1c487c0e-5911-41d5-801a-1e36b6d44810),segment_id=1c487c0e-5911-41d5-801a-1e36b6d44810)] {{(pid=108078) set_binding_levels /opt/stack/neutron/neutron/plugins/ml2/db.py:59}}
Nov 15 17:49:37.502432 dv-cinder-788366-7-smb neutron-server[108077]: DEBUG neutron_lib.callbacks.manager [None req-aee20353-a275-4f45-84db-6973d2a092a0 admin admin] Publish callbacks ['neutron.plugins.ml2.ovo_rpc._ObjectChangeHandler.handle_event-507584', 'neutron.api.rpc.agentnotifiers.dhcp_rpc_agent_api.DhcpAgentNotifyAPI._native_event_send_dhcp_notification-3748357'] for network, after_create {{(pid=108077) _notify_loop /usr/local/lib/python3.8/dist-packages/neutron_lib/callbacks/manager.py:175}}
Nov 15 17:49:37.503461 dv-cinder-788366-7-smb neutron-server[108077]: DEBUG neutron.pecan_wsgi.hooks.policy_enforcement [None req-aee20353-a275-4f45-84db-6973d2a092a0 admin admin] Attributes excluded by policy engine: ['standard_attr_id', 'vlan_transparent'] {{(pid=108077) _exclude_attributes_by_policy /opt/stack/neutron/neutron/pecan_wsgi/hooks/policy_enforcement.py:255}}
Nov 15 17:49:37.505096 dv-cinder-788366-7-smb neutron-server[108077]: DEBUG neutron_lib.callbacks.manager [None req-aee20353-a275-4f45-84db-6973d2a092a0 admin admin] Publish callbacks ['neutron.api.rpc.agentnotifiers.dhcp_rpc_agent_api.DhcpAgentNotifyAPI._send_dhcp_notification-3748379'] for network, before_response {{(pid=108077) _notify_loop /usr/local/lib/python3.8/dist-packages/neutron_lib/callbacks/manager.py:175}}
Nov 15 17:49:37.508048 dv-cinder-788366-7-smb neutron-server[108078]: DEBUG neutron_lib.callbacks.manager [None req-5c4deb9a-c6d0-4bae-a6fd-69a7eb6cc536 None None] Publish callbacks ['neutron.plugins.ml2.plugin.SecurityGroupServerNotifierRpcMixin._notify_sg_on_port_change-3664584', 'neutron.plugins.ml2.ovo_rpc._ObjectChangeHandler.handle_event-118497', 'neutron.api.rpc.agentnotifiers.dhcp_rpc_agent_api.DhcpAgentNotifyAPI._native_event_send_dhcp_notification-3748357', 'neutron.db.l3_db.L3RpcNotifierMixin._notify_gateway_port_ip_changed-8770207754927', 'neutron.db.l3_dvrscheduler_db._notify_l3_agent_port_update-8770207343782', 'neutron.db.l3_hascheduler_db._notify_l3_agent_ha_port_update-8770207343800'] for port, after_update {{(pid=108078) _notify_loop /usr/local/lib/python3.8/dist-packages/neutron_lib/callbacks/manager.py:175}}
Nov 15 17:49:37.563530 dv-cinder-788366-7-smb neutron-server[108077]: INFO neutron.wsgi [None req-aee20353-a275-4f45-84db-6973d2a092a0 admin admin] 10.222.0.37 "POST /v2.0/networks HTTP/1.1" status: 201 len: 887 time: 0.4950576
Nov 15 17:49:37.566221 dv-cinder-788366-7-smb neutron-server[108077]: DEBUG neutron.wsgi [-] (108077) accepted ('10.222.0.37', 42810) {{(pid=108077) server /usr/local/lib/python3.8/dist-packages/eventlet/wsgi.py:982}}
Nov 15 17:49:37.569044 dv-cinder-788366-7-smb neutron-server[108076]: DEBUG neutron.pecan_wsgi.hooks.policy_enforcement [req-2c133e88-5e31-4f6b-ae8a-2a0e56e55e1c req-755ad01b-db30-4845-a11d-5b5c7329d03b tempest-ServerRescueNegativeTestJSON-282459688 tempest-ServerRescueNegativeTestJSON-282459688-project] Attributes excluded by policy engine: ['standard_attr_id', 'binding:profile', 'binding:host_id', 'binding:vif_type', 'binding:vif_details'] {{(pid=108076) _exclude_attributes_by_policy /opt/stack/neutron/neutron/pecan_wsgi/hooks/policy_enforcement.py:255}}
Nov 15 17:49:37.570838 dv-cinder-788366-7-smb neutron-server[108076]: INFO neutron.wsgi [req-2c133e88-5e31-4f6b-ae8a-2a0e56e55e1c req-755ad01b-db30-4845-a11d-5b5c7329d03b tempest-ServerRescueNegativeTestJSON-282459688 tempest-ServerRescueNegativeTestJSON-282459688-project] 10.222.0.37 "GET /v2.0/ports?device_id=e2af381e-2089-4172-b5c2-9d3b2ea85fcf HTTP/1.1" status: 200 len: 945 time: 0.0797250
Nov 15 17:49:37.579811 dv-cinder-788366-7-smb neutron-server[108077]: DEBUG neutron.api.v2.base [None req-2f2165fa-2a71-4b72-b777-4d65c28180c2 admin admin] Request body: {'subnet': {'network_id': '6bee6d5c-62d0-4c8c-984a-8127668ef51d', 'cidr': '172.20.0.0/28', 'name': 'tempest-TestMinimumBasicScenario-612704802-subnet', 'tenant_id': '5bfb79e2e28849d59130b785dbc6e604', 'ip_version': 4}} {{(pid=108077) prepare_request_body /opt/stack/neutron/neutron/api/v2/base.py:729}}
Nov 15 17:49:37.590740 dv-cinder-788366-7-smb neutron-server[108078]: DEBUG neutron.db.l3_dvrscheduler_db [None req-5c4deb9a-c6d0-4bae-a6fd-69a7eb6cc536 None None] Routers {'d788ed74-3390-448c-a33e-48788640a388'} bound to L3 agent in host dv-cinder-788366-7-smb {{(pid=108078) _get_router_ids_for_agent /opt/stack/neutron/neutron/db/l3_dvrscheduler_db.py:420}}
Nov 15 17:49:37.591744 dv-cinder-788366-7-smb neutron-server[108078]: DEBUG neutron.db.l3_hamode_db [None req-5c4deb9a-c6d0-4bae-a6fd-69a7eb6cc536 None None] neutron.services.l3_router.l3_router_plugin.L3RouterPlugin method get_ha_sync_data_for_host called with arguments (, 'dv-cinder-788366-7-smb', Agent(admin_state_up=True,agent_type='L3 agent',availability_zone='nova',binary='neutron-l3-agent',configurations={"agent_mode": "legacy", "ex_gw_ports": 4, "extensions": [], "floating_ips": 1, "handle_internal_only_routers": true, "interface_driver": "openvswitch", "interfaces": 3, "log_agent_heartbeats": false, "routers": 4},created_at=2021-11-15T17:39:53Z,description=,heartbeat_timestamp=2021-11-15T17:49:23Z,host='dv-cinder-788366-7-smb',id=159f9523-9551-4918-a939-82eac7a081e1,load=0,resource_versions=,resources_synced=,started_at=2021-11-15T17:39:53Z,topic='l3_agent')) {'router_ids': ['d788ed74-3390-448c-a33e-48788640a388'], 'active': True} {{(pid=108078) wrapper /usr/local/lib/python3.8/dist-packages/oslo_log/helpers.py:65}}
Nov 15 17:49:37.614049 dv-cinder-788366-7-smb neutron-server[108077]: DEBUG neutron.api.rpc.handlers.resources_rpc [None req-aee20353-a275-4f45-84db-6973d2a092a0 admin admin] Pushing event updated for resources: {'Network': ['ID=6bee6d5c-62d0-4c8c-984a-8127668ef51d,revision_number=1']} {{(pid=108077) push /opt/stack/neutron/neutron/api/rpc/handlers/resources_rpc.py:237}}
