Jul 13 15:40:22.472829 dv-cinder-788366-2-smb devstack@c-api.service[106434]: WARNING cinder.quota [None req-4c7b6e49-c419-40d3-ae8f-1b82bdc0ec7c tempest-VolumeTypesAccessTest-1177827472 tempest-VolumeTypesAccessTest-1177827472-project] Deprecated: Default quota for resource: gigabytes_tempest-VolumeTypesAccessTest-volume-type-615855271 is set by the default quota flag: quota_gigabytes_tempest-VolumeTypesAccessTest-volume-type-615855271, it is now deprecated. Please use the default quota class for default quota.
Jul 13 15:40:22.593094 dv-cinder-788366-2-smb devstack@c-api.service[106434]: DEBUG cinder.quota [None req-4c7b6e49-c419-40d3-ae8f-1b82bdc0ec7c tempest-VolumeTypesAccessTest-1177827472 tempest-VolumeTypesAccessTest-1177827472-project] Created reservations ['ef40e1dd-a04f-477c-acb4-f687746c7aab', '9503359f-9ba0-4f5f-8733-dd530f535f9d', '4448ecc3-99b9-418d-8e0d-d4a33388ca27', '965d8f92-3661-4f20-a0d9-ebd05a0637f9'] {{(pid=106434) reserve /opt/stack/cinder/cinder/quota.py:829}}
Jul 13 15:40:22.595733 dv-cinder-788366-2-smb devstack@c-api.service[106434]: DEBUG cinder.volume.api [None req-4c7b6e49-c419-40d3-ae8f-1b82bdc0ec7c tempest-VolumeTypesAccessTest-1177827472 tempest-VolumeTypesAccessTest-1177827472-project] Task 'cinder.volume.flows.api.create_volume.QuotaReserveTask;volume:create' (bd0dc274-75a5-4281-a8ec-d97ed8a7bdb2) transitioned into state 'SUCCESS' from state 'RUNNING' with result '{'reservations': ['ef40e1dd-a04f-477c-acb4-f687746c7aab', '9503359f-9ba0-4f5f-8733-dd530f535f9d', '4448ecc3-99b9-418d-8e0d-d4a33388ca27', '965d8f92-3661-4f20-a0d9-ebd05a0637f9']}' {{(pid=106434) _task_receiver /usr/local/lib/python3.8/dist-packages/taskflow/listeners/logging.py:178}}
Jul 13 15:40:22.598718 dv-cinder-788366-2-smb devstack@c-api.service[106434]: DEBUG cinder.volume.api [None req-4c7b6e49-c419-40d3-ae8f-1b82bdc0ec7c tempest-VolumeTypesAccessTest-1177827472 tempest-VolumeTypesAccessTest-1177827472-project] Task 'cinder.volume.flows.api.create_volume.EntryCreateTask;volume:create' (2f710cc5-2279-4fb1-8e9f-be3a57c3f344) transitioned into state 'RUNNING' from state 'PENDING' {{(pid=106434) _task_receiver /usr/local/lib/python3.8/dist-packages/taskflow/listeners/logging.py:190}}
Jul 13 15:40:22.653893 dv-cinder-788366-2-smb devstack@c-api.service[106434]: DEBUG cinder.volume.api [None req-4c7b6e49-c419-40d3-ae8f-1b82bdc0ec7c tempest-VolumeTypesAccessTest-1177827472 tempest-VolumeTypesAccessTest-1177827472-project] Task 'cinder.volume.flows.api.create_volume.EntryCreateTask;volume:create' (2f710cc5-2279-4fb1-8e9f-be3a57c3f344) transitioned into state 'SUCCESS' from state 'RUNNING' with result '{'volume_id': '3ea9d7a1-590d-4901-8b32-953af0d9a938', 'volume_properties': VolumeProperties(attach_status='detached',availability_zone='nova',cgsnapshot_id=None,consistencygroup_id=None,display_description=None,display_name='tempest-VolumeTypesAccessTest-Volume-2101900472',encryption_key_id=None,group_id=None,group_type_id=,metadata={},multiattach=False,project_id='e52c269ec91e4480a9e3a2deef68ac2b',qos_specs=None,replication_status=,reservations=['ef40e1dd-a04f-477c-acb4-f687746c7aab','9503359f-9ba0-4f5f-8733-dd530f535f9d','4448ecc3-99b9-418d-8e0d-d4a33388ca27','965d8f92-3661-4f20-a0d9-ebd05a0637f9'],size=1,snapshot_id=None,source_replicaid=,source_volid=None,status='creating',user_id='cc5642efa6b546798089ba5e13775989',volume_type_id=faea2a7e-8de9-4e9c-92f9-6c104a5d6310), 'volume': Volume(_name_id=None,admin_metadata=,attach_status='detached',availability_zone='nova',bootable=False,cluster=,cluster_name=None,consistencygroup=,consistencygroup_id=None,created_at=2021-07-13T15:40:22Z,deleted=False,deleted_at=None,display_description=None,display_name='tempest-VolumeTypesAccessTest-Volume-2101900472',ec2_id=None,encryption_key_id=None,glance_metadata=,group=,group_id=None,host=None,id=3ea9d7a1-590d-4901-8b32-953af0d9a938,launched_at=None,metadata={},migration_status=None,multiattach=False,previous_status=None,project_id='e52c269ec91e4480a9e3a2deef68ac2b',provider_auth=None,provider_geometry=None,provider_id=None,provider_location=None,replication_driver_data=None,replication_extended_status=None,replication_status=None,scheduled_at=None,service_uuid=None,shared_targets=True,size=1,snapshot_id=None,snapshots=,source_volid=None,status='creating',terminated_at=None,updated_at=None,user_id='cc5642efa6b546798089ba5e13775989',volume_attachment=,volume_type=VolumeType(faea2a7e-8de9-4e9c-92f9-6c104a5d6310),volume_type_id=faea2a7e-8de9-4e9c-92f9-6c104a5d6310)}' {{(pid=106434) _task_receiver /usr/local/lib/python3.8/dist-packages/taskflow/listeners/logging.py:178}}
Jul 13 15:40:22.656026 dv-cinder-788366-2-smb devstack@c-api.service[106434]: DEBUG cinder.volume.api [None req-4c7b6e49-c419-40d3-ae8f-1b82bdc0ec7c tempest-VolumeTypesAccessTest-1177827472 tempest-VolumeTypesAccessTest-1177827472-project] Task 'cinder.volume.flows.api.create_volume.QuotaCommitTask;volume:create' (b52e6e98-6684-4076-8dfc-15451cc92e39) transitioned into state 'RUNNING' from state 'PENDING' {{(pid=106434) _task_receiver /usr/local/lib/python3.8/dist-packages/taskflow/listeners/logging.py:190}}
Jul 13 15:40:22.733764 dv-cinder-788366-2-smb devstack@c-api.service[106434]: DEBUG cinder.volume.api [None req-4c7b6e49-c419-40d3-ae8f-1b82bdc0ec7c tempest-VolumeTypesAccessTest-1177827472 tempest-VolumeTypesAccessTest-1177827472-project] Task 'cinder.volume.flows.api.create_volume.QuotaCommitTask;volume:create' (b52e6e98-6684-4076-8dfc-15451cc92e39) transitioned into state 'SUCCESS' from state 'RUNNING' with result '{'volume_properties': VolumeProperties(attach_status='detached',availability_zone='nova',cgsnapshot_id=None,consistencygroup_id=None,display_description=None,display_name='tempest-VolumeTypesAccessTest-Volume-2101900472',encryption_key_id=None,group_id=None,group_type_id=,metadata={},multiattach=False,project_id='e52c269ec91e4480a9e3a2deef68ac2b',qos_specs=None,replication_status=,reservations=['ef40e1dd-a04f-477c-acb4-f687746c7aab','9503359f-9ba0-4f5f-8733-dd530f535f9d','4448ecc3-99b9-418d-8e0d-d4a33388ca27','965d8f92-3661-4f20-a0d9-ebd05a0637f9'],size=1,snapshot_id=None,source_replicaid=,source_volid=None,status='creating',user_id='cc5642efa6b546798089ba5e13775989',volume_type_id=faea2a7e-8de9-4e9c-92f9-6c104a5d6310)}' {{(pid=106434) _task_receiver /usr/local/lib/python3.8/dist-packages/taskflow/listeners/logging.py:178}}
Jul 13 15:40:22.735799 dv-cinder-788366-2-smb devstack@c-api.service[106434]: DEBUG cinder.volume.api [None req-4c7b6e49-c419-40d3-ae8f-1b82bdc0ec7c tempest-VolumeTypesAccessTest-1177827472 tempest-VolumeTypesAccessTest-1177827472-project] Task 'cinder.volume.flows.api.create_volume.VolumeCastTask;volume:create' (37e91200-e520-4da3-b2a0-92b71711e008) transitioned into state 'RUNNING' from state 'PENDING' {{(pid=106434) _task_receiver /usr/local/lib/python3.8/dist-packages/taskflow/listeners/logging.py:190}}
Jul 13 15:40:22.776174 dv-cinder-788366-2-smb devstack@c-api.service[106434]: DEBUG cinder.volume.api [None req-4c7b6e49-c419-40d3-ae8f-1b82bdc0ec7c tempest-VolumeTypesAccessTest-1177827472 tempest-VolumeTypesAccessTest-1177827472-project] Task 'cinder.volume.flows.api.create_volume.VolumeCastTask;volume:create' (37e91200-e520-4da3-b2a0-92b71711e008) transitioned into state 'SUCCESS' from state 'RUNNING' with result 'None' {{(pid=106434) _task_receiver /usr/local/lib/python3.8/dist-packages/taskflow/listeners/logging.py:178}}
Jul 13 15:40:22.784692 dv-cinder-788366-2-smb devstack@c-api.service[106434]: DEBUG cinder.volume.api [None req-4c7b6e49-c419-40d3-ae8f-1b82bdc0ec7c tempest-VolumeTypesAccessTest-1177827472 tempest-VolumeTypesAccessTest-1177827472-project] Flow 'volume_create_api' (b717528b-3c8e-4e85-9adf-4215c2209552) transitioned into state 'SUCCESS' from state 'RUNNING' {{(pid=106434) _flow_receiver /usr/local/lib/python3.8/dist-packages/taskflow/listeners/logging.py:141}}
Jul 13 15:40:22.785937 dv-cinder-788366-2-smb devstack@c-api.service[106434]: INFO cinder.volume.api [None req-4c7b6e49-c419-40d3-ae8f-1b82bdc0ec7c tempest-VolumeTypesAccessTest-1177827472 tempest-VolumeTypesAccessTest-1177827472-project] Create volume request issued successfully.
Jul 13 15:40:22.804234 dv-cinder-788366-2-smb devstack@c-api.service[106434]: INFO cinder.api.openstack.wsgi [None req-4c7b6e49-c419-40d3-ae8f-1b82bdc0ec7c tempest-VolumeTypesAccessTest-1177827472 tempest-VolumeTypesAccessTest-1177827472-project] http://10.222.0.62/volume/v3/e52c269ec91e4480a9e3a2deef68ac2b/volumes returned with HTTP 202
Jul 13 15:40:22.805569 dv-cinder-788366-2-smb devstack@c-api.service[106434]: [pid: 106434|app: 0|req: 32/57] 10.222.0.62 () {60 vars in 1236 bytes} [Tue Jul 13 15:40:22 2021] POST /volume/v3/e52c269ec91e4480a9e3a2deef68ac2b/volumes => generated 861 bytes in 621 msecs (HTTP/1.1 202) 7 headers in 291 bytes (1 switches on core 0)
Jul 13 15:40:22.821497 dv-cinder-788366-2-smb devstack@c-api.service[106433]: INFO cinder.api.openstack.wsgi [None req-b783c3c2-e782-4b94-ab81-92729f9cac7f tempest-VolumeTypesAccessTest-1177827472 tempest-VolumeTypesAccessTest-1177827472-project] GET http://10.222.0.62/volume/v3/e52c269ec91e4480a9e3a2deef68ac2b/volumes/3ea9d7a1-590d-4901-8b32-953af0d9a938
Jul 13 15:40:22.822161 dv-cinder-788366-2-smb devstack@c-api.service[106433]: DEBUG cinder.api.openstack.wsgi [None req-b783c3c2-e782-4b94-ab81-92729f9cac7f tempest-VolumeTypesAccessTest-1177827472 tempest-VolumeTypesAccessTest-1177827472-project] Empty body provided in request {{(pid=106433) get_body /opt/stack/cinder/cinder/api/openstack/wsgi.py:713}}
Jul 13 15:40:22.822904 dv-cinder-788366-2-smb devstack@c-api.service[106433]: DEBUG cinder.api.openstack.wsgi [None req-b783c3c2-e782-4b94-ab81-92729f9cac7f tempest-VolumeTypesAccessTest-1177827472 tempest-VolumeTypesAccessTest-1177827472-project] Calling method 'show' {{(pid=106433) _process_stack /opt/stack/cinder/cinder/api/openstack/wsgi.py:866}}
Jul 13 15:40:22.849294 dv-cinder-788366-2-smb devstack@c-api.service[106434]: INFO cinder.api.openstack.wsgi [None req-8cba5d57-1602-4789-b77a-39023cb85d25 tempest-GroupSnapshotsTest-391625429 tempest-GroupSnapshotsTest-391625429-project] GET http://10.222.0.62/volume/v3/f58b485c7dcd48439e30ac2d2963dadb/group_snapshots/704309b9-aef2-4880-a9b1-ef43538eb49a
Jul 13 15:40:22.850105 dv-cinder-788366-2-smb devstack@c-api.service[106434]: DEBUG cinder.api.openstack.wsgi [None req-8cba5d57-1602-4789-b77a-39023cb85d25 tempest-GroupSnapshotsTest-391625429 tempest-GroupSnapshotsTest-391625429-project] Empty body provided in request {{(pid=106434) get_body /opt/stack/cinder/cinder/api/openstack/wsgi.py:713}}
Jul 13 15:40:22.850455 dv-cinder-788366-2-smb devstack@c-api.service[106434]: /usr/local/lib/python3.8/dist-packages/webob/acceptparse.py:1047: DeprecationWarning: The behavior of AcceptValidHeader.best_match is currently being maintained for backward compatibility, but it will be deprecated in the future, as it does not conform to the RFC.
Jul 13 15:40:22.850455 dv-cinder-788366-2-smb devstack@c-api.service[106434]: warnings.warn(
Jul 13 15:40:22.851005 dv-cinder-788366-2-smb devstack@c-api.service[106434]: DEBUG cinder.api.openstack.wsgi [None req-8cba5d57-1602-4789-b77a-39023cb85d25 tempest-GroupSnapshotsTest-391625429 tempest-GroupSnapshotsTest-391625429-project] Calling method 'version_select' {{(pid=106434) _process_stack /opt/stack/cinder/cinder/api/openstack/wsgi.py:866}}
Jul 13 15:40:22.852232 dv-cinder-788366-2-smb devstack@c-api.service[106434]: DEBUG cinder.api.v3.group_snapshots [None req-8cba5d57-1602-4789-b77a-39023cb85d25 tempest-GroupSnapshotsTest-391625429 tempest-GroupSnapshotsTest-391625429-project] show called for member 704309b9-aef2-4880-a9b1-ef43538eb49a {{(pid=106434) show /opt/stack/cinder/cinder/api/v3/group_snapshots.py:58}}
Jul 13 15:40:22.856207 dv-cinder-788366-2-smb devstack@c-api.service[106433]: /usr/local/lib/python3.8/dist-packages/oslo_context/context.py:105: DeprecationWarning: Policy enforcement is depending on the value of is_admin. This key is deprecated. Please update your policy file to use the standard policy values.
Jul 13 15:40:22.856207 dv-cinder-788366-2-smb devstack@c-api.service[106433]: warnings.warn('Policy enforcement is depending on the value of '
Jul 13 15:40:22.865542 dv-cinder-788366-2-smb devstack@c-api.service[106434]: INFO cinder.api.openstack.wsgi [None req-8cba5d57-1602-4789-b77a-39023cb85d25 tempest-GroupSnapshotsTest-391625429 tempest-GroupSnapshotsTest-391625429-project] http://10.222.0.62/volume/v3/f58b485c7dcd48439e30ac2d2963dadb/group_snapshots/704309b9-aef2-4880-a9b1-ef43538eb49a returned with HTTP 404
Jul 13 15:40:22.867060 dv-cinder-788366-2-smb devstack@c-api.service[106434]: [pid: 106434|app: 0|req: 33/58] 10.222.0.62 () {60 vars in 1390 bytes} [Tue Jul 13 15:40:22 2021] GET /volume/v3/f58b485c7dcd48439e30ac2d2963dadb/group_snapshots/704309b9-aef2-4880-a9b1-ef43538eb49a => generated 116 bytes in 23 msecs (HTTP/1.1 404) 7 headers in 293 bytes (2 switches on core 0)
Jul 13 15:40:22.874862 dv-cinder-788366-2-smb devstack@c-api.service[106434]: INFO cinder.api.openstack.wsgi [None req-c864c197-d5dd-402e-be63-c21e527f5ac9 tempest-GroupSnapshotsTest-391625429 tempest-GroupSnapshotsTest-391625429-project] GET http://10.222.0.62/volume/v3/f58b485c7dcd48439e30ac2d2963dadb/volumes/detail
Jul 13 15:40:22.877771 dv-cinder-788366-2-smb devstack@c-api.service[106434]: DEBUG cinder.api.openstack.wsgi [None req-c864c197-d5dd-402e-be63-c21e527f5ac9 tempest-GroupSnapshotsTest-391625429 tempest-GroupSnapshotsTest-391625429-project] Empty body provided in request {{(pid=106434) get_body /opt/stack/cinder/cinder/api/openstack/wsgi.py:713}}
Jul 13 15:40:22.879578 dv-cinder-788366-2-smb devstack@c-api.service[106434]: DEBUG cinder.api.openstack.wsgi [None req-c864c197-d5dd-402e-be63-c21e527f5ac9 tempest-GroupSnapshotsTest-391625429 tempest-GroupSnapshotsTest-391625429-project] Calling method 'detail' {{(pid=106434) _process_stack /opt/stack/cinder/cinder/api/openstack/wsgi.py:866}}
Jul 13 15:40:22.880567 dv-cinder-788366-2-smb devstack@c-api.service[106434]: DEBUG cinder.api.api_utils [None req-c864c197-d5dd-402e-be63-c21e527f5ac9 tempest-GroupSnapshotsTest-391625429 tempest-GroupSnapshotsTest-391625429-project] Removing options '' from query. {{(pid=106434) remove_invalid_filter_options /opt/stack/cinder/cinder/api/api_utils.py:73}}
Jul 13 15:40:22.880727 dv-cinder-788366-2-smb devstack@c-api.service[106433]: INFO cinder.volume.api [None req-b783c3c2-e782-4b94-ab81-92729f9cac7f tempest-VolumeTypesAccessTest-1177827472 tempest-VolumeTypesAccessTest-1177827472-project] Volume info retrieved successfully.
Jul 13 15:40:22.886085 dv-cinder-788366-2-smb devstack@c-api.service[106434]: /usr/local/lib/python3.8/dist-packages/oslo_context/context.py:105: DeprecationWarning: Policy enforcement is depending on the value of is_admin. This key is deprecated. Please update your policy file to use the standard policy values.
Jul 13 15:40:22.886085 dv-cinder-788366-2-smb devstack@c-api.service[106434]: warnings.warn('Policy enforcement is depending on the value of '
Jul 13 15:40:22.891041 dv-cinder-788366-2-smb devstack@c-api.service[106434]: DEBUG cinder.volume.api [None req-c864c197-d5dd-402e-be63-c21e527f5ac9 tempest-GroupSnapshotsTest-391625429 tempest-GroupSnapshotsTest-391625429-project] Searching by: MultiDict([('no_migration_targets', True)]). {{(pid=106434) get_all /opt/stack/cinder/cinder/volume/api.py:617}}
Jul 13 15:40:22.923943 dv-cinder-788366-2-smb devstack@c-api.service[106433]: INFO cinder.api.openstack.wsgi [None req-b783c3c2-e782-4b94-ab81-92729f9cac7f tempest-VolumeTypesAccessTest-1177827472 tempest-VolumeTypesAccessTest-1177827472-project] http://10.222.0.62/volume/v3/e52c269ec91e4480a9e3a2deef68ac2b/volumes/3ea9d7a1-590d-4901-8b32-953af0d9a938 returned with HTTP 200
Jul 13 15:40:22.928316 dv-cinder-788366-2-smb devstack@c-api.service[106433]: [pid: 106433|app: 0|req: 26/59] 10.222.0.62 () {58 vars in 1325 bytes} [Tue Jul 13 15:40:22 2021] GET /volume/v3/e52c269ec91e4480a9e3a2deef68ac2b/volumes/3ea9d7a1-590d-4901-8b32-953af0d9a938 => generated 929 bytes in 112 msecs (HTTP/1.1 200) 7 headers in 285 bytes (1 switches on core 0)
Jul 13 15:40:23.063355 dv-cinder-788366-2-smb devstack@c-api.service[106434]: INFO cinder.volume.api [None req-c864c197-d5dd-402e-be63-c21e527f5ac9 tempest-GroupSnapshotsTest-391625429 tempest-GroupSnapshotsTest-391625429-project] Get all volumes completed successfully.
Jul 13 15:40:23.067481 dv-cinder-788366-2-smb devstack@c-api.service[106434]: WARNING stevedore.named [None req-c864c197-d5dd-402e-be63-c21e527f5ac9 tempest-GroupSnapshotsTest-391625429 tempest-GroupSnapshotsTest-391625429-project] Could not load cinder.keymgr.conf_key_mgr.ConfKeyManager
Jul 13 15:40:23.068332 dv-cinder-788366-2-smb devstack@c-api.service[106434]: WARNING castellan.key_manager [None req-c864c197-d5dd-402e-be63-c21e527f5ac9 tempest-GroupSnapshotsTest-391625429 tempest-GroupSnapshotsTest-391625429-project] Deprecation Warning : cinder.keymgr.conf_key_mgr.ConfKeyManager is not a stevedore based driver, trying to load it as a class: stevedore.exception.NoMatches: No 'castellan.drivers' driver found, looking for 'cinder.keymgr.conf_key_mgr.ConfKeyManager'
Jul 13 15:40:23.085685 dv-cinder-788366-2-smb devstack@c-api.service[106434]: DEBUG oslo_db.sqlalchemy.engines [None req-c864c197-d5dd-402e-be63-c21e527f5ac9 tempest-GroupSnapshotsTest-391625429 tempest-GroupSnapshotsTest-391625429-project] MySQL server mode set to STRICT_TRANS_TABLES,STRICT_ALL_TABLES,NO_ZERO_IN_DATE,NO_ZERO_DATE,ERROR_FOR_DIVISION_BY_ZERO,TRADITIONAL,NO_ENGINE_SUBSTITUTION {{(pid=106434) _check_effective_sql_mode /usr/local/lib/python3.8/dist-packages/oslo_db/sqlalchemy/engines.py:314}}
Jul 13 15:40:23.092058 dv-cinder-788366-2-smb devstack@c-api.service[106434]: /usr/local/lib/python3.8/dist-packages/oslo_context/context.py:105: DeprecationWarning: Policy enforcement is depending on the value of is_admin. This key is deprecated. Please update your policy file to use the standard policy values.
Jul 13 15:40:23.092058 dv-cinder-788366-2-smb devstack@c-api.service[106434]: warnings.warn('Policy enforcement is depending on the value of '
Jul 13 15:40:23.122595 dv-cinder-788366-2-smb devstack@c-api.service[106434]: INFO cinder.api.openstack.wsgi [None req-c864c197-d5dd-402e-be63-c21e527f5ac9 tempest-GroupSnapshotsTest-391625429 tempest-GroupSnapshotsTest-391625429-project] http://10.222.0.62/volume/v3/f58b485c7dcd48439e30ac2d2963dadb/volumes/detail returned with HTTP 200
Jul 13 15:40:23.136251 dv-cinder-788366-2-smb devstack@c-api.service[106434]: [pid: 106434|app: 0|req: 34/60] 10.222.0.62 () {60 vars in 1276 bytes} [Tue Jul 13 15:40:22 2021] GET /volume/v3/f58b485c7dcd48439e30ac2d2963dadb/volumes/detail => generated 1003 bytes in 266 msecs (HTTP/1.1 200) 7 headers in 287 bytes (1 switches on core 0)
Jul 13 15:40:23.141861 dv-cinder-788366-2-smb devstack@c-api.service[106433]: INFO cinder.api.openstack.wsgi [None req-97859830-c4ea-423d-b401-faa224a92c97 tempest-GroupSnapshotsTest-391625429 tempest-GroupSnapshotsTest-391625429-project] POST http://10.222.0.62/volume/v3/f58b485c7dcd48439e30ac2d2963dadb/groups/72c2e038-2b3c-450f-a5ab-989fc60006cd/action
Jul 13 15:40:23.142317 dv-cinder-788366-2-smb devstack@c-api.service[106433]: /usr/local/lib/python3.8/dist-packages/webob/acceptparse.py:1047: DeprecationWarning: The behavior of AcceptValidHeader.best_match is currently being maintained for backward compatibility, but it will be deprecated in the future, as it does not conform to the RFC.
Jul 13 15:40:23.142317 dv-cinder-788366-2-smb devstack@c-api.service[106433]: warnings.warn(
Jul 13 15:40:23.142790 dv-cinder-788366-2-smb devstack@c-api.service[106433]: DEBUG cinder.api.openstack.wsgi [None req-97859830-c4ea-423d-b401-faa224a92c97 tempest-GroupSnapshotsTest-391625429 tempest-GroupSnapshotsTest-391625429-project] Action body: b'{"delete": {"delete-volumes": true}}' {{(pid=106433) get_method /opt/stack/cinder/cinder/api/openstack/wsgi.py:981}}
Jul 13 15:40:23.144888 dv-cinder-788366-2-smb devstack@c-api.service[106433]: DEBUG cinder.api.openstack.wsgi [None req-97859830-c4ea-423d-b401-faa224a92c97 tempest-GroupSnapshotsTest-391625429 tempest-GroupSnapshotsTest-391625429-project] Action: 'action', calling method: delete_group, body: {"delete": {"delete-volumes": true}} {{(pid=106433) _process_stack /opt/stack/cinder/cinder/api/openstack/wsgi.py:864}}
Jul 13 15:40:23.148014 dv-cinder-788366-2-smb devstack@c-api.service[106433]: DEBUG cinder.api.v3.groups [None req-97859830-c4ea-423d-b401-faa224a92c97 tempest-GroupSnapshotsTest-391625429 tempest-GroupSnapshotsTest-391625429-project] delete called for group 72c2e038-2b3c-450f-a5ab-989fc60006cd {{(pid=106433) _delete /opt/stack/cinder/cinder/api/v3/groups.py:117}}
Jul 13 15:40:23.150660 dv-cinder-788366-2-smb devstack@c-api.service[106433]: INFO cinder.api.v3.groups [None req-97859830-c4ea-423d-b401-faa224a92c97 tempest-GroupSnapshotsTest-391625429 tempest-GroupSnapshotsTest-391625429-project] Delete group with id: 72c2e038-2b3c-450f-a5ab-989fc60006cd
Jul 13 15:40:23.186617 dv-cinder-788366-2-smb devstack@c-api.service[106433]: /usr/local/lib/python3.8/dist-packages/oslo_context/context.py:105: DeprecationWarning: Policy enforcement is depending on the value of is_admin. This key is deprecated. Please update your policy file to use the standard policy values.
Jul 13 15:40:23.186617 dv-cinder-788366-2-smb devstack@c-api.service[106433]: warnings.warn('Policy enforcement is depending on the value of '
Jul 13 15:40:23.431589 dv-cinder-788366-2-smb devstack@c-api.service[106433]: INFO cinder.api.openstack.wsgi [None req-97859830-c4ea-423d-b401-faa224a92c97 tempest-GroupSnapshotsTest-391625429 tempest-GroupSnapshotsTest-391625429-project] http://10.222.0.62/volume/v3/f58b485c7dcd48439e30ac2d2963dadb/groups/72c2e038-2b3c-450f-a5ab-989fc60006cd/action returned with HTTP 202
Jul 13 15:40:23.433772 dv-cinder-788366-2-smb devstack@c-api.service[106433]: [pid: 106433|app: 0|req: 27/61] 10.222.0.62 () {62 vars in 1405 bytes} [Tue Jul 13 15:40:23 2021] POST /volume/v3/f58b485c7dcd48439e30ac2d2963dadb/groups/72c2e038-2b3c-450f-a5ab-989fc60006cd/action => generated 0 bytes in 297 msecs (HTTP/1.1 202) 6 headers in 234 bytes (2 switches on core 0)
Jul 13 15:40:23.442397 dv-cinder-788366-2-smb devstack@c-api.service[106434]: INFO cinder.api.openstack.wsgi [None req-20f55a81-b92e-407c-99dd-92d1cba69910 tempest-GroupSnapshotsTest-391625429 tempest-GroupSnapshotsTest-391625429-project] GET http://10.222.0.62/volume/v3/f58b485c7dcd48439e30ac2d2963dadb/volumes/d4aa05e1-aa7d-464c-8f02-93592870d1dd
Jul 13 15:40:23.443036 dv-cinder-788366-2-smb devstack@c-api.service[106434]: DEBUG cinder.api.openstack.wsgi [None req-20f55a81-b92e-407c-99dd-92d1cba69910 tempest-GroupSnapshotsTest-391625429 tempest-GroupSnapshotsTest-391625429-project] Empty body provided in request {{(pid=106434) get_body /opt/stack/cinder/cinder/api/openstack/wsgi.py:713}}
Jul 13 15:40:23.443445 dv-cinder-788366-2-smb devstack@c-api.service[106434]: /usr/local/lib/python3.8/dist-packages/webob/acceptparse.py:1047: DeprecationWarning: The behavior of AcceptValidHeader.best_match is currently being maintained for backward compatibility, but it will be deprecated in the future, as it does not conform to the RFC.
Jul 13 15:40:23.443445 dv-cinder-788366-2-smb devstack@c-api.service[106434]: warnings.warn(
Jul 13 15:40:23.444079 dv-cinder-788366-2-smb devstack@c-api.service[106434]: DEBUG cinder.api.openstack.wsgi [None req-20f55a81-b92e-407c-99dd-92d1cba69910 tempest-GroupSnapshotsTest-391625429 tempest-GroupSnapshotsTest-391625429-project] Calling method 'show' {{(pid=106434) _process_stack /opt/stack/cinder/cinder/api/openstack/wsgi.py:866}}
Jul 13 15:40:23.482087 dv-cinder-788366-2-smb devstack@c-api.service[106434]: /usr/local/lib/python3.8/dist-packages/oslo_context/context.py:105: DeprecationWarning: Policy enforcement is depending on the value of is_admin. This key is deprecated. Please update your policy file to use the standard policy values.
Jul 13 15:40:23.482087 dv-cinder-788366-2-smb devstack@c-api.service[106434]: warnings.warn('Policy enforcement is depending on the value of '
Jul 13 15:40:23.496700 dv-cinder-788366-2-smb devstack@c-api.service[106434]: INFO cinder.volume.api [None req-20f55a81-b92e-407c-99dd-92d1cba69910 tempest-GroupSnapshotsTest-391625429 tempest-GroupSnapshotsTest-391625429-project] Volume info retrieved successfully.
Jul 13 15:40:23.510924 dv-cinder-788366-2-smb devstack@c-api.service[106434]: WARNING stevedore.named [None req-20f55a81-b92e-407c-99dd-92d1cba69910 tempest-GroupSnapshotsTest-391625429 tempest-GroupSnapshotsTest-391625429-project] Could not load cinder.keymgr.conf_key_mgr.ConfKeyManager
Jul 13 15:40:23.514703 dv-cinder-788366-2-smb devstack@c-api.service[106434]: WARNING castellan.key_manager [None req-20f55a81-b92e-407c-99dd-92d1cba69910 tempest-GroupSnapshotsTest-391625429 tempest-GroupSnapshotsTest-391625429-project] Deprecation Warning : cinder.keymgr.conf_key_mgr.ConfKeyManager is not a stevedore based driver, trying to load it as a class: stevedore.exception.NoMatches: No 'castellan.drivers' driver found, looking for 'cinder.keymgr.conf_key_mgr.ConfKeyManager'
Jul 13 15:40:23.540869 dv-cinder-788366-2-smb devstack@c-api.service[106434]: DEBUG oslo_db.sqlalchemy.engines [None req-20f55a81-b92e-407c-99dd-92d1cba69910 tempest-GroupSnapshotsTest-391625429 tempest-GroupSnapshotsTest-391625429-project] MySQL server mode set to STRICT_TRANS_TABLES,STRICT_ALL_TABLES,NO_ZERO_IN_DATE,NO_ZERO_DATE,ERROR_FOR_DIVISION_BY_ZERO,TRADITIONAL,NO_ENGINE_SUBSTITUTION {{(pid=106434) _check_effective_sql_mode /usr/local/lib/python3.8/dist-packages/oslo_db/sqlalchemy/engines.py:314}}
Jul 13 15:40:23.557176 dv-cinder-788366-2-smb devstack@c-api.service[106434]: /usr/local/lib/python3.8/dist-packages/oslo_context/context.py:105: DeprecationWarning: Policy enforcement is depending on the value of is_admin. This key is deprecated. Please update your policy file to use the standard policy values.
Jul 13 15:40:23.557176 dv-cinder-788366-2-smb devstack@c-api.service[106434]: warnings.warn('Policy enforcement is depending on the value of '
Jul 13 15:40:23.600748 dv-cinder-788366-2-smb devstack@c-api.service[106434]: INFO cinder.api.openstack.wsgi [None req-20f55a81-b92e-407c-99dd-92d1cba69910 tempest-GroupSnapshotsTest-391625429 tempest-GroupSnapshotsTest-391625429-project] http://10.222.0.62/volume/v3/f58b485c7dcd48439e30ac2d2963dadb/volumes/d4aa05e1-aa7d-464c-8f02-93592870d1dd returned with HTTP 200
Jul 13 15:40:23.612410 dv-cinder-788366-2-smb devstack@c-api.service[106434]: [pid: 106434|app: 0|req: 35/62] 10.222.0.62 () {60 vars in 1366 bytes} [Tue Jul 13 15:40:23 2021] GET /volume/v3/f58b485c7dcd48439e30ac2d2963dadb/volumes/d4aa05e1-aa7d-464c-8f02-93592870d1dd => generated 999 bytes in 175 msecs (HTTP/1.1 200) 7 headers in 286 bytes (2 switches on core 0)
Jul 13 15:40:23.953984 dv-cinder-788366-2-smb devstack@c-api.service[106433]: INFO cinder.api.openstack.wsgi [None req-2fd5bcdf-0e05-48b8-9cca-e529738e5a6c tempest-VolumeTypesAccessTest-1177827472 tempest-VolumeTypesAccessTest-1177827472-project] GET http://10.222.0.62/volume/v3/e52c269ec91e4480a9e3a2deef68ac2b/volumes/3ea9d7a1-590d-4901-8b32-953af0d9a938
Jul 13 15:40:23.959028 dv-cinder-788366-2-smb devstack@c-api.service[106433]: DEBUG cinder.api.openstack.wsgi [None req-2fd5bcdf-0e05-48b8-9cca-e529738e5a6c tempest-VolumeTypesAccessTest-1177827472 tempest-VolumeTypesAccessTest-1177827472-project] Empty body provided in request {{(pid=106433) get_body /opt/stack/cinder/cinder/api/openstack/wsgi.py:713}}
Jul 13 15:40:23.959564 dv-cinder-788366-2-smb devstack@c-api.service[106433]: /usr/local/lib/python3.8/dist-packages/webob/acceptparse.py:1047: DeprecationWarning: The behavior of AcceptValidHeader.best_match is currently being maintained for backward compatibility, but it will be deprecated in the future, as it does not conform to the RFC.
Jul 13 15:40:23.959564 dv-cinder-788366-2-smb devstack@c-api.service[106433]: warnings.warn(
Jul 13 15:40:23.960209 dv-cinder-788366-2-smb devstack@c-api.service[106433]: DEBUG cinder.api.openstack.wsgi [None req-2fd5bcdf-0e05-48b8-9cca-e529738e5a6c tempest-VolumeTypesAccessTest-1177827472 tempest-VolumeTypesAccessTest-1177827472-project] Calling method 'show' {{(pid=106433) _process_stack /opt/stack/cinder/cinder/api/openstack/wsgi.py:866}}
Jul 13 15:40:24.082056 dv-cinder-788366-2-smb devstack@c-api.service[106433]: /usr/local/lib/python3.8/dist-packages/oslo_context/context.py:105: DeprecationWarning: Policy enforcement is depending on the value of is_admin. This key is deprecated. Please update your policy file to use the standard policy values.
Jul 13 15:40:24.082056 dv-cinder-788366-2-smb devstack@c-api.service[106433]: warnings.warn('Policy enforcement is depending on the value of '
Jul 13 15:40:24.108198 dv-cinder-788366-2-smb devstack@c-api.service[106433]: INFO cinder.volume.api [None req-2fd5bcdf-0e05-48b8-9cca-e529738e5a6c tempest-VolumeTypesAccessTest-1177827472 tempest-VolumeTypesAccessTest-1177827472-project] Volume info retrieved successfully.
Jul 13 15:40:24.130864 dv-cinder-788366-2-smb devstack@c-api.service[106433]: INFO cinder.api.openstack.wsgi [None req-2fd5bcdf-0e05-48b8-9cca-e529738e5a6c tempest-VolumeTypesAccessTest-1177827472 tempest-VolumeTypesAccessTest-1177827472-project] http://10.222.0.62/volume/v3/e52c269ec91e4480a9e3a2deef68ac2b/volumes/3ea9d7a1-590d-4901-8b32-953af0d9a938 returned with HTTP 200
Jul 13 15:40:24.131920 dv-cinder-788366-2-smb devstack@c-api.service[106433]: [pid: 106433|app: 0|req: 28/63] 10.222.0.62 () {58 vars in 1325 bytes} [Tue Jul 13 15:40:23 2021] GET /volume/v3/e52c269ec91e4480a9e3a2deef68ac2b/volumes/3ea9d7a1-590d-4901-8b32-953af0d9a938 => generated 954 bytes in 196 msecs (HTTP/1.1 200) 7 headers in 285 bytes (1 switches on core 0)
Jul 13 15:40:24.151321 dv-cinder-788366-2-smb devstack@c-api.service[106434]: INFO cinder.api.openstack.wsgi [None req-071bdbea-c3fb-49f0-a7a7-6f5ff7c914fd tempest-VolumeTypesAccessTest-884689400 tempest-VolumeTypesAccessTest-884689400-project-admin] POST http://10.222.0.62/volume/v3/8780d86a9da240ed9d10f3592b7d7fc9/types/faea2a7e-8de9-4e9c-92f9-6c104a5d6310/action
Jul 13 15:40:24.152677 dv-cinder-788366-2-smb devstack@c-api.service[106434]: /usr/local/lib/python3.8/dist-packages/webob/acceptparse.py:1047: DeprecationWarning: The behavior of AcceptValidHeader.best_match is currently being maintained for backward compatibility, but it will be deprecated in the future, as it does not conform to the RFC.
Jul 13 15:40:24.152677 dv-cinder-788366-2-smb devstack@c-api.service[106434]: warnings.warn(
Jul 13 15:40:24.154875 dv-cinder-788366-2-smb devstack@c-api.service[106434]: DEBUG cinder.api.openstack.wsgi [None req-071bdbea-c3fb-49f0-a7a7-6f5ff7c914fd tempest-VolumeTypesAccessTest-884689400 tempest-VolumeTypesAccessTest-884689400-project-admin] Action body: b'{"removeProjectAccess": {"project": "e52c269ec91e4480a9e3a2deef68ac2b"}}' {{(pid=106434) get_method /opt/stack/cinder/cinder/api/openstack/wsgi.py:981}}
Jul 13 15:40:24.160471 dv-cinder-788366-2-smb devstack@c-api.service[106434]: DEBUG cinder.api.openstack.wsgi [None req-071bdbea-c3fb-49f0-a7a7-6f5ff7c914fd tempest-VolumeTypesAccessTest-884689400 tempest-VolumeTypesAccessTest-884689400-project-admin] Action: 'action', calling method: _removeProjectAccess, body: {"removeProjectAccess": {"project": "e52c269ec91e4480a9e3a2deef68ac2b"}} {{(pid=106434) _process_stack /opt/stack/cinder/cinder/api/openstack/wsgi.py:864}}
Jul 13 15:40:24.194391 dv-cinder-788366-2-smb devstack@c-api.service[106434]: INFO cinder.api.openstack.wsgi [None req-071bdbea-c3fb-49f0-a7a7-6f5ff7c914fd tempest-VolumeTypesAccessTest-884689400 tempest-VolumeTypesAccessTest-884689400-project-admin] http://10.222.0.62/volume/v3/8780d86a9da240ed9d10f3592b7d7fc9/types/faea2a7e-8de9-4e9c-92f9-6c104a5d6310/action returned with HTTP 202
Jul 13 15:40:24.207825 dv-cinder-788366-2-smb devstack@c-api.service[106433]: INFO cinder.api.openstack.wsgi [None req-40e08597-9af7-44d8-a40f-55b853959302 tempest-VolumeTypesAccessTest-884689400 tempest-VolumeTypesAccessTest-884689400-project-admin] POST http://10.222.0.62/volume/v3/8780d86a9da240ed9d10f3592b7d7fc9/types
Jul 13 15:40:24.208489 dv-cinder-788366-2-smb devstack@c-api.service[106433]: /usr/local/lib/python3.8/dist-packages/webob/acceptparse.py:1047: DeprecationWarning: The behavior of AcceptValidHeader.best_match is currently being maintained for backward compatibility, but it will be deprecated in the future, as it does not conform to the RFC.
Jul 13 15:40:24.208489 dv-cinder-788366-2-smb devstack@c-api.service[106433]: warnings.warn(
Jul 13 15:40:24.209225 dv-cinder-788366-2-smb devstack@c-api.service[106433]: DEBUG cinder.api.openstack.wsgi [None req-40e08597-9af7-44d8-a40f-55b853959302 tempest-VolumeTypesAccessTest-884689400 tempest-VolumeTypesAccessTest-884689400-project-admin] Action: 'create', calling method: _create, body: {"volume_type": {"name": "tempest-VolumeTypesAccessTest-volume-type-90644559", "os-volume-type-access:is_public": false}} {{(pid=106433) _process_stack /opt/stack/cinder/cinder/api/openstack/wsgi.py:864}}
Jul 13 15:40:24.215195 dv-cinder-788366-2-smb devstack@c-api.service[106434]: [pid: 106434|app: 0|req: 36/64] 10.222.0.62 () {60 vars in 1361 bytes} [Tue Jul 13 15:40:24 2021] POST /volume/v3/8780d86a9da240ed9d10f3592b7d7fc9/types/faea2a7e-8de9-4e9c-92f9-6c104a5d6310/action => generated 0 bytes in 68 msecs (HTTP/1.1 202) 6 headers in 233 bytes (2 switches on core 0)
Jul 13 15:40:24.263277 dv-cinder-788366-2-smb devstack@c-api.service[106433]: INFO cinder.api.openstack.wsgi [None req-40e08597-9af7-44d8-a40f-55b853959302 tempest-VolumeTypesAccessTest-884689400 tempest-VolumeTypesAccessTest-884689400-project-admin] http://10.222.0.62/volume/v3/8780d86a9da240ed9d10f3592b7d7fc9/types returned with HTTP 200
Jul 13 15:40:24.279233 dv-cinder-788366-2-smb devstack@c-api.service[106434]: INFO cinder.api.openstack.wsgi [None req-6f33ee56-b60a-4806-9f1e-26d71aa59dd4 tempest-VolumeTypesAccessTest-884689400 tempest-VolumeTypesAccessTest-884689400-project-admin] POST http://10.222.0.62/volume/v3/8780d86a9da240ed9d10f3592b7d7fc9/types/9cfc2219-0727-4ed5-8640-4ff5563e22bb/action
Jul 13 15:40:24.281804 dv-cinder-788366-2-smb devstack@c-api.service[106434]: DEBUG cinder.api.openstack.wsgi [None req-6f33ee56-b60a-4806-9f1e-26d71aa59dd4 tempest-VolumeTypesAccessTest-884689400 tempest-VolumeTypesAccessTest-884689400-project-admin] Action body: b'{"addProjectAccess": {"project": "e52c269ec91e4480a9e3a2deef68ac2b"}}' {{(pid=106434) get_method /opt/stack/cinder/cinder/api/openstack/wsgi.py:981}}
Jul 13 15:40:24.282464 dv-cinder-788366-2-smb devstack@c-api.service[106434]: DEBUG cinder.api.openstack.wsgi [None req-6f33ee56-b60a-4806-9f1e-26d71aa59dd4 tempest-VolumeTypesAccessTest-884689400 tempest-VolumeTypesAccessTest-884689400-project-admin] Action: 'action', calling method: _addProjectAccess, body: {"addProjectAccess": {"project": "e52c269ec91e4480a9e3a2deef68ac2b"}} {{(pid=106434) _process_stack /opt/stack/cinder/cinder/api/openstack/wsgi.py:864}}
Jul 13 15:40:24.286910 dv-cinder-788366-2-smb devstack@c-api.service[106433]: [pid: 106433|app: 0|req: 29/65] 10.222.0.62 () {60 vars in 1230 bytes} [Tue Jul 13 15:40:24 2021] POST /volume/v3/8780d86a9da240ed9d10f3592b7d7fc9/types => generated 227 bytes in 84 msecs (HTTP/1.1 200) 7 headers in 285 bytes (1 switches on core 0)
Jul 13 15:40:24.320226 dv-cinder-788366-2-smb devstack@c-api.service[106434]: INFO cinder.api.openstack.wsgi [None req-6f33ee56-b60a-4806-9f1e-26d71aa59dd4 tempest-VolumeTypesAccessTest-884689400 tempest-VolumeTypesAccessTest-884689400-project-admin] http://10.222.0.62/volume/v3/8780d86a9da240ed9d10f3592b7d7fc9/types/9cfc2219-0727-4ed5-8640-4ff5563e22bb/action returned with HTTP 202
Jul 13 15:40:24.332413 dv-cinder-788366-2-smb devstack@c-api.service[106433]: INFO cinder.api.openstack.wsgi [None req-e99ff5d2-1cef-4800-a536-93697d4e2d76 tempest-VolumeTypesAccessTest-884689400 tempest-VolumeTypesAccessTest-884689400-project-admin] POST http://10.222.0.62/volume/v3/8780d86a9da240ed9d10f3592b7d7fc9/types/9cfc2219-0727-4ed5-8640-4ff5563e22bb/action
Jul 13 15:40:24.333475 dv-cinder-788366-2-smb devstack@c-api.service[106433]: DEBUG cinder.api.openstack.wsgi [None req-e99ff5d2-1cef-4800-a536-93697d4e2d76 tempest-VolumeTypesAccessTest-884689400 tempest-VolumeTypesAccessTest-884689400-project-admin] Action body: b'{"addProjectAccess": {"project": "3805a56f11bb4bc1b18a7c8ed1ce7834"}}' {{(pid=106433) get_method /opt/stack/cinder/cinder/api/openstack/wsgi.py:981}}
Jul 13 15:40:24.334156 dv-cinder-788366-2-smb devstack@c-api.service[106433]: DEBUG cinder.api.openstack.wsgi [None req-e99ff5d2-1cef-4800-a536-93697d4e2d76 tempest-VolumeTypesAccessTest-884689400 tempest-VolumeTypesAccessTest-884689400-project-admin] Action: 'action', calling method: _addProjectAccess, body: {"addProjectAccess": {"project": "3805a56f11bb4bc1b18a7c8ed1ce7834"}} {{(pid=106433) _process_stack /opt/stack/cinder/cinder/api/openstack/wsgi.py:864}}
Jul 13 15:40:24.341370 dv-cinder-788366-2-smb devstack@c-api.service[106434]: [pid: 106434|app: 0|req: 37/66] 10.222.0.62 () {60 vars in 1361 bytes} [Tue Jul 13 15:40:24 2021] POST /volume/v3/8780d86a9da240ed9d10f3592b7d7fc9/types/9cfc2219-0727-4ed5-8640-4ff5563e22bb/action => generated 0 bytes in 67 msecs (HTTP/1.1 202) 6 headers in 233 bytes (2 switches on core 0)
Jul 13 15:40:24.371025 dv-cinder-788366-2-smb devstack@c-api.service[106433]: INFO cinder.api.openstack.wsgi [None req-e99ff5d2-1cef-4800-a536-93697d4e2d76 tempest-VolumeTypesAccessTest-884689400 tempest-VolumeTypesAccessTest-884689400-project-admin] http://10.222.0.62/volume/v3/8780d86a9da240ed9d10f3592b7d7fc9/types/9cfc2219-0727-4ed5-8640-4ff5563e22bb/action returned with HTTP 202
Jul 13 15:40:24.376710 dv-cinder-788366-2-smb devstack@c-api.service[106433]: [pid: 106433|app: 0|req: 30/67] 10.222.0.62 () {60 vars in 1361 bytes} [Tue Jul 13 15:40:24 2021] POST /volume/v3/8780d86a9da240ed9d10f3592b7d7fc9/types/9cfc2219-0727-4ed5-8640-4ff5563e22bb/action => generated 0 bytes in 50 msecs (HTTP/1.1 202) 6 headers in 233 bytes (2 switches on core 0)
Jul 13 15:40:24.382830 dv-cinder-788366-2-smb devstack@c-api.service[106434]: INFO cinder.api.openstack.wsgi [None req-0a9a3d22-a012-4b29-9279-15dab212416a tempest-VolumeTypesAccessTest-884689400 tempest-VolumeTypesAccessTest-884689400-project-admin] GET http://10.222.0.62/volume/v3/8780d86a9da240ed9d10f3592b7d7fc9/types/9cfc2219-0727-4ed5-8640-4ff5563e22bb/os-volume-type-access
Jul 13 15:40:24.383302 dv-cinder-788366-2-smb devstack@c-api.service[106434]: DEBUG cinder.api.openstack.wsgi [None req-0a9a3d22-a012-4b29-9279-15dab212416a tempest-VolumeTypesAccessTest-884689400 tempest-VolumeTypesAccessTest-884689400-project-admin] Empty body provided in request {{(pid=106434) get_body /opt/stack/cinder/cinder/api/openstack/wsgi.py:713}}
Jul 13 15:40:24.383748 dv-cinder-788366-2-smb devstack@c-api.service[106434]: DEBUG cinder.api.openstack.wsgi [None req-0a9a3d22-a012-4b29-9279-15dab212416a tempest-VolumeTypesAccessTest-884689400 tempest-VolumeTypesAccessTest-884689400-project-admin] Calling method 'index' {{(pid=106434) _process_stack /opt/stack/cinder/cinder/api/openstack/wsgi.py:866}}
Jul 13 15:40:24.474996 dv-cinder-788366-2-smb devstack@c-api.service[106434]: INFO cinder.api.openstack.wsgi [None req-0a9a3d22-a012-4b29-9279-15dab212416a tempest-VolumeTypesAccessTest-884689400 tempest-VolumeTypesAccessTest-884689400-project-admin] http://10.222.0.62/volume/v3/8780d86a9da240ed9d10f3592b7d7fc9/types/9cfc2219-0727-4ed5-8640-4ff5563e22bb/os-volume-type-access returned with HTTP 200
Jul 13 15:40:24.488345 dv-cinder-788366-2-smb devstack@c-api.service[106433]: INFO cinder.api.openstack.wsgi [None req-27c378d6-3d7b-44d6-b3ef-3ce975b090bd tempest-VolumeTypesAccessTest-884689400 tempest-VolumeTypesAccessTest-884689400-project-admin] POST http://10.222.0.62/volume/v3/8780d86a9da240ed9d10f3592b7d7fc9/types/9cfc2219-0727-4ed5-8640-4ff5563e22bb/action
Jul 13 15:40:24.489220 dv-cinder-788366-2-smb devstack@c-api.service[106433]: DEBUG cinder.api.openstack.wsgi [None req-27c378d6-3d7b-44d6-b3ef-3ce975b090bd tempest-VolumeTypesAccessTest-884689400 tempest-VolumeTypesAccessTest-884689400-project-admin] Action body: b'{"removeProjectAccess": {"project": "3805a56f11bb4bc1b18a7c8ed1ce7834"}}' {{(pid=106433) get_method /opt/stack/cinder/cinder/api/openstack/wsgi.py:981}}
Jul 13 15:40:24.489726 dv-cinder-788366-2-smb devstack@c-api.service[106433]: DEBUG cinder.api.openstack.wsgi [None req-27c378d6-3d7b-44d6-b3ef-3ce975b090bd tempest-VolumeTypesAccessTest-884689400 tempest-VolumeTypesAccessTest-884689400-project-admin] Action: 'action', calling method: _removeProjectAccess, body: {"removeProjectAccess": {"project": "3805a56f11bb4bc1b18a7c8ed1ce7834"}} {{(pid=106433) _process_stack /opt/stack/cinder/cinder/api/openstack/wsgi.py:864}}
Jul 13 15:40:24.489867 dv-cinder-788366-2-smb devstack@c-api.service[106434]: [pid: 106434|app: 0|req: 38/68] 10.222.0.62 () {58 vars in 1385 bytes} [Tue Jul 13 15:40:24 2021] GET /volume/v3/8780d86a9da240ed9d10f3592b7d7fc9/types/9cfc2219-0727-4ed5-8640-4ff5563e22bb/os-volume-type-access => generated 244 bytes in 113 msecs (HTTP/1.1 200) 7 headers in 285 bytes (1 switches on core 0)
Jul 13 15:40:24.528805 dv-cinder-788366-2-smb devstack@c-api.service[106433]: INFO cinder.api.openstack.wsgi [None req-27c378d6-3d7b-44d6-b3ef-3ce975b090bd tempest-VolumeTypesAccessTest-884689400 tempest-VolumeTypesAccessTest-884689400-project-admin] http://10.222.0.62/volume/v3/8780d86a9da240ed9d10f3592b7d7fc9/types/9cfc2219-0727-4ed5-8640-4ff5563e22bb/action returned with HTTP 202
Jul 13 15:40:24.533966 dv-cinder-788366-2-smb devstack@c-api.service[106433]: [pid: 106433|app: 0|req: 31/69] 10.222.0.62 () {60 vars in 1361 bytes} [Tue Jul 13 15:40:24 2021] POST /volume/v3/8780d86a9da240ed9d10f3592b7d7fc9/types/9cfc2219-0727-4ed5-8640-4ff5563e22bb/action => generated 0 bytes in 51 msecs (HTTP/1.1 202) 6 headers in 233 bytes (2 switches on core 0)
Jul 13 15:40:24.538452 dv-cinder-788366-2-smb devstack@c-api.service[106434]: INFO cinder.api.openstack.wsgi [None req-ec25ef1e-26f2-4a4c-9250-db513a620f48 tempest-VolumeTypesAccessTest-884689400 tempest-VolumeTypesAccessTest-884689400-project-admin] POST http://10.222.0.62/volume/v3/8780d86a9da240ed9d10f3592b7d7fc9/types/9cfc2219-0727-4ed5-8640-4ff5563e22bb/action
Jul 13 15:40:24.539805 dv-cinder-788366-2-smb devstack@c-api.service[106434]: DEBUG cinder.api.openstack.wsgi [None req-ec25ef1e-26f2-4a4c-9250-db513a620f48 tempest-VolumeTypesAccessTest-884689400 tempest-VolumeTypesAccessTest-884689400-project-admin] Action body: b'{"removeProjectAccess": {"project": "e52c269ec91e4480a9e3a2deef68ac2b"}}' {{(pid=106434) get_method /opt/stack/cinder/cinder/api/openstack/wsgi.py:981}}
Jul 13 15:40:24.540327 dv-cinder-788366-2-smb devstack@c-api.service[106434]: DEBUG cinder.api.openstack.wsgi [None req-ec25ef1e-26f2-4a4c-9250-db513a620f48 tempest-VolumeTypesAccessTest-884689400 tempest-VolumeTypesAccessTest-884689400-project-admin] Action: 'action', calling method: _removeProjectAccess, body: {"removeProjectAccess": {"project": "e52c269ec91e4480a9e3a2deef68ac2b"}} {{(pid=106434) _process_stack /opt/stack/cinder/cinder/api/openstack/wsgi.py:864}}
Jul 13 15:40:24.621552 dv-cinder-788366-2-smb devstack@c-api.service[106433]: INFO cinder.api.openstack.wsgi [None req-d69539ec-af5a-4d6a-861c-20cb96ff08fe tempest-GroupSnapshotsTest-391625429 tempest-GroupSnapshotsTest-391625429-project] GET http://10.222.0.62/volume/v3/f58b485c7dcd48439e30ac2d2963dadb/volumes/d4aa05e1-aa7d-464c-8f02-93592870d1dd
Jul 13 15:40:24.624564 dv-cinder-788366-2-smb devstack@c-api.service[106433]: DEBUG cinder.api.openstack.wsgi [None req-d69539ec-af5a-4d6a-861c-20cb96ff08fe tempest-GroupSnapshotsTest-391625429 tempest-GroupSnapshotsTest-391625429-project] Empty body provided in request {{(pid=106433) get_body /opt/stack/cinder/cinder/api/openstack/wsgi.py:713}}
Jul 13 15:40:24.624564 dv-cinder-788366-2-smb devstack@c-api.service[106433]: DEBUG cinder.api.openstack.wsgi [None req-d69539ec-af5a-4d6a-861c-20cb96ff08fe tempest-GroupSnapshotsTest-391625429 tempest-GroupSnapshotsTest-391625429-project] Calling method 'show' {{(pid=106433) _process_stack /opt/stack/cinder/cinder/api/openstack/wsgi.py:866}}
Jul 13 15:40:24.627691 dv-cinder-788366-2-smb devstack@c-api.service[106434]: INFO cinder.api.openstack.wsgi [None req-ec25ef1e-26f2-4a4c-9250-db513a620f48 tempest-VolumeTypesAccessTest-884689400 tempest-VolumeTypesAccessTest-884689400-project-admin] http://10.222.0.62/volume/v3/8780d86a9da240ed9d10f3592b7d7fc9/types/9cfc2219-0727-4ed5-8640-4ff5563e22bb/action returned with HTTP 202
Jul 13 15:40:24.628798 dv-cinder-788366-2-smb devstack@c-api.service[106434]: [pid: 106434|app: 0|req: 39/70] 10.222.0.62 () {60 vars in 1361 bytes} [Tue Jul 13 15:40:24 2021] POST /volume/v3/8780d86a9da240ed9d10f3592b7d7fc9/types/9cfc2219-0727-4ed5-8640-4ff5563e22bb/action => generated 0 bytes in 95 msecs (HTTP/1.1 202) 6 headers in 233 bytes (1 switches on core 0)
Jul 13 15:40:24.637215 dv-cinder-788366-2-smb devstack@c-api.service[106434]: INFO cinder.api.openstack.wsgi [None req-fb340a21-3059-42a5-80c1-6923cfbc283e tempest-VolumeTypesAccessTest-884689400 tempest-VolumeTypesAccessTest-884689400-project-admin] DELETE http://10.222.0.62/volume/v3/8780d86a9da240ed9d10f3592b7d7fc9/types/9cfc2219-0727-4ed5-8640-4ff5563e22bb
Jul 13 15:40:24.637797 dv-cinder-788366-2-smb devstack@c-api.service[106434]: DEBUG cinder.api.openstack.wsgi [None req-fb340a21-3059-42a5-80c1-6923cfbc283e tempest-VolumeTypesAccessTest-884689400 tempest-VolumeTypesAccessTest-884689400-project-admin] Empty body provided in request {{(pid=106434) get_body /opt/stack/cinder/cinder/api/openstack/wsgi.py:713}}
Jul 13 15:40:24.638219 dv-cinder-788366-2-smb devstack@c-api.service[106434]: DEBUG cinder.api.openstack.wsgi [None req-fb340a21-3059-42a5-80c1-6923cfbc283e tempest-VolumeTypesAccessTest-884689400 tempest-VolumeTypesAccessTest-884689400-project-admin] Calling method '_delete' {{(pid=106434) _process_stack /opt/stack/cinder/cinder/api/openstack/wsgi.py:866}}
Jul 13 15:40:24.671035 dv-cinder-788366-2-smb devstack@c-api.service[106433]: INFO cinder.api.openstack.wsgi [None req-d69539ec-af5a-4d6a-861c-20cb96ff08fe tempest-GroupSnapshotsTest-391625429 tempest-GroupSnapshotsTest-391625429-project] http://10.222.0.62/volume/v3/f58b485c7dcd48439e30ac2d2963dadb/volumes/d4aa05e1-aa7d-464c-8f02-93592870d1dd returned with HTTP 404
Jul 13 15:40:24.683595 dv-cinder-788366-2-smb devstack@c-api.service[106433]: [pid: 106433|app: 0|req: 32/71] 10.222.0.62 () {60 vars in 1366 bytes} [Tue Jul 13 15:40:24 2021] GET /volume/v3/f58b485c7dcd48439e30ac2d2963dadb/volumes/d4aa05e1-aa7d-464c-8f02-93592870d1dd => generated 109 bytes in 68 msecs (HTTP/1.1 404) 7 headers in 293 bytes (1 switches on core 0)
Jul 13 15:40:24.727421 dv-cinder-788366-2-smb devstack@c-api.service[106433]: INFO cinder.api.openstack.wsgi [None req-969ee871-e598-40b0-91cc-9836a01611b7 tempest-GroupSnapshotsTest-391625429 tempest-GroupSnapshotsTest-391625429-project] GET http://10.222.0.62/volume/v3/f58b485c7dcd48439e30ac2d2963dadb/groups/72c2e038-2b3c-450f-a5ab-989fc60006cd
Jul 13 15:40:24.729018 dv-cinder-788366-2-smb devstack@c-api.service[106433]: DEBUG cinder.api.openstack.wsgi [None req-969ee871-e598-40b0-91cc-9836a01611b7 tempest-GroupSnapshotsTest-391625429 tempest-GroupSnapshotsTest-391625429-project] Empty body provided in request {{(pid=106433) get_body /opt/stack/cinder/cinder/api/openstack/wsgi.py:713}}
Jul 13 15:40:24.731031 dv-cinder-788366-2-smb devstack@c-api.service[106433]: DEBUG cinder.api.openstack.wsgi [None req-969ee871-e598-40b0-91cc-9836a01611b7 tempest-GroupSnapshotsTest-391625429 tempest-GroupSnapshotsTest-391625429-project] Calling method 'version_select' {{(pid=106433) _process_stack /opt/stack/cinder/cinder/api/openstack/wsgi.py:866}}
Jul 13 15:40:24.731916 dv-cinder-788366-2-smb devstack@c-api.service[106433]: DEBUG cinder.api.v3.groups [None req-969ee871-e598-40b0-91cc-9836a01611b7 tempest-GroupSnapshotsTest-391625429 tempest-GroupSnapshotsTest-391625429-project] show called for member 72c2e038-2b3c-450f-a5ab-989fc60006cd {{(pid=106433) show /opt/stack/cinder/cinder/api/v3/groups.py:58}}
Jul 13 15:40:24.758109 dv-cinder-788366-2-smb devstack@c-api.service[106433]: INFO cinder.api.openstack.wsgi [None req-969ee871-e598-40b0-91cc-9836a01611b7 tempest-GroupSnapshotsTest-391625429 tempest-GroupSnapshotsTest-391625429-project] http://10.222.0.62/volume/v3/f58b485c7dcd48439e30ac2d2963dadb/groups/72c2e038-2b3c-450f-a5ab-989fc60006cd returned with HTTP 404
Jul 13 15:40:24.767080 dv-cinder-788366-2-smb devstack@c-api.service[106433]: [pid: 106433|app: 0|req: 33/72] 10.222.0.62 () {60 vars in 1363 bytes} [Tue Jul 13 15:40:24 2021] GET /volume/v3/f58b485c7dcd48439e30ac2d2963dadb/groups/72c2e038-2b3c-450f-a5ab-989fc60006cd => generated 108 bytes in 83 msecs (HTTP/1.1 404) 7 headers in 293 bytes (1 switches on core 0)
Jul 13 15:40:24.776485 dv-cinder-788366-2-smb devstack@c-api.service[106433]: INFO cinder.api.openstack.wsgi [None req-c6717ae2-c9e1-4051-ace3-3022b16af9fe tempest-GroupSnapshotsTest-596441814 tempest-GroupSnapshotsTest-596441814-project-admin] DELETE http://10.222.0.62/volume/v3/497e031df4f14ed7a22e30ad1d9b6783/group_types/3e675418-21e3-4bd9-b88c-87f31b8743e8
