Aug 02 17:20:20.330673 dv-cinder-788365-5-smb devstack@n-api.service[92622]: [pid: 92622|app: 0|req: 3/7] 10.222.0.32 () {54 vars in 931 bytes} [Mon Aug 2 17:20:20 2021] GET /compute/v2.1 => generated 388 bytes in 4 msecs (HTTP/1.1 200) 9 headers in 357 bytes (1 switches on core 0)
Aug 02 17:20:20.489560 dv-cinder-788365-5-smb devstack@n-api.service[92623]: DEBUG nova.api.openstack.wsgi [None req-27e01b4d-65b0-4b15-84f9-8e61ceafc74f admin admin] Action: 'create', calling method: >, body: {"flavor": {"swap": 0, "vcpus": 1, "rxtx_factor": 1.0, "disk": 5, "os-flavor-access:is_public": true, "ram": 512, "name": "ds512M", "OS-FLV-EXT-DATA:ephemeral": 0, "id": "d1"}} {{(pid=92623) _process_stack /opt/stack/nova/nova/api/openstack/wsgi.py:511}}
Aug 02 17:20:20.526098 dv-cinder-788365-5-smb devstack@n-api.service[92623]: /usr/local/lib/python3.8/dist-packages/oslo_policy/policy.py:1064: UserWarning: Policy os_compute_api:os-flavor-manage:create failed scope check. The token used to make the request was project scoped but the policy requires ['system'] scope. This behavior may change in the future where using the intended scope is required
Aug 02 17:20:20.526098 dv-cinder-788365-5-smb devstack@n-api.service[92623]: warnings.warn(msg)
Aug 02 17:20:20.561124 dv-cinder-788365-5-smb devstack@n-api.service[92623]: INFO nova.api.openstack.requestlog [None req-27e01b4d-65b0-4b15-84f9-8e61ceafc74f admin admin] 10.222.0.32 "POST /compute/v2.1/flavors" status: 200 len: 404 microversion: 2.61 time: 0.221474
Aug 02 17:20:20.562518 dv-cinder-788365-5-smb devstack@n-api.service[92623]: [pid: 92623|app: 0|req: 5/8] 10.222.0.32 () {64 vars in 1283 bytes} [Mon Aug 2 17:20:20 2021] POST /compute/v2.1/flavors => generated 404 bytes in 224 msecs (HTTP/1.1 200) 9 headers in 359 bytes (2 switches on core 0)
Aug 02 17:20:20.585141 dv-cinder-788365-5-smb devstack@n-api.service[92622]: DEBUG nova.api.openstack.wsgi [None req-ac3823cf-e3c7-432b-8297-e716609db8b2 admin admin] Action: 'create', calling method: >, body: {"extra_specs": {"hw_rng:allowed": "True"}} {{(pid=92622) _process_stack /opt/stack/nova/nova/api/openstack/wsgi.py:511}}
Aug 02 17:20:20.588194 dv-cinder-788365-5-smb devstack@n-api.service[92622]: /usr/local/lib/python3.8/dist-packages/oslo_policy/policy.py:1064: UserWarning: Policy os_compute_api:os-flavor-extra-specs:create failed scope check. The token used to make the request was project scoped but the policy requires ['system'] scope. This behavior may change in the future where using the intended scope is required
Aug 02 17:20:20.588194 dv-cinder-788365-5-smb devstack@n-api.service[92622]: warnings.warn(msg)
Aug 02 17:20:20.650826 dv-cinder-788365-5-smb devstack@n-api.service[92622]: INFO nova.api.openstack.requestlog [None req-ac3823cf-e3c7-432b-8297-e716609db8b2 admin admin] 10.222.0.32 "POST /compute/v2.1/flavors/d1/os-extra_specs" status: 200 len: 43 microversion: 2.61 time: 0.072491
Aug 02 17:20:20.652656 dv-cinder-788365-5-smb devstack@n-api.service[92622]: [pid: 92622|app: 0|req: 4/9] 10.222.0.32 () {64 vars in 1336 bytes} [Mon Aug 2 17:20:20 2021] POST /compute/v2.1/flavors/d1/os-extra_specs => generated 43 bytes in 75 msecs (HTTP/1.1 200) 9 headers in 358 bytes (1 switches on core 0)
Aug 02 17:20:24.103867 dv-cinder-788365-5-smb devstack@n-api.service[92623]: DEBUG nova.api.openstack.wsgi [None req-27e01b4d-65b0-4b15-84f9-8e61ceafc74f admin admin] Calling method '>' {{(pid=92623) _process_stack /opt/stack/nova/nova/api/openstack/wsgi.py:513}}
Aug 02 17:20:24.105724 dv-cinder-788365-5-smb devstack@n-api.service[92623]: INFO nova.api.openstack.requestlog [None req-27e01b4d-65b0-4b15-84f9-8e61ceafc74f admin admin] 10.222.0.32 "GET /compute/v2.1" status: 200 len: 388 microversion: 2.1 time: 0.001622
Aug 02 17:20:24.106449 dv-cinder-788365-5-smb devstack@n-api.service[92623]: [pid: 92623|app: 0|req: 6/10] 10.222.0.32 () {54 vars in 931 bytes} [Mon Aug 2 17:20:24 2021] GET /compute/v2.1 => generated 388 bytes in 4 msecs (HTTP/1.1 200) 9 headers in 357 bytes (1 switches on core 0)
Aug 02 17:20:24.193332 dv-cinder-788365-5-smb devstack@n-api.service[92622]: DEBUG nova.api.openstack.wsgi [None req-f9bdf13f-036c-4f01-9441-6a6dcaf5f07c admin admin] Action: 'create', calling method: >, body: {"flavor": {"swap": 0, "os-flavor-access:is_public": true, "disk": 10, "rxtx_factor": 1.0, "vcpus": 1, "ram": 1024, "OS-FLV-EXT-DATA:ephemeral": 0, "name": "ds1G", "id": "d2"}} {{(pid=92622) _process_stack /opt/stack/nova/nova/api/openstack/wsgi.py:511}}
Aug 02 17:20:24.220370 dv-cinder-788365-5-smb devstack@n-api.service[92622]: INFO nova.api.openstack.requestlog [None req-f9bdf13f-036c-4f01-9441-6a6dcaf5f07c admin admin] 10.222.0.32 "POST /compute/v2.1/flavors" status: 200 len: 404 microversion: 2.61 time: 0.105048
Aug 02 17:20:24.225819 dv-cinder-788365-5-smb devstack@n-api.service[92622]: [pid: 92622|app: 0|req: 5/11] 10.222.0.32 () {64 vars in 1283 bytes} [Mon Aug 2 17:20:24 2021] POST /compute/v2.1/flavors => generated 404 bytes in 112 msecs (HTTP/1.1 200) 9 headers in 359 bytes (2 switches on core 0)
Aug 02 17:20:24.238024 dv-cinder-788365-5-smb devstack@n-api.service[92623]: DEBUG nova.api.openstack.wsgi [None req-9c29623f-bda5-43d4-9579-3f067a1148bb admin admin] Action: 'create', calling method: >, body: {"extra_specs": {"hw_rng:allowed": "True"}} {{(pid=92623) _process_stack /opt/stack/nova/nova/api/openstack/wsgi.py:511}}
Aug 02 17:20:24.282374 dv-cinder-788365-5-smb devstack@n-api.service[92623]: INFO nova.api.openstack.requestlog [None req-9c29623f-bda5-43d4-9579-3f067a1148bb admin admin] 10.222.0.32 "POST /compute/v2.1/flavors/d2/os-extra_specs" status: 200 len: 43 microversion: 2.61 time: 0.052015
Aug 02 17:20:24.283380 dv-cinder-788365-5-smb devstack@n-api.service[92623]: [pid: 92623|app: 0|req: 7/12] 10.222.0.32 () {64 vars in 1336 bytes} [Mon Aug 2 17:20:24 2021] POST /compute/v2.1/flavors/d2/os-extra_specs => generated 43 bytes in 54 msecs (HTTP/1.1 200) 9 headers in 358 bytes (1 switches on core 0)
Aug 02 17:20:27.171010 dv-cinder-788365-5-smb devstack@n-api.service[92622]: DEBUG nova.api.openstack.wsgi [None req-f9bdf13f-036c-4f01-9441-6a6dcaf5f07c admin admin] Calling method '>' {{(pid=92622) _process_stack /opt/stack/nova/nova/api/openstack/wsgi.py:513}}
Aug 02 17:20:27.171764 dv-cinder-788365-5-smb devstack@n-api.service[92622]: INFO nova.api.openstack.requestlog [None req-f9bdf13f-036c-4f01-9441-6a6dcaf5f07c admin admin] 10.222.0.32 "GET /compute/v2.1" status: 200 len: 388 microversion: 2.1 time: 0.003208
Aug 02 17:20:27.174282 dv-cinder-788365-5-smb devstack@n-api.service[92622]: [pid: 92622|app: 0|req: 6/13] 10.222.0.32 () {54 vars in 931 bytes} [Mon Aug 2 17:20:27 2021] GET /compute/v2.1 => generated 388 bytes in 6 msecs (HTTP/1.1 200) 9 headers in 357 bytes (1 switches on core 0)
Aug 02 17:20:27.298635 dv-cinder-788365-5-smb devstack@n-api.service[92623]: DEBUG nova.api.openstack.wsgi [None req-4300cab3-092a-42e8-89d0-4d2acc0d9909 admin admin] Action: 'create', calling method: >, body: {"flavor": {"vcpus": 2, "rxtx_factor": 1.0, "name": "ds2G", "swap": 0, "ram": 2048, "disk": 10, "OS-FLV-EXT-DATA:ephemeral": 0, "os-flavor-access:is_public": true, "id": "d3"}} {{(pid=92623) _process_stack /opt/stack/nova/nova/api/openstack/wsgi.py:511}}
Aug 02 17:20:27.332516 dv-cinder-788365-5-smb devstack@n-api.service[92623]: INFO nova.api.openstack.requestlog [None req-4300cab3-092a-42e8-89d0-4d2acc0d9909 admin admin] 10.222.0.32 "POST /compute/v2.1/flavors" status: 200 len: 404 microversion: 2.61 time: 0.141201
Aug 02 17:20:27.335360 dv-cinder-788365-5-smb devstack@n-api.service[92623]: [pid: 92623|app: 0|req: 8/14] 10.222.0.32 () {64 vars in 1283 bytes} [Mon Aug 2 17:20:27 2021] POST /compute/v2.1/flavors => generated 404 bytes in 144 msecs (HTTP/1.1 200) 9 headers in 359 bytes (1 switches on core 0)
Aug 02 17:20:27.363916 dv-cinder-788365-5-smb devstack@n-api.service[92622]: DEBUG nova.api.openstack.wsgi [None req-cdb815ae-8fae-4cee-96ed-1e0f7ec558c2 admin admin] Action: 'create', calling method: >, body: {"extra_specs": {"hw_rng:allowed": "True"}} {{(pid=92622) _process_stack /opt/stack/nova/nova/api/openstack/wsgi.py:511}}
Aug 02 17:20:27.399886 dv-cinder-788365-5-smb devstack@n-api.service[92622]: INFO nova.api.openstack.requestlog [None req-cdb815ae-8fae-4cee-96ed-1e0f7ec558c2 admin admin] 10.222.0.32 "POST /compute/v2.1/flavors/d3/os-extra_specs" status: 200 len: 43 microversion: 2.61 time: 0.053243
Aug 02 17:20:27.401251 dv-cinder-788365-5-smb devstack@n-api.service[92622]: [pid: 92622|app: 0|req: 7/15] 10.222.0.32 () {64 vars in 1336 bytes} [Mon Aug 2 17:20:27 2021] POST /compute/v2.1/flavors/d3/os-extra_specs => generated 43 bytes in 57 msecs (HTTP/1.1 200) 9 headers in 358 bytes (1 switches on core 0)
Aug 02 17:20:30.009973 dv-cinder-788365-5-smb devstack@n-api.service[92623]: DEBUG nova.api.openstack.wsgi [None req-4300cab3-092a-42e8-89d0-4d2acc0d9909 admin admin] Calling method '>' {{(pid=92623) _process_stack /opt/stack/nova/nova/api/openstack/wsgi.py:513}}
Aug 02 17:20:30.011146 dv-cinder-788365-5-smb devstack@n-api.service[92623]: INFO nova.api.openstack.requestlog [None req-4300cab3-092a-42e8-89d0-4d2acc0d9909 admin admin] 10.222.0.32 "GET /compute/v2.1" status: 200 len: 388 microversion: 2.1 time: 0.001561
Aug 02 17:20:30.017951 dv-cinder-788365-5-smb devstack@n-api.service[92623]: [pid: 92623|app: 0|req: 9/16] 10.222.0.32 () {54 vars in 931 bytes} [Mon Aug 2 17:20:30 2021] GET /compute/v2.1 => generated 388 bytes in 9 msecs (HTTP/1.1 200) 9 headers in 357 bytes (1 switches on core 0)
Aug 02 17:20:30.079819 dv-cinder-788365-5-smb devstack@n-api.service[92622]: DEBUG nova.api.openstack.wsgi [None req-89171507-cf1b-495f-aaec-1e339169505d admin admin] Action: 'create', calling method: >, body: {"flavor": {"id": "d4", "swap": 0, "name": "ds4G", "vcpus": 4, "OS-FLV-EXT-DATA:ephemeral": 0, "ram": 4096, "os-flavor-access:is_public": true, "disk": 20, "rxtx_factor": 1.0}} {{(pid=92622) _process_stack /opt/stack/nova/nova/api/openstack/wsgi.py:511}}
Aug 02 17:20:30.102263 dv-cinder-788365-5-smb devstack@n-api.service[92622]: INFO nova.api.openstack.requestlog [None req-89171507-cf1b-495f-aaec-1e339169505d admin admin] 10.222.0.32 "POST /compute/v2.1/flavors" status: 200 len: 404 microversion: 2.61 time: 0.082748
Aug 02 17:20:30.103002 dv-cinder-788365-5-smb devstack@n-api.service[92622]: [pid: 92622|app: 0|req: 8/17] 10.222.0.32 () {64 vars in 1283 bytes} [Mon Aug 2 17:20:30 2021] POST /compute/v2.1/flavors => generated 404 bytes in 84 msecs (HTTP/1.1 200) 9 headers in 359 bytes (2 switches on core 0)
Aug 02 17:20:30.116846 dv-cinder-788365-5-smb devstack@n-api.service[92623]: DEBUG nova.api.openstack.wsgi [None req-61148d2b-caec-4252-a931-36e298256fa8 admin admin] Action: 'create', calling method: >, body: {"extra_specs": {"hw_rng:allowed": "True"}} {{(pid=92623) _process_stack /opt/stack/nova/nova/api/openstack/wsgi.py:511}}
Aug 02 17:20:30.142635 dv-cinder-788365-5-smb devstack@n-api.service[92623]: INFO nova.api.openstack.requestlog [None req-61148d2b-caec-4252-a931-36e298256fa8 admin admin] 10.222.0.32 "POST /compute/v2.1/flavors/d4/os-extra_specs" status: 200 len: 43 microversion: 2.61 time: 0.029392
Aug 02 17:20:30.143227 dv-cinder-788365-5-smb devstack@n-api.service[92623]: [pid: 92623|app: 0|req: 10/18] 10.222.0.32 () {64 vars in 1336 bytes} [Mon Aug 2 17:20:30 2021] POST /compute/v2.1/flavors/d4/os-extra_specs => generated 43 bytes in 31 msecs (HTTP/1.1 200) 9 headers in 358 bytes (1 switches on core 0)
Aug 02 17:20:32.500776 dv-cinder-788365-5-smb devstack@n-api.service[92622]: DEBUG nova.api.openstack.wsgi [None req-89171507-cf1b-495f-aaec-1e339169505d admin admin] Calling method '>' {{(pid=92622) _process_stack /opt/stack/nova/nova/api/openstack/wsgi.py:513}}
Aug 02 17:20:32.503542 dv-cinder-788365-5-smb devstack@n-api.service[92622]: INFO nova.api.openstack.requestlog [None req-89171507-cf1b-495f-aaec-1e339169505d admin admin] 10.222.0.32 "GET /compute/v2.1" status: 200 len: 388 microversion: 2.1 time: 0.003389
Aug 02 17:20:32.504520 dv-cinder-788365-5-smb devstack@n-api.service[92622]: [pid: 92622|app: 0|req: 9/19] 10.222.0.32 () {54 vars in 931 bytes} [Mon Aug 2 17:20:32 2021] GET /compute/v2.1 => generated 388 bytes in 6 msecs (HTTP/1.1 200) 9 headers in 357 bytes (1 switches on core 0)
Aug 02 17:20:32.623739 dv-cinder-788365-5-smb devstack@n-api.service[92623]: DEBUG nova.api.openstack.wsgi [None req-dcc81d13-4464-428d-8857-9c72da46f20e admin admin] Calling method '>' {{(pid=92623) _process_stack /opt/stack/nova/nova/api/openstack/wsgi.py:513}}
Aug 02 17:20:32.658901 dv-cinder-788365-5-smb devstack@n-api.service[92623]: INFO nova.api.openstack.requestlog [None req-dcc81d13-4464-428d-8857-9c72da46f20e admin admin] 10.222.0.32 "GET /compute/v2.1/flavors/detail?is_public=True" status: 200 len: 2106 microversion: 2.61 time: 0.141443
Aug 02 17:20:32.659560 dv-cinder-788365-5-smb devstack@n-api.service[92623]: [pid: 92623|app: 0|req: 11/20] 10.222.0.32 () {60 vars in 1292 bytes} [Mon Aug 2 17:20:32 2021] GET /compute/v2.1/flavors/detail?is_public=True => generated 2106 bytes in 143 msecs (HTTP/1.1 200) 9 headers in 360 bytes (1 switches on core 0)
Aug 02 17:20:35.796467 dv-cinder-788365-5-smb devstack@n-api.service[92622]: DEBUG nova.api.openstack.wsgi [None req-89171507-cf1b-495f-aaec-1e339169505d admin admin] Calling method '>' {{(pid=92622) _process_stack /opt/stack/nova/nova/api/openstack/wsgi.py:513}}
Aug 02 17:20:35.798978 dv-cinder-788365-5-smb devstack@n-api.service[92622]: INFO nova.api.openstack.requestlog [None req-89171507-cf1b-495f-aaec-1e339169505d admin admin] 10.222.0.32 "GET /compute/v2.1" status: 200 len: 388 microversion: 2.1 time: 0.003430
Aug 02 17:20:35.800002 dv-cinder-788365-5-smb devstack@n-api.service[92622]: [pid: 92622|app: 0|req: 10/21] 10.222.0.32 () {54 vars in 931 bytes} [Mon Aug 2 17:20:35 2021] GET /compute/v2.1 => generated 388 bytes in 6 msecs (HTTP/1.1 200) 9 headers in 357 bytes (1 switches on core 0)
Aug 02 17:20:35.885196 dv-cinder-788365-5-smb devstack@n-api.service[92623]: DEBUG nova.api.openstack.wsgi [None req-506d38e1-afa7-4e9c-93a7-bd4506fcc829 admin admin] Action: 'create', calling method: >, body: {"flavor": {"os-flavor-access:is_public": true, "disk": 1, "vcpus": 1, "swap": 0, "name": "m1.tiny", "rxtx_factor": 1.0, "OS-FLV-EXT-DATA:ephemeral": 0, "id": "1", "ram": 512}} {{(pid=92623) _process_stack /opt/stack/nova/nova/api/openstack/wsgi.py:511}}
Aug 02 17:20:35.909564 dv-cinder-788365-5-smb devstack@n-api.service[92623]: INFO nova.api.openstack.requestlog [None req-506d38e1-afa7-4e9c-93a7-bd4506fcc829 admin admin] 10.222.0.32 "POST /compute/v2.1/flavors" status: 200 len: 402 microversion: 2.61 time: 0.097078
Aug 02 17:20:35.910441 dv-cinder-788365-5-smb devstack@n-api.service[92623]: [pid: 92623|app: 0|req: 12/22] 10.222.0.32 () {64 vars in 1283 bytes} [Mon Aug 2 17:20:35 2021] POST /compute/v2.1/flavors => generated 402 bytes in 99 msecs (HTTP/1.1 200) 9 headers in 359 bytes (1 switches on core 0)
Aug 02 17:20:35.927568 dv-cinder-788365-5-smb devstack@n-api.service[92622]: DEBUG nova.api.openstack.wsgi [None req-eec96ae8-c3d4-415e-9cd3-b9085d54e413 admin admin] Action: 'create', calling method: >, body: {"extra_specs": {"hw_rng:allowed": "True"}} {{(pid=92622) _process_stack /opt/stack/nova/nova/api/openstack/wsgi.py:511}}
Aug 02 17:20:35.957275 dv-cinder-788365-5-smb devstack@n-api.service[92622]: INFO nova.api.openstack.requestlog [None req-eec96ae8-c3d4-415e-9cd3-b9085d54e413 admin admin] 10.222.0.32 "POST /compute/v2.1/flavors/1/os-extra_specs" status: 200 len: 43 microversion: 2.61 time: 0.034727
Aug 02 17:20:35.957911 dv-cinder-788365-5-smb devstack@n-api.service[92622]: [pid: 92622|app: 0|req: 11/23] 10.222.0.32 () {64 vars in 1333 bytes} [Mon Aug 2 17:20:35 2021] POST /compute/v2.1/flavors/1/os-extra_specs => generated 43 bytes in 36 msecs (HTTP/1.1 200) 9 headers in 358 bytes (1 switches on core 0)
Aug 02 17:20:38.697438 dv-cinder-788365-5-smb devstack@n-api.service[92623]: DEBUG nova.api.openstack.wsgi [None req-506d38e1-afa7-4e9c-93a7-bd4506fcc829 admin admin] Calling method '>' {{(pid=92623) _process_stack /opt/stack/nova/nova/api/openstack/wsgi.py:513}}
Aug 02 17:20:38.699074 dv-cinder-788365-5-smb devstack@n-api.service[92623]: INFO nova.api.openstack.requestlog [None req-506d38e1-afa7-4e9c-93a7-bd4506fcc829 admin admin] 10.222.0.32 "GET /compute/v2.1" status: 200 len: 388 microversion: 2.1 time: 0.002109
Aug 02 17:20:38.699515 dv-cinder-788365-5-smb devstack@n-api.service[92623]: [pid: 92623|app: 0|req: 13/24] 10.222.0.32 () {54 vars in 931 bytes} [Mon Aug 2 17:20:38 2021] GET /compute/v2.1 => generated 388 bytes in 3 msecs (HTTP/1.1 200) 9 headers in 357 bytes (1 switches on core 0)
Aug 02 17:20:38.760983 dv-cinder-788365-5-smb devstack@n-api.service[92622]: DEBUG nova.api.openstack.wsgi [None req-0c11b52f-4e58-4629-91b9-1ded64e160f8 admin admin] Action: 'create', calling method: >, body: {"flavor": {"swap": 0, "id": "2", "OS-FLV-EXT-DATA:ephemeral": 0, "ram": 2048, "vcpus": 1, "disk": 20, "rxtx_factor": 1.0, "os-flavor-access:is_public": true, "name": "m1.small"}} {{(pid=92622) _process_stack /opt/stack/nova/nova/api/openstack/wsgi.py:511}}
Aug 02 17:20:38.783405 dv-cinder-788365-5-smb devstack@n-api.service[92622]: INFO nova.api.openstack.requestlog [None req-0c11b52f-4e58-4629-91b9-1ded64e160f8 admin admin] 10.222.0.32 "POST /compute/v2.1/flavors" status: 200 len: 405 microversion: 2.61 time: 0.076328
Aug 02 17:20:38.783991 dv-cinder-788365-5-smb devstack@n-api.service[92622]: [pid: 92622|app: 0|req: 12/25] 10.222.0.32 () {64 vars in 1283 bytes} [Mon Aug 2 17:20:38 2021] POST /compute/v2.1/flavors => generated 405 bytes in 78 msecs (HTTP/1.1 200) 9 headers in 359 bytes (1 switches on core 0)
Aug 02 17:20:38.808532 dv-cinder-788365-5-smb devstack@n-api.service[92623]: DEBUG nova.api.openstack.wsgi [None req-9b8c8e82-d713-43af-b0ae-6c307e46d7f5 admin admin] Action: 'create', calling method: >, body: {"extra_specs": {"hw_rng:allowed": "True"}} {{(pid=92623) _process_stack /opt/stack/nova/nova/api/openstack/wsgi.py:511}}
Aug 02 17:20:38.849446 dv-cinder-788365-5-smb devstack@n-api.service[92623]: INFO nova.api.openstack.requestlog [None req-9b8c8e82-d713-43af-b0ae-6c307e46d7f5 admin admin] 10.222.0.32 "POST /compute/v2.1/flavors/2/os-extra_specs" status: 200 len: 43 microversion: 2.61 time: 0.049704
Aug 02 17:20:38.850239 dv-cinder-788365-5-smb devstack@n-api.service[92623]: [pid: 92623|app: 0|req: 14/26] 10.222.0.32 () {64 vars in 1333 bytes} [Mon Aug 2 17:20:38 2021] POST /compute/v2.1/flavors/2/os-extra_specs => generated 43 bytes in 52 msecs (HTTP/1.1 200) 9 headers in 358 bytes (2 switches on core 0)
Aug 02 17:20:41.313911 dv-cinder-788365-5-smb devstack@n-api.service[92622]: DEBUG nova.api.openstack.wsgi [None req-0c11b52f-4e58-4629-91b9-1ded64e160f8 admin admin] Calling method '>' {{(pid=92622) _process_stack /opt/stack/nova/nova/api/openstack/wsgi.py:513}}
Aug 02 17:20:41.315624 dv-cinder-788365-5-smb devstack@n-api.service[92622]: INFO nova.api.openstack.requestlog [None req-0c11b52f-4e58-4629-91b9-1ded64e160f8 admin admin] 10.222.0.32 "GET /compute/v2.1" status: 200 len: 388 microversion: 2.1 time: 0.002453
Aug 02 17:20:41.316335 dv-cinder-788365-5-smb devstack@n-api.service[92622]: [pid: 92622|app: 0|req: 13/27] 10.222.0.32 () {54 vars in 931 bytes} [Mon Aug 2 17:20:41 2021] GET /compute/v2.1 => generated 388 bytes in 4 msecs (HTTP/1.1 200) 9 headers in 357 bytes (2 switches on core 0)
Aug 02 17:20:41.413538 dv-cinder-788365-5-smb devstack@n-api.service[92623]: DEBUG nova.api.openstack.wsgi [None req-92c3dd9d-f99f-42e9-80f2-418bbcbc5988 admin admin] Action: 'create', calling method: >, body: {"flavor": {"OS-FLV-EXT-DATA:ephemeral": 0, "swap": 0, "ram": 4096, "os-flavor-access:is_public": true, "disk": 40, "id": "3", "vcpus": 2, "rxtx_factor": 1.0, "name": "m1.medium"}} {{(pid=92623) _process_stack /opt/stack/nova/nova/api/openstack/wsgi.py:511}}
Aug 02 17:20:41.436823 dv-cinder-788365-5-smb devstack@n-api.service[92623]: INFO nova.api.openstack.requestlog [None req-92c3dd9d-f99f-42e9-80f2-418bbcbc5988 admin admin] 10.222.0.32 "POST /compute/v2.1/flavors" status: 200 len: 406 microversion: 2.61 time: 0.109654
Aug 02 17:20:41.437316 dv-cinder-788365-5-smb devstack@n-api.service[92623]: [pid: 92623|app: 0|req: 15/28] 10.222.0.32 () {64 vars in 1283 bytes} [Mon Aug 2 17:20:41 2021] POST /compute/v2.1/flavors => generated 406 bytes in 111 msecs (HTTP/1.1 200) 9 headers in 359 bytes (1 switches on core 0)
Aug 02 17:20:41.452296 dv-cinder-788365-5-smb devstack@n-api.service[92622]: DEBUG nova.api.openstack.wsgi [None req-74840a49-88a0-41bc-9dd5-b0f7cbda7013 admin admin] Action: 'create', calling method: >, body: {"extra_specs": {"hw_rng:allowed": "True"}} {{(pid=92622) _process_stack /opt/stack/nova/nova/api/openstack/wsgi.py:511}}
Aug 02 17:20:41.478461 dv-cinder-788365-5-smb devstack@n-api.service[92622]: INFO nova.api.openstack.requestlog [None req-74840a49-88a0-41bc-9dd5-b0f7cbda7013 admin admin] 10.222.0.32 "POST /compute/v2.1/flavors/3/os-extra_specs" status: 200 len: 43 microversion: 2.61 time: 0.031660
Aug 02 17:20:41.479166 dv-cinder-788365-5-smb devstack@n-api.service[92622]: [pid: 92622|app: 0|req: 14/29] 10.222.0.32 () {64 vars in 1333 bytes} [Mon Aug 2 17:20:41 2021] POST /compute/v2.1/flavors/3/os-extra_specs => generated 43 bytes in 34 msecs (HTTP/1.1 200) 9 headers in 358 bytes (1 switches on core 0)
Aug 02 17:20:43.939299 dv-cinder-788365-5-smb devstack@n-api.service[92623]: DEBUG nova.api.openstack.wsgi [None req-92c3dd9d-f99f-42e9-80f2-418bbcbc5988 admin admin] Calling method '>' {{(pid=92623) _process_stack /opt/stack/nova/nova/api/openstack/wsgi.py:513}}
Aug 02 17:20:43.942074 dv-cinder-788365-5-smb devstack@n-api.service[92623]: INFO nova.api.openstack.requestlog [None req-92c3dd9d-f99f-42e9-80f2-418bbcbc5988 admin admin] 10.222.0.32 "GET /compute/v2.1" status: 200 len: 388 microversion: 2.1 time: 0.003413
Aug 02 17:20:43.949139 dv-cinder-788365-5-smb devstack@n-api.service[92623]: [pid: 92623|app: 0|req: 16/30] 10.222.0.32 () {54 vars in 931 bytes} [Mon Aug 2 17:20:43 2021] GET /compute/v2.1 => generated 388 bytes in 10 msecs (HTTP/1.1 200) 9 headers in 357 bytes (1 switches on core 0)
Aug 02 17:20:44.036301 dv-cinder-788365-5-smb devstack@n-api.service[92622]: DEBUG nova.api.openstack.wsgi [None req-471bd976-a123-485c-aabe-b6c1c75eec00 admin admin] Action: 'create', calling method: >, body: {"flavor": {"vcpus": 4, "os-flavor-access:is_public": true, "OS-FLV-EXT-DATA:ephemeral": 0, "rxtx_factor": 1.0, "swap": 0, "ram": 8192, "name": "m1.large", "id": "4", "disk": 80}} {{(pid=92622) _process_stack /opt/stack/nova/nova/api/openstack/wsgi.py:511}}
Aug 02 17:20:44.057786 dv-cinder-788365-5-smb devstack@n-api.service[92622]: INFO nova.api.openstack.requestlog [None req-471bd976-a123-485c-aabe-b6c1c75eec00 admin admin] 10.222.0.32 "POST /compute/v2.1/flavors" status: 200 len: 405 microversion: 2.61 time: 0.101274
Aug 02 17:20:44.058647 dv-cinder-788365-5-smb devstack@n-api.service[92622]: [pid: 92622|app: 0|req: 15/31] 10.222.0.32 () {64 vars in 1283 bytes} [Mon Aug 2 17:20:43 2021] POST /compute/v2.1/flavors => generated 405 bytes in 103 msecs (HTTP/1.1 200) 9 headers in 359 bytes (1 switches on core 0)
Aug 02 17:20:44.071495 dv-cinder-788365-5-smb devstack@n-api.service[92623]: DEBUG nova.api.openstack.wsgi [None req-8b314c0c-61c7-4d57-b253-259a9bce0668 admin admin] Action: 'create', calling method: >, body: {"extra_specs": {"hw_rng:allowed": "True"}} {{(pid=92623) _process_stack /opt/stack/nova/nova/api/openstack/wsgi.py:511}}
Aug 02 17:20:44.098918 dv-cinder-788365-5-smb devstack@n-api.service[92623]: INFO nova.api.openstack.requestlog [None req-8b314c0c-61c7-4d57-b253-259a9bce0668 admin admin] 10.222.0.32 "POST /compute/v2.1/flavors/4/os-extra_specs" status: 200 len: 43 microversion: 2.61 time: 0.031033
Aug 02 17:20:44.099815 dv-cinder-788365-5-smb devstack@n-api.service[92623]: [pid: 92623|app: 0|req: 17/32] 10.222.0.32 () {64 vars in 1333 bytes} [Mon Aug 2 17:20:44 2021] POST /compute/v2.1/flavors/4/os-extra_specs => generated 43 bytes in 33 msecs (HTTP/1.1 200) 9 headers in 358 bytes (2 switches on core 0)
Aug 02 17:20:46.552577 dv-cinder-788365-5-smb devstack@n-api.service[92622]: DEBUG nova.api.openstack.wsgi [None req-471bd976-a123-485c-aabe-b6c1c75eec00 admin admin] Calling method '>' {{(pid=92622) _process_stack /opt/stack/nova/nova/api/openstack/wsgi.py:513}}
Aug 02 17:20:46.553593 dv-cinder-788365-5-smb devstack@n-api.service[92622]: INFO nova.api.openstack.requestlog [None req-471bd976-a123-485c-aabe-b6c1c75eec00 admin admin] 10.222.0.32 "GET /compute/v2.1" status: 200 len: 388 microversion: 2.1 time: 0.001558
Aug 02 17:20:46.554032 dv-cinder-788365-5-smb devstack@n-api.service[92622]: [pid: 92622|app: 0|req: 16/33] 10.222.0.32 () {54 vars in 931 bytes} [Mon Aug 2 17:20:46 2021] GET /compute/v2.1 => generated 388 bytes in 2 msecs (HTTP/1.1 200) 9 headers in 357 bytes (1 switches on core 0)
Aug 02 17:20:46.623647 dv-cinder-788365-5-smb devstack@n-api.service[92623]: DEBUG nova.api.openstack.wsgi [None req-aa719620-ec23-41c5-b1aa-183aa03ea643 admin admin] Action: 'create', calling method: >, body: {"flavor": {"os-flavor-access:is_public": true, "id": "5", "name": "m1.xlarge", "OS-FLV-EXT-DATA:ephemeral": 0, "swap": 0, "vcpus": 8, "disk": 160, "ram": 16384, "rxtx_factor": 1.0}} {{(pid=92623) _process_stack /opt/stack/nova/nova/api/openstack/wsgi.py:511}}
Aug 02 17:20:46.644943 dv-cinder-788365-5-smb devstack@n-api.service[92623]: INFO nova.api.openstack.requestlog [None req-aa719620-ec23-41c5-b1aa-183aa03ea643 admin admin] 10.222.0.32 "POST /compute/v2.1/flavors" status: 200 len: 408 microversion: 2.61 time: 0.083704
Aug 02 17:20:46.645678 dv-cinder-788365-5-smb devstack@n-api.service[92623]: [pid: 92623|app: 0|req: 18/34] 10.222.0.32 () {64 vars in 1283 bytes} [Mon Aug 2 17:20:46 2021] POST /compute/v2.1/flavors => generated 408 bytes in 85 msecs (HTTP/1.1 200) 9 headers in 359 bytes (2 switches on core 0)
Aug 02 17:20:46.659518 dv-cinder-788365-5-smb devstack@n-api.service[92622]: DEBUG nova.api.openstack.wsgi [None req-1da7ece4-e826-4e13-9c08-1eaf6ccc8c70 admin admin] Action: 'create', calling method: >, body: {"extra_specs": {"hw_rng:allowed": "True"}} {{(pid=92622) _process_stack /opt/stack/nova/nova/api/openstack/wsgi.py:511}}
Aug 02 17:20:46.689694 dv-cinder-788365-5-smb devstack@n-api.service[92622]: INFO nova.api.openstack.requestlog [None req-1da7ece4-e826-4e13-9c08-1eaf6ccc8c70 admin admin] 10.222.0.32 "POST /compute/v2.1/flavors/5/os-extra_specs" status: 200 len: 43 microversion: 2.61 time: 0.033835
Aug 02 17:20:46.690926 dv-cinder-788365-5-smb devstack@n-api.service[92622]: [pid: 92622|app: 0|req: 17/35] 10.222.0.32 () {64 vars in 1333 bytes} [Mon Aug 2 17:20:46 2021] POST /compute/v2.1/flavors/5/os-extra_specs => generated 43 bytes in 36 msecs (HTTP/1.1 200) 9 headers in 358 bytes (1 switches on core 0)
Aug 02 17:21:27.363428 dv-cinder-788365-5-smb devstack@n-api.service[92623]: DEBUG nova.api.openstack.wsgi [None req-aa719620-ec23-41c5-b1aa-183aa03ea643 admin admin] Calling method '>' {{(pid=92623) _process_stack /opt/stack/nova/nova/api/openstack/wsgi.py:513}}
Aug 02 17:21:27.365275 dv-cinder-788365-5-smb devstack@n-api.service[92623]: INFO nova.api.openstack.requestlog [None req-aa719620-ec23-41c5-b1aa-183aa03ea643 admin admin] 10.222.0.32 "GET /compute/v2.1" status: 200 len: 388 microversion: 2.1 time: 0.002166
Aug 02 17:21:27.366009 dv-cinder-788365-5-smb devstack@n-api.service[92623]: [pid: 92623|app: 0|req: 19/36] 10.222.0.32 () {54 vars in 931 bytes} [Mon Aug 2 17:21:27 2021] GET /compute/v2.1 => generated 388 bytes in 4 msecs (HTTP/1.1 200) 9 headers in 357 bytes (2 switches on core 0)
Aug 02 17:21:27.434481 dv-cinder-788365-5-smb devstack@n-api.service[92622]: DEBUG nova.api.openstack.wsgi [None req-5a3aae4a-1886-4000-aec3-65b4d3ed3bd7 admin admin] Calling method '>' {{(pid=92622) _process_stack /opt/stack/nova/nova/api/openstack/wsgi.py:513}}
Aug 02 17:21:27.451489 dv-cinder-788365-5-smb devstack@n-api.service[92622]: INFO nova.api.openstack.requestlog [None req-5a3aae4a-1886-4000-aec3-65b4d3ed3bd7 admin admin] 10.222.0.32 "GET /compute/v2.1/flavors/detail?is_public=True" status: 200 len: 4202 microversion: 2.61 time: 0.074307
Aug 02 17:21:27.452040 dv-cinder-788365-5-smb devstack@n-api.service[92622]: [pid: 92622|app: 0|req: 18/37] 10.222.0.32 () {60 vars in 1292 bytes} [Mon Aug 2 17:21:27 2021] GET /compute/v2.1/flavors/detail?is_public=True => generated 4202 bytes in 76 msecs (HTTP/1.1 200) 9 headers in 360 bytes (1 switches on core 0)
Aug 02 17:21:28.920052 dv-cinder-788365-5-smb devstack@n-api.service[92623]: DEBUG nova.api.openstack.wsgi [None req-aa719620-ec23-41c5-b1aa-183aa03ea643 admin admin] Calling method '>' {{(pid=92623) _process_stack /opt/stack/nova/nova/api/openstack/wsgi.py:513}}
Aug 02 17:21:28.921201 dv-cinder-788365-5-smb devstack@n-api.service[92623]: INFO nova.api.openstack.requestlog [None req-aa719620-ec23-41c5-b1aa-183aa03ea643 admin admin] 10.222.0.32 "GET /compute/v2.1" status: 200 len: 388 microversion: 2.1 time: 0.002076
Aug 02 17:21:28.921650 dv-cinder-788365-5-smb devstack@n-api.service[92623]: [pid: 92623|app: 0|req: 20/38] 10.222.0.32 () {56 vars in 1075 bytes} [Mon Aug 2 17:21:28 2021] GET /compute/v2.1 => generated 388 bytes in 3 msecs (HTTP/1.1 200) 9 headers in 357 bytes (1 switches on core 0)
Aug 02 17:21:29.113449 dv-cinder-788365-5-smb devstack@n-api.service[92622]: DEBUG nova.api.openstack.wsgi [None req-091e871f-eea9-42eb-9d61-e481bd7bb80d admin admin] Calling method '>' {{(pid=92622) _process_stack /opt/stack/nova/nova/api/openstack/wsgi.py:513}}
Aug 02 17:21:29.119572 dv-cinder-788365-5-smb devstack@n-api.service[92622]: INFO nova.api.openstack.wsgi [None req-091e871f-eea9-42eb-9d61-e481bd7bb80d admin admin] HTTP exception thrown: Flavor 42 could not be found.
Aug 02 17:21:29.120150 dv-cinder-788365-5-smb devstack@n-api.service[92622]: DEBUG nova.api.openstack.wsgi [None req-091e871f-eea9-42eb-9d61-e481bd7bb80d admin admin] Returning 404 to user: Flavor 42 could not be found. {{(pid=92622) __call__ /opt/stack/nova/nova/api/openstack/wsgi.py:927}}
Aug 02 17:21:29.120964 dv-cinder-788365-5-smb devstack@n-api.service[92622]: INFO nova.api.openstack.requestlog [None req-091e871f-eea9-42eb-9d61-e481bd7bb80d admin admin] 10.222.0.32 "GET /compute/v2.1/flavors/42" status: 404 len: 75 microversion: 2.88 time: 0.058227
Aug 02 17:21:29.121497 dv-cinder-788365-5-smb devstack@n-api.service[92622]: [pid: 92622|app: 0|req: 19/39] 10.222.0.32 () {60 vars in 1191 bytes} [Mon Aug 2 17:21:29 2021] GET /compute/v2.1/flavors/42 => generated 75 bytes in 59 msecs (HTTP/1.1 404) 9 headers in 380 bytes (2 switches on core 0)
Aug 02 17:21:29.131351 dv-cinder-788365-5-smb devstack@n-api.service[92623]: DEBUG nova.api.openstack.wsgi [None req-ee6e7b2d-afc9-46fc-a8b4-68aa1c423556 admin admin] Calling method '>' {{(pid=92623) _process_stack /opt/stack/nova/nova/api/openstack/wsgi.py:513}}
Aug 02 17:21:29.152824 dv-cinder-788365-5-smb devstack@n-api.service[92623]: INFO nova.api.openstack.requestlog [None req-ee6e7b2d-afc9-46fc-a8b4-68aa1c423556 admin admin] 10.222.0.32 "GET /compute/v2.1/flavors?is_public=None" status: 200 len: 2056 microversion: 2.88 time: 0.025052
Aug 02 17:21:29.153393 dv-cinder-788365-5-smb devstack@n-api.service[92623]: [pid: 92623|app: 0|req: 21/40] 10.222.0.32 () {60 vars in 1211 bytes} [Mon Aug 2 17:21:29 2021] GET /compute/v2.1/flavors?is_public=None => generated 2056 bytes in 26 msecs (HTTP/1.1 200) 9 headers in 360 bytes (1 switches on core 0)
Aug 02 17:21:29.163822 dv-cinder-788365-5-smb devstack@n-api.service[92622]: DEBUG nova.api.openstack.wsgi [None req-12ed5341-ed20-4128-8f6c-4820e1710b99 admin admin] Calling method '>' {{(pid=92622) _process_stack /opt/stack/nova/nova/api/openstack/wsgi.py:513}}
Aug 02 17:21:29.186657 dv-cinder-788365-5-smb devstack@n-api.service[92622]: INFO nova.api.openstack.requestlog [None req-12ed5341-ed20-4128-8f6c-4820e1710b99 admin admin] 10.222.0.32 "GET /compute/v2.1/flavors?is_public=None" status: 200 len: 2056 microversion: 2.88 time: 0.026291
Aug 02 17:21:29.187234 dv-cinder-788365-5-smb devstack@n-api.service[92622]: [pid: 92622|app: 0|req: 20/41] 10.222.0.32 () {60 vars in 1211 bytes} [Mon Aug 2 17:21:29 2021] GET /compute/v2.1/flavors?is_public=None => generated 2056 bytes in 28 msecs (HTTP/1.1 200) 9 headers in 360 bytes (1 switches on core 0)
Aug 02 17:21:29.197337 dv-cinder-788365-5-smb devstack@n-api.service[92623]: DEBUG nova.api.openstack.wsgi [None req-4e20d633-e245-40e0-b460-33ca7000c093 admin admin] Calling method '>' {{(pid=92623) _process_stack /opt/stack/nova/nova/api/openstack/wsgi.py:513}}
Aug 02 17:21:29.203786 dv-cinder-788365-5-smb devstack@n-api.service[92623]: INFO nova.api.openstack.wsgi [None req-4e20d633-e245-40e0-b460-33ca7000c093 admin admin] HTTP exception thrown: Flavor 42 could not be found.
Aug 02 17:21:29.204455 dv-cinder-788365-5-smb devstack@n-api.service[92623]: DEBUG nova.api.openstack.wsgi [None req-4e20d633-e245-40e0-b460-33ca7000c093 admin admin] Returning 404 to user: Flavor 42 could not be found. {{(pid=92623) __call__ /opt/stack/nova/nova/api/openstack/wsgi.py:927}}
Aug 02 17:21:29.205488 dv-cinder-788365-5-smb devstack@n-api.service[92623]: INFO nova.api.openstack.requestlog [None req-4e20d633-e245-40e0-b460-33ca7000c093 admin admin] 10.222.0.32 "GET /compute/v2.1/flavors/42" status: 404 len: 75 microversion: 2.88 time: 0.011681
Aug 02 17:21:29.206252 dv-cinder-788365-5-smb devstack@n-api.service[92623]: [pid: 92623|app: 0|req: 22/42] 10.222.0.32 () {60 vars in 1191 bytes} [Mon Aug 2 17:21:29 2021] GET /compute/v2.1/flavors/42 => generated 75 bytes in 13 msecs (HTTP/1.1 404) 9 headers in 380 bytes (1 switches on core 0)
Aug 02 17:21:30.592968 dv-cinder-788365-5-smb devstack@n-api.service[92622]: DEBUG nova.api.openstack.wsgi [None req-12ed5341-ed20-4128-8f6c-4820e1710b99 admin admin] Calling method '>' {{(pid=92622) _process_stack /opt/stack/nova/nova/api/openstack/wsgi.py:513}}
Aug 02 17:21:30.594001 dv-cinder-788365-5-smb devstack@n-api.service[92622]: INFO nova.api.openstack.requestlog [None req-12ed5341-ed20-4128-8f6c-4820e1710b99 admin admin] 10.222.0.32 "GET /compute/v2.1" status: 200 len: 388 microversion: 2.1 time: 0.001471
Aug 02 17:21:30.594653 dv-cinder-788365-5-smb devstack@n-api.service[92622]: [pid: 92622|app: 0|req: 21/43] 10.222.0.32 () {56 vars in 1075 bytes} [Mon Aug 2 17:21:30 2021] GET /compute/v2.1 => generated 388 bytes in 3 msecs (HTTP/1.1 200) 9 headers in 357 bytes (1 switches on core 0)
Aug 02 17:21:30.789316 dv-cinder-788365-5-smb devstack@n-api.service[92623]: DEBUG nova.api.openstack.wsgi [None req-c7437c99-52ec-463a-98fb-c20617c3d83f admin admin] Calling method '>' {{(pid=92623) _process_stack /opt/stack/nova/nova/api/openstack/wsgi.py:513}}
Aug 02 17:21:30.795315 dv-cinder-788365-5-smb devstack@n-api.service[92623]: INFO nova.api.openstack.wsgi [None req-c7437c99-52ec-463a-98fb-c20617c3d83f admin admin] HTTP exception thrown: Flavor 84 could not be found.
Aug 02 17:21:30.796014 dv-cinder-788365-5-smb devstack@n-api.service[92623]: DEBUG nova.api.openstack.wsgi [None req-c7437c99-52ec-463a-98fb-c20617c3d83f admin admin] Returning 404 to user: Flavor 84 could not be found. {{(pid=92623) __call__ /opt/stack/nova/nova/api/openstack/wsgi.py:927}}
Aug 02 17:21:30.796926 dv-cinder-788365-5-smb devstack@n-api.service[92623]: INFO nova.api.openstack.requestlog [None req-c7437c99-52ec-463a-98fb-c20617c3d83f admin admin] 10.222.0.32 "GET /compute/v2.1/flavors/84" status: 404 len: 75 microversion: 2.88 time: 0.063522
Aug 02 17:21:30.797567 dv-cinder-788365-5-smb devstack@n-api.service[92623]: [pid: 92623|app: 0|req: 23/44] 10.222.0.32 () {60 vars in 1191 bytes} [Mon Aug 2 17:21:30 2021] GET /compute/v2.1/flavors/84 => generated 75 bytes in 65 msecs (HTTP/1.1 404) 9 headers in 380 bytes (1 switches on core 0)
Aug 02 17:21:30.808632 dv-cinder-788365-5-smb devstack@n-api.service[92622]: DEBUG nova.api.openstack.wsgi [None req-50e9f198-65cf-46cb-9004-4b9ad610fff6 admin admin] Calling method '>' {{(pid=92622) _process_stack /opt/stack/nova/nova/api/openstack/wsgi.py:513}}
Aug 02 17:21:30.823468 dv-cinder-788365-5-smb devstack@n-api.service[92622]: INFO nova.api.openstack.requestlog [None req-50e9f198-65cf-46cb-9004-4b9ad610fff6 admin admin] 10.222.0.32 "GET /compute/v2.1/flavors?is_public=None" status: 200 len: 2056 microversion: 2.88 time: 0.019037
Aug 02 17:21:30.824055 dv-cinder-788365-5-smb devstack@n-api.service[92622]: [pid: 92622|app: 0|req: 22/45] 10.222.0.32 () {60 vars in 1211 bytes} [Mon Aug 2 17:21:30 2021] GET /compute/v2.1/flavors?is_public=None => generated 2056 bytes in 20 msecs (HTTP/1.1 200) 9 headers in 360 bytes (2 switches on core 0)
Aug 02 17:21:30.837937 dv-cinder-788365-5-smb devstack@n-api.service[92623]: DEBUG nova.api.openstack.wsgi [None req-54561b6b-50f9-4ce2-8c8b-21bdc768fbb1 admin admin] Calling method '>' {{(pid=92623) _process_stack /opt/stack/nova/nova/api/openstack/wsgi.py:513}}
Aug 02 17:21:30.858697 dv-cinder-788365-5-smb devstack@n-api.service[92623]: INFO nova.api.openstack.requestlog [None req-54561b6b-50f9-4ce2-8c8b-21bdc768fbb1 admin admin] 10.222.0.32 "GET /compute/v2.1/flavors?is_public=None" status: 200 len: 2056 microversion: 2.88 time: 0.027292
Aug 02 17:21:30.859358 dv-cinder-788365-5-smb devstack@n-api.service[92623]: [pid: 92623|app: 0|req: 24/46] 10.222.0.32 () {60 vars in 1211 bytes} [Mon Aug 2 17:21:30 2021] GET /compute/v2.1/flavors?is_public=None => generated 2056 bytes in 29 msecs (HTTP/1.1 200) 9 headers in 360 bytes (1 switches on core 0)
Aug 02 17:21:30.874041 dv-cinder-788365-5-smb devstack@n-api.service[92622]: DEBUG nova.api.openstack.wsgi [None req-18e8e712-fa6e-4c45-9c98-afc0ec6490ce admin admin] Calling method '>' {{(pid=92622) _process_stack /opt/stack/nova/nova/api/openstack/wsgi.py:513}}
Aug 02 17:21:30.883562 dv-cinder-788365-5-smb devstack@n-api.service[92622]: INFO nova.api.openstack.wsgi [None req-18e8e712-fa6e-4c45-9c98-afc0ec6490ce admin admin] HTTP exception thrown: Flavor 84 could not be found.
Aug 02 17:21:30.885160 dv-cinder-788365-5-smb devstack@n-api.service[92622]: DEBUG nova.api.openstack.wsgi [None req-18e8e712-fa6e-4c45-9c98-afc0ec6490ce admin admin] Returning 404 to user: Flavor 84 could not be found. {{(pid=92622) __call__ /opt/stack/nova/nova/api/openstack/wsgi.py:927}}
Aug 02 17:21:30.886972 dv-cinder-788365-5-smb devstack@n-api.service[92622]: INFO nova.api.openstack.requestlog [None req-18e8e712-fa6e-4c45-9c98-afc0ec6490ce admin admin] 10.222.0.32 "GET /compute/v2.1/flavors/84" status: 404 len: 75 microversion: 2.88 time: 0.019706
Aug 02 17:21:30.888032 dv-cinder-788365-5-smb devstack@n-api.service[92622]: [pid: 92622|app: 0|req: 23/47] 10.222.0.32 () {60 vars in 1191 bytes} [Mon Aug 2 17:21:30 2021] GET /compute/v2.1/flavors/84 => generated 75 bytes in 22 msecs (HTTP/1.1 404) 9 headers in 380 bytes (2 switches on core 0)
Aug 02 17:21:32.343747 dv-cinder-788365-5-smb devstack@n-api.service[92623]: DEBUG nova.api.openstack.wsgi [None req-54561b6b-50f9-4ce2-8c8b-21bdc768fbb1 admin admin] Calling method '>' {{(pid=92623) _process_stack /opt/stack/nova/nova/api/openstack/wsgi.py:513}}
Aug 02 17:21:32.344997 dv-cinder-788365-5-smb devstack@n-api.service[92623]: INFO nova.api.openstack.requestlog [None req-54561b6b-50f9-4ce2-8c8b-21bdc768fbb1 admin admin] 10.222.0.32 "GET /compute/v2.1" status: 200 len: 388 microversion: 2.1 time: 0.001773
Aug 02 17:21:32.345399 dv-cinder-788365-5-smb devstack@n-api.service[92623]: [pid: 92623|app: 0|req: 25/48] 10.222.0.32 () {56 vars in 1075 bytes} [Mon Aug 2 17:21:32 2021] GET /compute/v2.1 => generated 388 bytes in 3 msecs (HTTP/1.1 200) 9 headers in 357 bytes (1 switches on core 0)
Aug 02 17:21:32.539329 dv-cinder-788365-5-smb devstack@n-api.service[92622]: DEBUG nova.api.openstack.wsgi [None req-96568507-e071-4269-9d22-c48346f79e22 admin admin] Calling method '>' {{(pid=92622) _process_stack /opt/stack/nova/nova/api/openstack/wsgi.py:513}}
Aug 02 17:21:32.546295 dv-cinder-788365-5-smb devstack@n-api.service[92622]: INFO nova.api.openstack.wsgi [None req-96568507-e071-4269-9d22-c48346f79e22 admin admin] HTTP exception thrown: Flavor 451 could not be found.
Aug 02 17:21:32.546861 dv-cinder-788365-5-smb devstack@n-api.service[92622]: DEBUG nova.api.openstack.wsgi [None req-96568507-e071-4269-9d22-c48346f79e22 admin admin] Returning 404 to user: Flavor 451 could not be found. {{(pid=92622) __call__ /opt/stack/nova/nova/api/openstack/wsgi.py:927}}
Aug 02 17:21:32.547662 dv-cinder-788365-5-smb devstack@n-api.service[92622]: INFO nova.api.openstack.requestlog [None req-96568507-e071-4269-9d22-c48346f79e22 admin admin] 10.222.0.32 "GET /compute/v2.1/flavors/451" status: 404 len: 76 microversion: 2.88 time: 0.061931
Aug 02 17:21:32.548182 dv-cinder-788365-5-smb devstack@n-api.service[92622]: [pid: 92622|app: 0|req: 24/49] 10.222.0.32 () {60 vars in 1194 bytes} [Mon Aug 2 17:21:32 2021] GET /compute/v2.1/flavors/451 => generated 76 bytes in 63 msecs (HTTP/1.1 404) 9 headers in 380 bytes (1 switches on core 0)
Aug 02 17:21:32.558514 dv-cinder-788365-5-smb devstack@n-api.service[92623]: DEBUG nova.api.openstack.wsgi [None req-8f67cadf-6e73-4cef-810e-8dc8e6fae6bb admin admin] Calling method '>' {{(pid=92623) _process_stack /opt/stack/nova/nova/api/openstack/wsgi.py:513}}
Aug 02 17:21:32.572389 dv-cinder-788365-5-smb devstack@n-api.service[92623]: INFO nova.api.openstack.requestlog [None req-8f67cadf-6e73-4cef-810e-8dc8e6fae6bb admin admin] 10.222.0.32 "GET /compute/v2.1/flavors?is_public=None" status: 200 len: 2056 microversion: 2.88 time: 0.017749
Aug 02 17:21:32.573151 dv-cinder-788365-5-smb devstack@n-api.service[92623]: [pid: 92623|app: 0|req: 26/50] 10.222.0.32 () {60 vars in 1211 bytes} [Mon Aug 2 17:21:32 2021] GET /compute/v2.1/flavors?is_public=None => generated 2056 bytes in 19 msecs (HTTP/1.1 200) 9 headers in 360 bytes (1 switches on core 0)
Aug 02 17:21:32.583296 dv-cinder-788365-5-smb devstack@n-api.service[92622]: DEBUG nova.api.openstack.wsgi [None req-e613b7ff-0990-471d-ac4f-17e36a62288c admin admin] Calling method '>' {{(pid=92622) _process_stack /opt/stack/nova/nova/api/openstack/wsgi.py:513}}
Aug 02 17:21:32.598999 dv-cinder-788365-5-smb devstack@n-api.service[92622]: INFO nova.api.openstack.requestlog [None req-e613b7ff-0990-471d-ac4f-17e36a62288c admin admin] 10.222.0.32 "GET /compute/v2.1/flavors?is_public=None" status: 200 len: 2056 microversion: 2.88 time: 0.019197
Aug 02 17:21:32.599551 dv-cinder-788365-5-smb devstack@n-api.service[92622]: [pid: 92622|app: 0|req: 25/51] 10.222.0.32 () {60 vars in 1211 bytes} [Mon Aug 2 17:21:32 2021] GET /compute/v2.1/flavors?is_public=None => generated 2056 bytes in 20 msecs (HTTP/1.1 200) 9 headers in 360 bytes (1 switches on core 0)
Aug 02 17:21:32.610621 dv-cinder-788365-5-smb devstack@n-api.service[92623]: DEBUG nova.api.openstack.wsgi [None req-0d75ec1c-f23f-47d5-b9ae-9b44f7501d9d admin admin] Calling method '>' {{(pid=92623) _process_stack /opt/stack/nova/nova/api/openstack/wsgi.py:513}}
Aug 02 17:21:32.615970 dv-cinder-788365-5-smb devstack@n-api.service[92623]: INFO nova.api.openstack.wsgi [None req-0d75ec1c-f23f-47d5-b9ae-9b44f7501d9d admin admin] HTTP exception thrown: Flavor 451 could not be found.
Aug 02 17:21:32.616539 dv-cinder-788365-5-smb devstack@n-api.service[92623]: DEBUG nova.api.openstack.wsgi [None req-0d75ec1c-f23f-47d5-b9ae-9b44f7501d9d admin admin] Returning 404 to user: Flavor 451 could not be found. {{(pid=92623) __call__ /opt/stack/nova/nova/api/openstack/wsgi.py:927}}
Aug 02 17:21:32.617347 dv-cinder-788365-5-smb devstack@n-api.service[92623]: INFO nova.api.openstack.requestlog [None req-0d75ec1c-f23f-47d5-b9ae-9b44f7501d9d admin admin] 10.222.0.32 "GET /compute/v2.1/flavors/451" status: 404 len: 76 microversion: 2.88 time: 0.010392
Aug 02 17:21:32.618216 dv-cinder-788365-5-smb devstack@n-api.service[92623]: [pid: 92623|app: 0|req: 27/52] 10.222.0.32 () {60 vars in 1194 bytes} [Mon Aug 2 17:21:32 2021] GET /compute/v2.1/flavors/451 => generated 76 bytes in 12 msecs (HTTP/1.1 404) 9 headers in 380 bytes (1 switches on core 0)
Aug 02 17:21:34.023045 dv-cinder-788365-5-smb devstack@n-api.service[92622]: DEBUG nova.api.openstack.wsgi [None req-e613b7ff-0990-471d-ac4f-17e36a62288c admin admin] Calling method '>' {{(pid=92622) _process_stack /opt/stack/nova/nova/api/openstack/wsgi.py:513}}
Aug 02 17:21:34.024222 dv-cinder-788365-5-smb devstack@n-api.service[92622]: INFO nova.api.openstack.requestlog [None req-e613b7ff-0990-471d-ac4f-17e36a62288c admin admin] 10.222.0.32 "GET /compute/v2.1" status: 200 len: 388 microversion: 2.1 time: 0.001529
Aug 02 17:21:34.024654 dv-cinder-788365-5-smb devstack@n-api.service[92622]: [pid: 92622|app: 0|req: 26/53] 10.222.0.32 () {56 vars in 1075 bytes} [Mon Aug 2 17:21:34 2021] GET /compute/v2.1 => generated 388 bytes in 3 msecs (HTTP/1.1 200) 9 headers in 357 bytes (1 switches on core 0)
Aug 02 17:21:34.216866 dv-cinder-788365-5-smb devstack@n-api.service[92623]: DEBUG nova.api.openstack.wsgi [None req-6071904e-4f5b-4226-ba10-def8d80fecf3 admin admin] Action: 'create', calling method: >, body: {"flavor": {"name": "m1.nano", "ram": 256, "vcpus": 1, "disk": 1, "id": "42", "swap": 0, "OS-FLV-EXT-DATA:ephemeral": 0, "rxtx_factor": 1.0, "os-flavor-access:is_public": true}} {{(pid=92623) _process_stack /opt/stack/nova/nova/api/openstack/wsgi.py:511}}
Aug 02 17:21:34.236019 dv-cinder-788365-5-smb devstack@n-api.service[92623]: INFO nova.api.openstack.requestlog [None req-6071904e-4f5b-4226-ba10-def8d80fecf3 admin admin] 10.222.0.32 "POST /compute/v2.1/flavors" status: 200 len: 404 microversion: 2.88 time: 0.071910
Aug 02 17:21:34.236470 dv-cinder-788365-5-smb devstack@n-api.service[92623]: [pid: 92623|app: 0|req: 28/54] 10.222.0.32 () {64 vars in 1236 bytes} [Mon Aug 2 17:21:34 2021] POST /compute/v2.1/flavors => generated 404 bytes in 73 msecs (HTTP/1.1 200) 9 headers in 359 bytes (1 switches on core 0)
Aug 02 17:21:35.646192 dv-cinder-788365-5-smb devstack@n-api.service[92622]: DEBUG nova.api.openstack.wsgi [None req-e613b7ff-0990-471d-ac4f-17e36a62288c admin admin] Calling method '>' {{(pid=92622) _process_stack /opt/stack/nova/nova/api/openstack/wsgi.py:513}}
Aug 02 17:21:35.647230 dv-cinder-788365-5-smb devstack@n-api.service[92622]: INFO nova.api.openstack.requestlog [None req-e613b7ff-0990-471d-ac4f-17e36a62288c admin admin] 10.222.0.32 "GET /compute/v2.1" status: 200 len: 388 microversion: 2.1 time: 0.001517
Aug 02 17:21:35.647626 dv-cinder-788365-5-smb devstack@n-api.service[92622]: [pid: 92622|app: 0|req: 27/55] 10.222.0.32 () {56 vars in 1075 bytes} [Mon Aug 2 17:21:35 2021] GET /compute/v2.1 => generated 388 bytes in 2 msecs (HTTP/1.1 200) 9 headers in 357 bytes (1 switches on core 0)
Aug 02 17:21:35.860416 dv-cinder-788365-5-smb devstack@n-api.service[92623]: DEBUG nova.api.openstack.wsgi [None req-6657ae3c-faea-4365-ace1-3610b257485b admin admin] Action: 'create', calling method: >, body: {"flavor": {"name": "m1.micro", "ram": 256, "vcpus": 1, "disk": 2, "id": "84", "swap": 0, "OS-FLV-EXT-DATA:ephemeral": 0, "rxtx_factor": 1.0, "os-flavor-access:is_public": true}} {{(pid=92623) _process_stack /opt/stack/nova/nova/api/openstack/wsgi.py:511}}
Aug 02 17:21:35.880868 dv-cinder-788365-5-smb devstack@n-api.service[92623]: INFO nova.api.openstack.requestlog [None req-6657ae3c-faea-4365-ace1-3610b257485b admin admin] 10.222.0.32 "POST /compute/v2.1/flavors" status: 200 len: 405 microversion: 2.88 time: 0.076943
Aug 02 17:21:35.881460 dv-cinder-788365-5-smb devstack@n-api.service[92623]: [pid: 92623|app: 0|req: 29/56] 10.222.0.32 () {64 vars in 1236 bytes} [Mon Aug 2 17:21:35 2021] POST /compute/v2.1/flavors => generated 405 bytes in 78 msecs (HTTP/1.1 200) 9 headers in 359 bytes (1 switches on core 0)
Aug 02 17:21:37.332279 dv-cinder-788365-5-smb devstack@n-api.service[92622]: DEBUG nova.api.openstack.wsgi [None req-e613b7ff-0990-471d-ac4f-17e36a62288c admin admin] Calling method '>' {{(pid=92622) _process_stack /opt/stack/nova/nova/api/openstack/wsgi.py:513}}
Aug 02 17:21:37.333296 dv-cinder-788365-5-smb devstack@n-api.service[92622]: INFO nova.api.openstack.requestlog [None req-e613b7ff-0990-471d-ac4f-17e36a62288c admin admin] 10.222.0.32 "GET /compute/v2.1" status: 200 len: 388 microversion: 2.1 time: 0.001443
Aug 02 17:21:37.333745 dv-cinder-788365-5-smb devstack@n-api.service[92622]: [pid: 92622|app: 0|req: 28/57] 10.222.0.32 () {56 vars in 1075 bytes} [Mon Aug 2 17:21:37 2021] GET /compute/v2.1 => generated 388 bytes in 2 msecs (HTTP/1.1 200) 9 headers in 357 bytes (1 switches on core 0)
Aug 02 17:21:37.544557 dv-cinder-788365-5-smb devstack@n-api.service[92623]: DEBUG nova.api.openstack.wsgi [None req-dd87851e-5060-4cda-b527-f9cf28d6106e admin admin] Action: 'create', calling method: >, body: {"flavor": {"name": "m1.heat", "ram": 512, "vcpus": 1, "disk": 1, "id": "451", "swap": 0, "OS-FLV-EXT-DATA:ephemeral": 0, "rxtx_factor": 1.0, "os-flavor-access:is_public": true}} {{(pid=92623) _process_stack /opt/stack/nova/nova/api/openstack/wsgi.py:511}}
Aug 02 17:21:37.564989 dv-cinder-788365-5-smb devstack@n-api.service[92623]: INFO nova.api.openstack.requestlog [None req-dd87851e-5060-4cda-b527-f9cf28d6106e admin admin] 10.222.0.32 "POST /compute/v2.1/flavors" status: 200 len: 407 microversion: 2.88 time: 0.086966
Aug 02 17:21:37.565543 dv-cinder-788365-5-smb devstack@n-api.service[92623]: [pid: 92623|app: 0|req: 30/58] 10.222.0.32 () {64 vars in 1236 bytes} [Mon Aug 2 17:21:37 2021] POST /compute/v2.1/flavors => generated 407 bytes in 89 msecs (HTTP/1.1 200) 9 headers in 359 bytes (1 switches on core 0)
