Jul 13 14:43:01.740353 dv-cinder-788365-4-smb devstack@c-api.service[106335]: DEBUG cinder.api.v3.volumes [None req-007662db-8ec0-44e3-ac79-01e772e1a971 tempest-VolumeTypesNegativeTest-1914060600 tempest-VolumeTypesNegativeTest-1914060600-project] Create volume request body: {'volume': {'volume_type': '312e19a4-44d9-43c8-8668-f4a9311d8e95', 'size': 1, 'name': 'tempest-VolumeTypesNegativeTest-Volume-1254184849'}} {{(pid=106335) create /opt/stack/cinder/cinder/api/v3/volumes.py:289}}
Jul 13 14:43:01.762322 dv-cinder-788365-4-smb devstack@c-api.service[106335]: INFO cinder.api.openstack.wsgi [None req-007662db-8ec0-44e3-ac79-01e772e1a971 tempest-VolumeTypesNegativeTest-1914060600 tempest-VolumeTypesNegativeTest-1914060600-project] http://10.222.0.54/volume/v3/99275c325fdc492c9c530d5b562ddf7a/volumes returned with HTTP 404
Jul 13 14:43:01.765811 dv-cinder-788365-4-smb devstack@c-api.service[106335]: [pid: 106335|app: 0|req: 101/217] 10.222.0.54 () {60 vars in 1236 bytes} [Tue Jul 13 14:43:01 2021] POST /volume/v3/99275c325fdc492c9c530d5b562ddf7a/volumes => generated 114 bytes in 266 msecs (HTTP/1.1 404) 7 headers in 292 bytes (2 switches on core 0)
Jul 13 14:43:01.775247 dv-cinder-788365-4-smb devstack@c-api.service[106335]: INFO cinder.api.openstack.wsgi [None req-9cd9b62a-42be-4818-8b28-8d5ec447a0d1 tempest-VolumeTypesNegativeTest-999626412 tempest-VolumeTypesNegativeTest-999626412-project-admin] POST http://10.222.0.54/volume/v3/034c12d2a0404a9886357ff7a49a565c/types
Jul 13 14:43:01.776372 dv-cinder-788365-4-smb devstack@c-api.service[106335]: DEBUG cinder.api.openstack.wsgi [None req-9cd9b62a-42be-4818-8b28-8d5ec447a0d1 tempest-VolumeTypesNegativeTest-999626412 tempest-VolumeTypesNegativeTest-999626412-project-admin] Action: 'create', calling method: _create, body: {"volume_type": {"name": ""}} {{(pid=106335) _process_stack /opt/stack/cinder/cinder/api/openstack/wsgi.py:864}}
Jul 13 14:43:01.776920 dv-cinder-788365-4-smb devstack@c-api.service[106336]: INFO cinder.api.openstack.wsgi [None req-8765864e-30d9-48dd-a3a6-d3e114d932df tempest-GroupsTest-1946558194 tempest-GroupsTest-1946558194-project] http://10.222.0.54/volume/v3/9ae3cc42fa6d4172bba16a653bbe7595/groups/0a977af0-671b-400d-87ac-0a3d20553dbb/action returned with HTTP 202
Jul 13 14:43:01.778627 dv-cinder-788365-4-smb devstack@c-api.service[106336]: [pid: 106336|app: 0|req: 117/218] 10.222.0.54 () {62 vars in 1405 bytes} [Tue Jul 13 14:43:01 2021] POST /volume/v3/9ae3cc42fa6d4172bba16a653bbe7595/groups/0a977af0-671b-400d-87ac-0a3d20553dbb/action => generated 0 bytes in 181 msecs (HTTP/1.1 202) 6 headers in 234 bytes (1 switches on core 0)
Jul 13 14:43:01.780440 dv-cinder-788365-4-smb devstack@c-api.service[106335]: INFO cinder.api.openstack.wsgi [None req-9cd9b62a-42be-4818-8b28-8d5ec447a0d1 tempest-VolumeTypesNegativeTest-999626412 tempest-VolumeTypesNegativeTest-999626412-project-admin] http://10.222.0.54/volume/v3/034c12d2a0404a9886357ff7a49a565c/types returned with HTTP 400
Jul 13 14:43:01.783688 dv-cinder-788365-4-smb devstack@c-api.service[106335]: [pid: 106335|app: 0|req: 102/219] 10.222.0.54 () {60 vars in 1229 bytes} [Tue Jul 13 14:43:01 2021] POST /volume/v3/034c12d2a0404a9886357ff7a49a565c/types => generated 108 bytes in 12 msecs (HTTP/1.1 400) 7 headers in 294 bytes (1 switches on core 0)
Jul 13 14:43:01.793573 dv-cinder-788365-4-smb devstack@c-api.service[106336]: INFO cinder.api.openstack.wsgi [None req-ccfa86c7-08f5-4485-8b75-6c38646b3889 tempest-GroupsTest-1946558194 tempest-GroupsTest-1946558194-project] GET http://10.222.0.54/volume/v3/9ae3cc42fa6d4172bba16a653bbe7595/volumes/5a81f264-1ca2-4eea-9833-86e223077c0b
Jul 13 14:43:01.794358 dv-cinder-788365-4-smb devstack@c-api.service[106336]: DEBUG cinder.api.openstack.wsgi [None req-ccfa86c7-08f5-4485-8b75-6c38646b3889 tempest-GroupsTest-1946558194 tempest-GroupsTest-1946558194-project] Empty body provided in request {{(pid=106336) get_body /opt/stack/cinder/cinder/api/openstack/wsgi.py:713}}
Jul 13 14:43:01.794722 dv-cinder-788365-4-smb devstack@c-api.service[106336]: /usr/local/lib/python3.8/dist-packages/webob/acceptparse.py:1047: DeprecationWarning: The behavior of AcceptValidHeader.best_match is currently being maintained for backward compatibility, but it will be deprecated in the future, as it does not conform to the RFC.
Jul 13 14:43:01.794722 dv-cinder-788365-4-smb devstack@c-api.service[106336]: warnings.warn(
Jul 13 14:43:01.795261 dv-cinder-788365-4-smb devstack@c-api.service[106336]: DEBUG cinder.api.openstack.wsgi [None req-ccfa86c7-08f5-4485-8b75-6c38646b3889 tempest-GroupsTest-1946558194 tempest-GroupsTest-1946558194-project] Calling method 'show' {{(pid=106336) _process_stack /opt/stack/cinder/cinder/api/openstack/wsgi.py:866}}
Jul 13 14:43:01.797026 dv-cinder-788365-4-smb devstack@c-api.service[106335]: INFO cinder.api.openstack.wsgi [None req-19514c23-b842-409c-b0f4-df4ed06ec0ac tempest-VolumeTypesNegativeTest-999626412 tempest-VolumeTypesNegativeTest-999626412-project-admin] DELETE http://10.222.0.54/volume/v3/034c12d2a0404a9886357ff7a49a565c/types/741708b0-7e9a-4d38-b1c8-1df0a356d225
Jul 13 14:43:01.799451 dv-cinder-788365-4-smb devstack@c-api.service[106335]: DEBUG cinder.api.openstack.wsgi [None req-19514c23-b842-409c-b0f4-df4ed06ec0ac tempest-VolumeTypesNegativeTest-999626412 tempest-VolumeTypesNegativeTest-999626412-project-admin] Empty body provided in request {{(pid=106335) get_body /opt/stack/cinder/cinder/api/openstack/wsgi.py:713}}
Jul 13 14:43:01.800185 dv-cinder-788365-4-smb devstack@c-api.service[106335]: DEBUG cinder.api.openstack.wsgi [None req-19514c23-b842-409c-b0f4-df4ed06ec0ac tempest-VolumeTypesNegativeTest-999626412 tempest-VolumeTypesNegativeTest-999626412-project-admin] Calling method '_delete' {{(pid=106335) _process_stack /opt/stack/cinder/cinder/api/openstack/wsgi.py:866}}
Jul 13 14:43:01.815590 dv-cinder-788365-4-smb devstack@c-api.service[106336]: /usr/local/lib/python3.8/dist-packages/oslo_context/context.py:105: DeprecationWarning: Policy enforcement is depending on the value of is_admin. This key is deprecated. Please update your policy file to use the standard policy values.
Jul 13 14:43:01.815590 dv-cinder-788365-4-smb devstack@c-api.service[106336]: warnings.warn('Policy enforcement is depending on the value of '
Jul 13 14:43:01.824803 dv-cinder-788365-4-smb devstack@c-api.service[106336]: INFO cinder.volume.api [None req-ccfa86c7-08f5-4485-8b75-6c38646b3889 tempest-GroupsTest-1946558194 tempest-GroupsTest-1946558194-project] Volume info retrieved successfully.
Jul 13 14:43:01.830298 dv-cinder-788365-4-smb devstack@c-api.service[106335]: INFO cinder.api.openstack.wsgi [None req-19514c23-b842-409c-b0f4-df4ed06ec0ac tempest-VolumeTypesNegativeTest-999626412 tempest-VolumeTypesNegativeTest-999626412-project-admin] http://10.222.0.54/volume/v3/034c12d2a0404a9886357ff7a49a565c/types/741708b0-7e9a-4d38-b1c8-1df0a356d225 returned with HTTP 404
Jul 13 14:43:01.836978 dv-cinder-788365-4-smb devstack@c-api.service[106335]: [pid: 106335|app: 0|req: 103/220] 10.222.0.54 () {58 vars in 1322 bytes} [Tue Jul 13 14:43:01 2021] DELETE /volume/v3/034c12d2a0404a9886357ff7a49a565c/types/741708b0-7e9a-4d38-b1c8-1df0a356d225 => generated 114 bytes in 41 msecs (HTTP/1.1 404) 7 headers in 292 bytes (1 switches on core 0)
Jul 13 14:43:01.840048 dv-cinder-788365-4-smb devstack@c-api.service[106336]: WARNING stevedore.named [None req-ccfa86c7-08f5-4485-8b75-6c38646b3889 tempest-GroupsTest-1946558194 tempest-GroupsTest-1946558194-project] Could not load cinder.keymgr.conf_key_mgr.ConfKeyManager
Jul 13 14:43:01.841084 dv-cinder-788365-4-smb devstack@c-api.service[106336]: WARNING castellan.key_manager [None req-ccfa86c7-08f5-4485-8b75-6c38646b3889 tempest-GroupsTest-1946558194 tempest-GroupsTest-1946558194-project] Deprecation Warning : cinder.keymgr.conf_key_mgr.ConfKeyManager is not a stevedore based driver, trying to load it as a class: stevedore.exception.NoMatches: No 'castellan.drivers' driver found, looking for 'cinder.keymgr.conf_key_mgr.ConfKeyManager'
Jul 13 14:43:01.841757 dv-cinder-788365-4-smb devstack@c-api.service[106335]: INFO cinder.api.openstack.wsgi [None req-9e885d4e-6235-4e4d-a091-0129cc7f7e2e tempest-VolumeTypesNegativeTest-999626412 tempest-VolumeTypesNegativeTest-999626412-project-admin] GET http://10.222.0.54/volume/v3/034c12d2a0404a9886357ff7a49a565c/types/43221db5-a25e-4978-9d48-e7162deb285f
Jul 13 14:43:01.842369 dv-cinder-788365-4-smb devstack@c-api.service[106335]: DEBUG cinder.api.openstack.wsgi [None req-9e885d4e-6235-4e4d-a091-0129cc7f7e2e tempest-VolumeTypesNegativeTest-999626412 tempest-VolumeTypesNegativeTest-999626412-project-admin] Empty body provided in request {{(pid=106335) get_body /opt/stack/cinder/cinder/api/openstack/wsgi.py:713}}
Jul 13 14:43:01.842798 dv-cinder-788365-4-smb devstack@c-api.service[106335]: DEBUG cinder.api.openstack.wsgi [None req-9e885d4e-6235-4e4d-a091-0129cc7f7e2e tempest-VolumeTypesNegativeTest-999626412 tempest-VolumeTypesNegativeTest-999626412-project-admin] Calling method 'show' {{(pid=106335) _process_stack /opt/stack/cinder/cinder/api/openstack/wsgi.py:866}}
Jul 13 14:43:01.851005 dv-cinder-788365-4-smb devstack@c-api.service[106336]: DEBUG oslo_db.sqlalchemy.engines [None req-ccfa86c7-08f5-4485-8b75-6c38646b3889 tempest-GroupsTest-1946558194 tempest-GroupsTest-1946558194-project] MySQL server mode set to STRICT_TRANS_TABLES,STRICT_ALL_TABLES,NO_ZERO_IN_DATE,NO_ZERO_DATE,ERROR_FOR_DIVISION_BY_ZERO,TRADITIONAL,NO_ENGINE_SUBSTITUTION {{(pid=106336) _check_effective_sql_mode /usr/local/lib/python3.8/dist-packages/oslo_db/sqlalchemy/engines.py:314}}
Jul 13 14:43:01.852421 dv-cinder-788365-4-smb devstack@c-api.service[106335]: INFO cinder.api.openstack.wsgi [None req-9e885d4e-6235-4e4d-a091-0129cc7f7e2e tempest-VolumeTypesNegativeTest-999626412 tempest-VolumeTypesNegativeTest-999626412-project-admin] http://10.222.0.54/volume/v3/034c12d2a0404a9886357ff7a49a565c/types/43221db5-a25e-4978-9d48-e7162deb285f returned with HTTP 404
Jul 13 14:43:01.853790 dv-cinder-788365-4-smb devstack@c-api.service[106335]: [pid: 106335|app: 0|req: 104/221] 10.222.0.54 () {58 vars in 1319 bytes} [Tue Jul 13 14:43:01 2021] GET /volume/v3/034c12d2a0404a9886357ff7a49a565c/types/43221db5-a25e-4978-9d48-e7162deb285f => generated 114 bytes in 16 msecs (HTTP/1.1 404) 7 headers in 292 bytes (2 switches on core 0)
Jul 13 14:43:01.863281 dv-cinder-788365-4-smb devstack@c-api.service[106335]: INFO cinder.api.openstack.wsgi [None req-f4c55c37-4c4b-40c9-8c2e-964fda6edee8 tempest-VolumeTypesNegativeTest-999626412 tempest-VolumeTypesNegativeTest-999626412-project-admin] DELETE http://10.222.0.54/volume/v3/034c12d2a0404a9886357ff7a49a565c/types/312e19a4-44d9-43c8-8668-f4a9311d8e95
Jul 13 14:43:01.863975 dv-cinder-788365-4-smb devstack@c-api.service[106335]: DEBUG cinder.api.openstack.wsgi [None req-f4c55c37-4c4b-40c9-8c2e-964fda6edee8 tempest-VolumeTypesNegativeTest-999626412 tempest-VolumeTypesNegativeTest-999626412-project-admin] Empty body provided in request {{(pid=106335) get_body /opt/stack/cinder/cinder/api/openstack/wsgi.py:713}}
Jul 13 14:43:01.864576 dv-cinder-788365-4-smb devstack@c-api.service[106335]: DEBUG cinder.api.openstack.wsgi [None req-f4c55c37-4c4b-40c9-8c2e-964fda6edee8 tempest-VolumeTypesNegativeTest-999626412 tempest-VolumeTypesNegativeTest-999626412-project-admin] Calling method '_delete' {{(pid=106335) _process_stack /opt/stack/cinder/cinder/api/openstack/wsgi.py:866}}
Jul 13 14:43:01.865579 dv-cinder-788365-4-smb devstack@c-api.service[106336]: /usr/local/lib/python3.8/dist-packages/oslo_context/context.py:105: DeprecationWarning: Policy enforcement is depending on the value of is_admin. This key is deprecated. Please update your policy file to use the standard policy values.
Jul 13 14:43:01.865579 dv-cinder-788365-4-smb devstack@c-api.service[106336]: warnings.warn('Policy enforcement is depending on the value of '
Jul 13 14:43:01.901816 dv-cinder-788365-4-smb devstack@c-api.service[106336]: INFO cinder.api.openstack.wsgi [None req-ccfa86c7-08f5-4485-8b75-6c38646b3889 tempest-GroupsTest-1946558194 tempest-GroupsTest-1946558194-project] http://10.222.0.54/volume/v3/9ae3cc42fa6d4172bba16a653bbe7595/volumes/5a81f264-1ca2-4eea-9833-86e223077c0b returned with HTTP 200
Jul 13 14:43:01.903166 dv-cinder-788365-4-smb devstack@c-api.service[106336]: [pid: 106336|app: 0|req: 118/222] 10.222.0.54 () {60 vars in 1366 bytes} [Tue Jul 13 14:43:01 2021] GET /volume/v3/9ae3cc42fa6d4172bba16a653bbe7595/volumes/5a81f264-1ca2-4eea-9833-86e223077c0b => generated 982 bytes in 121 msecs (HTTP/1.1 200) 7 headers in 286 bytes (1 switches on core 0)
Jul 13 14:43:01.913496 dv-cinder-788365-4-smb devstack@c-api.service[106336]: INFO cinder.api.openstack.wsgi [None req-978c6951-bb08-4314-8c5d-f59e39bf3175 tempest-SnapshotsActionsTest-1048579789 tempest-SnapshotsActionsTest-1048579789-project] GET http://10.222.0.54/volume/v3/cfd854238c0b4af7849609ae0a2da431/snapshots/af5a1bbc-b7be-438d-9f53-254f92d40456
Jul 13 14:43:01.914267 dv-cinder-788365-4-smb devstack@c-api.service[106336]: DEBUG cinder.api.openstack.wsgi [None req-978c6951-bb08-4314-8c5d-f59e39bf3175 tempest-SnapshotsActionsTest-1048579789 tempest-SnapshotsActionsTest-1048579789-project] Empty body provided in request {{(pid=106336) get_body /opt/stack/cinder/cinder/api/openstack/wsgi.py:713}}
Jul 13 14:43:01.914702 dv-cinder-788365-4-smb devstack@c-api.service[106336]: /usr/local/lib/python3.8/dist-packages/webob/acceptparse.py:1047: DeprecationWarning: The behavior of AcceptValidHeader.best_match is currently being maintained for backward compatibility, but it will be deprecated in the future, as it does not conform to the RFC.
Jul 13 14:43:01.914702 dv-cinder-788365-4-smb devstack@c-api.service[106336]: warnings.warn(
Jul 13 14:43:01.916721 dv-cinder-788365-4-smb devstack@c-api.service[106336]: DEBUG cinder.api.openstack.wsgi [None req-978c6951-bb08-4314-8c5d-f59e39bf3175 tempest-SnapshotsActionsTest-1048579789 tempest-SnapshotsActionsTest-1048579789-project] Calling method 'show' {{(pid=106336) _process_stack /opt/stack/cinder/cinder/api/openstack/wsgi.py:866}}
Jul 13 14:43:01.936518 dv-cinder-788365-4-smb devstack@c-api.service[106336]: INFO cinder.api.openstack.wsgi [None req-978c6951-bb08-4314-8c5d-f59e39bf3175 tempest-SnapshotsActionsTest-1048579789 tempest-SnapshotsActionsTest-1048579789-project] http://10.222.0.54/volume/v3/cfd854238c0b4af7849609ae0a2da431/snapshots/af5a1bbc-b7be-438d-9f53-254f92d40456 returned with HTTP 404
Jul 13 14:43:01.938899 dv-cinder-788365-4-smb devstack@c-api.service[106336]: [pid: 106336|app: 0|req: 119/223] 10.222.0.54 () {58 vars in 1331 bytes} [Tue Jul 13 14:43:01 2021] GET /volume/v3/cfd854238c0b4af7849609ae0a2da431/snapshots/af5a1bbc-b7be-438d-9f53-254f92d40456 => generated 111 bytes in 31 msecs (HTTP/1.1 404) 7 headers in 292 bytes (2 switches on core 0)
Jul 13 14:43:01.956183 dv-cinder-788365-4-smb devstack@c-api.service[106336]: INFO cinder.api.openstack.wsgi [None req-247d9b68-056d-4352-9410-08c29df89763 tempest-SnapshotsActionsTest-582633637 tempest-SnapshotsActionsTest-582633637-project-admin] POST http://10.222.0.54/volume/v3/a954e1fd3abc419bbb5ca52bbe9748a6/snapshots/bf6105cc-2c18-4477-8841-c814c9683e34/action
Jul 13 14:43:01.957254 dv-cinder-788365-4-smb devstack@c-api.service[106336]: DEBUG cinder.api.openstack.wsgi [None req-247d9b68-056d-4352-9410-08c29df89763 tempest-SnapshotsActionsTest-582633637 tempest-SnapshotsActionsTest-582633637-project-admin] Action body: b'{"os-reset_status": {"status": "available"}}' {{(pid=106336) get_method /opt/stack/cinder/cinder/api/openstack/wsgi.py:981}}
Jul 13 14:43:01.957707 dv-cinder-788365-4-smb devstack@c-api.service[106335]: INFO cinder.api.openstack.wsgi [None req-f4c55c37-4c4b-40c9-8c2e-964fda6edee8 tempest-VolumeTypesNegativeTest-999626412 tempest-VolumeTypesNegativeTest-999626412-project-admin] http://10.222.0.54/volume/v3/034c12d2a0404a9886357ff7a49a565c/types/312e19a4-44d9-43c8-8668-f4a9311d8e95 returned with HTTP 202
Jul 13 14:43:01.957899 dv-cinder-788365-4-smb devstack@c-api.service[106336]: DEBUG cinder.api.openstack.wsgi [None req-247d9b68-056d-4352-9410-08c29df89763 tempest-SnapshotsActionsTest-582633637 tempest-SnapshotsActionsTest-582633637-project-admin] Action: 'action', calling method: _reset_status, body: {"os-reset_status": {"status": "available"}} {{(pid=106336) _process_stack /opt/stack/cinder/cinder/api/openstack/wsgi.py:864}}
Jul 13 14:43:01.959176 dv-cinder-788365-4-smb devstack@c-api.service[106335]: [pid: 106335|app: 0|req: 105/224] 10.222.0.54 () {58 vars in 1322 bytes} [Tue Jul 13 14:43:01 2021] DELETE /volume/v3/034c12d2a0404a9886357ff7a49a565c/types/312e19a4-44d9-43c8-8668-f4a9311d8e95 => generated 0 bytes in 100 msecs (HTTP/1.1 202) 6 headers in 233 bytes (2 switches on core 0)
Jul 13 14:43:01.962518 dv-cinder-788365-4-smb devstack@c-api.service[106336]: DEBUG cinder.api.contrib.admin_actions [None req-247d9b68-056d-4352-9410-08c29df89763 tempest-SnapshotsActionsTest-582633637 tempest-SnapshotsActionsTest-582633637-project-admin] Updating snapshot 'bf6105cc-2c18-4477-8841-c814c9683e34' with '{'status': 'available'}' {{(pid=106336) _reset_status /opt/stack/cinder/cinder/api/contrib/admin_actions.py:100}}
Jul 13 14:43:01.968190 dv-cinder-788365-4-smb devstack@c-api.service[106335]: INFO cinder.api.openstack.wsgi [None req-2c6ab312-2bfc-4485-a27f-a5e09119d051 tempest-VolumeTypesNegativeTest-999626412 tempest-VolumeTypesNegativeTest-999626412-project-admin] GET http://10.222.0.54/volume/v3/034c12d2a0404a9886357ff7a49a565c/types/312e19a4-44d9-43c8-8668-f4a9311d8e95
Jul 13 14:43:01.968957 dv-cinder-788365-4-smb devstack@c-api.service[106335]: DEBUG cinder.api.openstack.wsgi [None req-2c6ab312-2bfc-4485-a27f-a5e09119d051 tempest-VolumeTypesNegativeTest-999626412 tempest-VolumeTypesNegativeTest-999626412-project-admin] Empty body provided in request {{(pid=106335) get_body /opt/stack/cinder/cinder/api/openstack/wsgi.py:713}}
Jul 13 14:43:01.969695 dv-cinder-788365-4-smb devstack@c-api.service[106335]: DEBUG cinder.api.openstack.wsgi [None req-2c6ab312-2bfc-4485-a27f-a5e09119d051 tempest-VolumeTypesNegativeTest-999626412 tempest-VolumeTypesNegativeTest-999626412-project-admin] Calling method 'show' {{(pid=106335) _process_stack /opt/stack/cinder/cinder/api/openstack/wsgi.py:866}}
Jul 13 14:43:01.980171 dv-cinder-788365-4-smb devstack@c-api.service[106335]: INFO cinder.api.openstack.wsgi [None req-2c6ab312-2bfc-4485-a27f-a5e09119d051 tempest-VolumeTypesNegativeTest-999626412 tempest-VolumeTypesNegativeTest-999626412-project-admin] http://10.222.0.54/volume/v3/034c12d2a0404a9886357ff7a49a565c/types/312e19a4-44d9-43c8-8668-f4a9311d8e95 returned with HTTP 404
Jul 13 14:43:01.984313 dv-cinder-788365-4-smb devstack@c-api.service[106335]: [pid: 106335|app: 0|req: 106/225] 10.222.0.54 () {58 vars in 1319 bytes} [Tue Jul 13 14:43:01 2021] GET /volume/v3/034c12d2a0404a9886357ff7a49a565c/types/312e19a4-44d9-43c8-8668-f4a9311d8e95 => generated 114 bytes in 22 msecs (HTTP/1.1 404) 7 headers in 292 bytes (1 switches on core 0)
Jul 13 14:43:02.005788 dv-cinder-788365-4-smb devstack@c-api.service[106336]: /usr/local/lib/python3.8/dist-packages/oslo_context/context.py:105: DeprecationWarning: Policy enforcement is depending on the value of is_admin. This key is deprecated. Please update your policy file to use the standard policy values.
Jul 13 14:43:02.005788 dv-cinder-788365-4-smb devstack@c-api.service[106336]: warnings.warn('Policy enforcement is depending on the value of '
Jul 13 14:43:02.034799 dv-cinder-788365-4-smb devstack@c-api.service[106336]: INFO cinder.api.openstack.wsgi [None req-247d9b68-056d-4352-9410-08c29df89763 tempest-SnapshotsActionsTest-582633637 tempest-SnapshotsActionsTest-582633637-project-admin] http://10.222.0.54/volume/v3/a954e1fd3abc419bbb5ca52bbe9748a6/snapshots/bf6105cc-2c18-4477-8841-c814c9683e34/action returned with HTTP 202
Jul 13 14:43:02.039645 dv-cinder-788365-4-smb devstack@c-api.service[106336]: [pid: 106336|app: 0|req: 120/226] 10.222.0.54 () {60 vars in 1373 bytes} [Tue Jul 13 14:43:01 2021] POST /volume/v3/a954e1fd3abc419bbb5ca52bbe9748a6/snapshots/bf6105cc-2c18-4477-8841-c814c9683e34/action => generated 0 bytes in 95 msecs (HTTP/1.1 202) 7 headers in 289 bytes (2 switches on core 0)
Jul 13 14:43:02.047178 dv-cinder-788365-4-smb devstack@c-api.service[106335]: INFO cinder.api.openstack.wsgi [None req-0f6dab57-b9de-44a0-bf1a-7d959c1a1dfe tempest-SnapshotsActionsTest-1048579789 tempest-SnapshotsActionsTest-1048579789-project] GET http://10.222.0.54/volume/v3/cfd854238c0b4af7849609ae0a2da431/snapshots/bf6105cc-2c18-4477-8841-c814c9683e34
Jul 13 14:43:02.047833 dv-cinder-788365-4-smb devstack@c-api.service[106335]: DEBUG cinder.api.openstack.wsgi [None req-0f6dab57-b9de-44a0-bf1a-7d959c1a1dfe tempest-SnapshotsActionsTest-1048579789 tempest-SnapshotsActionsTest-1048579789-project] Empty body provided in request {{(pid=106335) get_body /opt/stack/cinder/cinder/api/openstack/wsgi.py:713}}
Jul 13 14:43:02.048774 dv-cinder-788365-4-smb devstack@c-api.service[106335]: DEBUG cinder.api.openstack.wsgi [None req-0f6dab57-b9de-44a0-bf1a-7d959c1a1dfe tempest-SnapshotsActionsTest-1048579789 tempest-SnapshotsActionsTest-1048579789-project] Calling method 'show' {{(pid=106335) _process_stack /opt/stack/cinder/cinder/api/openstack/wsgi.py:866}}
Jul 13 14:43:02.062674 dv-cinder-788365-4-smb devstack@c-api.service[106335]: /usr/local/lib/python3.8/dist-packages/oslo_context/context.py:105: DeprecationWarning: Policy enforcement is depending on the value of is_admin. This key is deprecated. Please update your policy file to use the standard policy values.
Jul 13 14:43:02.062674 dv-cinder-788365-4-smb devstack@c-api.service[106335]: warnings.warn('Policy enforcement is depending on the value of '
Jul 13 14:43:02.070194 dv-cinder-788365-4-smb devstack@c-api.service[106335]: INFO cinder.volume.api [None req-0f6dab57-b9de-44a0-bf1a-7d959c1a1dfe tempest-SnapshotsActionsTest-1048579789 tempest-SnapshotsActionsTest-1048579789-project] Snapshot retrieved successfully.
Jul 13 14:43:02.072345 dv-cinder-788365-4-smb devstack@c-api.service[106335]: INFO cinder.api.openstack.wsgi [None req-0f6dab57-b9de-44a0-bf1a-7d959c1a1dfe tempest-SnapshotsActionsTest-1048579789 tempest-SnapshotsActionsTest-1048579789-project] http://10.222.0.54/volume/v3/cfd854238c0b4af7849609ae0a2da431/snapshots/bf6105cc-2c18-4477-8841-c814c9683e34 returned with HTTP 200
Jul 13 14:43:02.073279 dv-cinder-788365-4-smb devstack@c-api.service[106335]: [pid: 106335|app: 0|req: 107/227] 10.222.0.54 () {58 vars in 1331 bytes} [Tue Jul 13 14:43:02 2021] GET /volume/v3/cfd854238c0b4af7849609ae0a2da431/snapshots/bf6105cc-2c18-4477-8841-c814c9683e34 => generated 532 bytes in 30 msecs (HTTP/1.1 200) 7 headers in 285 bytes (1 switches on core 0)
Jul 13 14:43:02.086501 dv-cinder-788365-4-smb devstack@c-api.service[106336]: INFO cinder.api.openstack.wsgi [None req-765573d0-3105-40f6-af09-9fdb4194b109 tempest-SnapshotsActionsTest-1048579789 tempest-SnapshotsActionsTest-1048579789-project] POST http://10.222.0.54/volume/v3/cfd854238c0b4af7849609ae0a2da431/snapshots
Jul 13 14:43:02.087189 dv-cinder-788365-4-smb devstack@c-api.service[106336]: /usr/local/lib/python3.8/dist-packages/webob/acceptparse.py:1047: DeprecationWarning: The behavior of AcceptValidHeader.best_match is currently being maintained for backward compatibility, but it will be deprecated in the future, as it does not conform to the RFC.
Jul 13 14:43:02.087189 dv-cinder-788365-4-smb devstack@c-api.service[106336]: warnings.warn(
Jul 13 14:43:02.087806 dv-cinder-788365-4-smb devstack@c-api.service[106336]: DEBUG cinder.api.openstack.wsgi [None req-765573d0-3105-40f6-af09-9fdb4194b109 tempest-SnapshotsActionsTest-1048579789 tempest-SnapshotsActionsTest-1048579789-project] Action: 'create', calling method: create, body: {"snapshot": {"volume_id": "c0e23c0e-802f-4ce0-b417-7e9efd824446", "name": "tempest-SnapshotsActionsTest-Snapshot-364006995"}} {{(pid=106336) _process_stack /opt/stack/cinder/cinder/api/openstack/wsgi.py:864}}
Jul 13 14:43:02.111572 dv-cinder-788365-4-smb devstack@c-api.service[106336]: /usr/local/lib/python3.8/dist-packages/oslo_context/context.py:105: DeprecationWarning: Policy enforcement is depending on the value of is_admin. This key is deprecated. Please update your policy file to use the standard policy values.
Jul 13 14:43:02.111572 dv-cinder-788365-4-smb devstack@c-api.service[106336]: warnings.warn('Policy enforcement is depending on the value of '
Jul 13 14:43:02.114430 dv-cinder-788365-4-smb devstack@c-api.service[106336]: INFO cinder.volume.api [None req-765573d0-3105-40f6-af09-9fdb4194b109 tempest-SnapshotsActionsTest-1048579789 tempest-SnapshotsActionsTest-1048579789-project] Volume info retrieved successfully.
Jul 13 14:43:02.114942 dv-cinder-788365-4-smb devstack@c-api.service[106336]: INFO cinder.api.v2.snapshots [None req-765573d0-3105-40f6-af09-9fdb4194b109 tempest-SnapshotsActionsTest-1048579789 tempest-SnapshotsActionsTest-1048579789-project] Create snapshot from volume c0e23c0e-802f-4ce0-b417-7e9efd824446
Jul 13 14:43:02.210023 dv-cinder-788365-4-smb devstack@c-api.service[106336]: DEBUG cinder.quota [None req-765573d0-3105-40f6-af09-9fdb4194b109 tempest-SnapshotsActionsTest-1048579789 tempest-SnapshotsActionsTest-1048579789-project] Created reservations ['d59332f9-6248-4047-b99e-005fe7b7dba8', '5faf6d8b-580d-4f9c-b4b6-4c24554e4d9f', '90844c95-10ca-43e6-aadb-a0ce93c5f431', '1fa15d6c-346f-4b71-bed4-fd2e3e41a674'] {{(pid=106336) reserve /opt/stack/cinder/cinder/quota.py:755}}
Jul 13 14:43:02.295962 dv-cinder-788365-4-smb devstack@c-api.service[106336]: INFO cinder.volume.api [None req-765573d0-3105-40f6-af09-9fdb4194b109 tempest-SnapshotsActionsTest-1048579789 tempest-SnapshotsActionsTest-1048579789-project] Snapshot create request issued successfully.
Jul 13 14:43:02.300924 dv-cinder-788365-4-smb devstack@c-api.service[106336]: INFO cinder.api.openstack.wsgi [None req-765573d0-3105-40f6-af09-9fdb4194b109 tempest-SnapshotsActionsTest-1048579789 tempest-SnapshotsActionsTest-1048579789-project] http://10.222.0.54/volume/v3/cfd854238c0b4af7849609ae0a2da431/snapshots returned with HTTP 202
Jul 13 14:43:02.302881 dv-cinder-788365-4-smb devstack@c-api.service[106336]: [pid: 106336|app: 0|req: 121/228] 10.222.0.54 () {60 vars in 1242 bytes} [Tue Jul 13 14:43:02 2021] POST /volume/v3/cfd854238c0b4af7849609ae0a2da431/snapshots => generated 306 bytes in 220 msecs (HTTP/1.1 202) 7 headers in 291 bytes (1 switches on core 0)
Jul 13 14:43:02.313322 dv-cinder-788365-4-smb devstack@c-api.service[106335]: INFO cinder.api.openstack.wsgi [None req-3f2dab13-6642-4126-8c3e-e0a10bf78eb2 tempest-SnapshotsActionsTest-1048579789 tempest-SnapshotsActionsTest-1048579789-project] GET http://10.222.0.54/volume/v3/cfd854238c0b4af7849609ae0a2da431/snapshots/3edd1d83-c6f9-4e41-82d3-59ea84ec275f
Jul 13 14:43:02.314257 dv-cinder-788365-4-smb devstack@c-api.service[106335]: DEBUG cinder.api.openstack.wsgi [None req-3f2dab13-6642-4126-8c3e-e0a10bf78eb2 tempest-SnapshotsActionsTest-1048579789 tempest-SnapshotsActionsTest-1048579789-project] Empty body provided in request {{(pid=106335) get_body /opt/stack/cinder/cinder/api/openstack/wsgi.py:713}}
Jul 13 14:43:02.314408 dv-cinder-788365-4-smb devstack@c-api.service[106335]: /usr/local/lib/python3.8/dist-packages/webob/acceptparse.py:1047: DeprecationWarning: The behavior of AcceptValidHeader.best_match is currently being maintained for backward compatibility, but it will be deprecated in the future, as it does not conform to the RFC.
Jul 13 14:43:02.314408 dv-cinder-788365-4-smb devstack@c-api.service[106335]: warnings.warn(
Jul 13 14:43:02.314964 dv-cinder-788365-4-smb devstack@c-api.service[106335]: DEBUG cinder.api.openstack.wsgi [None req-3f2dab13-6642-4126-8c3e-e0a10bf78eb2 tempest-SnapshotsActionsTest-1048579789 tempest-SnapshotsActionsTest-1048579789-project] Calling method 'show' {{(pid=106335) _process_stack /opt/stack/cinder/cinder/api/openstack/wsgi.py:866}}
Jul 13 14:43:02.331744 dv-cinder-788365-4-smb devstack@c-api.service[106335]: /usr/local/lib/python3.8/dist-packages/oslo_context/context.py:105: DeprecationWarning: Policy enforcement is depending on the value of is_admin. This key is deprecated. Please update your policy file to use the standard policy values.
Jul 13 14:43:02.331744 dv-cinder-788365-4-smb devstack@c-api.service[106335]: warnings.warn('Policy enforcement is depending on the value of '
Jul 13 14:43:02.332802 dv-cinder-788365-4-smb devstack@c-api.service[106335]: INFO cinder.volume.api [None req-3f2dab13-6642-4126-8c3e-e0a10bf78eb2 tempest-SnapshotsActionsTest-1048579789 tempest-SnapshotsActionsTest-1048579789-project] Snapshot retrieved successfully.
Jul 13 14:43:02.335556 dv-cinder-788365-4-smb devstack@c-api.service[106335]: INFO cinder.api.openstack.wsgi [None req-3f2dab13-6642-4126-8c3e-e0a10bf78eb2 tempest-SnapshotsActionsTest-1048579789 tempest-SnapshotsActionsTest-1048579789-project] http://10.222.0.54/volume/v3/cfd854238c0b4af7849609ae0a2da431/snapshots/3edd1d83-c6f9-4e41-82d3-59ea84ec275f returned with HTTP 200
Jul 13 14:43:02.336853 dv-cinder-788365-4-smb devstack@c-api.service[106335]: [pid: 106335|app: 0|req: 108/229] 10.222.0.54 () {58 vars in 1331 bytes} [Tue Jul 13 14:43:02 2021] GET /volume/v3/cfd854238c0b4af7849609ae0a2da431/snapshots/3edd1d83-c6f9-4e41-82d3-59ea84ec275f => generated 438 bytes in 28 msecs (HTTP/1.1 200) 7 headers in 285 bytes (1 switches on core 0)
Jul 13 14:43:02.918572 dv-cinder-788365-4-smb devstack@c-api.service[106336]: INFO cinder.api.openstack.wsgi [None req-2a9085f7-0dcd-4fe7-8916-474af4b9f19a tempest-GroupsTest-1946558194 tempest-GroupsTest-1946558194-project] GET http://10.222.0.54/volume/v3/9ae3cc42fa6d4172bba16a653bbe7595/volumes/5a81f264-1ca2-4eea-9833-86e223077c0b
Jul 13 14:43:02.919095 dv-cinder-788365-4-smb devstack@c-api.service[106336]: DEBUG cinder.api.openstack.wsgi [None req-2a9085f7-0dcd-4fe7-8916-474af4b9f19a tempest-GroupsTest-1946558194 tempest-GroupsTest-1946558194-project] Empty body provided in request {{(pid=106336) get_body /opt/stack/cinder/cinder/api/openstack/wsgi.py:713}}
Jul 13 14:43:02.919230 dv-cinder-788365-4-smb devstack@c-api.service[106336]: /usr/local/lib/python3.8/dist-packages/webob/acceptparse.py:1047: DeprecationWarning: The behavior of AcceptValidHeader.best_match is currently being maintained for backward compatibility, but it will be deprecated in the future, as it does not conform to the RFC.
Jul 13 14:43:02.919230 dv-cinder-788365-4-smb devstack@c-api.service[106336]: warnings.warn(
Jul 13 14:43:02.921024 dv-cinder-788365-4-smb devstack@c-api.service[106336]: DEBUG cinder.api.openstack.wsgi [None req-2a9085f7-0dcd-4fe7-8916-474af4b9f19a tempest-GroupsTest-1946558194 tempest-GroupsTest-1946558194-project] Calling method 'show' {{(pid=106336) _process_stack /opt/stack/cinder/cinder/api/openstack/wsgi.py:866}}
Jul 13 14:43:02.936256 dv-cinder-788365-4-smb devstack@c-api.service[106336]: INFO cinder.api.openstack.wsgi [None req-2a9085f7-0dcd-4fe7-8916-474af4b9f19a tempest-GroupsTest-1946558194 tempest-GroupsTest-1946558194-project] http://10.222.0.54/volume/v3/9ae3cc42fa6d4172bba16a653bbe7595/volumes/5a81f264-1ca2-4eea-9833-86e223077c0b returned with HTTP 404
Jul 13 14:43:02.938798 dv-cinder-788365-4-smb devstack@c-api.service[106336]: [pid: 106336|app: 0|req: 122/230] 10.222.0.54 () {60 vars in 1366 bytes} [Tue Jul 13 14:43:02 2021] GET /volume/v3/9ae3cc42fa6d4172bba16a653bbe7595/volumes/5a81f264-1ca2-4eea-9833-86e223077c0b => generated 109 bytes in 24 msecs (HTTP/1.1 404) 7 headers in 293 bytes (1 switches on core 0)
Jul 13 14:43:02.950916 dv-cinder-788365-4-smb devstack@c-api.service[106335]: INFO cinder.api.openstack.wsgi [None req-5a5bfcd7-d52b-4d2e-81f9-beae2fed6f09 tempest-GroupsTest-1946558194 tempest-GroupsTest-1946558194-project] GET http://10.222.0.54/volume/v3/9ae3cc42fa6d4172bba16a653bbe7595/volumes/2d71237f-bfab-4c1b-ae02-472e943f14c0
Jul 13 14:43:02.951743 dv-cinder-788365-4-smb devstack@c-api.service[106335]: DEBUG cinder.api.openstack.wsgi [None req-5a5bfcd7-d52b-4d2e-81f9-beae2fed6f09 tempest-GroupsTest-1946558194 tempest-GroupsTest-1946558194-project] Empty body provided in request {{(pid=106335) get_body /opt/stack/cinder/cinder/api/openstack/wsgi.py:713}}
Jul 13 14:43:02.952075 dv-cinder-788365-4-smb devstack@c-api.service[106335]: /usr/local/lib/python3.8/dist-packages/webob/acceptparse.py:1047: DeprecationWarning: The behavior of AcceptValidHeader.best_match is currently being maintained for backward compatibility, but it will be deprecated in the future, as it does not conform to the RFC.
Jul 13 14:43:02.952075 dv-cinder-788365-4-smb devstack@c-api.service[106335]: warnings.warn(
Jul 13 14:43:02.952569 dv-cinder-788365-4-smb devstack@c-api.service[106335]: DEBUG cinder.api.openstack.wsgi [None req-5a5bfcd7-d52b-4d2e-81f9-beae2fed6f09 tempest-GroupsTest-1946558194 tempest-GroupsTest-1946558194-project] Calling method 'show' {{(pid=106335) _process_stack /opt/stack/cinder/cinder/api/openstack/wsgi.py:866}}
Jul 13 14:43:02.975520 dv-cinder-788365-4-smb devstack@c-api.service[106335]: INFO cinder.api.openstack.wsgi [None req-5a5bfcd7-d52b-4d2e-81f9-beae2fed6f09 tempest-GroupsTest-1946558194 tempest-GroupsTest-1946558194-project] http://10.222.0.54/volume/v3/9ae3cc42fa6d4172bba16a653bbe7595/volumes/2d71237f-bfab-4c1b-ae02-472e943f14c0 returned with HTTP 404
Jul 13 14:43:02.996291 dv-cinder-788365-4-smb devstack@c-api.service[106336]: INFO cinder.api.openstack.wsgi [None req-e7bcdd09-02f1-46d4-be1a-7c23a4e5f6f9 tempest-GroupsTest-1946558194 tempest-GroupsTest-1946558194-project] GET http://10.222.0.54/volume/v3/9ae3cc42fa6d4172bba16a653bbe7595/groups/0a977af0-671b-400d-87ac-0a3d20553dbb
Jul 13 14:43:02.996843 dv-cinder-788365-4-smb devstack@c-api.service[106336]: DEBUG cinder.api.openstack.wsgi [None req-e7bcdd09-02f1-46d4-be1a-7c23a4e5f6f9 tempest-GroupsTest-1946558194 tempest-GroupsTest-1946558194-project] Empty body provided in request {{(pid=106336) get_body /opt/stack/cinder/cinder/api/openstack/wsgi.py:713}}
Jul 13 14:43:02.997421 dv-cinder-788365-4-smb devstack@c-api.service[106336]: DEBUG cinder.api.openstack.wsgi [None req-e7bcdd09-02f1-46d4-be1a-7c23a4e5f6f9 tempest-GroupsTest-1946558194 tempest-GroupsTest-1946558194-project] Calling method 'version_select' {{(pid=106336) _process_stack /opt/stack/cinder/cinder/api/openstack/wsgi.py:866}}
Jul 13 14:43:02.997920 dv-cinder-788365-4-smb devstack@c-api.service[106336]: DEBUG cinder.api.v3.groups [None req-e7bcdd09-02f1-46d4-be1a-7c23a4e5f6f9 tempest-GroupsTest-1946558194 tempest-GroupsTest-1946558194-project] show called for member 0a977af0-671b-400d-87ac-0a3d20553dbb {{(pid=106336) show /opt/stack/cinder/cinder/api/v3/groups.py:58}}
Jul 13 14:43:02.998268 dv-cinder-788365-4-smb devstack@c-api.service[106335]: [pid: 106335|app: 0|req: 109/231] 10.222.0.54 () {60 vars in 1366 bytes} [Tue Jul 13 14:43:02 2021] GET /volume/v3/9ae3cc42fa6d4172bba16a653bbe7595/volumes/2d71237f-bfab-4c1b-ae02-472e943f14c0 => generated 109 bytes in 56 msecs (HTTP/1.1 404) 7 headers in 293 bytes (1 switches on core 0)
Jul 13 14:43:03.007784 dv-cinder-788365-4-smb devstack@c-api.service[106336]: INFO cinder.api.openstack.wsgi [None req-e7bcdd09-02f1-46d4-be1a-7c23a4e5f6f9 tempest-GroupsTest-1946558194 tempest-GroupsTest-1946558194-project] http://10.222.0.54/volume/v3/9ae3cc42fa6d4172bba16a653bbe7595/groups/0a977af0-671b-400d-87ac-0a3d20553dbb returned with HTTP 404
Jul 13 14:43:03.012774 dv-cinder-788365-4-smb devstack@c-api.service[106336]: [pid: 106336|app: 0|req: 123/232] 10.222.0.54 () {60 vars in 1363 bytes} [Tue Jul 13 14:43:02 2021] GET /volume/v3/9ae3cc42fa6d4172bba16a653bbe7595/groups/0a977af0-671b-400d-87ac-0a3d20553dbb => generated 108 bytes in 31 msecs (HTTP/1.1 404) 7 headers in 293 bytes (1 switches on core 0)
Jul 13 14:43:03.021568 dv-cinder-788365-4-smb devstack@c-api.service[106335]: INFO cinder.api.openstack.wsgi [None req-208ee4f0-a055-40ae-bc07-85e77a186af7 tempest-GroupsTest-1093065242 tempest-GroupsTest-1093065242-project-admin] DELETE http://10.222.0.54/volume/v3/67535e65e33741978c48bb04b952bf75/group_types/cfeeb49c-c7cd-46ba-b63b-2f3c5d8a4cb3
Jul 13 14:43:03.024207 dv-cinder-788365-4-smb devstack@c-api.service[106335]: DEBUG cinder.api.openstack.wsgi [None req-208ee4f0-a055-40ae-bc07-85e77a186af7 tempest-GroupsTest-1093065242 tempest-GroupsTest-1093065242-project-admin] Empty body provided in request {{(pid=106335) get_body /opt/stack/cinder/cinder/api/openstack/wsgi.py:713}}
Jul 13 14:43:03.025036 dv-cinder-788365-4-smb devstack@c-api.service[106335]: DEBUG cinder.api.openstack.wsgi [None req-208ee4f0-a055-40ae-bc07-85e77a186af7 tempest-GroupsTest-1093065242 tempest-GroupsTest-1093065242-project-admin] Calling method 'version_select' {{(pid=106335) _process_stack /opt/stack/cinder/cinder/api/openstack/wsgi.py:866}}
Jul 13 14:43:03.071832 dv-cinder-788365-4-smb devstack@c-api.service[106335]: INFO cinder.api.openstack.wsgi [None req-208ee4f0-a055-40ae-bc07-85e77a186af7 tempest-GroupsTest-1093065242 tempest-GroupsTest-1093065242-project-admin] http://10.222.0.54/volume/v3/67535e65e33741978c48bb04b952bf75/group_types/cfeeb49c-c7cd-46ba-b63b-2f3c5d8a4cb3 returned with HTTP 202
Jul 13 14:43:03.073390 dv-cinder-788365-4-smb devstack@c-api.service[106335]: [pid: 106335|app: 0|req: 110/233] 10.222.0.54 () {60 vars in 1381 bytes} [Tue Jul 13 14:43:03 2021] DELETE /volume/v3/67535e65e33741978c48bb04b952bf75/group_types/cfeeb49c-c7cd-46ba-b63b-2f3c5d8a4cb3 => generated 0 bytes in 61 msecs (HTTP/1.1 202) 6 headers in 234 bytes (1 switches on core 0)
Jul 13 14:43:03.083585 dv-cinder-788365-4-smb devstack@c-api.service[106336]: INFO cinder.api.openstack.wsgi [None req-7ef7e43a-bc7d-49ac-bb8b-8d0157e9c24d tempest-GroupsTest-1946558194 tempest-GroupsTest-1946558194-project] DELETE http://10.222.0.54/volume/v3/9ae3cc42fa6d4172bba16a653bbe7595/volumes/5a81f264-1ca2-4eea-9833-86e223077c0b
Jul 13 14:43:03.084045 dv-cinder-788365-4-smb devstack@c-api.service[106336]: DEBUG cinder.api.openstack.wsgi [None req-7ef7e43a-bc7d-49ac-bb8b-8d0157e9c24d tempest-GroupsTest-1946558194 tempest-GroupsTest-1946558194-project] Empty body provided in request {{(pid=106336) get_body /opt/stack/cinder/cinder/api/openstack/wsgi.py:713}}
Jul 13 14:43:03.084462 dv-cinder-788365-4-smb devstack@c-api.service[106336]: DEBUG cinder.api.openstack.wsgi [None req-7ef7e43a-bc7d-49ac-bb8b-8d0157e9c24d tempest-GroupsTest-1946558194 tempest-GroupsTest-1946558194-project] Calling method 'delete' {{(pid=106336) _process_stack /opt/stack/cinder/cinder/api/openstack/wsgi.py:866}}
Jul 13 14:43:03.084887 dv-cinder-788365-4-smb devstack@c-api.service[106336]: INFO cinder.api.v3.volumes [None req-7ef7e43a-bc7d-49ac-bb8b-8d0157e9c24d tempest-GroupsTest-1946558194 tempest-GroupsTest-1946558194-project] Delete volume with id: 5a81f264-1ca2-4eea-9833-86e223077c0b
Jul 13 14:43:03.098101 dv-cinder-788365-4-smb devstack@c-api.service[106336]: INFO cinder.api.openstack.wsgi [None req-7ef7e43a-bc7d-49ac-bb8b-8d0157e9c24d tempest-GroupsTest-1946558194 tempest-GroupsTest-1946558194-project] http://10.222.0.54/volume/v3/9ae3cc42fa6d4172bba16a653bbe7595/volumes/5a81f264-1ca2-4eea-9833-86e223077c0b returned with HTTP 404
Jul 13 14:43:03.099174 dv-cinder-788365-4-smb devstack@c-api.service[106336]: [pid: 106336|app: 0|req: 124/234] 10.222.0.54 () {58 vars in 1328 bytes} [Tue Jul 13 14:43:03 2021] DELETE /volume/v3/9ae3cc42fa6d4172bba16a653bbe7595/volumes/5a81f264-1ca2-4eea-9833-86e223077c0b => generated 109 bytes in 20 msecs (HTTP/1.1 404) 7 headers in 292 bytes (2 switches on core 0)
Jul 13 14:43:03.106697 dv-cinder-788365-4-smb devstack@c-api.service[106335]: INFO cinder.api.openstack.wsgi [None req-6ff6501f-dc79-41c3-acd8-9c1530954851 tempest-GroupsTest-1946558194 tempest-GroupsTest-1946558194-project] DELETE http://10.222.0.54/volume/v3/9ae3cc42fa6d4172bba16a653bbe7595/volumes/2d71237f-bfab-4c1b-ae02-472e943f14c0
Jul 13 14:43:03.107185 dv-cinder-788365-4-smb devstack@c-api.service[106335]: DEBUG cinder.api.openstack.wsgi [None req-6ff6501f-dc79-41c3-acd8-9c1530954851 tempest-GroupsTest-1946558194 tempest-GroupsTest-1946558194-project] Empty body provided in request {{(pid=106335) get_body /opt/stack/cinder/cinder/api/openstack/wsgi.py:713}}
Jul 13 14:43:03.107754 dv-cinder-788365-4-smb devstack@c-api.service[106335]: DEBUG cinder.api.openstack.wsgi [None req-6ff6501f-dc79-41c3-acd8-9c1530954851 tempest-GroupsTest-1946558194 tempest-GroupsTest-1946558194-project] Calling method 'delete' {{(pid=106335) _process_stack /opt/stack/cinder/cinder/api/openstack/wsgi.py:866}}
Jul 13 14:43:03.108341 dv-cinder-788365-4-smb devstack@c-api.service[106335]: INFO cinder.api.v3.volumes [None req-6ff6501f-dc79-41c3-acd8-9c1530954851 tempest-GroupsTest-1946558194 tempest-GroupsTest-1946558194-project] Delete volume with id: 2d71237f-bfab-4c1b-ae02-472e943f14c0
Jul 13 14:43:03.132848 dv-cinder-788365-4-smb devstack@c-api.service[106335]: INFO cinder.api.openstack.wsgi [None req-6ff6501f-dc79-41c3-acd8-9c1530954851 tempest-GroupsTest-1946558194 tempest-GroupsTest-1946558194-project] http://10.222.0.54/volume/v3/9ae3cc42fa6d4172bba16a653bbe7595/volumes/2d71237f-bfab-4c1b-ae02-472e943f14c0 returned with HTTP 404
Jul 13 14:43:03.135478 dv-cinder-788365-4-smb devstack@c-api.service[106335]: [pid: 106335|app: 0|req: 111/235] 10.222.0.54 () {58 vars in 1328 bytes} [Tue Jul 13 14:43:03 2021] DELETE /volume/v3/9ae3cc42fa6d4172bba16a653bbe7595/volumes/2d71237f-bfab-4c1b-ae02-472e943f14c0 => generated 109 bytes in 31 msecs (HTTP/1.1 404) 7 headers in 292 bytes (1 switches on core 0)
Jul 13 14:43:03.140987 dv-cinder-788365-4-smb devstack@c-api.service[106336]: INFO cinder.api.openstack.wsgi [None req-3a27211b-44da-46b7-b8a3-e58a219e7dfd tempest-GroupsTest-1093065242 tempest-GroupsTest-1093065242-project-admin] DELETE http://10.222.0.54/volume/v3/67535e65e33741978c48bb04b952bf75/types/c341bd4b-573d-492f-8c3e-331466802c42
Jul 13 14:43:03.142375 dv-cinder-788365-4-smb devstack@c-api.service[106336]: DEBUG cinder.api.openstack.wsgi [None req-3a27211b-44da-46b7-b8a3-e58a219e7dfd tempest-GroupsTest-1093065242 tempest-GroupsTest-1093065242-project-admin] Empty body provided in request {{(pid=106336) get_body /opt/stack/cinder/cinder/api/openstack/wsgi.py:713}}
Jul 13 14:43:03.143024 dv-cinder-788365-4-smb devstack@c-api.service[106336]: DEBUG cinder.api.openstack.wsgi [None req-3a27211b-44da-46b7-b8a3-e58a219e7dfd tempest-GroupsTest-1093065242 tempest-GroupsTest-1093065242-project-admin] Calling method '_delete' {{(pid=106336) _process_stack /opt/stack/cinder/cinder/api/openstack/wsgi.py:866}}
Jul 13 14:43:03.144425 dv-cinder-788365-4-smb devstack@c-api.service[106336]: /usr/local/lib/python3.8/dist-packages/oslo_context/context.py:105: DeprecationWarning: Policy enforcement is depending on the value of is_admin. This key is deprecated. Please update your policy file to use the standard policy values.
Jul 13 14:43:03.144425 dv-cinder-788365-4-smb devstack@c-api.service[106336]: warnings.warn('Policy enforcement is depending on the value of '
Jul 13 14:43:03.211626 dv-cinder-788365-4-smb devstack@c-api.service[106336]: INFO cinder.api.openstack.wsgi [None req-3a27211b-44da-46b7-b8a3-e58a219e7dfd tempest-GroupsTest-1093065242 tempest-GroupsTest-1093065242-project-admin] http://10.222.0.54/volume/v3/67535e65e33741978c48bb04b952bf75/types/c341bd4b-573d-492f-8c3e-331466802c42 returned with HTTP 202
Jul 13 14:43:03.213781 dv-cinder-788365-4-smb devstack@c-api.service[106336]: [pid: 106336|app: 0|req: 125/236] 10.222.0.54 () {58 vars in 1322 bytes} [Tue Jul 13 14:43:03 2021] DELETE /volume/v3/67535e65e33741978c48bb04b952bf75/types/c341bd4b-573d-492f-8c3e-331466802c42 => generated 0 bytes in 76 msecs (HTTP/1.1 202) 6 headers in 233 bytes (1 switches on core 0)
Jul 13 14:43:03.221336 dv-cinder-788365-4-smb devstack@c-api.service[106335]: INFO cinder.api.openstack.wsgi [None req-aa2e9a11-32ab-4dd2-8bc1-1683c9f758f5 tempest-GroupsTest-1093065242 tempest-GroupsTest-1093065242-project-admin] GET http://10.222.0.54/volume/v3/67535e65e33741978c48bb04b952bf75/types/c341bd4b-573d-492f-8c3e-331466802c42
Jul 13 14:43:03.221690 dv-cinder-788365-4-smb devstack@c-api.service[106335]: DEBUG cinder.api.openstack.wsgi [None req-aa2e9a11-32ab-4dd2-8bc1-1683c9f758f5 tempest-GroupsTest-1093065242 tempest-GroupsTest-1093065242-project-admin] Empty body provided in request {{(pid=106335) get_body /opt/stack/cinder/cinder/api/openstack/wsgi.py:713}}
Jul 13 14:43:03.222108 dv-cinder-788365-4-smb devstack@c-api.service[106335]: DEBUG cinder.api.openstack.wsgi [None req-aa2e9a11-32ab-4dd2-8bc1-1683c9f758f5 tempest-GroupsTest-1093065242 tempest-GroupsTest-1093065242-project-admin] Calling method 'show' {{(pid=106335) _process_stack /opt/stack/cinder/cinder/api/openstack/wsgi.py:866}}
Jul 13 14:43:03.236757 dv-cinder-788365-4-smb devstack@c-api.service[106335]: INFO cinder.api.openstack.wsgi [None req-aa2e9a11-32ab-4dd2-8bc1-1683c9f758f5 tempest-GroupsTest-1093065242 tempest-GroupsTest-1093065242-project-admin] http://10.222.0.54/volume/v3/67535e65e33741978c48bb04b952bf75/types/c341bd4b-573d-492f-8c3e-331466802c42 returned with HTTP 404
Jul 13 14:43:03.238452 dv-cinder-788365-4-smb devstack@c-api.service[106335]: [pid: 106335|app: 0|req: 112/237] 10.222.0.54 () {58 vars in 1319 bytes} [Tue Jul 13 14:43:03 2021] GET /volume/v3/67535e65e33741978c48bb04b952bf75/types/c341bd4b-573d-492f-8c3e-331466802c42 => generated 114 bytes in 21 msecs (HTTP/1.1 404) 7 headers in 292 bytes (1 switches on core 0)
Jul 13 14:43:03.245560 dv-cinder-788365-4-smb devstack@c-api.service[106336]: INFO cinder.api.openstack.wsgi [None req-d335fe0c-89b7-4a35-a57d-74d22908b2da tempest-GroupsTest-1093065242 tempest-GroupsTest-1093065242-project-admin] DELETE http://10.222.0.54/volume/v3/67535e65e33741978c48bb04b952bf75/types/28cc74e3-4592-4636-9041-40fc458a4408
Jul 13 14:43:03.246248 dv-cinder-788365-4-smb devstack@c-api.service[106336]: DEBUG cinder.api.openstack.wsgi [None req-d335fe0c-89b7-4a35-a57d-74d22908b2da tempest-GroupsTest-1093065242 tempest-GroupsTest-1093065242-project-admin] Empty body provided in request {{(pid=106336) get_body /opt/stack/cinder/cinder/api/openstack/wsgi.py:713}}
Jul 13 14:43:03.246915 dv-cinder-788365-4-smb devstack@c-api.service[106336]: DEBUG cinder.api.openstack.wsgi [None req-d335fe0c-89b7-4a35-a57d-74d22908b2da tempest-GroupsTest-1093065242 tempest-GroupsTest-1093065242-project-admin] Calling method '_delete' {{(pid=106336) _process_stack /opt/stack/cinder/cinder/api/openstack/wsgi.py:866}}
Jul 13 14:43:03.295450 dv-cinder-788365-4-smb devstack@c-api.service[106336]: INFO cinder.api.openstack.wsgi [None req-d335fe0c-89b7-4a35-a57d-74d22908b2da tempest-GroupsTest-1093065242 tempest-GroupsTest-1093065242-project-admin] http://10.222.0.54/volume/v3/67535e65e33741978c48bb04b952bf75/types/28cc74e3-4592-4636-9041-40fc458a4408 returned with HTTP 202
Jul 13 14:43:03.296521 dv-cinder-788365-4-smb devstack@c-api.service[106336]: [pid: 106336|app: 0|req: 126/238] 10.222.0.54 () {58 vars in 1322 bytes} [Tue Jul 13 14:43:03 2021] DELETE /volume/v3/67535e65e33741978c48bb04b952bf75/types/28cc74e3-4592-4636-9041-40fc458a4408 => generated 0 bytes in 55 msecs (HTTP/1.1 202) 6 headers in 233 bytes (1 switches on core 0)
Jul 13 14:43:03.305044 dv-cinder-788365-4-smb devstack@c-api.service[106335]: INFO cinder.api.openstack.wsgi [None req-95d759e2-e5d3-4c00-b3ce-9e52fe86a89d tempest-GroupsTest-1093065242 tempest-GroupsTest-1093065242-project-admin] GET http://10.222.0.54/volume/v3/67535e65e33741978c48bb04b952bf75/types/28cc74e3-4592-4636-9041-40fc458a4408
Jul 13 14:43:03.305868 dv-cinder-788365-4-smb devstack@c-api.service[106335]: DEBUG cinder.api.openstack.wsgi [None req-95d759e2-e5d3-4c00-b3ce-9e52fe86a89d tempest-GroupsTest-1093065242 tempest-GroupsTest-1093065242-project-admin] Empty body provided in request {{(pid=106335) get_body /opt/stack/cinder/cinder/api/openstack/wsgi.py:713}}
Jul 13 14:43:03.306501 dv-cinder-788365-4-smb devstack@c-api.service[106335]: DEBUG cinder.api.openstack.wsgi [None req-95d759e2-e5d3-4c00-b3ce-9e52fe86a89d tempest-GroupsTest-1093065242 tempest-GroupsTest-1093065242-project-admin] Calling method 'show' {{(pid=106335) _process_stack /opt/stack/cinder/cinder/api/openstack/wsgi.py:866}}
Jul 13 14:43:03.311406 dv-cinder-788365-4-smb devstack@c-api.service[106335]: INFO cinder.api.openstack.wsgi [None req-95d759e2-e5d3-4c00-b3ce-9e52fe86a89d tempest-GroupsTest-1093065242 tempest-GroupsTest-1093065242-project-admin] http://10.222.0.54/volume/v3/67535e65e33741978c48bb04b952bf75/types/28cc74e3-4592-4636-9041-40fc458a4408 returned with HTTP 404
Jul 13 14:43:03.312861 dv-cinder-788365-4-smb devstack@c-api.service[106335]: [pid: 106335|app: 0|req: 113/239] 10.222.0.54 () {58 vars in 1319 bytes} [Tue Jul 13 14:43:03 2021] GET /volume/v3/67535e65e33741978c48bb04b952bf75/types/28cc74e3-4592-4636-9041-40fc458a4408 => generated 114 bytes in 12 msecs (HTTP/1.1 404) 7 headers in 292 bytes (2 switches on core 0)
Jul 13 14:43:03.347802 dv-cinder-788365-4-smb devstack@c-api.service[106336]: INFO cinder.api.openstack.wsgi [None req-85300606-fda5-4f4e-992c-206d06f9a926 tempest-SnapshotsActionsTest-1048579789 tempest-SnapshotsActionsTest-1048579789-project] GET http://10.222.0.54/volume/v3/cfd854238c0b4af7849609ae0a2da431/snapshots/3edd1d83-c6f9-4e41-82d3-59ea84ec275f
Jul 13 14:43:03.348310 dv-cinder-788365-4-smb devstack@c-api.service[106336]: DEBUG cinder.api.openstack.wsgi [None req-85300606-fda5-4f4e-992c-206d06f9a926 tempest-SnapshotsActionsTest-1048579789 tempest-SnapshotsActionsTest-1048579789-project] Empty body provided in request {{(pid=106336) get_body /opt/stack/cinder/cinder/api/openstack/wsgi.py:713}}
