Jul 13 14:43:14.787724 dv-cinder-788365-4-smb devstack@c-api.service[106335]: INFO cinder.api.openstack.wsgi [None req-0f40fd9d-93fd-4f47-a551-39bd8b9046b6 tempest-GroupsV314Test-1278727462 tempest-GroupsV314Test-1278727462-project] http://10.222.0.54/volume/v3/ecab25109d3b46728b5d41616b87eca8/groups/f16400f8-9723-4f9d-9c56-18038ead3eed returned with HTTP 404
Jul 13 14:43:14.788988 dv-cinder-788365-4-smb devstack@c-api.service[106335]: [pid: 106335|app: 0|req: 179/376] 10.222.0.54 () {60 vars in 1363 bytes} [Tue Jul 13 14:43:14 2021] GET /volume/v3/ecab25109d3b46728b5d41616b87eca8/groups/f16400f8-9723-4f9d-9c56-18038ead3eed => generated 108 bytes in 17 msecs (HTTP/1.1 404) 7 headers in 293 bytes (1 switches on core 0)
Jul 13 14:43:14.797234 dv-cinder-788365-4-smb devstack@c-api.service[106335]: INFO cinder.api.openstack.wsgi [None req-5a1d5d7f-31be-4dc7-ac55-7fb30911b18e tempest-GroupsV314Test-564725191 tempest-GroupsV314Test-564725191-project-admin] DELETE http://10.222.0.54/volume/v3/6b60731821984b8eaab32c1ae41da3e5/group_types/e7eaef98-016f-4b01-8120-c333c31144ba
Jul 13 14:43:14.798799 dv-cinder-788365-4-smb devstack@c-api.service[106335]: DEBUG cinder.api.openstack.wsgi [None req-5a1d5d7f-31be-4dc7-ac55-7fb30911b18e tempest-GroupsV314Test-564725191 tempest-GroupsV314Test-564725191-project-admin] Empty body provided in request {{(pid=106335) get_body /opt/stack/cinder/cinder/api/openstack/wsgi.py:713}}
Jul 13 14:43:14.799465 dv-cinder-788365-4-smb devstack@c-api.service[106335]: DEBUG cinder.api.openstack.wsgi [None req-5a1d5d7f-31be-4dc7-ac55-7fb30911b18e tempest-GroupsV314Test-564725191 tempest-GroupsV314Test-564725191-project-admin] Calling method 'version_select' {{(pid=106335) _process_stack /opt/stack/cinder/cinder/api/openstack/wsgi.py:866}}
Jul 13 14:43:14.827595 dv-cinder-788365-4-smb devstack@c-api.service[106335]: INFO cinder.api.openstack.wsgi [None req-5a1d5d7f-31be-4dc7-ac55-7fb30911b18e tempest-GroupsV314Test-564725191 tempest-GroupsV314Test-564725191-project-admin] http://10.222.0.54/volume/v3/6b60731821984b8eaab32c1ae41da3e5/group_types/e7eaef98-016f-4b01-8120-c333c31144ba returned with HTTP 202
Jul 13 14:43:14.834225 dv-cinder-788365-4-smb devstack@c-api.service[106335]: [pid: 106335|app: 0|req: 180/377] 10.222.0.54 () {60 vars in 1381 bytes} [Tue Jul 13 14:43:14 2021] DELETE /volume/v3/6b60731821984b8eaab32c1ae41da3e5/group_types/e7eaef98-016f-4b01-8120-c333c31144ba => generated 0 bytes in 41 msecs (HTTP/1.1 202) 6 headers in 234 bytes (1 switches on core 0)
Jul 13 14:43:14.839375 dv-cinder-788365-4-smb devstack@c-api.service[106335]: INFO cinder.api.openstack.wsgi [None req-daa891cf-e755-4b42-ab1f-b25474e7498c tempest-GroupsV314Test-1278727462 tempest-GroupsV314Test-1278727462-project] DELETE http://10.222.0.54/volume/v3/ecab25109d3b46728b5d41616b87eca8/volumes/f6514549-3c9d-4199-9fd6-fb265ffe9ba2
Jul 13 14:43:14.840124 dv-cinder-788365-4-smb devstack@c-api.service[106335]: DEBUG cinder.api.openstack.wsgi [None req-daa891cf-e755-4b42-ab1f-b25474e7498c tempest-GroupsV314Test-1278727462 tempest-GroupsV314Test-1278727462-project] Empty body provided in request {{(pid=106335) get_body /opt/stack/cinder/cinder/api/openstack/wsgi.py:713}}
Jul 13 14:43:14.842433 dv-cinder-788365-4-smb devstack@c-api.service[106335]: DEBUG cinder.api.openstack.wsgi [None req-daa891cf-e755-4b42-ab1f-b25474e7498c tempest-GroupsV314Test-1278727462 tempest-GroupsV314Test-1278727462-project] Calling method 'delete' {{(pid=106335) _process_stack /opt/stack/cinder/cinder/api/openstack/wsgi.py:866}}
Jul 13 14:43:14.842433 dv-cinder-788365-4-smb devstack@c-api.service[106335]: INFO cinder.api.v3.volumes [None req-daa891cf-e755-4b42-ab1f-b25474e7498c tempest-GroupsV314Test-1278727462 tempest-GroupsV314Test-1278727462-project] Delete volume with id: f6514549-3c9d-4199-9fd6-fb265ffe9ba2
Jul 13 14:43:14.854439 dv-cinder-788365-4-smb devstack@c-api.service[106335]: INFO cinder.api.openstack.wsgi [None req-daa891cf-e755-4b42-ab1f-b25474e7498c tempest-GroupsV314Test-1278727462 tempest-GroupsV314Test-1278727462-project] http://10.222.0.54/volume/v3/ecab25109d3b46728b5d41616b87eca8/volumes/f6514549-3c9d-4199-9fd6-fb265ffe9ba2 returned with HTTP 404
Jul 13 14:43:14.855879 dv-cinder-788365-4-smb devstack@c-api.service[106335]: [pid: 106335|app: 0|req: 181/378] 10.222.0.54 () {58 vars in 1328 bytes} [Tue Jul 13 14:43:14 2021] DELETE /volume/v3/ecab25109d3b46728b5d41616b87eca8/volumes/f6514549-3c9d-4199-9fd6-fb265ffe9ba2 => generated 109 bytes in 20 msecs (HTTP/1.1 404) 7 headers in 292 bytes (2 switches on core 0)
Jul 13 14:43:14.863264 dv-cinder-788365-4-smb devstack@c-api.service[106335]: INFO cinder.api.openstack.wsgi [None req-862a7ecc-f62c-4967-ac7a-05040951f157 tempest-VolumesDeleteCascade-1013033439 tempest-VolumesDeleteCascade-1013033439-project] GET http://10.222.0.54/volume/v3/00075e9475ca4fee95c0f5206995373a/volumes/d5b74f25-eeae-427e-be6f-cc4f87e8e8c4
Jul 13 14:43:14.864456 dv-cinder-788365-4-smb devstack@c-api.service[106335]: DEBUG cinder.api.openstack.wsgi [None req-862a7ecc-f62c-4967-ac7a-05040951f157 tempest-VolumesDeleteCascade-1013033439 tempest-VolumesDeleteCascade-1013033439-project] Empty body provided in request {{(pid=106335) get_body /opt/stack/cinder/cinder/api/openstack/wsgi.py:713}}
Jul 13 14:43:14.864456 dv-cinder-788365-4-smb devstack@c-api.service[106335]: DEBUG cinder.api.openstack.wsgi [None req-862a7ecc-f62c-4967-ac7a-05040951f157 tempest-VolumesDeleteCascade-1013033439 tempest-VolumesDeleteCascade-1013033439-project] Calling method 'show' {{(pid=106335) _process_stack /opt/stack/cinder/cinder/api/openstack/wsgi.py:866}}
Jul 13 14:43:14.885360 dv-cinder-788365-4-smb devstack@c-api.service[106335]: /usr/local/lib/python3.8/dist-packages/oslo_context/context.py:105: DeprecationWarning: Policy enforcement is depending on the value of is_admin. This key is deprecated. Please update your policy file to use the standard policy values.
Jul 13 14:43:14.885360 dv-cinder-788365-4-smb devstack@c-api.service[106335]: warnings.warn('Policy enforcement is depending on the value of '
Jul 13 14:43:14.894720 dv-cinder-788365-4-smb devstack@c-api.service[106335]: INFO cinder.volume.api [None req-862a7ecc-f62c-4967-ac7a-05040951f157 tempest-VolumesDeleteCascade-1013033439 tempest-VolumesDeleteCascade-1013033439-project] Volume info retrieved successfully.
Jul 13 14:43:14.914211 dv-cinder-788365-4-smb devstack@c-api.service[106335]: INFO cinder.api.openstack.wsgi [None req-862a7ecc-f62c-4967-ac7a-05040951f157 tempest-VolumesDeleteCascade-1013033439 tempest-VolumesDeleteCascade-1013033439-project] http://10.222.0.54/volume/v3/00075e9475ca4fee95c0f5206995373a/volumes/d5b74f25-eeae-427e-be6f-cc4f87e8e8c4 returned with HTTP 200
Jul 13 14:43:14.917179 dv-cinder-788365-4-smb devstack@c-api.service[106335]: [pid: 106335|app: 0|req: 182/379] 10.222.0.54 () {58 vars in 1325 bytes} [Tue Jul 13 14:43:14 2021] GET /volume/v3/00075e9475ca4fee95c0f5206995373a/volumes/d5b74f25-eeae-427e-be6f-cc4f87e8e8c4 => generated 912 bytes in 56 msecs (HTTP/1.1 200) 7 headers in 285 bytes (1 switches on core 0)
Jul 13 14:43:14.920140 dv-cinder-788365-4-smb devstack@c-api.service[106335]: INFO cinder.api.openstack.wsgi [None req-4f5327ed-fd9d-44e9-8d48-9a0433847670 tempest-GroupsV314Test-564725191 tempest-GroupsV314Test-564725191-project-admin] DELETE http://10.222.0.54/volume/v3/6b60731821984b8eaab32c1ae41da3e5/types/d1b1048b-63e3-46f2-a840-73bb0dff1564
Jul 13 14:43:14.920807 dv-cinder-788365-4-smb devstack@c-api.service[106335]: DEBUG cinder.api.openstack.wsgi [None req-4f5327ed-fd9d-44e9-8d48-9a0433847670 tempest-GroupsV314Test-564725191 tempest-GroupsV314Test-564725191-project-admin] Empty body provided in request {{(pid=106335) get_body /opt/stack/cinder/cinder/api/openstack/wsgi.py:713}}
Jul 13 14:43:14.921101 dv-cinder-788365-4-smb devstack@c-api.service[106335]: /usr/local/lib/python3.8/dist-packages/webob/acceptparse.py:1047: DeprecationWarning: The behavior of AcceptValidHeader.best_match is currently being maintained for backward compatibility, but it will be deprecated in the future, as it does not conform to the RFC.
Jul 13 14:43:14.921101 dv-cinder-788365-4-smb devstack@c-api.service[106335]: warnings.warn(
Jul 13 14:43:14.921602 dv-cinder-788365-4-smb devstack@c-api.service[106335]: DEBUG cinder.api.openstack.wsgi [None req-4f5327ed-fd9d-44e9-8d48-9a0433847670 tempest-GroupsV314Test-564725191 tempest-GroupsV314Test-564725191-project-admin] Calling method '_delete' {{(pid=106335) _process_stack /opt/stack/cinder/cinder/api/openstack/wsgi.py:866}}
Jul 13 14:43:14.955795 dv-cinder-788365-4-smb devstack@c-api.service[106336]: /usr/local/lib/python3.8/dist-packages/oslo_context/context.py:105: DeprecationWarning: Policy enforcement is depending on the value of is_admin. This key is deprecated. Please update your policy file to use the standard policy values.
Jul 13 14:43:14.955795 dv-cinder-788365-4-smb devstack@c-api.service[106336]: warnings.warn('Policy enforcement is depending on the value of '
Jul 13 14:43:14.956935 dv-cinder-788365-4-smb devstack@c-api.service[106336]: INFO cinder.volume.api [None req-f4429b6b-763d-4a9c-acc6-5cd735fc27d5 tempest-VolumesMetadataTest-2141204725 tempest-VolumesMetadataTest-2141204725-project] Volume info retrieved successfully.
Jul 13 14:43:14.965554 dv-cinder-788365-4-smb devstack@c-api.service[106336]: INFO cinder.volume.api [None req-f4429b6b-763d-4a9c-acc6-5cd735fc27d5 tempest-VolumesMetadataTest-2141204725 tempest-VolumesMetadataTest-2141204725-project] Get volume metadata completed successfully.
Jul 13 14:43:14.966091 dv-cinder-788365-4-smb devstack@c-api.service[106336]: INFO cinder.api.openstack.wsgi [None req-f4429b6b-763d-4a9c-acc6-5cd735fc27d5 tempest-VolumesMetadataTest-2141204725 tempest-VolumesMetadataTest-2141204725-project] http://10.222.0.54/volume/v3/cda9bb5f42e54fc0a618ffefb3e8dd27/volumes/cee9db0f-b884-4af2-abf1-42875c850b92/metadata/key3 returned with HTTP 200
Jul 13 14:43:14.967021 dv-cinder-788365-4-smb devstack@c-api.service[106336]: [pid: 106336|app: 0|req: 198/380] 10.222.0.54 () {58 vars in 1367 bytes} [Tue Jul 13 14:43:14 2021] GET /volume/v3/cda9bb5f42e54fc0a618ffefb3e8dd27/volumes/cee9db0f-b884-4af2-abf1-42875c850b92/metadata/key3 => generated 35 bytes in 261 msecs (HTTP/1.1 200) 7 headers in 284 bytes (1 switches on core 0)
Jul 13 14:43:14.972817 dv-cinder-788365-4-smb devstack@c-api.service[106336]: INFO cinder.api.openstack.wsgi [None req-58119c29-8325-481a-8abd-909153cec513 tempest-VolumesDeleteCascade-1013033439 tempest-VolumesDeleteCascade-1013033439-project] POST http://10.222.0.54/volume/v3/00075e9475ca4fee95c0f5206995373a/snapshots
Jul 13 14:43:14.973367 dv-cinder-788365-4-smb devstack@c-api.service[106336]: /usr/local/lib/python3.8/dist-packages/webob/acceptparse.py:1047: DeprecationWarning: The behavior of AcceptValidHeader.best_match is currently being maintained for backward compatibility, but it will be deprecated in the future, as it does not conform to the RFC.
Jul 13 14:43:14.973367 dv-cinder-788365-4-smb devstack@c-api.service[106336]: warnings.warn(
Jul 13 14:43:14.973597 dv-cinder-788365-4-smb devstack@c-api.service[106336]: DEBUG cinder.api.openstack.wsgi [None req-58119c29-8325-481a-8abd-909153cec513 tempest-VolumesDeleteCascade-1013033439 tempest-VolumesDeleteCascade-1013033439-project] Action: 'create', calling method: create, body: {"snapshot": {"volume_id": "d5b74f25-eeae-427e-be6f-cc4f87e8e8c4", "name": "tempest-VolumesDeleteCascade-Snapshot-847228414"}} {{(pid=106336) _process_stack /opt/stack/cinder/cinder/api/openstack/wsgi.py:864}}
Jul 13 14:43:14.974602 dv-cinder-788365-4-smb devstack@c-api.service[106335]: INFO cinder.api.openstack.wsgi [None req-4f5327ed-fd9d-44e9-8d48-9a0433847670 tempest-GroupsV314Test-564725191 tempest-GroupsV314Test-564725191-project-admin] http://10.222.0.54/volume/v3/6b60731821984b8eaab32c1ae41da3e5/types/d1b1048b-63e3-46f2-a840-73bb0dff1564 returned with HTTP 202
Jul 13 14:43:14.978440 dv-cinder-788365-4-smb devstack@c-api.service[106335]: [pid: 106335|app: 0|req: 183/381] 10.222.0.54 () {58 vars in 1322 bytes} [Tue Jul 13 14:43:14 2021] DELETE /volume/v3/6b60731821984b8eaab32c1ae41da3e5/types/d1b1048b-63e3-46f2-a840-73bb0dff1564 => generated 0 bytes in 60 msecs (HTTP/1.1 202) 6 headers in 233 bytes (1 switches on core 0)
Jul 13 14:43:14.982280 dv-cinder-788365-4-smb devstack@c-api.service[106335]: INFO cinder.api.openstack.wsgi [None req-9816062e-71f7-49e8-b657-b3dcc2ff760f tempest-VolumesMetadataTest-2141204725 tempest-VolumesMetadataTest-2141204725-project] GET http://10.222.0.54/volume/v3/cda9bb5f42e54fc0a618ffefb3e8dd27/volumes/cee9db0f-b884-4af2-abf1-42875c850b92/metadata
Jul 13 14:43:14.982822 dv-cinder-788365-4-smb devstack@c-api.service[106335]: DEBUG cinder.api.openstack.wsgi [None req-9816062e-71f7-49e8-b657-b3dcc2ff760f tempest-VolumesMetadataTest-2141204725 tempest-VolumesMetadataTest-2141204725-project] Empty body provided in request {{(pid=106335) get_body /opt/stack/cinder/cinder/api/openstack/wsgi.py:713}}
Jul 13 14:43:14.983329 dv-cinder-788365-4-smb devstack@c-api.service[106335]: DEBUG cinder.api.openstack.wsgi [None req-9816062e-71f7-49e8-b657-b3dcc2ff760f tempest-VolumesMetadataTest-2141204725 tempest-VolumesMetadataTest-2141204725-project] Calling method 'index' {{(pid=106335) _process_stack /opt/stack/cinder/cinder/api/openstack/wsgi.py:866}}
Jul 13 14:43:14.989691 dv-cinder-788365-4-smb devstack@c-api.service[106336]: /usr/local/lib/python3.8/dist-packages/oslo_context/context.py:105: DeprecationWarning: Policy enforcement is depending on the value of is_admin. This key is deprecated. Please update your policy file to use the standard policy values.
Jul 13 14:43:14.989691 dv-cinder-788365-4-smb devstack@c-api.service[106336]: warnings.warn('Policy enforcement is depending on the value of '
Jul 13 14:43:14.990612 dv-cinder-788365-4-smb devstack@c-api.service[106336]: INFO cinder.volume.api [None req-58119c29-8325-481a-8abd-909153cec513 tempest-VolumesDeleteCascade-1013033439 tempest-VolumesDeleteCascade-1013033439-project] Volume info retrieved successfully.
Jul 13 14:43:14.990943 dv-cinder-788365-4-smb devstack@c-api.service[106336]: INFO cinder.api.v2.snapshots [None req-58119c29-8325-481a-8abd-909153cec513 tempest-VolumesDeleteCascade-1013033439 tempest-VolumesDeleteCascade-1013033439-project] Create snapshot from volume d5b74f25-eeae-427e-be6f-cc4f87e8e8c4
Jul 13 14:43:15.003584 dv-cinder-788365-4-smb devstack@c-api.service[106335]: /usr/local/lib/python3.8/dist-packages/oslo_context/context.py:105: DeprecationWarning: Policy enforcement is depending on the value of is_admin. This key is deprecated. Please update your policy file to use the standard policy values.
Jul 13 14:43:15.003584 dv-cinder-788365-4-smb devstack@c-api.service[106335]: warnings.warn('Policy enforcement is depending on the value of '
Jul 13 14:43:15.004820 dv-cinder-788365-4-smb devstack@c-api.service[106335]: INFO cinder.volume.api [None req-9816062e-71f7-49e8-b657-b3dcc2ff760f tempest-VolumesMetadataTest-2141204725 tempest-VolumesMetadataTest-2141204725-project] Volume info retrieved successfully.
Jul 13 14:43:15.014601 dv-cinder-788365-4-smb devstack@c-api.service[106335]: INFO cinder.volume.api [None req-9816062e-71f7-49e8-b657-b3dcc2ff760f tempest-VolumesMetadataTest-2141204725 tempest-VolumesMetadataTest-2141204725-project] Get volume metadata completed successfully.
Jul 13 14:43:15.015239 dv-cinder-788365-4-smb devstack@c-api.service[106335]: INFO cinder.api.openstack.wsgi [None req-9816062e-71f7-49e8-b657-b3dcc2ff760f tempest-VolumesMetadataTest-2141204725 tempest-VolumesMetadataTest-2141204725-project] http://10.222.0.54/volume/v3/cda9bb5f42e54fc0a618ffefb3e8dd27/volumes/cee9db0f-b884-4af2-abf1-42875c850b92/metadata returned with HTTP 200
Jul 13 14:43:15.020940 dv-cinder-788365-4-smb devstack@c-api.service[106335]: [pid: 106335|app: 0|req: 184/382] 10.222.0.54 () {58 vars in 1352 bytes} [Tue Jul 13 14:43:14 2021] GET /volume/v3/cda9bb5f42e54fc0a618ffefb3e8dd27/volumes/cee9db0f-b884-4af2-abf1-42875c850b92/metadata => generated 75 bytes in 40 msecs (HTTP/1.1 200) 7 headers in 284 bytes (1 switches on core 0)
Jul 13 14:43:15.021527 dv-cinder-788365-4-smb devstack@c-api.service[106335]: INFO cinder.api.openstack.wsgi [None req-a22ce120-ac4d-4ab8-b6c7-8c853761f176 tempest-GroupsV314Test-564725191 tempest-GroupsV314Test-564725191-project-admin] GET http://10.222.0.54/volume/v3/6b60731821984b8eaab32c1ae41da3e5/types/d1b1048b-63e3-46f2-a840-73bb0dff1564
Jul 13 14:43:15.022114 dv-cinder-788365-4-smb devstack@c-api.service[106335]: DEBUG cinder.api.openstack.wsgi [None req-a22ce120-ac4d-4ab8-b6c7-8c853761f176 tempest-GroupsV314Test-564725191 tempest-GroupsV314Test-564725191-project-admin] Empty body provided in request {{(pid=106335) get_body /opt/stack/cinder/cinder/api/openstack/wsgi.py:713}}
Jul 13 14:43:15.022300 dv-cinder-788365-4-smb devstack@c-api.service[106335]: /usr/local/lib/python3.8/dist-packages/webob/acceptparse.py:1047: DeprecationWarning: The behavior of AcceptValidHeader.best_match is currently being maintained for backward compatibility, but it will be deprecated in the future, as it does not conform to the RFC.
Jul 13 14:43:15.022300 dv-cinder-788365-4-smb devstack@c-api.service[106335]: warnings.warn(
Jul 13 14:43:15.022615 dv-cinder-788365-4-smb devstack@c-api.service[106335]: DEBUG cinder.api.openstack.wsgi [None req-a22ce120-ac4d-4ab8-b6c7-8c853761f176 tempest-GroupsV314Test-564725191 tempest-GroupsV314Test-564725191-project-admin] Calling method 'show' {{(pid=106335) _process_stack /opt/stack/cinder/cinder/api/openstack/wsgi.py:866}}
Jul 13 14:43:15.027290 dv-cinder-788365-4-smb devstack@c-api.service[106335]: INFO cinder.api.openstack.wsgi [None req-a22ce120-ac4d-4ab8-b6c7-8c853761f176 tempest-GroupsV314Test-564725191 tempest-GroupsV314Test-564725191-project-admin] http://10.222.0.54/volume/v3/6b60731821984b8eaab32c1ae41da3e5/types/d1b1048b-63e3-46f2-a840-73bb0dff1564 returned with HTTP 404
Jul 13 14:43:15.028411 dv-cinder-788365-4-smb devstack@c-api.service[106335]: [pid: 106335|app: 0|req: 185/383] 10.222.0.54 () {58 vars in 1319 bytes} [Tue Jul 13 14:43:15 2021] GET /volume/v3/6b60731821984b8eaab32c1ae41da3e5/types/d1b1048b-63e3-46f2-a840-73bb0dff1564 => generated 114 bytes in 11 msecs (HTTP/1.1 404) 7 headers in 292 bytes (1 switches on core 0)
Jul 13 14:43:15.036445 dv-cinder-788365-4-smb devstack@c-api.service[106335]: INFO cinder.api.openstack.wsgi [None req-40fe6d20-3f3c-4aa5-9180-96b90868258d tempest-VolumesMetadataTest-2141204725 tempest-VolumesMetadataTest-2141204725-project] PUT http://10.222.0.54/volume/v3/cda9bb5f42e54fc0a618ffefb3e8dd27/volumes/cee9db0f-b884-4af2-abf1-42875c850b92/metadata
Jul 13 14:43:15.037121 dv-cinder-788365-4-smb devstack@c-api.service[106335]: DEBUG cinder.api.openstack.wsgi [None req-40fe6d20-3f3c-4aa5-9180-96b90868258d tempest-VolumesMetadataTest-2141204725 tempest-VolumesMetadataTest-2141204725-project] Action: 'update_all', calling method: update_all, body: {"metadata": {}} {{(pid=106335) _process_stack /opt/stack/cinder/cinder/api/openstack/wsgi.py:864}}
Jul 13 14:43:15.038565 dv-cinder-788365-4-smb devstack@c-api.service[106336]: DEBUG cinder.quota [None req-58119c29-8325-481a-8abd-909153cec513 tempest-VolumesDeleteCascade-1013033439 tempest-VolumesDeleteCascade-1013033439-project] Created reservations ['7258209e-4a6b-4115-9d94-5721b441f218', 'c05cf4f5-1d37-4808-82dd-bcd018ed4d22', '82c3fbd5-6b70-49a2-a76a-13b26ee91680', '0c72174e-293f-4e5a-afaf-7d32c39f2b36'] {{(pid=106336) reserve /opt/stack/cinder/cinder/quota.py:755}}
Jul 13 14:43:15.055259 dv-cinder-788365-4-smb devstack@c-api.service[106335]: /usr/local/lib/python3.8/dist-packages/oslo_context/context.py:105: DeprecationWarning: Policy enforcement is depending on the value of is_admin. This key is deprecated. Please update your policy file to use the standard policy values.
Jul 13 14:43:15.055259 dv-cinder-788365-4-smb devstack@c-api.service[106335]: warnings.warn('Policy enforcement is depending on the value of '
Jul 13 14:43:15.056691 dv-cinder-788365-4-smb devstack@c-api.service[106335]: INFO cinder.volume.api [None req-40fe6d20-3f3c-4aa5-9180-96b90868258d tempest-VolumesMetadataTest-2141204725 tempest-VolumesMetadataTest-2141204725-project] Volume info retrieved successfully.
Jul 13 14:43:15.079571 dv-cinder-788365-4-smb devstack@c-api.service[106335]: INFO cinder.volume.api [None req-40fe6d20-3f3c-4aa5-9180-96b90868258d tempest-VolumesMetadataTest-2141204725 tempest-VolumesMetadataTest-2141204725-project] Update volume metadata completed successfully.
Jul 13 14:43:15.080256 dv-cinder-788365-4-smb devstack@c-api.service[106335]: INFO cinder.api.openstack.wsgi [None req-40fe6d20-3f3c-4aa5-9180-96b90868258d tempest-VolumesMetadataTest-2141204725 tempest-VolumesMetadataTest-2141204725-project] http://10.222.0.54/volume/v3/cda9bb5f42e54fc0a618ffefb3e8dd27/volumes/cee9db0f-b884-4af2-abf1-42875c850b92/metadata returned with HTTP 200
Jul 13 14:43:15.081805 dv-cinder-788365-4-smb devstack@c-api.service[106335]: [pid: 106335|app: 0|req: 186/384] 10.222.0.54 () {60 vars in 1372 bytes} [Tue Jul 13 14:43:15 2021] PUT /volume/v3/cda9bb5f42e54fc0a618ffefb3e8dd27/volumes/cee9db0f-b884-4af2-abf1-42875c850b92/metadata => generated 16 bytes in 52 msecs (HTTP/1.1 200) 7 headers in 284 bytes (1 switches on core 0)
Jul 13 14:43:15.089540 dv-cinder-788365-4-smb devstack@c-api.service[106335]: INFO cinder.api.openstack.wsgi [None req-e809e3aa-76b0-4d2d-acfa-ba481ec3d6e6 tempest-VolumesMetadataTest-2141204725 tempest-VolumesMetadataTest-2141204725-project] DELETE http://10.222.0.54/volume/v3/cda9bb5f42e54fc0a618ffefb3e8dd27/volumes/cee9db0f-b884-4af2-abf1-42875c850b92
Jul 13 14:43:15.090251 dv-cinder-788365-4-smb devstack@c-api.service[106335]: DEBUG cinder.api.openstack.wsgi [None req-e809e3aa-76b0-4d2d-acfa-ba481ec3d6e6 tempest-VolumesMetadataTest-2141204725 tempest-VolumesMetadataTest-2141204725-project] Empty body provided in request {{(pid=106335) get_body /opt/stack/cinder/cinder/api/openstack/wsgi.py:713}}
Jul 13 14:43:15.090502 dv-cinder-788365-4-smb devstack@c-api.service[106335]: /usr/local/lib/python3.8/dist-packages/webob/acceptparse.py:1047: DeprecationWarning: The behavior of AcceptValidHeader.best_match is currently being maintained for backward compatibility, but it will be deprecated in the future, as it does not conform to the RFC.
Jul 13 14:43:15.090502 dv-cinder-788365-4-smb devstack@c-api.service[106335]: warnings.warn(
Jul 13 14:43:15.090990 dv-cinder-788365-4-smb devstack@c-api.service[106335]: DEBUG cinder.api.openstack.wsgi [None req-e809e3aa-76b0-4d2d-acfa-ba481ec3d6e6 tempest-VolumesMetadataTest-2141204725 tempest-VolumesMetadataTest-2141204725-project] Calling method 'delete' {{(pid=106335) _process_stack /opt/stack/cinder/cinder/api/openstack/wsgi.py:866}}
Jul 13 14:43:15.091468 dv-cinder-788365-4-smb devstack@c-api.service[106335]: INFO cinder.api.v3.volumes [None req-e809e3aa-76b0-4d2d-acfa-ba481ec3d6e6 tempest-VolumesMetadataTest-2141204725 tempest-VolumesMetadataTest-2141204725-project] Delete volume with id: cee9db0f-b884-4af2-abf1-42875c850b92
Jul 13 14:43:15.107347 dv-cinder-788365-4-smb devstack@c-api.service[106335]: /usr/local/lib/python3.8/dist-packages/oslo_context/context.py:105: DeprecationWarning: Policy enforcement is depending on the value of is_admin. This key is deprecated. Please update your policy file to use the standard policy values.
Jul 13 14:43:15.107347 dv-cinder-788365-4-smb devstack@c-api.service[106335]: warnings.warn('Policy enforcement is depending on the value of '
Jul 13 14:43:15.108835 dv-cinder-788365-4-smb devstack@c-api.service[106335]: INFO cinder.volume.api [None req-e809e3aa-76b0-4d2d-acfa-ba481ec3d6e6 tempest-VolumesMetadataTest-2141204725 tempest-VolumesMetadataTest-2141204725-project] Volume info retrieved successfully.
Jul 13 14:43:15.155247 dv-cinder-788365-4-smb devstack@c-api.service[106336]: INFO cinder.volume.api [None req-58119c29-8325-481a-8abd-909153cec513 tempest-VolumesDeleteCascade-1013033439 tempest-VolumesDeleteCascade-1013033439-project] Snapshot create request issued successfully.
Jul 13 14:43:15.158227 dv-cinder-788365-4-smb devstack@c-api.service[106336]: INFO cinder.api.openstack.wsgi [None req-58119c29-8325-481a-8abd-909153cec513 tempest-VolumesDeleteCascade-1013033439 tempest-VolumesDeleteCascade-1013033439-project] http://10.222.0.54/volume/v3/00075e9475ca4fee95c0f5206995373a/snapshots returned with HTTP 202
Jul 13 14:43:15.159570 dv-cinder-788365-4-smb devstack@c-api.service[106336]: [pid: 106336|app: 0|req: 199/385] 10.222.0.54 () {60 vars in 1242 bytes} [Tue Jul 13 14:43:14 2021] POST /volume/v3/00075e9475ca4fee95c0f5206995373a/snapshots => generated 306 bytes in 192 msecs (HTTP/1.1 202) 7 headers in 291 bytes (1 switches on core 0)
Jul 13 14:43:15.174490 dv-cinder-788365-4-smb devstack@c-api.service[106335]: INFO cinder.volume.api [None req-e809e3aa-76b0-4d2d-acfa-ba481ec3d6e6 tempest-VolumesMetadataTest-2141204725 tempest-VolumesMetadataTest-2141204725-project] Delete volume request issued successfully.
Jul 13 14:43:15.174979 dv-cinder-788365-4-smb devstack@c-api.service[106335]: INFO cinder.api.openstack.wsgi [None req-e809e3aa-76b0-4d2d-acfa-ba481ec3d6e6 tempest-VolumesMetadataTest-2141204725 tempest-VolumesMetadataTest-2141204725-project] http://10.222.0.54/volume/v3/cda9bb5f42e54fc0a618ffefb3e8dd27/volumes/cee9db0f-b884-4af2-abf1-42875c850b92 returned with HTTP 202
Jul 13 14:43:15.176199 dv-cinder-788365-4-smb devstack@c-api.service[106335]: [pid: 106335|app: 0|req: 187/386] 10.222.0.54 () {58 vars in 1328 bytes} [Tue Jul 13 14:43:15 2021] DELETE /volume/v3/cda9bb5f42e54fc0a618ffefb3e8dd27/volumes/cee9db0f-b884-4af2-abf1-42875c850b92 => generated 0 bytes in 90 msecs (HTTP/1.1 202) 6 headers in 233 bytes (2 switches on core 0)
Jul 13 14:43:15.177297 dv-cinder-788365-4-smb devstack@c-api.service[106336]: INFO cinder.api.openstack.wsgi [None req-c9e97515-673f-475c-aa28-fc5abe0c368d tempest-VolumesDeleteCascade-1013033439 tempest-VolumesDeleteCascade-1013033439-project] GET http://10.222.0.54/volume/v3/00075e9475ca4fee95c0f5206995373a/snapshots/dc44789c-6902-4bcb-9b2a-abf35e66ae5c
Jul 13 14:43:15.179677 dv-cinder-788365-4-smb devstack@c-api.service[106336]: DEBUG cinder.api.openstack.wsgi [None req-c9e97515-673f-475c-aa28-fc5abe0c368d tempest-VolumesDeleteCascade-1013033439 tempest-VolumesDeleteCascade-1013033439-project] Empty body provided in request {{(pid=106336) get_body /opt/stack/cinder/cinder/api/openstack/wsgi.py:713}}
Jul 13 14:43:15.179850 dv-cinder-788365-4-smb devstack@c-api.service[106336]: /usr/local/lib/python3.8/dist-packages/webob/acceptparse.py:1047: DeprecationWarning: The behavior of AcceptValidHeader.best_match is currently being maintained for backward compatibility, but it will be deprecated in the future, as it does not conform to the RFC.
Jul 13 14:43:15.179850 dv-cinder-788365-4-smb devstack@c-api.service[106336]: warnings.warn(
Jul 13 14:43:15.180943 dv-cinder-788365-4-smb devstack@c-api.service[106336]: DEBUG cinder.api.openstack.wsgi [None req-c9e97515-673f-475c-aa28-fc5abe0c368d tempest-VolumesDeleteCascade-1013033439 tempest-VolumesDeleteCascade-1013033439-project] Calling method 'show' {{(pid=106336) _process_stack /opt/stack/cinder/cinder/api/openstack/wsgi.py:866}}
Jul 13 14:43:15.187818 dv-cinder-788365-4-smb devstack@c-api.service[106335]: INFO cinder.api.openstack.wsgi [None req-f98e94b0-0285-454d-abbb-e769d21fd440 tempest-VolumesMetadataTest-2141204725 tempest-VolumesMetadataTest-2141204725-project] GET http://10.222.0.54/volume/v3/cda9bb5f42e54fc0a618ffefb3e8dd27/volumes/cee9db0f-b884-4af2-abf1-42875c850b92
Jul 13 14:43:15.191009 dv-cinder-788365-4-smb devstack@c-api.service[106335]: DEBUG cinder.api.openstack.wsgi [None req-f98e94b0-0285-454d-abbb-e769d21fd440 tempest-VolumesMetadataTest-2141204725 tempest-VolumesMetadataTest-2141204725-project] Empty body provided in request {{(pid=106335) get_body /opt/stack/cinder/cinder/api/openstack/wsgi.py:713}}
Jul 13 14:43:15.192508 dv-cinder-788365-4-smb devstack@c-api.service[106335]: /usr/local/lib/python3.8/dist-packages/webob/acceptparse.py:1047: DeprecationWarning: The behavior of AcceptValidHeader.best_match is currently being maintained for backward compatibility, but it will be deprecated in the future, as it does not conform to the RFC.
Jul 13 14:43:15.192508 dv-cinder-788365-4-smb devstack@c-api.service[106335]: warnings.warn(
Jul 13 14:43:15.193885 dv-cinder-788365-4-smb devstack@c-api.service[106335]: DEBUG cinder.api.openstack.wsgi [None req-f98e94b0-0285-454d-abbb-e769d21fd440 tempest-VolumesMetadataTest-2141204725 tempest-VolumesMetadataTest-2141204725-project] Calling method 'show' {{(pid=106335) _process_stack /opt/stack/cinder/cinder/api/openstack/wsgi.py:866}}
Jul 13 14:43:15.206289 dv-cinder-788365-4-smb devstack@c-api.service[106336]: /usr/local/lib/python3.8/dist-packages/oslo_context/context.py:105: DeprecationWarning: Policy enforcement is depending on the value of is_admin. This key is deprecated. Please update your policy file to use the standard policy values.
Jul 13 14:43:15.206289 dv-cinder-788365-4-smb devstack@c-api.service[106336]: warnings.warn('Policy enforcement is depending on the value of '
Jul 13 14:43:15.209592 dv-cinder-788365-4-smb devstack@c-api.service[106336]: INFO cinder.volume.api [None req-c9e97515-673f-475c-aa28-fc5abe0c368d tempest-VolumesDeleteCascade-1013033439 tempest-VolumesDeleteCascade-1013033439-project] Snapshot retrieved successfully.
Jul 13 14:43:15.222062 dv-cinder-788365-4-smb devstack@c-api.service[106336]: INFO cinder.api.openstack.wsgi [None req-c9e97515-673f-475c-aa28-fc5abe0c368d tempest-VolumesDeleteCascade-1013033439 tempest-VolumesDeleteCascade-1013033439-project] http://10.222.0.54/volume/v3/00075e9475ca4fee95c0f5206995373a/snapshots/dc44789c-6902-4bcb-9b2a-abf35e66ae5c returned with HTTP 200
Jul 13 14:43:15.222062 dv-cinder-788365-4-smb devstack@c-api.service[106336]: [pid: 106336|app: 0|req: 200/387] 10.222.0.54 () {58 vars in 1331 bytes} [Tue Jul 13 14:43:15 2021] GET /volume/v3/00075e9475ca4fee95c0f5206995373a/snapshots/dc44789c-6902-4bcb-9b2a-abf35e66ae5c => generated 438 bytes in 52 msecs (HTTP/1.1 200) 7 headers in 285 bytes (1 switches on core 0)
Jul 13 14:43:15.236189 dv-cinder-788365-4-smb devstack@c-api.service[106335]: /usr/local/lib/python3.8/dist-packages/oslo_context/context.py:105: DeprecationWarning: Policy enforcement is depending on the value of is_admin. This key is deprecated. Please update your policy file to use the standard policy values.
Jul 13 14:43:15.236189 dv-cinder-788365-4-smb devstack@c-api.service[106335]: warnings.warn('Policy enforcement is depending on the value of '
Jul 13 14:43:15.263588 dv-cinder-788365-4-smb devstack@c-api.service[106335]: INFO cinder.volume.api [None req-f98e94b0-0285-454d-abbb-e769d21fd440 tempest-VolumesMetadataTest-2141204725 tempest-VolumesMetadataTest-2141204725-project] Volume info retrieved successfully.
Jul 13 14:43:15.318466 dv-cinder-788365-4-smb devstack@c-api.service[106335]: INFO cinder.api.openstack.wsgi [None req-f98e94b0-0285-454d-abbb-e769d21fd440 tempest-VolumesMetadataTest-2141204725 tempest-VolumesMetadataTest-2141204725-project] http://10.222.0.54/volume/v3/cda9bb5f42e54fc0a618ffefb3e8dd27/volumes/cee9db0f-b884-4af2-abf1-42875c850b92 returned with HTTP 200
Jul 13 14:43:15.327696 dv-cinder-788365-4-smb devstack@c-api.service[106336]: INFO cinder.api.openstack.wsgi [None req-2c560f0f-3f11-4ad8-a44c-fd92dcdb757c tempest-VolumesListAdminTestJSON-158890708 tempest-VolumesListAdminTestJSON-158890708-project] GET http://10.222.0.54/volume/v3/1bce35ce32a348e49f8230d5f840a607/volumes/c5f37184-ef04-4ba6-bb35-a2c51f160529
Jul 13 14:43:15.327696 dv-cinder-788365-4-smb devstack@c-api.service[106336]: DEBUG cinder.api.openstack.wsgi [None req-2c560f0f-3f11-4ad8-a44c-fd92dcdb757c tempest-VolumesListAdminTestJSON-158890708 tempest-VolumesListAdminTestJSON-158890708-project] Empty body provided in request {{(pid=106336) get_body /opt/stack/cinder/cinder/api/openstack/wsgi.py:713}}
Jul 13 14:43:15.327696 dv-cinder-788365-4-smb devstack@c-api.service[106336]: /usr/local/lib/python3.8/dist-packages/webob/acceptparse.py:1047: DeprecationWarning: The behavior of AcceptValidHeader.best_match is currently being maintained for backward compatibility, but it will be deprecated in the future, as it does not conform to the RFC.
Jul 13 14:43:15.327696 dv-cinder-788365-4-smb devstack@c-api.service[106336]: warnings.warn(
Jul 13 14:43:15.327696 dv-cinder-788365-4-smb devstack@c-api.service[106336]: DEBUG cinder.api.openstack.wsgi [None req-2c560f0f-3f11-4ad8-a44c-fd92dcdb757c tempest-VolumesListAdminTestJSON-158890708 tempest-VolumesListAdminTestJSON-158890708-project] Calling method 'show' {{(pid=106336) _process_stack /opt/stack/cinder/cinder/api/openstack/wsgi.py:866}}
Jul 13 14:43:15.329919 dv-cinder-788365-4-smb devstack@c-api.service[106335]: [pid: 106335|app: 0|req: 188/388] 10.222.0.54 () {58 vars in 1325 bytes} [Tue Jul 13 14:43:15 2021] GET /volume/v3/cda9bb5f42e54fc0a618ffefb3e8dd27/volumes/cee9db0f-b884-4af2-abf1-42875c850b92 => generated 910 bytes in 150 msecs (HTTP/1.1 200) 7 headers in 285 bytes (1 switches on core 0)
Jul 13 14:43:15.358939 dv-cinder-788365-4-smb devstack@c-api.service[106336]: INFO cinder.api.openstack.wsgi [None req-2c560f0f-3f11-4ad8-a44c-fd92dcdb757c tempest-VolumesListAdminTestJSON-158890708 tempest-VolumesListAdminTestJSON-158890708-project] http://10.222.0.54/volume/v3/1bce35ce32a348e49f8230d5f840a607/volumes/c5f37184-ef04-4ba6-bb35-a2c51f160529 returned with HTTP 404
Jul 13 14:43:15.364339 dv-cinder-788365-4-smb devstack@c-api.service[106336]: [pid: 106336|app: 0|req: 201/389] 10.222.0.54 () {58 vars in 1325 bytes} [Tue Jul 13 14:43:15 2021] GET /volume/v3/1bce35ce32a348e49f8230d5f840a607/volumes/c5f37184-ef04-4ba6-bb35-a2c51f160529 => generated 109 bytes in 48 msecs (HTTP/1.1 404) 7 headers in 292 bytes (1 switches on core 0)
Jul 13 14:43:16.230231 dv-cinder-788365-4-smb devstack@c-api.service[106335]: INFO cinder.api.openstack.wsgi [None req-07e4e26e-c1cc-4cff-9851-e404b985df1c tempest-VolumesDeleteCascade-1013033439 tempest-VolumesDeleteCascade-1013033439-project] GET http://10.222.0.54/volume/v3/00075e9475ca4fee95c0f5206995373a/snapshots/dc44789c-6902-4bcb-9b2a-abf35e66ae5c
Jul 13 14:43:16.231705 dv-cinder-788365-4-smb devstack@c-api.service[106335]: DEBUG cinder.api.openstack.wsgi [None req-07e4e26e-c1cc-4cff-9851-e404b985df1c tempest-VolumesDeleteCascade-1013033439 tempest-VolumesDeleteCascade-1013033439-project] Empty body provided in request {{(pid=106335) get_body /opt/stack/cinder/cinder/api/openstack/wsgi.py:713}}
Jul 13 14:43:16.232043 dv-cinder-788365-4-smb devstack@c-api.service[106335]: /usr/local/lib/python3.8/dist-packages/webob/acceptparse.py:1047: DeprecationWarning: The behavior of AcceptValidHeader.best_match is currently being maintained for backward compatibility, but it will be deprecated in the future, as it does not conform to the RFC.
Jul 13 14:43:16.232043 dv-cinder-788365-4-smb devstack@c-api.service[106335]: warnings.warn(
Jul 13 14:43:16.232638 dv-cinder-788365-4-smb devstack@c-api.service[106335]: DEBUG cinder.api.openstack.wsgi [None req-07e4e26e-c1cc-4cff-9851-e404b985df1c tempest-VolumesDeleteCascade-1013033439 tempest-VolumesDeleteCascade-1013033439-project] Calling method 'show' {{(pid=106335) _process_stack /opt/stack/cinder/cinder/api/openstack/wsgi.py:866}}
Jul 13 14:43:16.244914 dv-cinder-788365-4-smb devstack@c-api.service[106335]: /usr/local/lib/python3.8/dist-packages/oslo_context/context.py:105: DeprecationWarning: Policy enforcement is depending on the value of is_admin. This key is deprecated. Please update your policy file to use the standard policy values.
Jul 13 14:43:16.244914 dv-cinder-788365-4-smb devstack@c-api.service[106335]: warnings.warn('Policy enforcement is depending on the value of '
Jul 13 14:43:16.246218 dv-cinder-788365-4-smb devstack@c-api.service[106335]: INFO cinder.volume.api [None req-07e4e26e-c1cc-4cff-9851-e404b985df1c tempest-VolumesDeleteCascade-1013033439 tempest-VolumesDeleteCascade-1013033439-project] Snapshot retrieved successfully.
Jul 13 14:43:16.248344 dv-cinder-788365-4-smb devstack@c-api.service[106335]: INFO cinder.api.openstack.wsgi [None req-07e4e26e-c1cc-4cff-9851-e404b985df1c tempest-VolumesDeleteCascade-1013033439 tempest-VolumesDeleteCascade-1013033439-project] http://10.222.0.54/volume/v3/00075e9475ca4fee95c0f5206995373a/snapshots/dc44789c-6902-4bcb-9b2a-abf35e66ae5c returned with HTTP 200
Jul 13 14:43:16.250946 dv-cinder-788365-4-smb devstack@c-api.service[106335]: [pid: 106335|app: 0|req: 189/390] 10.222.0.54 () {58 vars in 1331 bytes} [Tue Jul 13 14:43:16 2021] GET /volume/v3/00075e9475ca4fee95c0f5206995373a/snapshots/dc44789c-6902-4bcb-9b2a-abf35e66ae5c => generated 531 bytes in 26 msecs (HTTP/1.1 200) 7 headers in 285 bytes (1 switches on core 0)
Jul 13 14:43:16.260950 dv-cinder-788365-4-smb devstack@c-api.service[106336]: INFO cinder.api.openstack.wsgi [None req-db17f1bf-4eda-46be-9991-38131dfa7393 tempest-VolumesDeleteCascade-1013033439 tempest-VolumesDeleteCascade-1013033439-project] POST http://10.222.0.54/volume/v3/00075e9475ca4fee95c0f5206995373a/volumes
Jul 13 14:43:16.261547 dv-cinder-788365-4-smb devstack@c-api.service[106336]: DEBUG cinder.api.openstack.wsgi [None req-db17f1bf-4eda-46be-9991-38131dfa7393 tempest-VolumesDeleteCascade-1013033439 tempest-VolumesDeleteCascade-1013033439-project] Action: 'create', calling method: create, body: {"volume": {"snapshot_id": "dc44789c-6902-4bcb-9b2a-abf35e66ae5c", "size": 1, "name": "tempest-VolumesDeleteCascade-Volume-1175658643"}} {{(pid=106336) _process_stack /opt/stack/cinder/cinder/api/openstack/wsgi.py:864}}
Jul 13 14:43:16.262803 dv-cinder-788365-4-smb devstack@c-api.service[106336]: DEBUG cinder.api.v3.volumes [None req-db17f1bf-4eda-46be-9991-38131dfa7393 tempest-VolumesDeleteCascade-1013033439 tempest-VolumesDeleteCascade-1013033439-project] Create volume request body: {'volume': {'snapshot_id': 'dc44789c-6902-4bcb-9b2a-abf35e66ae5c', 'size': 1, 'name': 'tempest-VolumesDeleteCascade-Volume-1175658643'}} {{(pid=106336) create /opt/stack/cinder/cinder/api/v3/volumes.py:289}}
Jul 13 14:43:16.273501 dv-cinder-788365-4-smb devstack@c-api.service[106336]: /usr/local/lib/python3.8/dist-packages/oslo_context/context.py:105: DeprecationWarning: Policy enforcement is depending on the value of is_admin. This key is deprecated. Please update your policy file to use the standard policy values.
Jul 13 14:43:16.273501 dv-cinder-788365-4-smb devstack@c-api.service[106336]: warnings.warn('Policy enforcement is depending on the value of '
Jul 13 14:43:16.274775 dv-cinder-788365-4-smb devstack@c-api.service[106336]: INFO cinder.volume.api [None req-db17f1bf-4eda-46be-9991-38131dfa7393 tempest-VolumesDeleteCascade-1013033439 tempest-VolumesDeleteCascade-1013033439-project] Snapshot retrieved successfully.
Jul 13 14:43:16.275232 dv-cinder-788365-4-smb devstack@c-api.service[106336]: INFO cinder.api.v3.volumes [None req-db17f1bf-4eda-46be-9991-38131dfa7393 tempest-VolumesDeleteCascade-1013033439 tempest-VolumesDeleteCascade-1013033439-project] Create volume of 1 GB
Jul 13 14:43:16.281427 dv-cinder-788365-4-smb devstack@c-api.service[106336]: INFO cinder.volume.api [None req-db17f1bf-4eda-46be-9991-38131dfa7393 tempest-VolumesDeleteCascade-1013033439 tempest-VolumesDeleteCascade-1013033439-project] Availability Zones retrieved successfully.
Jul 13 14:43:16.296688 dv-cinder-788365-4-smb devstack@c-api.service[106336]: DEBUG cinder.volume.api [None req-db17f1bf-4eda-46be-9991-38131dfa7393 tempest-VolumesDeleteCascade-1013033439 tempest-VolumesDeleteCascade-1013033439-project] Flow 'volume_create_api' (c9ea89de-eb61-4842-8c2e-3a70e6ceea5c) transitioned into state 'RUNNING' from state 'PENDING' {{(pid=106336) _flow_receiver /usr/local/lib/python3.8/dist-packages/taskflow/listeners/logging.py:141}}
Jul 13 14:43:16.299846 dv-cinder-788365-4-smb devstack@c-api.service[106336]: DEBUG cinder.volume.api [None req-db17f1bf-4eda-46be-9991-38131dfa7393 tempest-VolumesDeleteCascade-1013033439 tempest-VolumesDeleteCascade-1013033439-project] Task 'cinder.volume.flows.api.create_volume.ExtractVolumeRequestTask;volume:create' (539bbb48-137b-4b42-a569-9eb3b57ebfe8) transitioned into state 'RUNNING' from state 'PENDING' {{(pid=106336) _task_receiver /usr/local/lib/python3.8/dist-packages/taskflow/listeners/logging.py:190}}
Jul 13 14:43:16.303534 dv-cinder-788365-4-smb devstack@c-api.service[106336]: DEBUG cinder.volume.flows.api.create_volume [None req-db17f1bf-4eda-46be-9991-38131dfa7393 tempest-VolumesDeleteCascade-1013033439 tempest-VolumesDeleteCascade-1013033439-project] Validating volume size '1' using validate_int, validate_snap_size {{(pid=106336) _extract_size /opt/stack/cinder/cinder/volume/flows/api/create_volume.py:225}}
Jul 13 14:43:16.334705 dv-cinder-788365-4-smb devstack@c-api.service[106335]: INFO cinder.api.openstack.wsgi [None req-b530c071-07c6-40e9-8c6a-b948596963c1 tempest-VolumesMetadataTest-2141204725 tempest-VolumesMetadataTest-2141204725-project] GET http://10.222.0.54/volume/v3/cda9bb5f42e54fc0a618ffefb3e8dd27/volumes/cee9db0f-b884-4af2-abf1-42875c850b92
Jul 13 14:43:16.335162 dv-cinder-788365-4-smb devstack@c-api.service[106335]: DEBUG cinder.api.openstack.wsgi [None req-b530c071-07c6-40e9-8c6a-b948596963c1 tempest-VolumesMetadataTest-2141204725 tempest-VolumesMetadataTest-2141204725-project] Empty body provided in request {{(pid=106335) get_body /opt/stack/cinder/cinder/api/openstack/wsgi.py:713}}
Jul 13 14:43:16.335331 dv-cinder-788365-4-smb devstack@c-api.service[106335]: /usr/local/lib/python3.8/dist-packages/webob/acceptparse.py:1047: DeprecationWarning: The behavior of AcceptValidHeader.best_match is currently being maintained for backward compatibility, but it will be deprecated in the future, as it does not conform to the RFC.
Jul 13 14:43:16.335331 dv-cinder-788365-4-smb devstack@c-api.service[106335]: warnings.warn(
Jul 13 14:43:16.335650 dv-cinder-788365-4-smb devstack@c-api.service[106335]: DEBUG cinder.api.openstack.wsgi [None req-b530c071-07c6-40e9-8c6a-b948596963c1 tempest-VolumesMetadataTest-2141204725 tempest-VolumesMetadataTest-2141204725-project] Calling method 'show' {{(pid=106335) _process_stack /opt/stack/cinder/cinder/api/openstack/wsgi.py:866}}
Jul 13 14:43:16.351706 dv-cinder-788365-4-smb devstack@c-api.service[106336]: DEBUG cinder.volume.api [None req-db17f1bf-4eda-46be-9991-38131dfa7393 tempest-VolumesDeleteCascade-1013033439 tempest-VolumesDeleteCascade-1013033439-project] Task 'cinder.volume.flows.api.create_volume.ExtractVolumeRequestTask;volume:create' (539bbb48-137b-4b42-a569-9eb3b57ebfe8) transitioned into state 'SUCCESS' from state 'RUNNING' with result '{'size': 1, 'snapshot_id': 'dc44789c-6902-4bcb-9b2a-abf35e66ae5c', 'source_volid': None, 'volume_type': VolumeType(created_at=2021-07-13T14:33:14Z,deleted=False,deleted_at=None,description='Default Volume Type',extra_specs={},id=70fa45d2-5b57-47b9-ae71-0763a9383a14,is_public=True,name='__DEFAULT__',projects=[],qos_specs=,qos_specs_id=None,updated_at=2021-07-13T14:33:14Z), 'volume_type_id': '70fa45d2-5b57-47b9-ae71-0763a9383a14', 'encryption_key_id': None, 'qos_specs': None, 'consistencygroup_id': None, 'cgsnapshot_id': None, 'group_id': None, 'replication_status': 'disabled', 'refresh_az': False, 'backup_id': None, 'multiattach': False, 'availability_zones': ['nova']}' {{(pid=106336) _task_receiver /usr/local/lib/python3.8/dist-packages/taskflow/listeners/logging.py:178}}
Jul 13 14:43:16.353692 dv-cinder-788365-4-smb devstack@c-api.service[106335]: INFO cinder.api.openstack.wsgi [None req-b530c071-07c6-40e9-8c6a-b948596963c1 tempest-VolumesMetadataTest-2141204725 tempest-VolumesMetadataTest-2141204725-project] http://10.222.0.54/volume/v3/cda9bb5f42e54fc0a618ffefb3e8dd27/volumes/cee9db0f-b884-4af2-abf1-42875c850b92 returned with HTTP 404
Jul 13 14:43:16.355884 dv-cinder-788365-4-smb devstack@c-api.service[106336]: DEBUG cinder.volume.api [None req-db17f1bf-4eda-46be-9991-38131dfa7393 tempest-VolumesDeleteCascade-1013033439 tempest-VolumesDeleteCascade-1013033439-project] Task 'cinder.volume.flows.api.create_volume.QuotaReserveTask;volume:create' (bd43bca6-6f91-4d3d-8e71-f3b99bda5157) transitioned into state 'RUNNING' from state 'PENDING' {{(pid=106336) _task_receiver /usr/local/lib/python3.8/dist-packages/taskflow/listeners/logging.py:190}}
Jul 13 14:43:16.357799 dv-cinder-788365-4-smb devstack@c-api.service[106335]: [pid: 106335|app: 0|req: 190/391] 10.222.0.54 () {58 vars in 1325 bytes} [Tue Jul 13 14:43:16 2021] GET /volume/v3/cda9bb5f42e54fc0a618ffefb3e8dd27/volumes/cee9db0f-b884-4af2-abf1-42875c850b92 => generated 109 bytes in 26 msecs (HTTP/1.1 404) 7 headers in 292 bytes (2 switches on core 0)
Jul 13 14:43:16.419820 dv-cinder-788365-4-smb devstack@c-api.service[106336]: DEBUG cinder.quota [None req-db17f1bf-4eda-46be-9991-38131dfa7393 tempest-VolumesDeleteCascade-1013033439 tempest-VolumesDeleteCascade-1013033439-project] Created reservations ['5a2ca20e-f53f-4a74-971f-c7e2ce6f9b73', '666eb898-9d7e-4172-bf4f-55fcd57ec1cb', '8d25338c-b4a9-49df-a9ff-f6cb0b3ec824', '2b288700-2807-4324-9e9b-1a14837ccee0'] {{(pid=106336) reserve /opt/stack/cinder/cinder/quota.py:755}}
Jul 13 14:43:16.423113 dv-cinder-788365-4-smb devstack@c-api.service[106336]: DEBUG cinder.volume.api [None req-db17f1bf-4eda-46be-9991-38131dfa7393 tempest-VolumesDeleteCascade-1013033439 tempest-VolumesDeleteCascade-1013033439-project] Task 'cinder.volume.flows.api.create_volume.QuotaReserveTask;volume:create' (bd43bca6-6f91-4d3d-8e71-f3b99bda5157) transitioned into state 'SUCCESS' from state 'RUNNING' with result '{'reservations': ['5a2ca20e-f53f-4a74-971f-c7e2ce6f9b73', '666eb898-9d7e-4172-bf4f-55fcd57ec1cb', '8d25338c-b4a9-49df-a9ff-f6cb0b3ec824', '2b288700-2807-4324-9e9b-1a14837ccee0']}' {{(pid=106336) _task_receiver /usr/local/lib/python3.8/dist-packages/taskflow/listeners/logging.py:178}}
Jul 13 14:43:16.425815 dv-cinder-788365-4-smb devstack@c-api.service[106336]: DEBUG cinder.volume.api [None req-db17f1bf-4eda-46be-9991-38131dfa7393 tempest-VolumesDeleteCascade-1013033439 tempest-VolumesDeleteCascade-1013033439-project] Task 'cinder.volume.flows.api.create_volume.EntryCreateTask;volume:create' (2fbed991-1829-4e3b-a971-96db31821e87) transitioned into state 'RUNNING' from state 'PENDING' {{(pid=106336) _task_receiver /usr/local/lib/python3.8/dist-packages/taskflow/listeners/logging.py:190}}
Jul 13 14:43:16.493791 dv-cinder-788365-4-smb devstack@c-api.service[106336]: DEBUG cinder.volume.api [None req-db17f1bf-4eda-46be-9991-38131dfa7393 tempest-VolumesDeleteCascade-1013033439 tempest-VolumesDeleteCascade-1013033439-project] Task 'cinder.volume.flows.api.create_volume.EntryCreateTask;volume:create' (2fbed991-1829-4e3b-a971-96db31821e87) transitioned into state 'SUCCESS' from state 'RUNNING' with result '{'volume_id': 'c92b36c7-d59e-4f6e-8c46-4f8eb8a48cc8', 'volume_properties': VolumeProperties(attach_status='detached',availability_zone='nova',cgsnapshot_id=None,consistencygroup_id=None,display_description=None,display_name='tempest-VolumesDeleteCascade-Volume-1175658643',encryption_key_id=None,group_id=None,group_type_id=,metadata={},multiattach=False,project_id='00075e9475ca4fee95c0f5206995373a',qos_specs=None,replication_status=,reservations=['5a2ca20e-f53f-4a74-971f-c7e2ce6f9b73','666eb898-9d7e-4172-bf4f-55fcd57ec1cb','8d25338c-b4a9-49df-a9ff-f6cb0b3ec824','2b288700-2807-4324-9e9b-1a14837ccee0'],size=1,snapshot_id=dc44789c-6902-4bcb-9b2a-abf35e66ae5c,source_replicaid=,source_volid=None,status='creating',user_id='ea06f18935f942feade5e249755e357d',volume_type_id=70fa45d2-5b57-47b9-ae71-0763a9383a14), 'volume': Volume(_name_id=None,admin_metadata=,attach_status='detached',availability_zone='nova',bootable=False,cluster=,cluster_name=None,consistencygroup=,consistencygroup_id=None,created_at=2021-07-13T14:43:16Z,deleted=False,deleted_at=None,display_description=None,display_name='tempest-VolumesDeleteCascade-Volume-1175658643',ec2_id=None,encryption_key_id=None,glance_metadata=,group=,group_id=None,host=None,id=c92b36c7-d59e-4f6e-8c46-4f8eb8a48cc8,launched_at=None,metadata={},migration_status=None,multiattach=False,previous_status=None,project_id='00075e9475ca4fee95c0f5206995373a',provider_auth=None,provider_geometry=None,provider_id=None,provider_location=None,replication_driver_data=None,replication_extended_status=None,replication_status=None,scheduled_at=None,service_uuid=None,shared_targets=True,size=1,snapshot_id=dc44789c-6902-4bcb-9b2a-abf35e66ae5c,snapshots=,source_volid=None,status='creating',terminated_at=None,updated_at=None,user_id='ea06f18935f942feade5e249755e357d',volume_attachment=,volume_type=VolumeType(70fa45d2-5b57-47b9-ae71-0763a9383a14),volume_type_id=70fa45d2-5b57-47b9-ae71-0763a9383a14)}' {{(pid=106336) _task_receiver /usr/local/lib/python3.8/dist-packages/taskflow/listeners/logging.py:178}}
Jul 13 14:43:16.498036 dv-cinder-788365-4-smb devstack@c-api.service[106336]: DEBUG cinder.volume.api [None req-db17f1bf-4eda-46be-9991-38131dfa7393 tempest-VolumesDeleteCascade-1013033439 tempest-VolumesDeleteCascade-1013033439-project] Task 'cinder.volume.flows.api.create_volume.QuotaCommitTask;volume:create' (f795c201-288c-40fb-9b77-0e2d658982eb) transitioned into state 'RUNNING' from state 'PENDING' {{(pid=106336) _task_receiver /usr/local/lib/python3.8/dist-packages/taskflow/listeners/logging.py:190}}
