Aug 18 14:43:25.219298 dv-cinder-788365-10-smb devstack@c-api.service[107170]: /usr/local/lib/python3.8/dist-packages/webob/acceptparse.py:1047: DeprecationWarning: The behavior of AcceptValidHeader.best_match is currently being maintained for backward compatibility, but it will be deprecated in the future, as it does not conform to the RFC.
Aug 18 14:43:25.219298 dv-cinder-788365-10-smb devstack@c-api.service[107170]: warnings.warn(
Aug 18 14:43:25.219640 dv-cinder-788365-10-smb devstack@c-api.service[107170]: DEBUG cinder.api.openstack.wsgi [None req-8ca0be3d-3a12-4618-98f3-29e756eb88cb tempest-VolumeQuotasAdminTestJSON-1982587577 tempest-VolumeQuotasAdminTestJSON-1982587577-project] Calling method 'delete' {{(pid=107170) _process_stack /opt/stack/cinder/cinder/api/openstack/wsgi.py:856}}
Aug 18 14:43:25.220042 dv-cinder-788365-10-smb devstack@c-api.service[107170]: INFO cinder.api.v3.volumes [None req-8ca0be3d-3a12-4618-98f3-29e756eb88cb tempest-VolumeQuotasAdminTestJSON-1982587577 tempest-VolumeQuotasAdminTestJSON-1982587577-project] Delete volume with id: ff9f6887-5faa-4799-9321-63b36599189d
Aug 18 14:43:25.241609 dv-cinder-788365-10-smb devstack@c-api.service[107170]: /usr/local/lib/python3.8/dist-packages/oslo_context/context.py:105: DeprecationWarning: Policy enforcement is depending on the value of is_admin. This key is deprecated. Please update your policy file to use the standard policy values.
Aug 18 14:43:25.241609 dv-cinder-788365-10-smb devstack@c-api.service[107170]: warnings.warn('Policy enforcement is depending on the value of '
Aug 18 14:43:25.242639 dv-cinder-788365-10-smb devstack@c-api.service[107170]: INFO cinder.volume.api [None req-8ca0be3d-3a12-4618-98f3-29e756eb88cb tempest-VolumeQuotasAdminTestJSON-1982587577 tempest-VolumeQuotasAdminTestJSON-1982587577-project] Volume info retrieved successfully.
Aug 18 14:43:25.293746 dv-cinder-788365-10-smb devstack@c-api.service[107170]: INFO cinder.volume.api [None req-8ca0be3d-3a12-4618-98f3-29e756eb88cb tempest-VolumeQuotasAdminTestJSON-1982587577 tempest-VolumeQuotasAdminTestJSON-1982587577-project] Delete volume request issued successfully.
Aug 18 14:43:25.294827 dv-cinder-788365-10-smb devstack@c-api.service[107170]: INFO cinder.api.openstack.wsgi [None req-8ca0be3d-3a12-4618-98f3-29e756eb88cb tempest-VolumeQuotasAdminTestJSON-1982587577 tempest-VolumeQuotasAdminTestJSON-1982587577-project] http://10.222.0.26/volume/v3/ae71a23c079a43e5af903f38dfb62f76/volumes/ff9f6887-5faa-4799-9321-63b36599189d returned with HTTP 202
Aug 18 14:43:25.296275 dv-cinder-788365-10-smb devstack@c-api.service[107170]: [pid: 107170|app: 0|req: 143/260] 10.222.0.26 () {58 vars in 1328 bytes} [Wed Aug 18 14:43:25 2021] DELETE /volume/v3/ae71a23c079a43e5af903f38dfb62f76/volumes/ff9f6887-5faa-4799-9321-63b36599189d => generated 0 bytes in 84 msecs (HTTP/1.1 202) 6 headers in 233 bytes (1 switches on core 0)
Aug 18 14:43:25.323473 dv-cinder-788365-10-smb devstack@c-api.service[107170]: INFO cinder.api.openstack.wsgi [None req-bcf2555b-4238-455d-88c9-f6e1b1d5c8d8 tempest-AttachVolumeNegativeTest-1675964703 tempest-AttachVolumeNegativeTest-1675964703-project] GET http://10.222.0.26/volume/v3/ab150c76237b48c0b58b9cdd39c7a816/volumes/73cbcb37-3cba-493d-816b-5209080e5ecd
Aug 18 14:43:25.324333 dv-cinder-788365-10-smb devstack@c-api.service[107170]: DEBUG cinder.api.openstack.wsgi [None req-bcf2555b-4238-455d-88c9-f6e1b1d5c8d8 tempest-AttachVolumeNegativeTest-1675964703 tempest-AttachVolumeNegativeTest-1675964703-project] Empty body provided in request {{(pid=107170) get_body /opt/stack/cinder/cinder/api/openstack/wsgi.py:703}}
Aug 18 14:43:25.324713 dv-cinder-788365-10-smb devstack@c-api.service[107170]: /usr/local/lib/python3.8/dist-packages/webob/acceptparse.py:1047: DeprecationWarning: The behavior of AcceptValidHeader.best_match is currently being maintained for backward compatibility, but it will be deprecated in the future, as it does not conform to the RFC.
Aug 18 14:43:25.324713 dv-cinder-788365-10-smb devstack@c-api.service[107170]: warnings.warn(
Aug 18 14:43:25.325606 dv-cinder-788365-10-smb devstack@c-api.service[107170]: DEBUG cinder.api.openstack.wsgi [None req-bcf2555b-4238-455d-88c9-f6e1b1d5c8d8 tempest-AttachVolumeNegativeTest-1675964703 tempest-AttachVolumeNegativeTest-1675964703-project] Calling method 'show' {{(pid=107170) _process_stack /opt/stack/cinder/cinder/api/openstack/wsgi.py:856}}
Aug 18 14:43:25.341099 dv-cinder-788365-10-smb devstack@c-api.service[107170]: /usr/local/lib/python3.8/dist-packages/oslo_context/context.py:105: DeprecationWarning: Policy enforcement is depending on the value of is_admin. This key is deprecated. Please update your policy file to use the standard policy values.
Aug 18 14:43:25.341099 dv-cinder-788365-10-smb devstack@c-api.service[107170]: warnings.warn('Policy enforcement is depending on the value of '
Aug 18 14:43:25.349848 dv-cinder-788365-10-smb devstack@c-api.service[107170]: INFO cinder.volume.api [None req-bcf2555b-4238-455d-88c9-f6e1b1d5c8d8 tempest-AttachVolumeNegativeTest-1675964703 tempest-AttachVolumeNegativeTest-1675964703-project] Volume info retrieved successfully.
Aug 18 14:43:25.362341 dv-cinder-788365-10-smb devstack@c-api.service[107170]: /usr/local/lib/python3.8/dist-packages/oslo_context/context.py:105: DeprecationWarning: Policy enforcement is depending on the value of is_admin. This key is deprecated. Please update your policy file to use the standard policy values.
Aug 18 14:43:25.362341 dv-cinder-788365-10-smb devstack@c-api.service[107170]: warnings.warn('Policy enforcement is depending on the value of '
Aug 18 14:43:25.370820 dv-cinder-788365-10-smb devstack@c-api.service[107170]: INFO cinder.api.openstack.wsgi [None req-bcf2555b-4238-455d-88c9-f6e1b1d5c8d8 tempest-AttachVolumeNegativeTest-1675964703 tempest-AttachVolumeNegativeTest-1675964703-project] http://10.222.0.26/volume/v3/ab150c76237b48c0b58b9cdd39c7a816/volumes/73cbcb37-3cba-493d-816b-5209080e5ecd returned with HTTP 200
Aug 18 14:43:25.371861 dv-cinder-788365-10-smb devstack@c-api.service[107170]: [pid: 107170|app: 0|req: 144/261] 10.222.0.26 () {58 vars in 1325 bytes} [Wed Aug 18 14:43:25 2021] GET /volume/v3/ab150c76237b48c0b58b9cdd39c7a816/volumes/73cbcb37-3cba-493d-816b-5209080e5ecd => generated 1208 bytes in 57 msecs (HTTP/1.1 200) 7 headers in 286 bytes (1 switches on core 0)
Aug 18 14:43:25.376090 dv-cinder-788365-10-smb devstack@c-api.service[107170]: INFO cinder.api.openstack.wsgi [None req-4ad6e23d-c8e3-4750-9685-8302093d89f1 tempest-VolumeQuotasAdminTestJSON-1982587577 tempest-VolumeQuotasAdminTestJSON-1982587577-project] GET http://10.222.0.26/volume/v3/ae71a23c079a43e5af903f38dfb62f76/volumes/ff9f6887-5faa-4799-9321-63b36599189d
Aug 18 14:43:25.376637 dv-cinder-788365-10-smb devstack@c-api.service[107170]: DEBUG cinder.api.openstack.wsgi [None req-4ad6e23d-c8e3-4750-9685-8302093d89f1 tempest-VolumeQuotasAdminTestJSON-1982587577 tempest-VolumeQuotasAdminTestJSON-1982587577-project] Empty body provided in request {{(pid=107170) get_body /opt/stack/cinder/cinder/api/openstack/wsgi.py:703}}
Aug 18 14:43:25.377080 dv-cinder-788365-10-smb devstack@c-api.service[107170]: /usr/local/lib/python3.8/dist-packages/webob/acceptparse.py:1047: DeprecationWarning: The behavior of AcceptValidHeader.best_match is currently being maintained for backward compatibility, but it will be deprecated in the future, as it does not conform to the RFC.
Aug 18 14:43:25.377080 dv-cinder-788365-10-smb devstack@c-api.service[107170]: warnings.warn(
Aug 18 14:43:25.377483 dv-cinder-788365-10-smb devstack@c-api.service[107170]: DEBUG cinder.api.openstack.wsgi [None req-4ad6e23d-c8e3-4750-9685-8302093d89f1 tempest-VolumeQuotasAdminTestJSON-1982587577 tempest-VolumeQuotasAdminTestJSON-1982587577-project] Calling method 'show' {{(pid=107170) _process_stack /opt/stack/cinder/cinder/api/openstack/wsgi.py:856}}
Aug 18 14:43:25.392973 dv-cinder-788365-10-smb devstack@c-api.service[107170]: /usr/local/lib/python3.8/dist-packages/oslo_context/context.py:105: DeprecationWarning: Policy enforcement is depending on the value of is_admin. This key is deprecated. Please update your policy file to use the standard policy values.
Aug 18 14:43:25.392973 dv-cinder-788365-10-smb devstack@c-api.service[107170]: warnings.warn('Policy enforcement is depending on the value of '
Aug 18 14:43:25.402041 dv-cinder-788365-10-smb devstack@c-api.service[107170]: INFO cinder.volume.api [None req-4ad6e23d-c8e3-4750-9685-8302093d89f1 tempest-VolumeQuotasAdminTestJSON-1982587577 tempest-VolumeQuotasAdminTestJSON-1982587577-project] Volume info retrieved successfully.
Aug 18 14:43:25.421644 dv-cinder-788365-10-smb devstack@c-api.service[107170]: INFO cinder.api.openstack.wsgi [None req-4ad6e23d-c8e3-4750-9685-8302093d89f1 tempest-VolumeQuotasAdminTestJSON-1982587577 tempest-VolumeQuotasAdminTestJSON-1982587577-project] http://10.222.0.26/volume/v3/ae71a23c079a43e5af903f38dfb62f76/volumes/ff9f6887-5faa-4799-9321-63b36599189d returned with HTTP 200
Aug 18 14:43:25.423448 dv-cinder-788365-10-smb devstack@c-api.service[107170]: [pid: 107170|app: 0|req: 145/262] 10.222.0.26 () {58 vars in 1325 bytes} [Wed Aug 18 14:43:25 2021] GET /volume/v3/ae71a23c079a43e5af903f38dfb62f76/volumes/ff9f6887-5faa-4799-9321-63b36599189d => generated 917 bytes in 51 msecs (HTTP/1.1 200) 7 headers in 285 bytes (1 switches on core 0)
Aug 18 14:43:25.424379 dv-cinder-788365-10-smb devstack@c-api.service[107171]: INFO cinder.api.openstack.wsgi [None req-c81dd3dc-8522-4aee-b74f-286f32569e45 tempest-VolumesSnapshotListTestJSON-674694387 tempest-VolumesSnapshotListTestJSON-674694387-project] POST http://10.222.0.26/volume/v3/1e0cc21d81404a18860931364c6482ce/volumes
Aug 18 14:43:25.425311 dv-cinder-788365-10-smb devstack@c-api.service[107171]: /usr/local/lib/python3.8/dist-packages/webob/acceptparse.py:1047: DeprecationWarning: The behavior of AcceptValidHeader.best_match is currently being maintained for backward compatibility, but it will be deprecated in the future, as it does not conform to the RFC.
Aug 18 14:43:25.425311 dv-cinder-788365-10-smb devstack@c-api.service[107171]: warnings.warn(
Aug 18 14:43:25.425674 dv-cinder-788365-10-smb devstack@c-api.service[107171]: DEBUG cinder.api.openstack.wsgi [None req-c81dd3dc-8522-4aee-b74f-286f32569e45 tempest-VolumesSnapshotListTestJSON-674694387 tempest-VolumesSnapshotListTestJSON-674694387-project] Action: 'create', calling method: create, body: {"volume": {"size": 1, "name": "tempest-VolumesSnapshotListTestJSON-Volume-1057238650"}} {{(pid=107171) _process_stack /opt/stack/cinder/cinder/api/openstack/wsgi.py:854}}
Aug 18 14:43:25.426614 dv-cinder-788365-10-smb devstack@c-api.service[107171]: DEBUG cinder.api.v3.volumes [None req-c81dd3dc-8522-4aee-b74f-286f32569e45 tempest-VolumesSnapshotListTestJSON-674694387 tempest-VolumesSnapshotListTestJSON-674694387-project] Create volume request body: {'volume': {'size': 1, 'name': 'tempest-VolumesSnapshotListTestJSON-Volume-1057238650'}} {{(pid=107171) create /opt/stack/cinder/cinder/api/v3/volumes.py:290}}
Aug 18 14:43:25.426920 dv-cinder-788365-10-smb devstack@c-api.service[107171]: INFO cinder.api.v3.volumes [None req-c81dd3dc-8522-4aee-b74f-286f32569e45 tempest-VolumesSnapshotListTestJSON-674694387 tempest-VolumesSnapshotListTestJSON-674694387-project] Create volume of 1 GB
Aug 18 14:43:25.429452 dv-cinder-788365-10-smb devstack@c-api.service[107170]: INFO cinder.api.openstack.wsgi [req-c5a13504-cddc-40bc-a4cf-3bf913c5244e req-35331a34-43fd-44a1-b12b-3bc1ae4f40c7 tempest-DeleteServersTestJSON-145066889 tempest-DeleteServersTestJSON-145066889-project] POST http://10.222.0.26/volume/v3/71bb7fa6ce924e95826cec2aca7d92c0/attachments/d4e57303-2613-4e9e-a42e-714566c5209e/action
Aug 18 14:43:25.430083 dv-cinder-788365-10-smb devstack@c-api.service[107170]: /usr/local/lib/python3.8/dist-packages/webob/acceptparse.py:1047: DeprecationWarning: The behavior of AcceptValidHeader.best_match is currently being maintained for backward compatibility, but it will be deprecated in the future, as it does not conform to the RFC.
Aug 18 14:43:25.430083 dv-cinder-788365-10-smb devstack@c-api.service[107170]: warnings.warn(
Aug 18 14:43:25.430686 dv-cinder-788365-10-smb devstack@c-api.service[107170]: DEBUG cinder.api.openstack.wsgi [req-c5a13504-cddc-40bc-a4cf-3bf913c5244e req-35331a34-43fd-44a1-b12b-3bc1ae4f40c7 tempest-DeleteServersTestJSON-145066889 tempest-DeleteServersTestJSON-145066889-project] Action body: b'{"os-complete": null}' {{(pid=107170) get_method /opt/stack/cinder/cinder/api/openstack/wsgi.py:971}}
Aug 18 14:43:25.431173 dv-cinder-788365-10-smb devstack@c-api.service[107170]: DEBUG cinder.api.openstack.wsgi [req-c5a13504-cddc-40bc-a4cf-3bf913c5244e req-35331a34-43fd-44a1-b12b-3bc1ae4f40c7 tempest-DeleteServersTestJSON-145066889 tempest-DeleteServersTestJSON-145066889-project] Action: 'action', calling method: version_select, body: {"os-complete": null} {{(pid=107170) _process_stack /opt/stack/cinder/cinder/api/openstack/wsgi.py:854}}
Aug 18 14:43:25.441140 dv-cinder-788365-10-smb devstack@c-api.service[107171]: INFO cinder.volume.api [None req-c81dd3dc-8522-4aee-b74f-286f32569e45 tempest-VolumesSnapshotListTestJSON-674694387 tempest-VolumesSnapshotListTestJSON-674694387-project] Availability Zones retrieved successfully.
Aug 18 14:43:25.460861 dv-cinder-788365-10-smb devstack@c-api.service[107171]: DEBUG cinder.volume.api [None req-c81dd3dc-8522-4aee-b74f-286f32569e45 tempest-VolumesSnapshotListTestJSON-674694387 tempest-VolumesSnapshotListTestJSON-674694387-project] Flow 'volume_create_api' (ca18c084-9c6d-4dce-b264-5249d970b043) transitioned into state 'RUNNING' from state 'PENDING' {{(pid=107171) _flow_receiver /usr/local/lib/python3.8/dist-packages/taskflow/listeners/logging.py:141}}
Aug 18 14:43:25.463399 dv-cinder-788365-10-smb devstack@c-api.service[107171]: DEBUG cinder.volume.api [None req-c81dd3dc-8522-4aee-b74f-286f32569e45 tempest-VolumesSnapshotListTestJSON-674694387 tempest-VolumesSnapshotListTestJSON-674694387-project] Task 'cinder.volume.flows.api.create_volume.ExtractVolumeRequestTask;volume:create' (d2e091c3-124c-4c3b-8fb4-0615cbcdb039) transitioned into state 'RUNNING' from state 'PENDING' {{(pid=107171) _task_receiver /usr/local/lib/python3.8/dist-packages/taskflow/listeners/logging.py:190}}
Aug 18 14:43:25.465543 dv-cinder-788365-10-smb devstack@c-api.service[107171]: DEBUG cinder.volume.flows.api.create_volume [None req-c81dd3dc-8522-4aee-b74f-286f32569e45 tempest-VolumesSnapshotListTestJSON-674694387 tempest-VolumesSnapshotListTestJSON-674694387-project] Validating volume size '1' using validate_int {{(pid=107171) _extract_size /opt/stack/cinder/cinder/volume/flows/api/create_volume.py:225}}
Aug 18 14:43:25.475831 dv-cinder-788365-10-smb devstack@c-api.service[107170]: /usr/local/lib/python3.8/dist-packages/oslo_context/context.py:105: DeprecationWarning: Policy enforcement is depending on the value of is_admin. This key is deprecated. Please update your policy file to use the standard policy values.
Aug 18 14:43:25.475831 dv-cinder-788365-10-smb devstack@c-api.service[107170]: warnings.warn('Policy enforcement is depending on the value of '
Aug 18 14:43:25.507079 dv-cinder-788365-10-smb devstack@c-api.service[107170]: INFO cinder.api.openstack.wsgi [req-c5a13504-cddc-40bc-a4cf-3bf913c5244e req-35331a34-43fd-44a1-b12b-3bc1ae4f40c7 tempest-DeleteServersTestJSON-145066889 tempest-DeleteServersTestJSON-145066889-project] http://10.222.0.26/volume/v3/71bb7fa6ce924e95826cec2aca7d92c0/attachments/d4e57303-2613-4e9e-a42e-714566c5209e/action returned with HTTP 204
Aug 18 14:43:25.507440 dv-cinder-788365-10-smb devstack@c-api.service[107171]: DEBUG cinder.volume.api [None req-c81dd3dc-8522-4aee-b74f-286f32569e45 tempest-VolumesSnapshotListTestJSON-674694387 tempest-VolumesSnapshotListTestJSON-674694387-project] Task 'cinder.volume.flows.api.create_volume.ExtractVolumeRequestTask;volume:create' (d2e091c3-124c-4c3b-8fb4-0615cbcdb039) transitioned into state 'SUCCESS' from state 'RUNNING' with result '{'size': 1, 'snapshot_id': None, 'source_volid': None, 'volume_type': VolumeType(created_at=2021-08-18T14:33:14Z,deleted=False,deleted_at=None,description='Default Volume Type',extra_specs={},id=82825dd2-efcf-41c9-92af-3281d8563f18,is_public=True,name='__DEFAULT__',projects=[],qos_specs=,qos_specs_id=None,updated_at=2021-08-18T14:33:14Z), 'volume_type_id': '82825dd2-efcf-41c9-92af-3281d8563f18', 'encryption_key_id': None, 'qos_specs': None, 'consistencygroup_id': None, 'cgsnapshot_id': None, 'group_id': None, 'replication_status': 'disabled', 'refresh_az': False, 'backup_id': None, 'multiattach': False, 'availability_zones': ['nova']}' {{(pid=107171) _task_receiver /usr/local/lib/python3.8/dist-packages/taskflow/listeners/logging.py:178}}
Aug 18 14:43:25.507919 dv-cinder-788365-10-smb devstack@c-api.service[107170]: [pid: 107170|app: 0|req: 146/263] 10.222.0.22 () {64 vars in 1499 bytes} [Wed Aug 18 14:43:25 2021] POST /volume/v3/71bb7fa6ce924e95826cec2aca7d92c0/attachments/d4e57303-2613-4e9e-a42e-714566c5209e/action => generated 0 bytes in 84 msecs (HTTP/1.1 204) 7 headers in 292 bytes (1 switches on core 0)
Aug 18 14:43:25.512894 dv-cinder-788365-10-smb devstack@c-api.service[107170]: INFO cinder.api.openstack.wsgi [None req-909b5a66-8d05-4a9b-be41-2a0df82bcd0c tempest-DeleteServersTestJSON-145066889 tempest-DeleteServersTestJSON-145066889-project] GET http://10.222.0.26/volume/v3/71bb7fa6ce924e95826cec2aca7d92c0/volumes/02883333-cb42-463a-ad3b-be2d1028340a
Aug 18 14:43:25.513066 dv-cinder-788365-10-smb devstack@c-api.service[107171]: DEBUG cinder.volume.api [None req-c81dd3dc-8522-4aee-b74f-286f32569e45 tempest-VolumesSnapshotListTestJSON-674694387 tempest-VolumesSnapshotListTestJSON-674694387-project] Task 'cinder.volume.flows.api.create_volume.QuotaReserveTask;volume:create' (00978b08-9634-4db1-ad1d-c2e49c4efbb8) transitioned into state 'RUNNING' from state 'PENDING' {{(pid=107171) _task_receiver /usr/local/lib/python3.8/dist-packages/taskflow/listeners/logging.py:190}}
Aug 18 14:43:25.513486 dv-cinder-788365-10-smb devstack@c-api.service[107170]: DEBUG cinder.api.openstack.wsgi [None req-909b5a66-8d05-4a9b-be41-2a0df82bcd0c tempest-DeleteServersTestJSON-145066889 tempest-DeleteServersTestJSON-145066889-project] Empty body provided in request {{(pid=107170) get_body /opt/stack/cinder/cinder/api/openstack/wsgi.py:703}}
Aug 18 14:43:25.513486 dv-cinder-788365-10-smb devstack@c-api.service[107170]: /usr/local/lib/python3.8/dist-packages/webob/acceptparse.py:1047: DeprecationWarning: The behavior of AcceptValidHeader.best_match is currently being maintained for backward compatibility, but it will be deprecated in the future, as it does not conform to the RFC.
Aug 18 14:43:25.513486 dv-cinder-788365-10-smb devstack@c-api.service[107170]: warnings.warn(
Aug 18 14:43:25.513796 dv-cinder-788365-10-smb devstack@c-api.service[107170]: DEBUG cinder.api.openstack.wsgi [None req-909b5a66-8d05-4a9b-be41-2a0df82bcd0c tempest-DeleteServersTestJSON-145066889 tempest-DeleteServersTestJSON-145066889-project] Calling method 'show' {{(pid=107170) _process_stack /opt/stack/cinder/cinder/api/openstack/wsgi.py:856}}
Aug 18 14:43:25.561698 dv-cinder-788365-10-smb devstack@c-api.service[107170]: /usr/local/lib/python3.8/dist-packages/oslo_context/context.py:105: DeprecationWarning: Policy enforcement is depending on the value of is_admin. This key is deprecated. Please update your policy file to use the standard policy values.
Aug 18 14:43:25.561698 dv-cinder-788365-10-smb devstack@c-api.service[107170]: warnings.warn('Policy enforcement is depending on the value of '
Aug 18 14:43:25.581002 dv-cinder-788365-10-smb devstack@c-api.service[107170]: INFO cinder.volume.api [None req-909b5a66-8d05-4a9b-be41-2a0df82bcd0c tempest-DeleteServersTestJSON-145066889 tempest-DeleteServersTestJSON-145066889-project] Volume info retrieved successfully.
Aug 18 14:43:25.622571 dv-cinder-788365-10-smb devstack@c-api.service[107170]: /usr/local/lib/python3.8/dist-packages/oslo_context/context.py:105: DeprecationWarning: Policy enforcement is depending on the value of is_admin. This key is deprecated. Please update your policy file to use the standard policy values.
Aug 18 14:43:25.622571 dv-cinder-788365-10-smb devstack@c-api.service[107170]: warnings.warn('Policy enforcement is depending on the value of '
Aug 18 14:43:25.639483 dv-cinder-788365-10-smb devstack@c-api.service[107170]: INFO cinder.api.openstack.wsgi [None req-909b5a66-8d05-4a9b-be41-2a0df82bcd0c tempest-DeleteServersTestJSON-145066889 tempest-DeleteServersTestJSON-145066889-project] http://10.222.0.26/volume/v3/71bb7fa6ce924e95826cec2aca7d92c0/volumes/02883333-cb42-463a-ad3b-be2d1028340a returned with HTTP 200
Aug 18 14:43:25.640471 dv-cinder-788365-10-smb devstack@c-api.service[107170]: [pid: 107170|app: 0|req: 147/264] 10.222.0.26 () {58 vars in 1325 bytes} [Wed Aug 18 14:43:25 2021] GET /volume/v3/71bb7fa6ce924e95826cec2aca7d92c0/volumes/02883333-cb42-463a-ad3b-be2d1028340a => generated 1206 bytes in 132 msecs (HTTP/1.1 200) 7 headers in 286 bytes (1 switches on core 0)
Aug 18 14:43:25.657124 dv-cinder-788365-10-smb devstack@c-api.service[107170]: INFO cinder.api.openstack.wsgi [None req-7714437b-77d4-4b4c-a1ba-142b38b0b1e0 tempest-DeleteServersTestJSON-145066889 tempest-DeleteServersTestJSON-145066889-project] GET http://10.222.0.26/volume/v3/71bb7fa6ce924e95826cec2aca7d92c0/volumes/02883333-cb42-463a-ad3b-be2d1028340a
Aug 18 14:43:25.657942 dv-cinder-788365-10-smb devstack@c-api.service[107170]: DEBUG cinder.api.openstack.wsgi [None req-7714437b-77d4-4b4c-a1ba-142b38b0b1e0 tempest-DeleteServersTestJSON-145066889 tempest-DeleteServersTestJSON-145066889-project] Empty body provided in request {{(pid=107170) get_body /opt/stack/cinder/cinder/api/openstack/wsgi.py:703}}
Aug 18 14:43:25.658344 dv-cinder-788365-10-smb devstack@c-api.service[107170]: /usr/local/lib/python3.8/dist-packages/webob/acceptparse.py:1047: DeprecationWarning: The behavior of AcceptValidHeader.best_match is currently being maintained for backward compatibility, but it will be deprecated in the future, as it does not conform to the RFC.
Aug 18 14:43:25.658344 dv-cinder-788365-10-smb devstack@c-api.service[107170]: warnings.warn(
Aug 18 14:43:25.659679 dv-cinder-788365-10-smb devstack@c-api.service[107170]: DEBUG cinder.api.openstack.wsgi [None req-7714437b-77d4-4b4c-a1ba-142b38b0b1e0 tempest-DeleteServersTestJSON-145066889 tempest-DeleteServersTestJSON-145066889-project] Calling method 'show' {{(pid=107170) _process_stack /opt/stack/cinder/cinder/api/openstack/wsgi.py:856}}
Aug 18 14:43:25.682447 dv-cinder-788365-10-smb devstack@c-api.service[107171]: DEBUG cinder.quota [None req-c81dd3dc-8522-4aee-b74f-286f32569e45 tempest-VolumesSnapshotListTestJSON-674694387 tempest-VolumesSnapshotListTestJSON-674694387-project] Created reservations ['d0a9ec75-961a-4361-8329-446a1929e1ea', '50cab3b1-69f0-43e1-9961-d870fae00465', '588795cb-7492-4a7a-9674-d96d54032baa', '9db3e38b-893b-416b-ae28-40ee26d1ae16'] {{(pid=107171) reserve /opt/stack/cinder/cinder/quota.py:755}}
Aug 18 14:43:25.684907 dv-cinder-788365-10-smb devstack@c-api.service[107171]: DEBUG cinder.volume.api [None req-c81dd3dc-8522-4aee-b74f-286f32569e45 tempest-VolumesSnapshotListTestJSON-674694387 tempest-VolumesSnapshotListTestJSON-674694387-project] Task 'cinder.volume.flows.api.create_volume.QuotaReserveTask;volume:create' (00978b08-9634-4db1-ad1d-c2e49c4efbb8) transitioned into state 'SUCCESS' from state 'RUNNING' with result '{'reservations': ['d0a9ec75-961a-4361-8329-446a1929e1ea', '50cab3b1-69f0-43e1-9961-d870fae00465', '588795cb-7492-4a7a-9674-d96d54032baa', '9db3e38b-893b-416b-ae28-40ee26d1ae16']}' {{(pid=107171) _task_receiver /usr/local/lib/python3.8/dist-packages/taskflow/listeners/logging.py:178}}
Aug 18 14:43:25.689398 dv-cinder-788365-10-smb devstack@c-api.service[107170]: /usr/local/lib/python3.8/dist-packages/oslo_context/context.py:105: DeprecationWarning: Policy enforcement is depending on the value of is_admin. This key is deprecated. Please update your policy file to use the standard policy values.
Aug 18 14:43:25.689398 dv-cinder-788365-10-smb devstack@c-api.service[107170]: warnings.warn('Policy enforcement is depending on the value of '
Aug 18 14:43:25.691405 dv-cinder-788365-10-smb devstack@c-api.service[107171]: DEBUG cinder.volume.api [None req-c81dd3dc-8522-4aee-b74f-286f32569e45 tempest-VolumesSnapshotListTestJSON-674694387 tempest-VolumesSnapshotListTestJSON-674694387-project] Task 'cinder.volume.flows.api.create_volume.EntryCreateTask;volume:create' (cc603991-f6dd-4fa5-9fb0-32b24080fd77) transitioned into state 'RUNNING' from state 'PENDING' {{(pid=107171) _task_receiver /usr/local/lib/python3.8/dist-packages/taskflow/listeners/logging.py:190}}
Aug 18 14:43:25.714339 dv-cinder-788365-10-smb devstack@c-api.service[107170]: INFO cinder.volume.api [None req-7714437b-77d4-4b4c-a1ba-142b38b0b1e0 tempest-DeleteServersTestJSON-145066889 tempest-DeleteServersTestJSON-145066889-project] Volume info retrieved successfully.
Aug 18 14:43:25.738631 dv-cinder-788365-10-smb devstack@c-api.service[107171]: DEBUG cinder.volume.api [None req-c81dd3dc-8522-4aee-b74f-286f32569e45 tempest-VolumesSnapshotListTestJSON-674694387 tempest-VolumesSnapshotListTestJSON-674694387-project] Task 'cinder.volume.flows.api.create_volume.EntryCreateTask;volume:create' (cc603991-f6dd-4fa5-9fb0-32b24080fd77) transitioned into state 'SUCCESS' from state 'RUNNING' with result '{'volume_id': 'a8741fa6-37b2-4ef9-9a60-f2f54883b171', 'volume_properties': VolumeProperties(attach_status='detached',availability_zone='nova',cgsnapshot_id=None,consistencygroup_id=None,display_description=None,display_name='tempest-VolumesSnapshotListTestJSON-Volume-1057238650',encryption_key_id=None,group_id=None,group_type_id=,metadata={},multiattach=False,project_id='1e0cc21d81404a18860931364c6482ce',qos_specs=None,replication_status=,reservations=['d0a9ec75-961a-4361-8329-446a1929e1ea','50cab3b1-69f0-43e1-9961-d870fae00465','588795cb-7492-4a7a-9674-d96d54032baa','9db3e38b-893b-416b-ae28-40ee26d1ae16'],size=1,snapshot_id=None,source_replicaid=,source_volid=None,status='creating',user_id='667a298275734826b8ec76e8846a4462',volume_type_id=82825dd2-efcf-41c9-92af-3281d8563f18), 'volume': Volume(_name_id=None,admin_metadata=,attach_status='detached',availability_zone='nova',bootable=False,cluster=,cluster_name=None,consistencygroup=,consistencygroup_id=None,created_at=2021-08-18T14:43:25Z,deleted=False,deleted_at=None,display_description=None,display_name='tempest-VolumesSnapshotListTestJSON-Volume-1057238650',ec2_id=None,encryption_key_id=None,glance_metadata=,group=,group_id=None,host=None,id=a8741fa6-37b2-4ef9-9a60-f2f54883b171,launched_at=None,metadata={},migration_status=None,multiattach=False,previous_status=None,project_id='1e0cc21d81404a18860931364c6482ce',provider_auth=None,provider_geometry=None,provider_id=None,provider_location=None,replication_driver_data=None,replication_extended_status=None,replication_status=None,scheduled_at=None,service_uuid=None,shared_targets=True,size=1,snapshot_id=None,snapshots=,source_volid=None,status='creating',terminated_at=None,updated_at=None,user_id='667a298275734826b8ec76e8846a4462',volume_attachment=,volume_type=VolumeType(82825dd2-efcf-41c9-92af-3281d8563f18),volume_type_id=82825dd2-efcf-41c9-92af-3281d8563f18)}' {{(pid=107171) _task_receiver /usr/local/lib/python3.8/dist-packages/taskflow/listeners/logging.py:178}}
Aug 18 14:43:25.740737 dv-cinder-788365-10-smb devstack@c-api.service[107170]: /usr/local/lib/python3.8/dist-packages/oslo_context/context.py:105: DeprecationWarning: Policy enforcement is depending on the value of is_admin. This key is deprecated. Please update your policy file to use the standard policy values.
Aug 18 14:43:25.740737 dv-cinder-788365-10-smb devstack@c-api.service[107170]: warnings.warn('Policy enforcement is depending on the value of '
Aug 18 14:43:25.746222 dv-cinder-788365-10-smb devstack@c-api.service[107171]: DEBUG cinder.volume.api [None req-c81dd3dc-8522-4aee-b74f-286f32569e45 tempest-VolumesSnapshotListTestJSON-674694387 tempest-VolumesSnapshotListTestJSON-674694387-project] Task 'cinder.volume.flows.api.create_volume.QuotaCommitTask;volume:create' (b425fa6a-f1e9-44b9-8b77-b969190714cc) transitioned into state 'RUNNING' from state 'PENDING' {{(pid=107171) _task_receiver /usr/local/lib/python3.8/dist-packages/taskflow/listeners/logging.py:190}}
Aug 18 14:43:25.754342 dv-cinder-788365-10-smb devstack@c-api.service[107170]: INFO cinder.api.openstack.wsgi [None req-7714437b-77d4-4b4c-a1ba-142b38b0b1e0 tempest-DeleteServersTestJSON-145066889 tempest-DeleteServersTestJSON-145066889-project] http://10.222.0.26/volume/v3/71bb7fa6ce924e95826cec2aca7d92c0/volumes/02883333-cb42-463a-ad3b-be2d1028340a returned with HTTP 200
Aug 18 14:43:25.760465 dv-cinder-788365-10-smb devstack@c-api.service[107170]: [pid: 107170|app: 0|req: 148/265] 10.222.0.26 () {58 vars in 1325 bytes} [Wed Aug 18 14:43:25 2021] GET /volume/v3/71bb7fa6ce924e95826cec2aca7d92c0/volumes/02883333-cb42-463a-ad3b-be2d1028340a => generated 1206 bytes in 108 msecs (HTTP/1.1 200) 7 headers in 286 bytes (1 switches on core 0)
Aug 18 14:43:25.788195 dv-cinder-788365-10-smb devstack@c-api.service[107171]: DEBUG cinder.volume.api [None req-c81dd3dc-8522-4aee-b74f-286f32569e45 tempest-VolumesSnapshotListTestJSON-674694387 tempest-VolumesSnapshotListTestJSON-674694387-project] Task 'cinder.volume.flows.api.create_volume.QuotaCommitTask;volume:create' (b425fa6a-f1e9-44b9-8b77-b969190714cc) transitioned into state 'SUCCESS' from state 'RUNNING' with result '{'volume_properties': VolumeProperties(attach_status='detached',availability_zone='nova',cgsnapshot_id=None,consistencygroup_id=None,display_description=None,display_name='tempest-VolumesSnapshotListTestJSON-Volume-1057238650',encryption_key_id=None,group_id=None,group_type_id=,metadata={},multiattach=False,project_id='1e0cc21d81404a18860931364c6482ce',qos_specs=None,replication_status=,reservations=['d0a9ec75-961a-4361-8329-446a1929e1ea','50cab3b1-69f0-43e1-9961-d870fae00465','588795cb-7492-4a7a-9674-d96d54032baa','9db3e38b-893b-416b-ae28-40ee26d1ae16'],size=1,snapshot_id=None,source_replicaid=,source_volid=None,status='creating',user_id='667a298275734826b8ec76e8846a4462',volume_type_id=82825dd2-efcf-41c9-92af-3281d8563f18)}' {{(pid=107171) _task_receiver /usr/local/lib/python3.8/dist-packages/taskflow/listeners/logging.py:178}}
Aug 18 14:43:25.790553 dv-cinder-788365-10-smb devstack@c-api.service[107171]: DEBUG cinder.volume.api [None req-c81dd3dc-8522-4aee-b74f-286f32569e45 tempest-VolumesSnapshotListTestJSON-674694387 tempest-VolumesSnapshotListTestJSON-674694387-project] Task 'cinder.volume.flows.api.create_volume.VolumeCastTask;volume:create' (195fb3e2-5143-49ef-bdfb-31a7384bb670) transitioned into state 'RUNNING' from state 'PENDING' {{(pid=107171) _task_receiver /usr/local/lib/python3.8/dist-packages/taskflow/listeners/logging.py:190}}
Aug 18 14:43:25.816762 dv-cinder-788365-10-smb devstack@c-api.service[107171]: DEBUG cinder.volume.api [None req-c81dd3dc-8522-4aee-b74f-286f32569e45 tempest-VolumesSnapshotListTestJSON-674694387 tempest-VolumesSnapshotListTestJSON-674694387-project] Task 'cinder.volume.flows.api.create_volume.VolumeCastTask;volume:create' (195fb3e2-5143-49ef-bdfb-31a7384bb670) transitioned into state 'SUCCESS' from state 'RUNNING' with result 'None' {{(pid=107171) _task_receiver /usr/local/lib/python3.8/dist-packages/taskflow/listeners/logging.py:178}}
Aug 18 14:43:25.819558 dv-cinder-788365-10-smb devstack@c-api.service[107171]: DEBUG cinder.volume.api [None req-c81dd3dc-8522-4aee-b74f-286f32569e45 tempest-VolumesSnapshotListTestJSON-674694387 tempest-VolumesSnapshotListTestJSON-674694387-project] Flow 'volume_create_api' (ca18c084-9c6d-4dce-b264-5249d970b043) transitioned into state 'SUCCESS' from state 'RUNNING' {{(pid=107171) _flow_receiver /usr/local/lib/python3.8/dist-packages/taskflow/listeners/logging.py:141}}
Aug 18 14:43:25.820414 dv-cinder-788365-10-smb devstack@c-api.service[107171]: INFO cinder.volume.api [None req-c81dd3dc-8522-4aee-b74f-286f32569e45 tempest-VolumesSnapshotListTestJSON-674694387 tempest-VolumesSnapshotListTestJSON-674694387-project] Create volume request issued successfully.
Aug 18 14:43:25.828544 dv-cinder-788365-10-smb devstack@c-api.service[107171]: INFO cinder.api.openstack.wsgi [None req-c81dd3dc-8522-4aee-b74f-286f32569e45 tempest-VolumesSnapshotListTestJSON-674694387 tempest-VolumesSnapshotListTestJSON-674694387-project] http://10.222.0.26/volume/v3/1e0cc21d81404a18860931364c6482ce/volumes returned with HTTP 202
Aug 18 14:43:25.832293 dv-cinder-788365-10-smb devstack@c-api.service[107171]: [pid: 107171|app: 0|req: 118/266] 10.222.0.26 () {60 vars in 1235 bytes} [Wed Aug 18 14:43:24 2021] POST /volume/v3/1e0cc21d81404a18860931364c6482ce/volumes => generated 827 bytes in 833 msecs (HTTP/1.1 202) 7 headers in 291 bytes (2 switches on core 0)
Aug 18 14:43:25.843992 dv-cinder-788365-10-smb devstack@c-api.service[107170]: INFO cinder.api.openstack.wsgi [None req-2b6d3305-838a-4dbc-b784-f24a6c5d79fe tempest-VolumesSnapshotListTestJSON-674694387 tempest-VolumesSnapshotListTestJSON-674694387-project] GET http://10.222.0.26/volume/v3/1e0cc21d81404a18860931364c6482ce/volumes/a8741fa6-37b2-4ef9-9a60-f2f54883b171
Aug 18 14:43:25.844563 dv-cinder-788365-10-smb devstack@c-api.service[107170]: DEBUG cinder.api.openstack.wsgi [None req-2b6d3305-838a-4dbc-b784-f24a6c5d79fe tempest-VolumesSnapshotListTestJSON-674694387 tempest-VolumesSnapshotListTestJSON-674694387-project] Empty body provided in request {{(pid=107170) get_body /opt/stack/cinder/cinder/api/openstack/wsgi.py:703}}
Aug 18 14:43:25.844842 dv-cinder-788365-10-smb devstack@c-api.service[107170]: /usr/local/lib/python3.8/dist-packages/webob/acceptparse.py:1047: DeprecationWarning: The behavior of AcceptValidHeader.best_match is currently being maintained for backward compatibility, but it will be deprecated in the future, as it does not conform to the RFC.
Aug 18 14:43:25.844842 dv-cinder-788365-10-smb devstack@c-api.service[107170]: warnings.warn(
Aug 18 14:43:25.845315 dv-cinder-788365-10-smb devstack@c-api.service[107170]: DEBUG cinder.api.openstack.wsgi [None req-2b6d3305-838a-4dbc-b784-f24a6c5d79fe tempest-VolumesSnapshotListTestJSON-674694387 tempest-VolumesSnapshotListTestJSON-674694387-project] Calling method 'show' {{(pid=107170) _process_stack /opt/stack/cinder/cinder/api/openstack/wsgi.py:856}}
Aug 18 14:43:25.859417 dv-cinder-788365-10-smb devstack@c-api.service[107170]: /usr/local/lib/python3.8/dist-packages/oslo_context/context.py:105: DeprecationWarning: Policy enforcement is depending on the value of is_admin. This key is deprecated. Please update your policy file to use the standard policy values.
Aug 18 14:43:25.859417 dv-cinder-788365-10-smb devstack@c-api.service[107170]: warnings.warn('Policy enforcement is depending on the value of '
Aug 18 14:43:25.876011 dv-cinder-788365-10-smb devstack@c-api.service[107170]: INFO cinder.volume.api [None req-2b6d3305-838a-4dbc-b784-f24a6c5d79fe tempest-VolumesSnapshotListTestJSON-674694387 tempest-VolumesSnapshotListTestJSON-674694387-project] Volume info retrieved successfully.
Aug 18 14:43:25.890365 dv-cinder-788365-10-smb devstack@c-api.service[107170]: INFO cinder.api.openstack.wsgi [None req-2b6d3305-838a-4dbc-b784-f24a6c5d79fe tempest-VolumesSnapshotListTestJSON-674694387 tempest-VolumesSnapshotListTestJSON-674694387-project] http://10.222.0.26/volume/v3/1e0cc21d81404a18860931364c6482ce/volumes/a8741fa6-37b2-4ef9-9a60-f2f54883b171 returned with HTTP 200
Aug 18 14:43:25.899312 dv-cinder-788365-10-smb devstack@c-api.service[107170]: [pid: 107170|app: 0|req: 149/267] 10.222.0.26 () {58 vars in 1325 bytes} [Wed Aug 18 14:43:25 2021] GET /volume/v3/1e0cc21d81404a18860931364c6482ce/volumes/a8741fa6-37b2-4ef9-9a60-f2f54883b171 => generated 895 bytes in 59 msecs (HTTP/1.1 200) 7 headers in 285 bytes (1 switches on core 0)
Aug 18 14:43:26.189799 dv-cinder-788365-10-smb devstack@c-api.service[107171]: INFO cinder.api.openstack.wsgi [None req-5640c71c-bdcf-4f20-9bf2-d724e6943474 tempest-VolumesServicesTestJSON-657044912 tempest-VolumesServicesTestJSON-657044912-project-admin] GET http://10.222.0.26/volume/v3/d297d5a07aff49e79f0707fd26fffde2/os-services
Aug 18 14:43:26.190524 dv-cinder-788365-10-smb devstack@c-api.service[107171]: DEBUG cinder.api.openstack.wsgi [None req-5640c71c-bdcf-4f20-9bf2-d724e6943474 tempest-VolumesServicesTestJSON-657044912 tempest-VolumesServicesTestJSON-657044912-project-admin] Empty body provided in request {{(pid=107171) get_body /opt/stack/cinder/cinder/api/openstack/wsgi.py:703}}
Aug 18 14:43:26.190788 dv-cinder-788365-10-smb devstack@c-api.service[107171]: /usr/local/lib/python3.8/dist-packages/webob/acceptparse.py:1047: DeprecationWarning: The behavior of AcceptValidHeader.best_match is currently being maintained for backward compatibility, but it will be deprecated in the future, as it does not conform to the RFC.
Aug 18 14:43:26.190788 dv-cinder-788365-10-smb devstack@c-api.service[107171]: warnings.warn(
Aug 18 14:43:26.191262 dv-cinder-788365-10-smb devstack@c-api.service[107171]: DEBUG cinder.api.openstack.wsgi [None req-5640c71c-bdcf-4f20-9bf2-d724e6943474 tempest-VolumesServicesTestJSON-657044912 tempest-VolumesServicesTestJSON-657044912-project-admin] Calling method 'index' {{(pid=107171) _process_stack /opt/stack/cinder/cinder/api/openstack/wsgi.py:856}}
Aug 18 14:43:26.192027 dv-cinder-788365-10-smb devstack@c-api.service[107171]: /usr/local/lib/python3.8/dist-packages/oslo_context/context.py:105: DeprecationWarning: Policy enforcement is depending on the value of is_admin. This key is deprecated. Please update your policy file to use the standard policy values.
Aug 18 14:43:26.192027 dv-cinder-788365-10-smb devstack@c-api.service[107171]: warnings.warn('Policy enforcement is depending on the value of '
Aug 18 14:43:26.199359 dv-cinder-788365-10-smb devstack@c-api.service[107171]: INFO cinder.api.openstack.wsgi [None req-5640c71c-bdcf-4f20-9bf2-d724e6943474 tempest-VolumesServicesTestJSON-657044912 tempest-VolumesServicesTestJSON-657044912-project-admin] http://10.222.0.26/volume/v3/d297d5a07aff49e79f0707fd26fffde2/os-services returned with HTTP 200
Aug 18 14:43:26.200624 dv-cinder-788365-10-smb devstack@c-api.service[107171]: [pid: 107171|app: 0|req: 119/268] 10.222.0.26 () {58 vars in 1226 bytes} [Wed Aug 18 14:43:25 2021] GET /volume/v3/d297d5a07aff49e79f0707fd26fffde2/os-services => generated 641 bytes in 340 msecs (HTTP/1.1 200) 7 headers in 285 bytes (1 switches on core 0)
Aug 18 14:43:26.212310 dv-cinder-788365-10-smb devstack@c-api.service[107170]: INFO cinder.api.openstack.wsgi [None req-6fbccf6b-3c96-4b43-a090-cbe1f407bc10 tempest-VolumesServicesTestJSON-657044912 tempest-VolumesServicesTestJSON-657044912-project-admin] GET http://10.222.0.26/volume/v3/d297d5a07aff49e79f0707fd26fffde2/os-services?host=dv-cinder-788365-10-smb
Aug 18 14:43:26.213109 dv-cinder-788365-10-smb devstack@c-api.service[107170]: DEBUG cinder.api.openstack.wsgi [None req-6fbccf6b-3c96-4b43-a090-cbe1f407bc10 tempest-VolumesServicesTestJSON-657044912 tempest-VolumesServicesTestJSON-657044912-project-admin] Empty body provided in request {{(pid=107170) get_body /opt/stack/cinder/cinder/api/openstack/wsgi.py:703}}
Aug 18 14:43:26.213467 dv-cinder-788365-10-smb devstack@c-api.service[107170]: /usr/local/lib/python3.8/dist-packages/webob/acceptparse.py:1047: DeprecationWarning: The behavior of AcceptValidHeader.best_match is currently being maintained for backward compatibility, but it will be deprecated in the future, as it does not conform to the RFC.
Aug 18 14:43:26.213467 dv-cinder-788365-10-smb devstack@c-api.service[107170]: warnings.warn(
Aug 18 14:43:26.214181 dv-cinder-788365-10-smb devstack@c-api.service[107170]: DEBUG cinder.api.openstack.wsgi [None req-6fbccf6b-3c96-4b43-a090-cbe1f407bc10 tempest-VolumesServicesTestJSON-657044912 tempest-VolumesServicesTestJSON-657044912-project-admin] Calling method 'index' {{(pid=107170) _process_stack /opt/stack/cinder/cinder/api/openstack/wsgi.py:856}}
Aug 18 14:43:26.225150 dv-cinder-788365-10-smb devstack@c-api.service[107170]: INFO cinder.api.openstack.wsgi [None req-6fbccf6b-3c96-4b43-a090-cbe1f407bc10 tempest-VolumesServicesTestJSON-657044912 tempest-VolumesServicesTestJSON-657044912-project-admin] http://10.222.0.26/volume/v3/d297d5a07aff49e79f0707fd26fffde2/os-services?host=dv-cinder-788365-10-smb returned with HTTP 200
Aug 18 14:43:26.226771 dv-cinder-788365-10-smb devstack@c-api.service[107170]: [pid: 107170|app: 0|req: 150/269] 10.222.0.26 () {58 vars in 1283 bytes} [Wed Aug 18 14:43:26 2021] GET /volume/v3/d297d5a07aff49e79f0707fd26fffde2/os-services?host=dv-cinder-788365-10-smb => generated 202 bytes in 19 msecs (HTTP/1.1 200) 7 headers in 285 bytes (2 switches on core 0)
Aug 18 14:43:26.239690 dv-cinder-788365-10-smb devstack@c-api.service[107171]: INFO cinder.api.openstack.wsgi [None req-fe5d9b4f-5d11-45bd-b344-75360f6c4dd5 tempest-VolumesServicesTestJSON-657044912 tempest-VolumesServicesTestJSON-657044912-project-admin] GET http://10.222.0.26/volume/v3/d297d5a07aff49e79f0707fd26fffde2/os-services?host=dv-cinder-788365-10-smb&binary=cinder-scheduler
Aug 18 14:43:26.240374 dv-cinder-788365-10-smb devstack@c-api.service[107171]: DEBUG cinder.api.openstack.wsgi [None req-fe5d9b4f-5d11-45bd-b344-75360f6c4dd5 tempest-VolumesServicesTestJSON-657044912 tempest-VolumesServicesTestJSON-657044912-project-admin] Empty body provided in request {{(pid=107171) get_body /opt/stack/cinder/cinder/api/openstack/wsgi.py:703}}
Aug 18 14:43:26.241057 dv-cinder-788365-10-smb devstack@c-api.service[107171]: DEBUG cinder.api.openstack.wsgi [None req-fe5d9b4f-5d11-45bd-b344-75360f6c4dd5 tempest-VolumesServicesTestJSON-657044912 tempest-VolumesServicesTestJSON-657044912-project-admin] Calling method 'index' {{(pid=107171) _process_stack /opt/stack/cinder/cinder/api/openstack/wsgi.py:856}}
Aug 18 14:43:26.251047 dv-cinder-788365-10-smb devstack@c-api.service[107171]: INFO cinder.api.openstack.wsgi [None req-fe5d9b4f-5d11-45bd-b344-75360f6c4dd5 tempest-VolumesServicesTestJSON-657044912 tempest-VolumesServicesTestJSON-657044912-project-admin] http://10.222.0.26/volume/v3/d297d5a07aff49e79f0707fd26fffde2/os-services?host=dv-cinder-788365-10-smb&binary=cinder-scheduler returned with HTTP 200
Aug 18 14:43:26.252215 dv-cinder-788365-10-smb devstack@c-api.service[107171]: [pid: 107171|app: 0|req: 120/270] 10.222.0.26 () {58 vars in 1331 bytes} [Wed Aug 18 14:43:26 2021] GET /volume/v3/d297d5a07aff49e79f0707fd26fffde2/os-services?host=dv-cinder-788365-10-smb&binary=cinder-scheduler => generated 202 bytes in 18 msecs (HTTP/1.1 200) 7 headers in 285 bytes (1 switches on core 0)
Aug 18 14:43:26.270120 dv-cinder-788365-10-smb devstack@c-api.service[107170]: INFO cinder.api.openstack.wsgi [None req-4cbcae20-edd5-4c19-a35a-a973bbf523da tempest-VolumesServicesTestJSON-657044912 tempest-VolumesServicesTestJSON-657044912-project-admin] GET http://10.222.0.26/volume/v3/d297d5a07aff49e79f0707fd26fffde2/os-services?binary=cinder-scheduler
Aug 18 14:43:26.271122 dv-cinder-788365-10-smb devstack@c-api.service[107170]: DEBUG cinder.api.openstack.wsgi [None req-4cbcae20-edd5-4c19-a35a-a973bbf523da tempest-VolumesServicesTestJSON-657044912 tempest-VolumesServicesTestJSON-657044912-project-admin] Empty body provided in request {{(pid=107170) get_body /opt/stack/cinder/cinder/api/openstack/wsgi.py:703}}
Aug 18 14:43:26.271818 dv-cinder-788365-10-smb devstack@c-api.service[107170]: DEBUG cinder.api.openstack.wsgi [None req-4cbcae20-edd5-4c19-a35a-a973bbf523da tempest-VolumesServicesTestJSON-657044912 tempest-VolumesServicesTestJSON-657044912-project-admin] Calling method 'index' {{(pid=107170) _process_stack /opt/stack/cinder/cinder/api/openstack/wsgi.py:856}}
Aug 18 14:43:26.278369 dv-cinder-788365-10-smb devstack@c-api.service[107170]: INFO cinder.api.openstack.wsgi [None req-4cbcae20-edd5-4c19-a35a-a973bbf523da tempest-VolumesServicesTestJSON-657044912 tempest-VolumesServicesTestJSON-657044912-project-admin] http://10.222.0.26/volume/v3/d297d5a07aff49e79f0707fd26fffde2/os-services?binary=cinder-scheduler returned with HTTP 200
Aug 18 14:43:26.279246 dv-cinder-788365-10-smb devstack@c-api.service[107170]: [pid: 107170|app: 0|req: 151/271] 10.222.0.26 () {58 vars in 1273 bytes} [Wed Aug 18 14:43:26 2021] GET /volume/v3/d297d5a07aff49e79f0707fd26fffde2/os-services?binary=cinder-scheduler => generated 202 bytes in 21 msecs (HTTP/1.1 200) 7 headers in 285 bytes (1 switches on core 0)
Aug 18 14:43:26.443497 dv-cinder-788365-10-smb devstack@c-api.service[107170]: INFO cinder.api.openstack.wsgi [None req-95753dfb-1e60-4917-99d8-fd38950a2b00 tempest-VolumeQuotasAdminTestJSON-1982587577 tempest-VolumeQuotasAdminTestJSON-1982587577-project] GET http://10.222.0.26/volume/v3/ae71a23c079a43e5af903f38dfb62f76/volumes/ff9f6887-5faa-4799-9321-63b36599189d
Aug 18 14:43:26.444760 dv-cinder-788365-10-smb devstack@c-api.service[107170]: DEBUG cinder.api.openstack.wsgi [None req-95753dfb-1e60-4917-99d8-fd38950a2b00 tempest-VolumeQuotasAdminTestJSON-1982587577 tempest-VolumeQuotasAdminTestJSON-1982587577-project] Empty body provided in request {{(pid=107170) get_body /opt/stack/cinder/cinder/api/openstack/wsgi.py:703}}
Aug 18 14:43:26.445404 dv-cinder-788365-10-smb devstack@c-api.service[107170]: DEBUG cinder.api.openstack.wsgi [None req-95753dfb-1e60-4917-99d8-fd38950a2b00 tempest-VolumeQuotasAdminTestJSON-1982587577 tempest-VolumeQuotasAdminTestJSON-1982587577-project] Calling method 'show' {{(pid=107170) _process_stack /opt/stack/cinder/cinder/api/openstack/wsgi.py:856}}
Aug 18 14:43:26.466736 dv-cinder-788365-10-smb devstack@c-api.service[107170]: INFO cinder.api.openstack.wsgi [None req-95753dfb-1e60-4917-99d8-fd38950a2b00 tempest-VolumeQuotasAdminTestJSON-1982587577 tempest-VolumeQuotasAdminTestJSON-1982587577-project] http://10.222.0.26/volume/v3/ae71a23c079a43e5af903f38dfb62f76/volumes/ff9f6887-5faa-4799-9321-63b36599189d returned with HTTP 404
Aug 18 14:43:26.472672 dv-cinder-788365-10-smb devstack@c-api.service[107170]: [pid: 107170|app: 0|req: 152/272] 10.222.0.26 () {58 vars in 1325 bytes} [Wed Aug 18 14:43:26 2021] GET /volume/v3/ae71a23c079a43e5af903f38dfb62f76/volumes/ff9f6887-5faa-4799-9321-63b36599189d => generated 109 bytes in 39 msecs (HTTP/1.1 404) 7 headers in 292 bytes (1 switches on core 0)
Aug 18 14:43:26.489533 dv-cinder-788365-10-smb devstack@c-api.service[107170]: INFO cinder.api.openstack.wsgi [None req-45267224-dcbc-480c-913d-e2cbf4b72a02 tempest-VolumeQuotasAdminTestJSON-1982587577 tempest-VolumeQuotasAdminTestJSON-1982587577-project] POST http://10.222.0.26/volume/v3/ae71a23c079a43e5af903f38dfb62f76/volumes
Aug 18 14:43:26.490216 dv-cinder-788365-10-smb devstack@c-api.service[107170]: DEBUG cinder.api.openstack.wsgi [None req-45267224-dcbc-480c-913d-e2cbf4b72a02 tempest-VolumeQuotasAdminTestJSON-1982587577 tempest-VolumeQuotasAdminTestJSON-1982587577-project] Action: 'create', calling method: create, body: {"volume": {"size": 1, "name": "tempest-VolumeQuotasAdminTestJSON-Volume-651879333"}} {{(pid=107170) _process_stack /opt/stack/cinder/cinder/api/openstack/wsgi.py:854}}
Aug 18 14:43:26.491967 dv-cinder-788365-10-smb devstack@c-api.service[107170]: DEBUG cinder.api.v3.volumes [None req-45267224-dcbc-480c-913d-e2cbf4b72a02 tempest-VolumeQuotasAdminTestJSON-1982587577 tempest-VolumeQuotasAdminTestJSON-1982587577-project] Create volume request body: {'volume': {'size': 1, 'name': 'tempest-VolumeQuotasAdminTestJSON-Volume-651879333'}} {{(pid=107170) create /opt/stack/cinder/cinder/api/v3/volumes.py:290}}
Aug 18 14:43:26.492293 dv-cinder-788365-10-smb devstack@c-api.service[107170]: INFO cinder.api.v3.volumes [None req-45267224-dcbc-480c-913d-e2cbf4b72a02 tempest-VolumeQuotasAdminTestJSON-1982587577 tempest-VolumeQuotasAdminTestJSON-1982587577-project] Create volume of 1 GB
Aug 18 14:43:26.501837 dv-cinder-788365-10-smb devstack@c-api.service[107170]: INFO cinder.volume.api [None req-45267224-dcbc-480c-913d-e2cbf4b72a02 tempest-VolumeQuotasAdminTestJSON-1982587577 tempest-VolumeQuotasAdminTestJSON-1982587577-project] Availability Zones retrieved successfully.
Aug 18 14:43:26.521245 dv-cinder-788365-10-smb devstack@c-api.service[107170]: DEBUG cinder.volume.api [None req-45267224-dcbc-480c-913d-e2cbf4b72a02 tempest-VolumeQuotasAdminTestJSON-1982587577 tempest-VolumeQuotasAdminTestJSON-1982587577-project] Flow 'volume_create_api' (756178fb-1439-474c-80c0-08f04d674e52) transitioned into state 'RUNNING' from state 'PENDING' {{(pid=107170) _flow_receiver /usr/local/lib/python3.8/dist-packages/taskflow/listeners/logging.py:141}}
Aug 18 14:43:26.525540 dv-cinder-788365-10-smb devstack@c-api.service[107170]: DEBUG cinder.volume.api [None req-45267224-dcbc-480c-913d-e2cbf4b72a02 tempest-VolumeQuotasAdminTestJSON-1982587577 tempest-VolumeQuotasAdminTestJSON-1982587577-project] Task 'cinder.volume.flows.api.create_volume.ExtractVolumeRequestTask;volume:create' (87088117-9caf-4bee-b0ad-e7abb1e72991) transitioned into state 'RUNNING' from state 'PENDING' {{(pid=107170) _task_receiver /usr/local/lib/python3.8/dist-packages/taskflow/listeners/logging.py:190}}
Aug 18 14:43:26.528485 dv-cinder-788365-10-smb devstack@c-api.service[107170]: DEBUG cinder.volume.flows.api.create_volume [None req-45267224-dcbc-480c-913d-e2cbf4b72a02 tempest-VolumeQuotasAdminTestJSON-1982587577 tempest-VolumeQuotasAdminTestJSON-1982587577-project] Validating volume size '1' using validate_int {{(pid=107170) _extract_size /opt/stack/cinder/cinder/volume/flows/api/create_volume.py:225}}
