Aug 17 16:30:38.583421 dv-cinder-788364-7-iscsi neutron-server[93755]: DEBUG neutron.api.rpc.callbacks.version_manager [None req-0c930ec4-35c2-4e38-b2b9-b5212708cd63 admin admin] Version for resource type QosPolicy changed None to 1.9 on consumer Open vSwitch agent@dv-cinder-788364-7-iscsi {{(pid=93755) _set_version /opt/stack/neutron/neutron/api/rpc/callbacks/version_manager.py:113}}
Aug 17 16:30:38.586897 dv-cinder-788364-7-iscsi neutron-server[93755]: DEBUG neutron.api.rpc.callbacks.version_manager [None req-0c930ec4-35c2-4e38-b2b9-b5212708cd63 admin admin] Version for resource type SecurityGroup changed None to 1.4 on consumer Open vSwitch agent@dv-cinder-788364-7-iscsi {{(pid=93755) _set_version /opt/stack/neutron/neutron/api/rpc/callbacks/version_manager.py:113}}
Aug 17 16:30:38.587267 dv-cinder-788364-7-iscsi neutron-server[93755]: DEBUG neutron.api.rpc.callbacks.version_manager [None req-0c930ec4-35c2-4e38-b2b9-b5212708cd63 admin admin] Version for resource type SecurityGroupRule changed None to 1.2 on consumer Open vSwitch agent@dv-cinder-788364-7-iscsi {{(pid=93755) _set_version /opt/stack/neutron/neutron/api/rpc/callbacks/version_manager.py:113}}
Aug 17 16:30:38.587612 dv-cinder-788364-7-iscsi neutron-server[93755]: DEBUG neutron.api.rpc.callbacks.version_manager [None req-0c930ec4-35c2-4e38-b2b9-b5212708cd63 admin admin] Version for resource type SubPort changed None to 1.0 on consumer Open vSwitch agent@dv-cinder-788364-7-iscsi {{(pid=93755) _set_version /opt/stack/neutron/neutron/api/rpc/callbacks/version_manager.py:113}}
Aug 17 16:30:38.589045 dv-cinder-788364-7-iscsi neutron-server[93755]: DEBUG neutron.api.rpc.callbacks.version_manager [None req-0c930ec4-35c2-4e38-b2b9-b5212708cd63 admin admin] Version for resource type Subnet changed None to 1.1 on consumer Open vSwitch agent@dv-cinder-788364-7-iscsi {{(pid=93755) _set_version /opt/stack/neutron/neutron/api/rpc/callbacks/version_manager.py:113}}
Aug 17 16:30:38.589045 dv-cinder-788364-7-iscsi neutron-server[93755]: DEBUG neutron.api.rpc.callbacks.version_manager [None req-0c930ec4-35c2-4e38-b2b9-b5212708cd63 admin admin] Version for resource type Trunk changed None to 1.1 on consumer Open vSwitch agent@dv-cinder-788364-7-iscsi {{(pid=93755) _set_version /opt/stack/neutron/neutron/api/rpc/callbacks/version_manager.py:113}}
Aug 17 16:30:38.590078 dv-cinder-788364-7-iscsi neutron-server[93755]: DEBUG neutron.api.rpc.callbacks.version_manager [None req-0c930ec4-35c2-4e38-b2b9-b5212708cd63 admin admin] Tracked resource versions report:
Aug 17 16:30:38.590078 dv-cinder-788364-7-iscsi neutron-server[93755]: pushed versions:
Aug 17 16:30:38.590078 dv-cinder-788364-7-iscsi neutron-server[93755]: { 'AddressGroup': {'1.2'},
Aug 17 16:30:38.590078 dv-cinder-788364-7-iscsi neutron-server[93755]: 'ConntrackHelper': {'1.0'},
Aug 17 16:30:38.590078 dv-cinder-788364-7-iscsi neutron-server[93755]: 'Log': {'1.0'},
Aug 17 16:30:38.590078 dv-cinder-788364-7-iscsi neutron-server[93755]: 'Network': {'1.1'},
Aug 17 16:30:38.590078 dv-cinder-788364-7-iscsi neutron-server[93755]: 'Port': {'1.7'},
Aug 17 16:30:38.590078 dv-cinder-788364-7-iscsi neutron-server[93755]: 'PortForwarding': {'1.2'},
Aug 17 16:30:38.590078 dv-cinder-788364-7-iscsi neutron-server[93755]: 'QosPolicy': {'1.9'},
Aug 17 16:30:38.590078 dv-cinder-788364-7-iscsi neutron-server[93755]: 'SecurityGroup': {'1.4'},
Aug 17 16:30:38.590078 dv-cinder-788364-7-iscsi neutron-server[93755]: 'SecurityGroupRule': {'1.2'},
Aug 17 16:30:38.590078 dv-cinder-788364-7-iscsi neutron-server[93755]: 'SubPort': {'1.0'},
Aug 17 16:30:38.590078 dv-cinder-788364-7-iscsi neutron-server[93755]: 'Subnet': {'1.1'},
Aug 17 16:30:38.590078 dv-cinder-788364-7-iscsi neutron-server[93755]: 'Trunk': {'1.1'}}
Aug 17 16:30:38.590078 dv-cinder-788364-7-iscsi neutron-server[93755]: consumer versions:
Aug 17 16:30:38.590078 dv-cinder-788364-7-iscsi neutron-server[93755]: { DHCP agent@dv-cinder-788364-7-iscsi: {},
Aug 17 16:30:38.590078 dv-cinder-788364-7-iscsi neutron-server[93755]: HyperV agent@hv-cinder-78836: {},
Aug 17 16:30:38.590078 dv-cinder-788364-7-iscsi neutron-server[93755]: L3 agent@dv-cinder-788364-7-iscsi: {},
Aug 17 16:30:38.590078 dv-cinder-788364-7-iscsi neutron-server[93755]: Metadata agent@dv-cinder-788364-7-iscsi: {},
Aug 17 16:30:38.590078 dv-cinder-788364-7-iscsi neutron-server[93755]: Metering agent@dv-cinder-788364-7-iscsi: {},
Aug 17 16:30:38.590078 dv-cinder-788364-7-iscsi neutron-server[93755]: Open vSwitch agent@dv-cinder-788364-7-iscsi: { 'AddressGroup': '1.2',
Aug 17 16:30:38.590078 dv-cinder-788364-7-iscsi neutron-server[93755]: 'ConntrackHelper': '1.0',
Aug 17 16:30:38.590078 dv-cinder-788364-7-iscsi neutron-server[93755]: 'Log': '1.0',
Aug 17 16:30:38.590078 dv-cinder-788364-7-iscsi neutron-server[93755]: 'Network': '1.1',
Aug 17 16:30:38.590078 dv-cinder-788364-7-iscsi neutron-server[93755]: 'Port': '1.7',
Aug 17 16:30:38.590078 dv-cinder-788364-7-iscsi neutron-server[93755]: 'PortForwarding': '1.2',
Aug 17 16:30:38.590078 dv-cinder-788364-7-iscsi neutron-server[93755]: 'QosPolicy': '1.9',
Aug 17 16:30:38.590078 dv-cinder-788364-7-iscsi neutron-server[93755]: 'SecurityGroup': '1.4',
Aug 17 16:30:38.590078 dv-cinder-788364-7-iscsi neutron-server[93755]: 'SecurityGroupRule': '1.2',
Aug 17 16:30:38.590078 dv-cinder-788364-7-iscsi neutron-server[93755]: 'SubPort': '1.0',
Aug 17 16:30:38.590078 dv-cinder-788364-7-iscsi neutron-server[93755]: 'Subnet': '1.1',
Aug 17 16:30:38.590078 dv-cinder-788364-7-iscsi neutron-server[93755]: 'Trunk': '1.1'}}
Aug 17 16:30:38.590078 dv-cinder-788364-7-iscsi neutron-server[93755]: {{(pid=93755) report /opt/stack/neutron/neutron/api/rpc/callbacks/version_manager.py:175}}
Aug 17 16:30:38.750674 dv-cinder-788364-7-iscsi neutron-server[93754]: DEBUG neutron_lib.callbacks.manager [None req-c1da7792-0046-4495-ae34-cd61f9405c54 admin admin] Notify callbacks ['neutron.plugins.ml2.ovo_rpc._ObjectChangeHandler.handle_event-480913', 'neutron.api.rpc.agentnotifiers.dhcp_rpc_agent_api.DhcpAgentNotifyAPI._native_event_send_dhcp_notification-7880153'] for subnet, after_create {{(pid=93754) _notify_loop /usr/local/lib/python3.8/dist-packages/neutron_lib/callbacks/manager.py:192}}
Aug 17 16:30:38.787275 dv-cinder-788364-7-iscsi neutron-server[93755]: DEBUG neutron.plugins.ml2.drivers.mech_agent [None req-0c930ec4-35c2-4e38-b2b9-b5212708cd63 admin admin] Checking segment: {'id': 'e9733d13-4fd8-474b-90c1-9251a5217dba', 'network_type': 'vlan', 'physical_network': 'physnet1', 'segmentation_id': 1066, 'network_id': 'a17a74bc-cb8c-4091-aaae-d74b8ce136ef'} for mappings: {'physnet1': 'br-data'} with network types: ['local', 'flat', 'vlan'] {{(pid=93755) check_segment_for_agent /opt/stack/neutron/neutron/plugins/ml2/drivers/mech_agent.py:352}}
Aug 17 16:30:38.788718 dv-cinder-788364-7-iscsi neutron-server[93755]: DEBUG neutron.scheduler.dhcp_agent_scheduler [None req-0c930ec4-35c2-4e38-b2b9-b5212708cd63 admin admin] Network hostable DHCP agents. Network: a17a74bc-cb8c-4091-aaae-d74b8ce136ef, hostable agents: ['15055396-7a35-43d8-a879-1d2a91bae0d1'], hosted agents: [] {{(pid=93755) _get_network_hostable_dhcp_agents /opt/stack/neutron/neutron/scheduler/dhcp_agent_scheduler.py:329}}
Aug 17 16:30:38.833241 dv-cinder-788364-7-iscsi neutron-server[93755]: DEBUG neutron_lib.callbacks.manager [None req-b10a253e-357c-4caa-9156-f353ce6467de admin admin] Notify callbacks ['neutron.plugins.ml2.ovo_rpc._ObjectChangeHandler.handle_event-480913', 'neutron.api.rpc.agentnotifiers.dhcp_rpc_agent_api.DhcpAgentNotifyAPI._native_event_send_dhcp_notification-7880153'] for subnet, after_create {{(pid=93755) _notify_loop /usr/local/lib/python3.8/dist-packages/neutron_lib/callbacks/manager.py:192}}
Aug 17 16:30:38.836249 dv-cinder-788364-7-iscsi neutron-server[93754]: DEBUG neutron.api.rpc.handlers.resources_rpc [None req-c1da7792-0046-4495-ae34-cd61f9405c54 admin admin] Pushing event updated for resources: {'Subnet': ['ID=96d19a2c-2a2d-4eb5-a2a8-6d45bf3df473,revision_number=0']} {{(pid=93754) push /opt/stack/neutron/neutron/api/rpc/handlers/resources_rpc.py:237}}
Aug 17 16:30:38.840498 dv-cinder-788364-7-iscsi neutron-server[93755]: DEBUG neutron.scheduler.dhcp_agent_scheduler [None req-0c930ec4-35c2-4e38-b2b9-b5212708cd63 admin admin] Network a17a74bc-cb8c-4091-aaae-d74b8ce136ef is scheduled to be hosted by DHCP agent 15055396-7a35-43d8-a879-1d2a91bae0d1 with binding_index 1 {{(pid=93755) bind /opt/stack/neutron/neutron/scheduler/dhcp_agent_scheduler.py:227}}
Aug 17 16:30:38.868593 dv-cinder-788364-7-iscsi neutron-server[93754]: DEBUG neutron.plugins.ml2.drivers.mech_agent [None req-c1da7792-0046-4495-ae34-cd61f9405c54 admin admin] Checking segment: {'id': 'b78be6cc-9516-4bf7-98c7-4a3f0b89b2e4', 'network_type': 'vlan', 'physical_network': 'physnet1', 'segmentation_id': 1067, 'network_id': '2a7dc09b-bb19-4594-b804-e10c8839607f'} for mappings: {'physnet1': 'br-data'} with network types: ['local', 'flat', 'vlan'] {{(pid=93754) check_segment_for_agent /opt/stack/neutron/neutron/plugins/ml2/drivers/mech_agent.py:352}}
Aug 17 16:30:38.872809 dv-cinder-788364-7-iscsi neutron-server[93754]: DEBUG neutron.scheduler.dhcp_agent_scheduler [None req-c1da7792-0046-4495-ae34-cd61f9405c54 admin admin] Network hostable DHCP agents. Network: 2a7dc09b-bb19-4594-b804-e10c8839607f, hostable agents: ['15055396-7a35-43d8-a879-1d2a91bae0d1'], hosted agents: [] {{(pid=93754) _get_network_hostable_dhcp_agents /opt/stack/neutron/neutron/scheduler/dhcp_agent_scheduler.py:329}}
Aug 17 16:30:38.901018 dv-cinder-788364-7-iscsi neutron-server[93755]: DEBUG neutron.scheduler.base_scheduler [None req-0c930ec4-35c2-4e38-b2b9-b5212708cd63 admin admin] Resources bound (agent type, host, resource id): (DHCP agent, dv-cinder-788364-7-iscsi, a17a74bc-cb8c-4091-aaae-d74b8ce136ef) {{(pid=93755) schedule /opt/stack/neutron/neutron/scheduler/base_scheduler.py:57}}
Aug 17 16:30:38.918311 dv-cinder-788364-7-iscsi neutron-server[93756]: DEBUG neutron.api.rpc.handlers.dhcp_rpc [None req-7870660b-865d-4a20-bc96-a26ea1aa81fb None None] Network a17a74bc-cb8c-4091-aaae-d74b8ce136ef requested from dv-cinder-788364-7-iscsi {{(pid=93756) get_network_info /opt/stack/neutron/neutron/api/rpc/handlers/dhcp_rpc.py:218}}
Aug 17 16:30:38.932890 dv-cinder-788364-7-iscsi neutron-server[93755]: DEBUG neutron.pecan_wsgi.hooks.policy_enforcement [None req-0c930ec4-35c2-4e38-b2b9-b5212708cd63 admin admin] Attributes excluded by policy engine: ['standard_attr_id', 'shared', 'network'] {{(pid=93755) _exclude_attributes_by_policy /opt/stack/neutron/neutron/pecan_wsgi/hooks/policy_enforcement.py:255}}
Aug 17 16:30:38.933566 dv-cinder-788364-7-iscsi neutron-server[93755]: DEBUG neutron_lib.callbacks.manager [None req-0c930ec4-35c2-4e38-b2b9-b5212708cd63 admin admin] Notify callbacks ['neutron.api.rpc.agentnotifiers.dhcp_rpc_agent_api.DhcpAgentNotifyAPI._send_dhcp_notification-7880143'] for subnet, before_response {{(pid=93755) _notify_loop /usr/local/lib/python3.8/dist-packages/neutron_lib/callbacks/manager.py:192}}
Aug 17 16:30:38.936920 dv-cinder-788364-7-iscsi neutron-server[93754]: DEBUG neutron.scheduler.dhcp_agent_scheduler [None req-c1da7792-0046-4495-ae34-cd61f9405c54 admin admin] Network 2a7dc09b-bb19-4594-b804-e10c8839607f is scheduled to be hosted by DHCP agent 15055396-7a35-43d8-a879-1d2a91bae0d1 with binding_index 1 {{(pid=93754) bind /opt/stack/neutron/neutron/scheduler/dhcp_agent_scheduler.py:227}}
Aug 17 16:30:38.973758 dv-cinder-788364-7-iscsi neutron-server[93754]: DEBUG neutron.scheduler.base_scheduler [None req-c1da7792-0046-4495-ae34-cd61f9405c54 admin admin] Resources bound (agent type, host, resource id): (DHCP agent, dv-cinder-788364-7-iscsi, 2a7dc09b-bb19-4594-b804-e10c8839607f) {{(pid=93754) schedule /opt/stack/neutron/neutron/scheduler/base_scheduler.py:57}}
Aug 17 16:30:38.990985 dv-cinder-788364-7-iscsi neutron-server[93754]: DEBUG neutron.pecan_wsgi.hooks.policy_enforcement [None req-c1da7792-0046-4495-ae34-cd61f9405c54 admin admin] Attributes excluded by policy engine: ['standard_attr_id', 'shared', 'network'] {{(pid=93754) _exclude_attributes_by_policy /opt/stack/neutron/neutron/pecan_wsgi/hooks/policy_enforcement.py:255}}
Aug 17 16:30:39.008845 dv-cinder-788364-7-iscsi neutron-server[93754]: DEBUG neutron_lib.callbacks.manager [None req-c1da7792-0046-4495-ae34-cd61f9405c54 admin admin] Notify callbacks ['neutron.api.rpc.agentnotifiers.dhcp_rpc_agent_api.DhcpAgentNotifyAPI._send_dhcp_notification-7880143'] for subnet, before_response {{(pid=93754) _notify_loop /usr/local/lib/python3.8/dist-packages/neutron_lib/callbacks/manager.py:192}}
Aug 17 16:30:39.016222 dv-cinder-788364-7-iscsi neutron-server[93754]: DEBUG neutron.wsgi [-] (93754) accepted ('10.222.0.111', 41126) {{(pid=93754) server /usr/local/lib/python3.8/dist-packages/eventlet/wsgi.py:982}}
Aug 17 16:30:39.025346 dv-cinder-788364-7-iscsi neutron-server[93756]: DEBUG neutron.api.rpc.handlers.dhcp_rpc [None req-45b37f84-14fb-45bc-9c78-5dae9806a6bf None None] Network 2a7dc09b-bb19-4594-b804-e10c8839607f requested from dv-cinder-788364-7-iscsi {{(pid=93756) get_network_info /opt/stack/neutron/neutron/api/rpc/handlers/dhcp_rpc.py:218}}
Aug 17 16:30:39.038236 dv-cinder-788364-7-iscsi neutron-server[93755]: DEBUG neutron.api.rpc.handlers.resources_rpc [None req-b10a253e-357c-4caa-9156-f353ce6467de admin admin] Pushing event updated for resources: {'Subnet': ['ID=cabb300c-66e5-4266-8e27-71fca7a81067,revision_number=0']} {{(pid=93755) push /opt/stack/neutron/neutron/api/rpc/handlers/resources_rpc.py:237}}
Aug 17 16:30:39.054963 dv-cinder-788364-7-iscsi neutron-server[93755]: INFO neutron.wsgi [None req-0c930ec4-35c2-4e38-b2b9-b5212708cd63 admin admin] 10.222.0.111 "POST /v2.0/subnets HTTP/1.1" status: 201 len: 851 time: 1.4580050
Aug 17 16:30:39.060523 dv-cinder-788364-7-iscsi neutron-server[93755]: DEBUG neutron.plugins.ml2.drivers.mech_agent [None req-b10a253e-357c-4caa-9156-f353ce6467de admin admin] Checking segment: {'id': '90951461-8191-4c3b-a801-3c445b6bbf83', 'network_type': 'vlan', 'physical_network': 'physnet1', 'segmentation_id': 1077, 'network_id': '4f185172-ba91-4726-b46a-dd5229c6c143'} for mappings: {'physnet1': 'br-data'} with network types: ['local', 'flat', 'vlan'] {{(pid=93755) check_segment_for_agent /opt/stack/neutron/neutron/plugins/ml2/drivers/mech_agent.py:352}}
Aug 17 16:30:39.066723 dv-cinder-788364-7-iscsi neutron-server[93755]: DEBUG neutron.scheduler.dhcp_agent_scheduler [None req-b10a253e-357c-4caa-9156-f353ce6467de admin admin] Network hostable DHCP agents. Network: 4f185172-ba91-4726-b46a-dd5229c6c143, hostable agents: ['15055396-7a35-43d8-a879-1d2a91bae0d1'], hosted agents: [] {{(pid=93755) _get_network_hostable_dhcp_agents /opt/stack/neutron/neutron/scheduler/dhcp_agent_scheduler.py:329}}
Aug 17 16:30:39.093819 dv-cinder-788364-7-iscsi neutron-server[93754]: INFO neutron.wsgi [None req-c1da7792-0046-4495-ae34-cd61f9405c54 admin admin] 10.222.0.111 "POST /v2.0/subnets HTTP/1.1" status: 201 len: 855 time: 0.8172915
Aug 17 16:30:39.094111 dv-cinder-788364-7-iscsi neutron-server[93755]: DEBUG neutron.wsgi [-] (93755) accepted ('10.222.0.111', 41136) {{(pid=93755) server /usr/local/lib/python3.8/dist-packages/eventlet/wsgi.py:982}}
Aug 17 16:30:39.100871 dv-cinder-788364-7-iscsi neutron-server[93755]: DEBUG neutron.api.v2.base [None req-3d41cb37-149b-4406-84f2-599f69f4acf0 admin admin] Request body: {'router': {'name': 'tempest-ServerRescueNegativeTestJSON-328208698-router', 'tenant_id': '0acb1c2b477147ad89001670c00e4931', 'external_gateway_info': {'network_id': 'ce4632d1-07b2-4dfe-a7f9-3ec026f9d297'}}} {{(pid=93755) prepare_request_body /opt/stack/neutron/neutron/api/v2/base.py:730}}
Aug 17 16:30:39.123733 dv-cinder-788364-7-iscsi neutron-server[93755]: DEBUG neutron.scheduler.dhcp_agent_scheduler [None req-b10a253e-357c-4caa-9156-f353ce6467de admin admin] Network 4f185172-ba91-4726-b46a-dd5229c6c143 is scheduled to be hosted by DHCP agent 15055396-7a35-43d8-a879-1d2a91bae0d1 with binding_index 1 {{(pid=93755) bind /opt/stack/neutron/neutron/scheduler/dhcp_agent_scheduler.py:227}}
Aug 17 16:30:39.148768 dv-cinder-788364-7-iscsi neutron-server[93755]: DEBUG neutron.scheduler.base_scheduler [None req-b10a253e-357c-4caa-9156-f353ce6467de admin admin] Resources bound (agent type, host, resource id): (DHCP agent, dv-cinder-788364-7-iscsi, 4f185172-ba91-4726-b46a-dd5229c6c143) {{(pid=93755) schedule /opt/stack/neutron/neutron/scheduler/base_scheduler.py:57}}
Aug 17 16:30:39.184009 dv-cinder-788364-7-iscsi neutron-server[93755]: DEBUG neutron_lib.callbacks.manager [None req-3d41cb37-149b-4406-84f2-599f69f4acf0 admin admin] Notify callbacks ['neutron.services.l3_router.l3_router_plugin.L3_HA_NAT_db_mixin._before_router_create_handler-460788', 'neutron.services.l3_router.service_providers.driver_controller.DriverController._check_router_request-5621'] for router, before_create {{(pid=93755) _notify_loop /usr/local/lib/python3.8/dist-packages/neutron_lib/callbacks/manager.py:192}}
Aug 17 16:30:39.187957 dv-cinder-788364-7-iscsi neutron-server[93755]: DEBUG neutron_lib.callbacks.manager [None req-3d41cb37-149b-4406-84f2-599f69f4acf0 admin admin] Notify callbacks ['neutron.services.l3_router.l3_router_plugin.L3_HA_NAT_db_mixin._precommit_router_create-460644', 'neutron.services.l3_router.l3_router_plugin.DVRResourceOperationHandler._set_distributed_flag-486121', 'neutron.services.l3_router.l3_router_plugin.RouterAvailabilityZoneMixin._process_az_request-392611', 'neutron.services.l3_router.service_providers.driver_controller.DriverController._set_router_provider-5628'] for router, precommit_create {{(pid=93755) _notify_loop /usr/local/lib/python3.8/dist-packages/neutron_lib/callbacks/manager.py:192}}
Aug 17 16:30:39.191742 dv-cinder-788364-7-iscsi neutron-server[93756]: DEBUG neutron.api.rpc.handlers.dhcp_rpc [None req-f5829eb4-a5b5-42b0-83fa-c20725a732c5 None None] Network 4f185172-ba91-4726-b46a-dd5229c6c143 requested from dv-cinder-788364-7-iscsi {{(pid=93756) get_network_info /opt/stack/neutron/neutron/api/rpc/handlers/dhcp_rpc.py:218}}
Aug 17 16:30:39.219960 dv-cinder-788364-7-iscsi neutron-server[93755]: DEBUG neutron.pecan_wsgi.hooks.policy_enforcement [None req-b10a253e-357c-4caa-9156-f353ce6467de admin admin] Attributes excluded by policy engine: ['standard_attr_id', 'shared', 'network'] {{(pid=93755) _exclude_attributes_by_policy /opt/stack/neutron/neutron/pecan_wsgi/hooks/policy_enforcement.py:255}}
Aug 17 16:30:39.220741 dv-cinder-788364-7-iscsi neutron-server[93755]: DEBUG neutron_lib.callbacks.manager [None req-b10a253e-357c-4caa-9156-f353ce6467de admin admin] Notify callbacks ['neutron.api.rpc.agentnotifiers.dhcp_rpc_agent_api.DhcpAgentNotifyAPI._send_dhcp_notification-7880143'] for subnet, before_response {{(pid=93755) _notify_loop /usr/local/lib/python3.8/dist-packages/neutron_lib/callbacks/manager.py:192}}
Aug 17 16:30:39.291859 dv-cinder-788364-7-iscsi neutron-server[93755]: INFO neutron.wsgi [None req-b10a253e-357c-4caa-9156-f353ce6467de admin admin] 10.222.0.111 "POST /v2.0/subnets HTTP/1.1" status: 201 len: 849 time: 1.2743125
Aug 17 16:30:39.460482 dv-cinder-788364-7-iscsi neutron-server[93755]: DEBUG neutron_lib.callbacks.manager [None req-3d41cb37-149b-4406-84f2-599f69f4acf0 admin admin] Notify callbacks [] for router_controller, precommit_add_association {{(pid=93755) _notify_loop /usr/local/lib/python3.8/dist-packages/neutron_lib/callbacks/manager.py:192}}
Aug 17 16:30:39.468231 dv-cinder-788364-7-iscsi neutron-server[93754]: DEBUG neutron_lib.callbacks.manager [None req-c0adbf7a-f80a-46d7-9b8d-2eae168b3a90 admin admin] Notify callbacks [] for security_group, before_create {{(pid=93754) _notify_loop /usr/local/lib/python3.8/dist-packages/neutron_lib/callbacks/manager.py:192}}
Aug 17 16:30:39.771093 dv-cinder-788364-7-iscsi neutron-server[93755]: DEBUG neutron_lib.callbacks.manager [None req-3d41cb37-149b-4406-84f2-599f69f4acf0 admin admin] Notify callbacks [] for router_gateway, precommit_update {{(pid=93755) _notify_loop /usr/local/lib/python3.8/dist-packages/neutron_lib/callbacks/manager.py:192}}
Aug 17 16:30:39.782628 dv-cinder-788364-7-iscsi neutron-server[93754]: DEBUG neutron_lib.callbacks.manager [None req-c0adbf7a-f80a-46d7-9b8d-2eae168b3a90 admin admin] Notify callbacks [] for security_group, precommit_create {{(pid=93754) _notify_loop /usr/local/lib/python3.8/dist-packages/neutron_lib/callbacks/manager.py:192}}
Aug 17 16:30:39.806427 dv-cinder-788364-7-iscsi neutron-server[93754]: DEBUG neutron_lib.callbacks.manager [None req-c0adbf7a-f80a-46d7-9b8d-2eae168b3a90 admin admin] Notify callbacks ['neutron.plugins.ml2.ovo_rpc._ObjectChangeHandler.handle_event-476645'] for security_group, after_create {{(pid=93754) _notify_loop /usr/local/lib/python3.8/dist-packages/neutron_lib/callbacks/manager.py:192}}
Aug 17 16:30:39.890539 dv-cinder-788364-7-iscsi neutron-server[93756]: DEBUG neutron.api.rpc.handlers.dhcp_rpc [None req-b4f255f0-52ac-4488-9725-a3bed6671ea8 None None] Network a17a74bc-cb8c-4091-aaae-d74b8ce136ef requested from dv-cinder-788364-7-iscsi {{(pid=93756) get_network_info /opt/stack/neutron/neutron/api/rpc/handlers/dhcp_rpc.py:218}}
Aug 17 16:30:39.914943 dv-cinder-788364-7-iscsi neutron-server[93754]: INFO neutron.wsgi [None req-c0adbf7a-f80a-46d7-9b8d-2eae168b3a90 admin admin] 10.222.0.111 "GET /v2.0/security-groups?tenant_id=694cd9d636204d619c45b9cddda16a3d&name=default HTTP/1.1" status: 200 len: 2975 time: 0.8935781
Aug 17 16:30:39.916081 dv-cinder-788364-7-iscsi neutron-server[93754]: DEBUG neutron.api.rpc.handlers.resources_rpc [None req-c0adbf7a-f80a-46d7-9b8d-2eae168b3a90 admin admin] Pushing event updated for resources: {'SecurityGroup': ['ID=f196f9cb-4538-4b04-9692-3b6d870e0736,revision_number=1']} {{(pid=93754) push /opt/stack/neutron/neutron/api/rpc/handlers/resources_rpc.py:237}}
Aug 17 16:30:39.920044 dv-cinder-788364-7-iscsi neutron-server[93755]: DEBUG neutron.wsgi [-] (93755) accepted ('10.222.0.111', 41182) {{(pid=93755) server /usr/local/lib/python3.8/dist-packages/eventlet/wsgi.py:982}}
Aug 17 16:30:40.092411 dv-cinder-788364-7-iscsi neutron-server[93756]: DEBUG neutron.api.rpc.handlers.dhcp_rpc [None req-eff6031d-cf32-44f4-a587-4504ea7aafae None None] Network 2a7dc09b-bb19-4594-b804-e10c8839607f requested from dv-cinder-788364-7-iscsi {{(pid=93756) get_network_info /opt/stack/neutron/neutron/api/rpc/handlers/dhcp_rpc.py:218}}
Aug 17 16:30:40.095226 dv-cinder-788364-7-iscsi neutron-server[93756]: DEBUG neutron.api.rpc.handlers.dhcp_rpc [None req-df2c0f02-d15e-4fe1-a0de-1a281b40fa81 None None] Network 4f185172-ba91-4726-b46a-dd5229c6c143 requested from dv-cinder-788364-7-iscsi {{(pid=93756) get_network_info /opt/stack/neutron/neutron/api/rpc/handlers/dhcp_rpc.py:218}}
Aug 17 16:30:40.109378 dv-cinder-788364-7-iscsi neutron-server[93755]: DEBUG neutron_lib.callbacks.manager [None req-41c49592-1868-4ba8-890a-745072f2338b admin admin] Notify callbacks [] for security_group, before_delete {{(pid=93755) _notify_loop /usr/local/lib/python3.8/dist-packages/neutron_lib/callbacks/manager.py:192}}
Aug 17 16:30:40.137043 dv-cinder-788364-7-iscsi neutron-server[93755]: DEBUG neutron_lib.callbacks.manager [None req-41c49592-1868-4ba8-890a-745072f2338b admin admin] Notify callbacks [] for security_group, precommit_delete {{(pid=93755) _notify_loop /usr/local/lib/python3.8/dist-packages/neutron_lib/callbacks/manager.py:192}}
Aug 17 16:30:40.254450 dv-cinder-788364-7-iscsi neutron-server[93755]: DEBUG neutron_lib.callbacks.manager [None req-3d41cb37-149b-4406-84f2-599f69f4acf0 admin admin] Notify callbacks [] for router_gateway, before_create {{(pid=93755) _notify_loop /usr/local/lib/python3.8/dist-packages/neutron_lib/callbacks/manager.py:192}}
Aug 17 16:30:40.284835 dv-cinder-788364-7-iscsi neutron-server[93754]: DEBUG neutron.wsgi [-] (93754) accepted ('10.222.0.111', 41190) {{(pid=93754) server /usr/local/lib/python3.8/dist-packages/eventlet/wsgi.py:982}}
Aug 17 16:30:40.290085 dv-cinder-788364-7-iscsi neutron-server[93755]: DEBUG neutron_lib.callbacks.manager [None req-3d41cb37-149b-4406-84f2-599f69f4acf0 admin admin] Notify callbacks ['neutron.plugins.ml2.plugin.SecurityGroupDbMixin._ensure_default_security_group_handler-7783125'] for port, before_create {{(pid=93755) _notify_loop /usr/local/lib/python3.8/dist-packages/neutron_lib/callbacks/manager.py:192}}
Aug 17 16:30:40.502951 dv-cinder-788364-7-iscsi neutron-server[93755]: DEBUG neutron.db.db_base_plugin_common [None req-3d41cb37-149b-4406-84f2-599f69f4acf0 admin admin] Allocated IP 172.27.3.165 (ce4632d1-07b2-4dfe-a7f9-3ec026f9d297/562b60d8-e703-4502-abd6-6ef52a3277e0/38d66613-fb33-4872-8214-474b47db0e17) {{(pid=93755) _store_ip_allocation /opt/stack/neutron/neutron/db/db_base_plugin_common.py:131}}
Aug 17 16:30:40.507618 dv-cinder-788364-7-iscsi neutron-server[93755]: DEBUG neutron_lib.callbacks.manager [None req-41c49592-1868-4ba8-890a-745072f2338b admin admin] Notify callbacks ['neutron.plugins.ml2.ovo_rpc._ObjectChangeHandler.handle_event-476645'] for security_group, after_delete {{(pid=93755) _notify_loop /usr/local/lib/python3.8/dist-packages/neutron_lib/callbacks/manager.py:192}}
Aug 17 16:30:40.518608 dv-cinder-788364-7-iscsi neutron-server[93755]: DEBUG neutron_lib.callbacks.manager [None req-41c49592-1868-4ba8-890a-745072f2338b admin admin] Notify callbacks [] for security_group, before_response {{(pid=93755) _notify_loop /usr/local/lib/python3.8/dist-packages/neutron_lib/callbacks/manager.py:192}}
Aug 17 16:30:40.522630 dv-cinder-788364-7-iscsi neutron-server[93755]: INFO neutron.wsgi [None req-41c49592-1868-4ba8-890a-745072f2338b admin admin] 10.222.0.111 "DELETE /v2.0/security-groups/f196f9cb-4538-4b04-9692-3b6d870e0736 HTTP/1.1" status: 204 len: 168 time: 0.6010418
Aug 17 16:30:40.561868 dv-cinder-788364-7-iscsi neutron-server[93755]: DEBUG neutron.api.rpc.handlers.resources_rpc [None req-41c49592-1868-4ba8-890a-745072f2338b admin admin] Pushing event deleted for resources: {'SecurityGroup': ['ID=f196f9cb-4538-4b04-9692-3b6d870e0736,revision_number=None']} {{(pid=93755) push /opt/stack/neutron/neutron/api/rpc/handlers/resources_rpc.py:237}}
Aug 17 16:30:40.570769 dv-cinder-788364-7-iscsi neutron-server[93754]: DEBUG neutron_lib.callbacks.manager [None req-3f289e4e-e314-45b8-bbac-567bbe235d2b admin admin] Notify callbacks [] for security_group, before_create {{(pid=93754) _notify_loop /usr/local/lib/python3.8/dist-packages/neutron_lib/callbacks/manager.py:192}}
Aug 17 16:30:40.578479 dv-cinder-788364-7-iscsi neutron-server[93755]: DEBUG neutron.wsgi [-] (93755) accepted ('10.222.0.111', 41220) {{(pid=93755) server /usr/local/lib/python3.8/dist-packages/eventlet/wsgi.py:982}}
Aug 17 16:30:40.587904 dv-cinder-788364-7-iscsi neutron-server[93755]: WARNING keystonemiddleware.auth_token [-] A valid token was submitted as a service token, but it was not a valid service token. This is incorrect but backwards compatible behaviour. This will be removed in future releases.
Aug 17 16:30:40.681099 dv-cinder-788364-7-iscsi neutron-server[93754]: DEBUG neutron.wsgi [-] (93754) accepted ('10.222.0.111', 41232) {{(pid=93754) server /usr/local/lib/python3.8/dist-packages/eventlet/wsgi.py:982}}
Aug 17 16:30:40.687160 dv-cinder-788364-7-iscsi neutron-server[93754]: WARNING keystonemiddleware.auth_token [-] A valid token was submitted as a service token, but it was not a valid service token. This is incorrect but backwards compatible behaviour. This will be removed in future releases.
Aug 17 16:30:40.930629 dv-cinder-788364-7-iscsi neutron-server[93755]: DEBUG neutron.pecan_wsgi.hooks.policy_enforcement [req-012393cd-4dd1-4ac3-9082-acdceb3fb4f1 req-1a7a3885-4d54-4905-b0e9-714527ba51c3 tempest-AttachVolumeNegativeTest-688194207 tempest-AttachVolumeNegativeTest-688194207-project] Attributes excluded by policy engine: ['standard_attr_id', 'vlan_transparent', 'provider:network_type', 'provider:physical_network', 'provider:segmentation_id'] {{(pid=93755) _exclude_attributes_by_policy /opt/stack/neutron/neutron/pecan_wsgi/hooks/policy_enforcement.py:255}}
Aug 17 16:30:40.934176 dv-cinder-788364-7-iscsi neutron-server[93755]: INFO neutron.wsgi [req-012393cd-4dd1-4ac3-9082-acdceb3fb4f1 req-1a7a3885-4d54-4905-b0e9-714527ba51c3 tempest-AttachVolumeNegativeTest-688194207 tempest-AttachVolumeNegativeTest-688194207-project] 10.222.0.111 "GET /v2.0/networks?id=a17a74bc-cb8c-4091-aaae-d74b8ce136ef HTTP/1.1" status: 200 len: 814 time: 0.3529744
Aug 17 16:30:40.972527 dv-cinder-788364-7-iscsi neutron-server[93755]: INFO neutron.wsgi [req-012393cd-4dd1-4ac3-9082-acdceb3fb4f1 req-57ac90c6-7897-48ed-89f1-addbb7f885c7 tempest-AttachVolumeNegativeTest-688194207 tempest-AttachVolumeNegativeTest-688194207-project] 10.222.0.111 "GET /v2.0/quotas/b6670acea4b442f5a51dfb4bc3c45828 HTTP/1.1" status: 200 len: 375 time: 0.0218422
Aug 17 16:30:41.018864 dv-cinder-788364-7-iscsi neutron-server[93755]: DEBUG neutron_lib.callbacks.manager [None req-3d41cb37-149b-4406-84f2-599f69f4acf0 admin admin] Notify callbacks [] for port, precommit_create {{(pid=93755) _notify_loop /usr/local/lib/python3.8/dist-packages/neutron_lib/callbacks/manager.py:192}}
Aug 17 16:30:41.046282 dv-cinder-788364-7-iscsi neutron-server[93754]: DEBUG neutron.pecan_wsgi.hooks.policy_enforcement [req-74dbe05d-addf-4b7b-b35a-dcace266033d req-fb1abb45-e578-4ab6-ac95-429016a0548a tempest-DeleteServersTestJSON-754990247 tempest-DeleteServersTestJSON-754990247-project] Attributes excluded by policy engine: ['standard_attr_id', 'vlan_transparent', 'provider:network_type', 'provider:physical_network', 'provider:segmentation_id'] {{(pid=93754) _exclude_attributes_by_policy /opt/stack/neutron/neutron/pecan_wsgi/hooks/policy_enforcement.py:255}}
Aug 17 16:30:41.047773 dv-cinder-788364-7-iscsi neutron-server[93754]: INFO neutron.wsgi [req-74dbe05d-addf-4b7b-b35a-dcace266033d req-fb1abb45-e578-4ab6-ac95-429016a0548a tempest-DeleteServersTestJSON-754990247 tempest-DeleteServersTestJSON-754990247-project] 10.222.0.111 "GET /v2.0/networks?id=4f185172-ba91-4726-b46a-dd5229c6c143 HTTP/1.1" status: 200 len: 812 time: 0.3621764
Aug 17 16:30:41.052880 dv-cinder-788364-7-iscsi neutron-server[93755]: INFO neutron.wsgi [req-012393cd-4dd1-4ac3-9082-acdceb3fb4f1 req-bad1c32f-3911-4806-8128-8667f32482af tempest-AttachVolumeNegativeTest-688194207 tempest-AttachVolumeNegativeTest-688194207-project] 10.222.0.111 "GET /v2.0/ports?tenant_id=b6670acea4b442f5a51dfb4bc3c45828&fields=id HTTP/1.1" status: 200 len: 210 time: 0.0794070
Aug 17 16:30:41.059947 dv-cinder-788364-7-iscsi neutron-server[93754]: DEBUG neutron_lib.callbacks.manager [None req-3f289e4e-e314-45b8-bbac-567bbe235d2b admin admin] Notify callbacks [] for security_group, precommit_create {{(pid=93754) _notify_loop /usr/local/lib/python3.8/dist-packages/neutron_lib/callbacks/manager.py:192}}
Aug 17 16:30:41.064992 dv-cinder-788364-7-iscsi neutron-server[93754]: DEBUG neutron_lib.callbacks.manager [None req-3f289e4e-e314-45b8-bbac-567bbe235d2b admin admin] Notify callbacks ['neutron.plugins.ml2.ovo_rpc._ObjectChangeHandler.handle_event-476645'] for security_group, after_create {{(pid=93754) _notify_loop /usr/local/lib/python3.8/dist-packages/neutron_lib/callbacks/manager.py:192}}
Aug 17 16:30:41.121995 dv-cinder-788364-7-iscsi neutron-server[93755]: DEBUG neutron_lib.callbacks.manager [None req-3d41cb37-149b-4406-84f2-599f69f4acf0 admin admin] Notify callbacks ['neutron.plugins.ml2.plugin.SecurityGroupServerNotifierRpcMixin._notify_sg_on_port_change-7783060', 'neutron.plugins.ml2.ovo_rpc._ObjectChangeHandler.handle_event-120768', 'neutron.api.rpc.agentnotifiers.dhcp_rpc_agent_api.DhcpAgentNotifyAPI._native_event_send_dhcp_notification-7880153', 'neutron.db.l3_dvrscheduler_db._notify_l3_agent_new_port-8793412325699'] for port, after_create {{(pid=93755) _notify_loop /usr/local/lib/python3.8/dist-packages/neutron_lib/callbacks/manager.py:192}}
Aug 17 16:30:41.139233 dv-cinder-788364-7-iscsi neutron-server[93754]: INFO neutron.wsgi [req-74dbe05d-addf-4b7b-b35a-dcace266033d req-a56b4caf-1dde-465e-aa8b-b5ba332c7be5 tempest-DeleteServersTestJSON-754990247 tempest-DeleteServersTestJSON-754990247-project] 10.222.0.111 "GET /v2.0/quotas/6f49d432e0e74977b6dafde843f7ed24 HTTP/1.1" status: 200 len: 375 time: 0.0683515
Aug 17 16:30:41.174399 dv-cinder-788364-7-iscsi neutron-server[93755]: DEBUG neutron.scheduler.dhcp_agent_scheduler [None req-3d41cb37-149b-4406-84f2-599f69f4acf0 admin admin] Network ce4632d1-07b2-4dfe-a7f9-3ec026f9d297 is already hosted by enough agents. {{(pid=93755) _get_dhcp_agents_hosting_network /opt/stack/neutron/neutron/scheduler/dhcp_agent_scheduler.py:275}}
Aug 17 16:30:41.179357 dv-cinder-788364-7-iscsi neutron-server[93755]: DEBUG neutron.scheduler.base_scheduler [None req-3d41cb37-149b-4406-84f2-599f69f4acf0 admin admin] Resources bound (agent type, host, resource id): {{(pid=93755) schedule /opt/stack/neutron/neutron/scheduler/base_scheduler.py:57}}
Aug 17 16:30:41.183436 dv-cinder-788364-7-iscsi neutron-server[93755]: DEBUG neutron.db.l3_dvrscheduler_db [None req-3d41cb37-149b-4406-84f2-599f69f4acf0 admin admin] Received port after_create {{(pid=93755) _notify_l3_agent_new_port /opt/stack/neutron/neutron/db/l3_dvrscheduler_db.py:535}}
Aug 17 16:30:41.186960 dv-cinder-788364-7-iscsi neutron-server[93754]: DEBUG neutron.api.rpc.handlers.resources_rpc [None req-3f289e4e-e314-45b8-bbac-567bbe235d2b admin admin] Pushing event updated for resources: {'SecurityGroup': ['ID=754f833b-78c1-40f5-907c-40c55dfaa5a5,revision_number=1']} {{(pid=93754) push /opt/stack/neutron/neutron/api/rpc/handlers/resources_rpc.py:237}}
Aug 17 16:30:41.211265 dv-cinder-788364-7-iscsi neutron-server[93754]: INFO neutron.wsgi [None req-3f289e4e-e314-45b8-bbac-567bbe235d2b admin admin] 10.222.0.111 "GET /v2.0/security-groups?tenant_id=8e9542a6183d4f4893a9ded019ae9c83&name=default HTTP/1.1" status: 200 len: 2975 time: 0.9248328
Aug 17 16:30:41.216718 dv-cinder-788364-7-iscsi neutron-server[93754]: INFO neutron.wsgi [req-74dbe05d-addf-4b7b-b35a-dcace266033d req-0c74f97d-19d8-41e4-912b-53f9e4df5a0c tempest-DeleteServersTestJSON-754990247 tempest-DeleteServersTestJSON-754990247-project] 10.222.0.111 "GET /v2.0/ports?tenant_id=6f49d432e0e74977b6dafde843f7ed24&fields=id HTTP/1.1" status: 200 len: 210 time: 0.0757294
Aug 17 16:30:41.217102 dv-cinder-788364-7-iscsi neutron-server[93754]: DEBUG neutron.wsgi [-] (93754) accepted ('10.222.0.111', 41250) {{(pid=93754) server /usr/local/lib/python3.8/dist-packages/eventlet/wsgi.py:982}}
Aug 17 16:30:41.312412 dv-cinder-788364-7-iscsi neutron-server[93755]: DEBUG neutron.api.rpc.handlers.resources_rpc [None req-3d41cb37-149b-4406-84f2-599f69f4acf0 admin admin] Pushing event updated for resources: {'Port': ['ID=38d66613-fb33-4872-8214-474b47db0e17,revision_number=1']} {{(pid=93755) push /opt/stack/neutron/neutron/api/rpc/handlers/resources_rpc.py:237}}
Aug 17 16:30:41.313365 dv-cinder-788364-7-iscsi neutron-server[93754]: DEBUG neutron_lib.callbacks.manager [None req-f1d44373-ee72-416f-80ee-e9c10db4f39e admin admin] Notify callbacks [] for security_group, before_delete {{(pid=93754) _notify_loop /usr/local/lib/python3.8/dist-packages/neutron_lib/callbacks/manager.py:192}}
Aug 17 16:30:41.351660 dv-cinder-788364-7-iscsi neutron-server[93754]: DEBUG neutron_lib.callbacks.manager [None req-f1d44373-ee72-416f-80ee-e9c10db4f39e admin admin] Notify callbacks [] for security_group, precommit_delete {{(pid=93754) _notify_loop /usr/local/lib/python3.8/dist-packages/neutron_lib/callbacks/manager.py:192}}
Aug 17 16:30:41.425271 dv-cinder-788364-7-iscsi neutron-server[93754]: DEBUG neutron_lib.callbacks.manager [None req-f1d44373-ee72-416f-80ee-e9c10db4f39e admin admin] Notify callbacks ['neutron.plugins.ml2.ovo_rpc._ObjectChangeHandler.handle_event-476645'] for security_group, after_delete {{(pid=93754) _notify_loop /usr/local/lib/python3.8/dist-packages/neutron_lib/callbacks/manager.py:192}}
Aug 17 16:30:41.429069 dv-cinder-788364-7-iscsi neutron-server[93754]: DEBUG neutron_lib.callbacks.manager [None req-f1d44373-ee72-416f-80ee-e9c10db4f39e admin admin] Notify callbacks [] for security_group, before_response {{(pid=93754) _notify_loop /usr/local/lib/python3.8/dist-packages/neutron_lib/callbacks/manager.py:192}}
Aug 17 16:30:41.431118 dv-cinder-788364-7-iscsi neutron-server[93754]: INFO neutron.wsgi [None req-f1d44373-ee72-416f-80ee-e9c10db4f39e admin admin] 10.222.0.111 "DELETE /v2.0/security-groups/754f833b-78c1-40f5-907c-40c55dfaa5a5 HTTP/1.1" status: 204 len: 168 time: 0.2130587
Aug 17 16:30:41.441780 dv-cinder-788364-7-iscsi neutron-server[93754]: DEBUG neutron.api.rpc.handlers.resources_rpc [None req-f1d44373-ee72-416f-80ee-e9c10db4f39e admin admin] Pushing event deleted for resources: {'SecurityGroup': ['ID=754f833b-78c1-40f5-907c-40c55dfaa5a5,revision_number=None']} {{(pid=93754) push /opt/stack/neutron/neutron/api/rpc/handlers/resources_rpc.py:237}}
Aug 17 16:30:41.457622 dv-cinder-788364-7-iscsi neutron-server[93754]: DEBUG neutron.wsgi [req-74dbe05d-addf-4b7b-b35a-dcace266033d req-a6b0e9ee-75db-45cc-acf9-ebec870601ec service neutron] http://10.222.0.111:9696/v2.0/extensions returned with HTTP 200 {{(pid=93754) __call__ /opt/stack/neutron/neutron/wsgi.py:729}}
Aug 17 16:30:41.469031 dv-cinder-788364-7-iscsi neutron-server[93754]: INFO neutron.wsgi [req-74dbe05d-addf-4b7b-b35a-dcace266033d req-a6b0e9ee-75db-45cc-acf9-ebec870601ec service neutron] 10.222.0.111 "GET /v2.0/extensions HTTP/1.1" status: 200 len: 13640 time: 0.1340704
Aug 17 16:30:41.530720 dv-cinder-788364-7-iscsi neutron-server[93755]: DEBUG neutron_lib.callbacks.manager [None req-3d41cb37-149b-4406-84f2-599f69f4acf0 admin admin] Notify callbacks [] for router_gateway, after_create {{(pid=93755) _notify_loop /usr/local/lib/python3.8/dist-packages/neutron_lib/callbacks/manager.py:192}}
Aug 17 16:30:41.538333 dv-cinder-788364-7-iscsi neutron-server[93755]: DEBUG neutron.wsgi [req-012393cd-4dd1-4ac3-9082-acdceb3fb4f1 req-650aa0d8-1c5a-4689-a9f2-5f22675c2663 service neutron] http://10.222.0.111:9696/v2.0/extensions returned with HTTP 200 {{(pid=93755) __call__ /opt/stack/neutron/neutron/wsgi.py:729}}
Aug 17 16:30:41.539404 dv-cinder-788364-7-iscsi neutron-server[93755]: INFO neutron.wsgi [req-012393cd-4dd1-4ac3-9082-acdceb3fb4f1 req-650aa0d8-1c5a-4689-a9f2-5f22675c2663 service neutron] 10.222.0.111 "GET /v2.0/extensions HTTP/1.1" status: 200 len: 13640 time: 0.2460120
Aug 17 16:30:41.626586 dv-cinder-788364-7-iscsi neutron-server[93754]: INFO neutron.wsgi [req-74dbe05d-addf-4b7b-b35a-dcace266033d req-27d5ab8a-ea7a-4af8-9441-b2285e7a805b service neutron] 10.222.0.111 "GET /v2.0/networks/4f185172-ba91-4726-b46a-dd5229c6c143?fields=segments HTTP/1.1" status: 200 len: 212 time: 0.1583278
Aug 17 16:30:41.752853 dv-cinder-788364-7-iscsi neutron-server[93754]: INFO neutron.wsgi [req-74dbe05d-addf-4b7b-b35a-dcace266033d req-80753e37-ee93-4875-866e-e8a2d4fab965 service neutron] 10.222.0.111 "GET /v2.0/networks/4f185172-ba91-4726-b46a-dd5229c6c143?fields=provider%3Aphysical_network&fields=provider%3Anetwork_type HTTP/1.1" status: 200 len: 281 time: 0.1249399
Aug 17 16:30:41.855955 dv-cinder-788364-7-iscsi neutron-server[93755]: INFO neutron.wsgi [req-012393cd-4dd1-4ac3-9082-acdceb3fb4f1 req-b6f2d4df-263b-4e10-97f4-948f9cc9e09e service neutron] 10.222.0.111 "GET /v2.0/networks/a17a74bc-cb8c-4091-aaae-d74b8ce136ef?fields=segments HTTP/1.1" status: 200 len: 212 time: 0.2782919
Aug 17 16:30:41.926130 dv-cinder-788364-7-iscsi neutron-server[93754]: DEBUG neutron.wsgi [-] (93754) accepted ('10.222.0.111', 41278) {{(pid=93754) server /usr/local/lib/python3.8/dist-packages/eventlet/wsgi.py:982}}
Aug 17 16:30:41.941970 dv-cinder-788364-7-iscsi neutron-server[93754]: DEBUG neutron_lib.callbacks.manager [None req-cad98ff0-8348-48ca-abfe-833c6c9c1599 admin admin] Notify callbacks [] for security_group, before_create {{(pid=93754) _notify_loop /usr/local/lib/python3.8/dist-packages/neutron_lib/callbacks/manager.py:192}}
Aug 17 16:30:42.128640 dv-cinder-788364-7-iscsi neutron-server[93754]: DEBUG neutron_lib.callbacks.manager [None req-cad98ff0-8348-48ca-abfe-833c6c9c1599 admin admin] Notify callbacks [] for security_group, precommit_create {{(pid=93754) _notify_loop /usr/local/lib/python3.8/dist-packages/neutron_lib/callbacks/manager.py:192}}
Aug 17 16:30:42.143669 dv-cinder-788364-7-iscsi neutron-server[93754]: DEBUG neutron_lib.callbacks.manager [None req-cad98ff0-8348-48ca-abfe-833c6c9c1599 admin admin] Notify callbacks ['neutron.plugins.ml2.ovo_rpc._ObjectChangeHandler.handle_event-476645'] for security_group, after_create {{(pid=93754) _notify_loop /usr/local/lib/python3.8/dist-packages/neutron_lib/callbacks/manager.py:192}}
Aug 17 16:30:42.223942 dv-cinder-788364-7-iscsi neutron-server[93754]: INFO neutron.wsgi [None req-cad98ff0-8348-48ca-abfe-833c6c9c1599 admin admin] 10.222.0.111 "GET /v2.0/security-groups?tenant_id=2c26769daf2746d5b37670a5192a0d66&name=default HTTP/1.1" status: 200 len: 2975 time: 0.2958238
Aug 17 16:30:42.224280 dv-cinder-788364-7-iscsi neutron-server[93754]: DEBUG neutron.api.rpc.handlers.resources_rpc [None req-cad98ff0-8348-48ca-abfe-833c6c9c1599 admin admin] Pushing event updated for resources: {'SecurityGroup': ['ID=ccd06f01-0028-41e9-bbb0-137b5e95b77e,revision_number=1']} {{(pid=93754) push /opt/stack/neutron/neutron/api/rpc/handlers/resources_rpc.py:237}}
Aug 17 16:30:42.239214 dv-cinder-788364-7-iscsi neutron-server[93754]: DEBUG neutron.wsgi [-] (93754) accepted ('10.222.0.111', 41304) {{(pid=93754) server /usr/local/lib/python3.8/dist-packages/eventlet/wsgi.py:982}}
Aug 17 16:30:42.291715 dv-cinder-788364-7-iscsi neutron-server[93755]: DEBUG neutron_lib.callbacks.manager [None req-3d41cb37-149b-4406-84f2-599f69f4acf0 admin admin] Notify callbacks ['neutron.services.l3_router.l3_router_plugin.L3_HA_NAT_db_mixin._after_router_create-460669', 'neutron.services.l3_router.l3_router_plugin.DVRResourceOperationHandler._create_snat_interfaces_after_change-485932'] for router, after_create {{(pid=93755) _notify_loop /usr/local/lib/python3.8/dist-packages/neutron_lib/callbacks/manager.py:192}}
Aug 17 16:30:42.304450 dv-cinder-788364-7-iscsi neutron-server[93754]: DEBUG neutron_lib.callbacks.manager [None req-585cf47a-c0e3-4e55-bdd2-65516407bf36 admin admin] Notify callbacks [] for security_group, before_delete {{(pid=93754) _notify_loop /usr/local/lib/python3.8/dist-packages/neutron_lib/callbacks/manager.py:192}}
Aug 17 16:30:42.339116 dv-cinder-788364-7-iscsi neutron-server[93754]: DEBUG neutron_lib.callbacks.manager [None req-585cf47a-c0e3-4e55-bdd2-65516407bf36 admin admin] Notify callbacks [] for security_group, precommit_delete {{(pid=93754) _notify_loop /usr/local/lib/python3.8/dist-packages/neutron_lib/callbacks/manager.py:192}}
Aug 17 16:30:42.427437 dv-cinder-788364-7-iscsi neutron-server[93755]: INFO neutron.wsgi [req-012393cd-4dd1-4ac3-9082-acdceb3fb4f1 req-810afb40-abe8-4ff4-bfc4-af37aa016bc9 service neutron] 10.222.0.111 "GET /v2.0/networks/a17a74bc-cb8c-4091-aaae-d74b8ce136ef?fields=provider%3Aphysical_network&fields=provider%3Anetwork_type HTTP/1.1" status: 200 len: 281 time: 0.3203316
Aug 17 16:30:42.454057 dv-cinder-788364-7-iscsi neutron-server[93754]: INFO neutron.wsgi [req-af864d12-f257-46f1-ab6e-9113b5337b43 req-27c80934-8376-4b30-95e4-c88edc6376b5 tempest-DeleteServersTestJSON-754990247 tempest-DeleteServersTestJSON-754990247-project] 10.222.0.111 "GET /v2.0/ports?device_id=593cdaeb-8d62-4cfe-bc12-5c323826c41a HTTP/1.1" status: 200 len: 210 time: 0.0801046
Aug 17 16:30:42.481255 dv-cinder-788364-7-iscsi neutron-server[93754]: DEBUG neutron_lib.callbacks.manager [None req-585cf47a-c0e3-4e55-bdd2-65516407bf36 admin admin] Notify callbacks ['neutron.plugins.ml2.ovo_rpc._ObjectChangeHandler.handle_event-476645'] for security_group, after_delete {{(pid=93754) _notify_loop /usr/local/lib/python3.8/dist-packages/neutron_lib/callbacks/manager.py:192}}
Aug 17 16:30:42.486993 dv-cinder-788364-7-iscsi neutron-server[93754]: DEBUG neutron_lib.callbacks.manager [None req-585cf47a-c0e3-4e55-bdd2-65516407bf36 admin admin] Notify callbacks [] for security_group, before_response {{(pid=93754) _notify_loop /usr/local/lib/python3.8/dist-packages/neutron_lib/callbacks/manager.py:192}}
Aug 17 16:30:42.488367 dv-cinder-788364-7-iscsi neutron-server[93754]: INFO neutron.wsgi [None req-585cf47a-c0e3-4e55-bdd2-65516407bf36 admin admin] 10.222.0.111 "DELETE /v2.0/security-groups/ccd06f01-0028-41e9-bbb0-137b5e95b77e HTTP/1.1" status: 204 len: 168 time: 0.2479503
Aug 17 16:30:42.517770 dv-cinder-788364-7-iscsi neutron-server[93754]: DEBUG neutron.api.rpc.handlers.resources_rpc [None req-585cf47a-c0e3-4e55-bdd2-65516407bf36 admin admin] Pushing event deleted for resources: {'SecurityGroup': ['ID=ccd06f01-0028-41e9-bbb0-137b5e95b77e,revision_number=None']} {{(pid=93754) push /opt/stack/neutron/neutron/api/rpc/handlers/resources_rpc.py:237}}
Aug 17 16:30:42.529376 dv-cinder-788364-7-iscsi neutron-server[93755]: DEBUG neutron.scheduler.l3_agent_scheduler [None req-3d41cb37-149b-4406-84f2-599f69f4acf0 admin admin] Router b9fcdee0-80f0-4973-90c0-eb82d12d77cc is scheduled to L3 agent 77f97ee5-48e2-437b-a9ce-ec9f20a244c7 with binding_index 1 {{(pid=93755) bind_router /opt/stack/neutron/neutron/scheduler/l3_agent_scheduler.py:209}}
Aug 17 16:30:42.818994 dv-cinder-788364-7-iscsi neutron-server[93755]: DEBUG neutron.api.rpc.agentnotifiers.l3_rpc_agent_api [None req-3d41cb37-149b-4406-84f2-599f69f4acf0 admin admin] Notify agent at l3_agent.dv-cinder-788364-7-iscsi the message routers_updated {{(pid=93755) _agent_notification /opt/stack/neutron/neutron/api/rpc/agentnotifiers/l3_rpc_agent_api.py:65}}
Aug 17 16:30:42.839127 dv-cinder-788364-7-iscsi neutron-server[93755]: DEBUG neutron_lib.callbacks.manager [None req-3d41cb37-149b-4406-84f2-599f69f4acf0 admin admin] Notify callbacks [] for router, before_response {{(pid=93755) _notify_loop /usr/local/lib/python3.8/dist-packages/neutron_lib/callbacks/manager.py:192}}
Aug 17 16:30:42.840359 dv-cinder-788364-7-iscsi neutron-server[93757]: DEBUG neutron.api.rpc.handlers.l3_rpc [None req-1218040a-79c1-422a-84a4-8a79cad8a68a None None] Sync routers for ids ['b9fcdee0-80f0-4973-90c0-eb82d12d77cc'] in dv-cinder-788364-7-iscsi {{(pid=93757) sync_routers /opt/stack/neutron/neutron/api/rpc/handlers/l3_rpc.py:125}}
Aug 17 16:30:42.844483 dv-cinder-788364-7-iscsi neutron-server[93755]: INFO neutron.wsgi [None req-3d41cb37-149b-4406-84f2-599f69f4acf0 admin admin] 10.222.0.111 "POST /v2.0/routers HTTP/1.1" status: 201 len: 930 time: 3.7454402
Aug 17 16:30:42.845124 dv-cinder-788364-7-iscsi neutron-server[93754]: DEBUG neutron.wsgi [-] (93754) accepted ('10.222.0.111', 41336) {{(pid=93754) server /usr/local/lib/python3.8/dist-packages/eventlet/wsgi.py:982}}
Aug 17 16:30:42.875131 dv-cinder-788364-7-iscsi neutron-server[93757]: DEBUG neutron.db.l3_dvrscheduler_db [None req-1218040a-79c1-422a-84a4-8a79cad8a68a None None] Routers {'b9fcdee0-80f0-4973-90c0-eb82d12d77cc'} bound to L3 agent in host dv-cinder-788364-7-iscsi {{(pid=93757) _get_router_ids_for_agent /opt/stack/neutron/neutron/db/l3_dvrscheduler_db.py:420}}
Aug 17 16:30:42.877942 dv-cinder-788364-7-iscsi neutron-server[93757]: DEBUG neutron.db.l3_hamode_db [None req-1218040a-79c1-422a-84a4-8a79cad8a68a None None] neutron.services.l3_router.l3_router_plugin.L3RouterPlugin method get_ha_sync_data_for_host called with arguments (, 'dv-cinder-788364-7-iscsi', Agent(admin_state_up=True,agent_type='L3 agent',availability_zone='nova',binary='neutron-l3-agent',configurations={"agent_mode": "legacy", "ex_gw_ports": 1, "extensions": [], "floating_ips": 0, "handle_internal_only_routers": true, "interface_driver": "openvswitch", "interfaces": 1, "log_agent_heartbeats": false, "routers": 1},created_at=2021-08-17T16:23:00Z,description=,heartbeat_timestamp=2021-08-17T16:30:30Z,host='dv-cinder-788364-7-iscsi',id=77f97ee5-48e2-437b-a9ce-ec9f20a244c7,load=0,resource_versions=,resources_synced=,started_at=2021-08-17T16:23:00Z,topic='l3_agent')) {'router_ids': ['b9fcdee0-80f0-4973-90c0-eb82d12d77cc'], 'active': True} {{(pid=93757) wrapper /usr/local/lib/python3.8/dist-packages/oslo_log/helpers.py:65}}
Aug 17 16:30:43.184921 dv-cinder-788364-7-iscsi neutron-server[93755]: INFO neutron.wsgi [req-0eabc5a9-5828-4667-80f2-82e66d4b500e req-af6b0493-3fb6-4678-94f2-e9a5aa9d030c tempest-AttachVolumeNegativeTest-688194207 tempest-AttachVolumeNegativeTest-688194207-project] 10.222.0.111 "GET /v2.0/ports?device_id=26799f93-2618-4d12-9ae9-5af861eed9b6 HTTP/1.1" status: 200 len: 210 time: 0.1312051
Aug 17 16:30:43.262277 dv-cinder-788364-7-iscsi neutron-server[93757]: DEBUG neutron.db.l3_dvr_db [None req-1218040a-79c1-422a-84a4-8a79cad8a68a None None] Set router b9fcdee0-80f0-4973-90c0-eb82d12d77cc gateway port host: dv-cinder-788364-7-iscsi {{(pid=93757) _build_routers_list /opt/stack/neutron/neutron/db/l3_dvr_db.py:906}}
Aug 17 16:30:43.568121 dv-cinder-788364-7-iscsi neutron-server[93755]: DEBUG neutron.wsgi [-] (93755) accepted ('10.222.0.111', 41384) {{(pid=93755) server /usr/local/lib/python3.8/dist-packages/eventlet/wsgi.py:982}}
Aug 17 16:30:43.640401 dv-cinder-788364-7-iscsi neutron-server[93755]: INFO neutron.wsgi [req-c75e6c54-04f8-4a10-b245-71c0979345f9 req-29e1c059-a756-4b07-b177-d231d7282751 tempest-DeleteServersTestJSON-754990247 tempest-DeleteServersTestJSON-754990247-project] 10.222.0.111 "GET /v2.0/ports?device_id=593cdaeb-8d62-4cfe-bc12-5c323826c41a HTTP/1.1" status: 200 len: 210 time: 0.0902114
Aug 17 16:30:43.656388 dv-cinder-788364-7-iscsi neutron-server[93754]: DEBUG neutron_lib.callbacks.manager [None req-789d8752-f48f-4eff-a5d6-35f6170d635a admin admin] Notify callbacks ['neutron.plugins.ml2.plugin.SecurityGroupDbMixin._ensure_default_security_group_handler-7783125'] for port, before_create {{(pid=93754) _notify_loop /usr/local/lib/python3.8/dist-packages/neutron_lib/callbacks/manager.py:192}}
