Aug 09 14:45:58.902361 dv-cinder-788364-6-smb neutron-server[105238]: INFO neutron.wsgi [None req-f3508f62-7a80-4187-b776-2c3994e79652 admin admin] 10.222.0.37 "DELETE /v2.0/security-groups/1cfd7dbf-1254-460a-8f13-4911b78d2f20 HTTP/1.1" status: 204 len: 168 time: 0.2709837
Aug 09 14:45:58.912508 dv-cinder-788364-6-smb neutron-server[105238]: DEBUG neutron.api.rpc.handlers.resources_rpc [None req-f3508f62-7a80-4187-b776-2c3994e79652 admin admin] Pushing event deleted for resources: {'SecurityGroup': ['ID=1cfd7dbf-1254-460a-8f13-4911b78d2f20,revision_number=None']} {{(pid=105238) push /opt/stack/neutron/neutron/api/rpc/handlers/resources_rpc.py:237}}
Aug 09 14:45:59.208842 dv-cinder-788364-6-smb neutron-server[105240]: DEBUG neutron.plugins.ml2.rpc [None req-a6d5595c-2368-4f1d-8014-830c47f1d6f0 None None] Device 29bad3cf-b7c1-4ba4-bfb9-e3d7119f34af no longer exists at agent hyperv_hv-cinder-78836 {{(pid=105240) update_device_down /opt/stack/neutron/neutron/plugins/ml2/rpc.py:259}}
Aug 09 14:45:59.234175 dv-cinder-788364-6-smb neutron-server[105240]: DEBUG neutron.plugins.ml2.plugin [None req-a6d5595c-2368-4f1d-8014-830c47f1d6f0 None None] No Port match for: 29bad3cf-b7c1-4ba4-bfb9-e3d7119f34af {{(pid=105240) port_bound_to_host /opt/stack/neutron/neutron/plugins/ml2/plugin.py:2255}}
Aug 09 14:45:59.235032 dv-cinder-788364-6-smb neutron-server[105240]: DEBUG neutron.plugins.ml2.rpc [None req-a6d5595c-2368-4f1d-8014-830c47f1d6f0 None None] Device 29bad3cf-b7c1-4ba4-bfb9-e3d7119f34af not bound to the agent host hv-cinder-78836 {{(pid=105240) update_device_down /opt/stack/neutron/neutron/plugins/ml2/rpc.py:269}}
Aug 09 14:45:59.241711 dv-cinder-788364-6-smb neutron-server[105239]: DEBUG neutron.wsgi [-] (105239) accepted ('10.222.0.37', 45514) {{(pid=105239) server /usr/local/lib/python3.8/dist-packages/eventlet/wsgi.py:982}}
Aug 09 14:45:59.261652 dv-cinder-788364-6-smb neutron-server[105239]: DEBUG neutron_lib.callbacks.manager [None req-8705070d-5e0d-48e1-ba84-77b52392ce65 admin admin] Notify callbacks [] for security_group, before_create {{(pid=105239) _notify_loop /usr/local/lib/python3.8/dist-packages/neutron_lib/callbacks/manager.py:192}}
Aug 09 14:45:59.360161 dv-cinder-788364-6-smb neutron-server[105239]: DEBUG neutron_lib.callbacks.manager [None req-8705070d-5e0d-48e1-ba84-77b52392ce65 admin admin] Notify callbacks [] for security_group, precommit_create {{(pid=105239) _notify_loop /usr/local/lib/python3.8/dist-packages/neutron_lib/callbacks/manager.py:192}}
Aug 09 14:45:59.368071 dv-cinder-788364-6-smb neutron-server[105239]: DEBUG neutron_lib.callbacks.manager [None req-8705070d-5e0d-48e1-ba84-77b52392ce65 admin admin] Notify callbacks ['neutron.plugins.ml2.ovo_rpc._ObjectChangeHandler.handle_event-445858'] for security_group, after_create {{(pid=105239) _notify_loop /usr/local/lib/python3.8/dist-packages/neutron_lib/callbacks/manager.py:192}}
Aug 09 14:45:59.408291 dv-cinder-788364-6-smb neutron-server[105239]: DEBUG neutron.api.rpc.handlers.resources_rpc [None req-8705070d-5e0d-48e1-ba84-77b52392ce65 admin admin] Pushing event updated for resources: {'SecurityGroup': ['ID=bbe0aaaa-d851-4a13-b3d8-58d757bd7a6d,revision_number=1']} {{(pid=105239) push /opt/stack/neutron/neutron/api/rpc/handlers/resources_rpc.py:237}}
Aug 09 14:45:59.412809 dv-cinder-788364-6-smb neutron-server[105239]: INFO neutron.wsgi [None req-8705070d-5e0d-48e1-ba84-77b52392ce65 admin admin] 10.222.0.37 "GET /v2.0/security-groups?tenant_id=8687705fc506488f8a304d0f62cacb77&name=default HTTP/1.1" status: 200 len: 2979 time: 0.1698079
Aug 09 14:45:59.416214 dv-cinder-788364-6-smb neutron-server[105239]: DEBUG neutron.wsgi [-] (105239) accepted ('10.222.0.37', 45522) {{(pid=105239) server /usr/local/lib/python3.8/dist-packages/eventlet/wsgi.py:982}}
Aug 09 14:45:59.464849 dv-cinder-788364-6-smb neutron-server[105239]: DEBUG neutron_lib.callbacks.manager [None req-9884bd2a-28f9-481d-beab-8a4cdfd34f1a admin admin] Notify callbacks [] for security_group, before_delete {{(pid=105239) _notify_loop /usr/local/lib/python3.8/dist-packages/neutron_lib/callbacks/manager.py:192}}
Aug 09 14:45:59.485928 dv-cinder-788364-6-smb neutron-server[105239]: DEBUG neutron_lib.callbacks.manager [None req-9884bd2a-28f9-481d-beab-8a4cdfd34f1a admin admin] Notify callbacks [] for security_group, precommit_delete {{(pid=105239) _notify_loop /usr/local/lib/python3.8/dist-packages/neutron_lib/callbacks/manager.py:192}}
Aug 09 14:45:59.538040 dv-cinder-788364-6-smb neutron-server[105239]: DEBUG neutron_lib.callbacks.manager [None req-9884bd2a-28f9-481d-beab-8a4cdfd34f1a admin admin] Notify callbacks ['neutron.plugins.ml2.ovo_rpc._ObjectChangeHandler.handle_event-445858'] for security_group, after_delete {{(pid=105239) _notify_loop /usr/local/lib/python3.8/dist-packages/neutron_lib/callbacks/manager.py:192}}
Aug 09 14:45:59.540725 dv-cinder-788364-6-smb neutron-server[105239]: DEBUG neutron_lib.callbacks.manager [None req-9884bd2a-28f9-481d-beab-8a4cdfd34f1a admin admin] Notify callbacks [] for security_group, before_response {{(pid=105239) _notify_loop /usr/local/lib/python3.8/dist-packages/neutron_lib/callbacks/manager.py:192}}
Aug 09 14:45:59.542086 dv-cinder-788364-6-smb neutron-server[105239]: INFO neutron.wsgi [None req-9884bd2a-28f9-481d-beab-8a4cdfd34f1a admin admin] 10.222.0.37 "DELETE /v2.0/security-groups/bbe0aaaa-d851-4a13-b3d8-58d757bd7a6d HTTP/1.1" status: 204 len: 168 time: 0.1256654
Aug 09 14:45:59.552261 dv-cinder-788364-6-smb neutron-server[105239]: DEBUG neutron.api.rpc.handlers.resources_rpc [None req-9884bd2a-28f9-481d-beab-8a4cdfd34f1a admin admin] Pushing event deleted for resources: {'SecurityGroup': ['ID=bbe0aaaa-d851-4a13-b3d8-58d757bd7a6d,revision_number=None']} {{(pid=105239) push /opt/stack/neutron/neutron/api/rpc/handlers/resources_rpc.py:237}}
Aug 09 14:45:59.725902 dv-cinder-788364-6-smb neutron-server[105238]: INFO neutron.wsgi [req-6275356b-04f4-4c10-a20f-b2f482c71283 req-00c5dbf0-073c-49d5-bfca-fbc01ea6f9ca service neutron] 10.222.0.77 "GET /v2.0/ports?device_id=8cd853ba-ea69-45cc-b498-33349d90253e&fields=binding%3Ahost_id&fields=binding%3Avif_type HTTP/1.1" status: 200 len: 275 time: 0.0532854
Aug 09 14:45:59.829983 dv-cinder-788364-6-smb neutron-server[105238]: DEBUG neutron.pecan_wsgi.hooks.policy_enforcement [req-6275356b-04f4-4c10-a20f-b2f482c71283 req-b36b8371-b621-496a-b185-14ab9a76771c service neutron] Attributes excluded by policy engine: ['standard_attr_id'] {{(pid=105238) _exclude_attributes_by_policy /opt/stack/neutron/neutron/pecan_wsgi/hooks/policy_enforcement.py:255}}
Aug 09 14:45:59.832650 dv-cinder-788364-6-smb neutron-server[105238]: INFO neutron.wsgi [req-6275356b-04f4-4c10-a20f-b2f482c71283 req-b36b8371-b621-496a-b185-14ab9a76771c service neutron] 10.222.0.77 "GET /v2.0/ports?tenant_id=ce93c4f157ae4d7d87843ddcf854656a&device_id=8cd853ba-ea69-45cc-b498-33349d90253e HTTP/1.1" status: 200 len: 1098 time: 0.0564919
Aug 09 14:45:59.891822 dv-cinder-788364-6-smb neutron-server[105239]: DEBUG neutron.wsgi [-] (105239) accepted ('10.222.0.37', 45554) {{(pid=105239) server /usr/local/lib/python3.8/dist-packages/eventlet/wsgi.py:982}}
Aug 09 14:45:59.991624 dv-cinder-788364-6-smb neutron-server[105239]: DEBUG neutron.pecan_wsgi.hooks.policy_enforcement [req-85921550-fa26-4987-801c-082bc93d27c4 req-f1e7b162-7547-4db7-af64-38ed15657332 tempest-ServerRescueNegativeTestJSON-1463609789 tempest-ServerRescueNegativeTestJSON-1463609789-project] Attributes excluded by policy engine: ['standard_attr_id', 'binding:profile', 'binding:host_id', 'binding:vif_type', 'binding:vif_details'] {{(pid=105239) _exclude_attributes_by_policy /opt/stack/neutron/neutron/pecan_wsgi/hooks/policy_enforcement.py:255}}
Aug 09 14:45:59.999175 dv-cinder-788364-6-smb neutron-server[105239]: INFO neutron.wsgi [req-85921550-fa26-4987-801c-082bc93d27c4 req-f1e7b162-7547-4db7-af64-38ed15657332 tempest-ServerRescueNegativeTestJSON-1463609789 tempest-ServerRescueNegativeTestJSON-1463609789-project] 10.222.0.37 "GET /v2.0/ports?device_id=57ea8339-88c8-468c-91f5-eebc7652de86 HTTP/1.1" status: 200 len: 946 time: 0.0957165
Aug 09 14:46:00.026427 dv-cinder-788364-6-smb neutron-server[105238]: DEBUG neutron.pecan_wsgi.hooks.policy_enforcement [req-6275356b-04f4-4c10-a20f-b2f482c71283 req-09b8786a-c8ad-44ea-a8bd-cf0d8c723803 service neutron] Attributes excluded by policy engine: ['standard_attr_id', 'vlan_transparent'] {{(pid=105238) _exclude_attributes_by_policy /opt/stack/neutron/neutron/pecan_wsgi/hooks/policy_enforcement.py:255}}
Aug 09 14:46:00.028716 dv-cinder-788364-6-smb neutron-server[105238]: INFO neutron.wsgi [req-6275356b-04f4-4c10-a20f-b2f482c71283 req-09b8786a-c8ad-44ea-a8bd-cf0d8c723803 service neutron] 10.222.0.77 "GET /v2.0/networks?id=7676f92f-085a-4ae2-a147-ff9bd859cd76 HTTP/1.1" status: 200 len: 920 time: 0.1734216
Aug 09 14:46:00.047066 dv-cinder-788364-6-smb neutron-server[105239]: INFO neutron.wsgi [req-85921550-fa26-4987-801c-082bc93d27c4 req-cb5365e6-63df-4f51-8390-9ce3f54eb43d tempest-ServerRescueNegativeTestJSON-1463609789 tempest-ServerRescueNegativeTestJSON-1463609789-project] 10.222.0.37 "GET /v2.0/security-groups?id=df02c78e-9867-4a89-b532-61c438182875&fields=id&fields=name HTTP/1.1" status: 200 len: 286 time: 0.0389960
Aug 09 14:46:00.073645 dv-cinder-788364-6-smb neutron-server[105239]: DEBUG neutron_lib.callbacks.manager [None req-dade1dfa-79fe-4f0d-ab6f-37d14db9f2ac admin admin] Notify callbacks [] for security_group, before_create {{(pid=105239) _notify_loop /usr/local/lib/python3.8/dist-packages/neutron_lib/callbacks/manager.py:192}}
Aug 09 14:46:00.081963 dv-cinder-788364-6-smb neutron-server[105239]: DEBUG neutron.wsgi [-] (105239) accepted ('10.222.0.37', 45560) {{(pid=105239) server /usr/local/lib/python3.8/dist-packages/eventlet/wsgi.py:982}}
Aug 09 14:46:00.096825 dv-cinder-788364-6-smb neutron-server[105238]: INFO neutron.wsgi [req-6275356b-04f4-4c10-a20f-b2f482c71283 req-66d93692-56b3-4299-bd0d-2b862ba8af7b service neutron] 10.222.0.77 "GET /v2.0/floatingips?fixed_ip_address=172.20.0.9&port_id=e618d5eb-adde-416b-9e3d-2827b456c3cd HTTP/1.1" status: 200 len: 217 time: 0.0571921
Aug 09 14:46:00.101829 dv-cinder-788364-6-smb neutron-server[105239]: DEBUG neutron_lib.callbacks.manager [None req-44573af6-4744-456e-b0a7-f1baf486c79e admin admin] Notify callbacks [] for security_group, before_create {{(pid=105239) _notify_loop /usr/local/lib/python3.8/dist-packages/neutron_lib/callbacks/manager.py:192}}
Aug 09 14:46:00.198709 dv-cinder-788364-6-smb neutron-server[105238]: DEBUG neutron.pecan_wsgi.hooks.policy_enforcement [req-6275356b-04f4-4c10-a20f-b2f482c71283 req-0be6f1f4-6a01-49be-9746-491fcba39477 service neutron] Attributes excluded by policy engine: ['standard_attr_id', 'shared', 'segment_id'] {{(pid=105238) _exclude_attributes_by_policy /opt/stack/neutron/neutron/pecan_wsgi/hooks/policy_enforcement.py:255}}
Aug 09 14:46:00.200245 dv-cinder-788364-6-smb neutron-server[105238]: INFO neutron.wsgi [req-6275356b-04f4-4c10-a20f-b2f482c71283 req-0be6f1f4-6a01-49be-9746-491fcba39477 service neutron] 10.222.0.77 "GET /v2.0/subnets?id=aec70ed6-b252-4fe2-96e8-df2d12a24928 HTTP/1.1" status: 200 len: 858 time: 0.0936258
Aug 09 14:46:00.222995 dv-cinder-788364-6-smb neutron-server[105239]: DEBUG neutron_lib.callbacks.manager [None req-44573af6-4744-456e-b0a7-f1baf486c79e admin admin] Notify callbacks [] for security_group, precommit_create {{(pid=105239) _notify_loop /usr/local/lib/python3.8/dist-packages/neutron_lib/callbacks/manager.py:192}}
Aug 09 14:46:00.229116 dv-cinder-788364-6-smb neutron-server[105239]: DEBUG neutron_lib.callbacks.manager [None req-44573af6-4744-456e-b0a7-f1baf486c79e admin admin] Notify callbacks ['neutron.plugins.ml2.ovo_rpc._ObjectChangeHandler.handle_event-445858'] for security_group, after_create {{(pid=105239) _notify_loop /usr/local/lib/python3.8/dist-packages/neutron_lib/callbacks/manager.py:192}}
Aug 09 14:46:00.242678 dv-cinder-788364-6-smb neutron-server[105238]: INFO neutron.wsgi [req-6275356b-04f4-4c10-a20f-b2f482c71283 req-3522e48f-d0be-46f5-94cc-6a5021f33cdd service neutron] 10.222.0.77 "GET /v2.0/ports?network_id=7676f92f-085a-4ae2-a147-ff9bd859cd76&device_owner=network%3Adhcp HTTP/1.1" status: 200 len: 210 time: 0.0320437
Aug 09 14:46:00.287659 dv-cinder-788364-6-smb neutron-server[105239]: DEBUG neutron.api.rpc.handlers.resources_rpc [None req-44573af6-4744-456e-b0a7-f1baf486c79e admin admin] Pushing event updated for resources: {'SecurityGroup': ['ID=f8ea330e-9c2a-4080-acc8-343bb2d74409,revision_number=1']} {{(pid=105239) push /opt/stack/neutron/neutron/api/rpc/handlers/resources_rpc.py:237}}
Aug 09 14:46:00.294506 dv-cinder-788364-6-smb neutron-server[105239]: INFO neutron.wsgi [None req-44573af6-4744-456e-b0a7-f1baf486c79e admin admin] 10.222.0.37 "GET /v2.0/security-groups?tenant_id=6a57bb38d9af460796564ceaba7d8e28&name=default HTTP/1.1" status: 200 len: 2979 time: 0.2098839
Aug 09 14:46:00.295473 dv-cinder-788364-6-smb neutron-server[105239]: DEBUG neutron.wsgi [-] (105239) accepted ('10.222.0.37', 45566) {{(pid=105239) server /usr/local/lib/python3.8/dist-packages/eventlet/wsgi.py:982}}
Aug 09 14:46:00.339132 dv-cinder-788364-6-smb neutron-server[105238]: INFO neutron.wsgi [req-6275356b-04f4-4c10-a20f-b2f482c71283 req-2b5c2f78-4807-4217-8456-897ff25640ac service neutron] 10.222.0.77 "GET /v2.0/networks/7676f92f-085a-4ae2-a147-ff9bd859cd76?fields=segments HTTP/1.1" status: 200 len: 212 time: 0.0879653
Aug 09 14:46:00.383167 dv-cinder-788364-6-smb neutron-server[105239]: DEBUG neutron_lib.callbacks.manager [None req-10c7db87-1a02-44bc-a8d7-4f25bf429d1f admin admin] Notify callbacks [] for security_group, before_delete {{(pid=105239) _notify_loop /usr/local/lib/python3.8/dist-packages/neutron_lib/callbacks/manager.py:192}}
Aug 09 14:46:00.403005 dv-cinder-788364-6-smb neutron-server[105239]: DEBUG neutron_lib.callbacks.manager [None req-dade1dfa-79fe-4f0d-ab6f-37d14db9f2ac admin admin] Notify callbacks [] for security_group, precommit_create {{(pid=105239) _notify_loop /usr/local/lib/python3.8/dist-packages/neutron_lib/callbacks/manager.py:192}}
Aug 09 14:46:00.411174 dv-cinder-788364-6-smb neutron-server[105239]: DEBUG neutron_lib.callbacks.manager [None req-dade1dfa-79fe-4f0d-ab6f-37d14db9f2ac admin admin] Notify callbacks ['neutron.plugins.ml2.ovo_rpc._ObjectChangeHandler.handle_event-445858'] for security_group, after_create {{(pid=105239) _notify_loop /usr/local/lib/python3.8/dist-packages/neutron_lib/callbacks/manager.py:192}}
Aug 09 14:46:00.419203 dv-cinder-788364-6-smb neutron-server[105239]: DEBUG neutron_lib.callbacks.manager [None req-10c7db87-1a02-44bc-a8d7-4f25bf429d1f admin admin] Notify callbacks [] for security_group, precommit_delete {{(pid=105239) _notify_loop /usr/local/lib/python3.8/dist-packages/neutron_lib/callbacks/manager.py:192}}
Aug 09 14:46:00.449475 dv-cinder-788364-6-smb neutron-server[105238]: INFO neutron.wsgi [req-6275356b-04f4-4c10-a20f-b2f482c71283 req-847c6e5e-89a2-48e6-aedf-9f92a6a57183 service neutron] 10.222.0.77 "GET /v2.0/networks/7676f92f-085a-4ae2-a147-ff9bd859cd76?fields=provider%3Aphysical_network&fields=provider%3Anetwork_type HTTP/1.1" status: 200 len: 281 time: 0.0904038
Aug 09 14:46:00.485996 dv-cinder-788364-6-smb neutron-server[105239]: INFO neutron.wsgi [None req-dade1dfa-79fe-4f0d-ab6f-37d14db9f2ac admin admin] 10.222.0.37 "GET /v2.0/security-groups?tenant_id=32ad18cee44e4ea69997b55e26989306&name=default HTTP/1.1" status: 200 len: 2979 time: 0.5928149
Aug 09 14:46:00.489208 dv-cinder-788364-6-smb neutron-server[105238]: DEBUG neutron.wsgi [-] (105238) accepted ('10.222.0.37', 45568) {{(pid=105238) server /usr/local/lib/python3.8/dist-packages/eventlet/wsgi.py:982}}
Aug 09 14:46:00.491300 dv-cinder-788364-6-smb neutron-server[105239]: DEBUG neutron.api.rpc.handlers.resources_rpc [None req-dade1dfa-79fe-4f0d-ab6f-37d14db9f2ac admin admin] Pushing event updated for resources: {'SecurityGroup': ['ID=7c358adf-3f28-4c62-96b0-e2859b953b77,revision_number=1']} {{(pid=105239) push /opt/stack/neutron/neutron/api/rpc/handlers/resources_rpc.py:237}}
Aug 09 14:46:00.516440 dv-cinder-788364-6-smb neutron-server[105239]: DEBUG neutron_lib.callbacks.manager [None req-10c7db87-1a02-44bc-a8d7-4f25bf429d1f admin admin] Notify callbacks ['neutron.plugins.ml2.ovo_rpc._ObjectChangeHandler.handle_event-445858'] for security_group, after_delete {{(pid=105239) _notify_loop /usr/local/lib/python3.8/dist-packages/neutron_lib/callbacks/manager.py:192}}
Aug 09 14:46:00.519108 dv-cinder-788364-6-smb neutron-server[105239]: DEBUG neutron_lib.callbacks.manager [None req-10c7db87-1a02-44bc-a8d7-4f25bf429d1f admin admin] Notify callbacks [] for security_group, before_response {{(pid=105239) _notify_loop /usr/local/lib/python3.8/dist-packages/neutron_lib/callbacks/manager.py:192}}
Aug 09 14:46:00.520279 dv-cinder-788364-6-smb neutron-server[105239]: INFO neutron.wsgi [None req-10c7db87-1a02-44bc-a8d7-4f25bf429d1f admin admin] 10.222.0.37 "DELETE /v2.0/security-groups/f8ea330e-9c2a-4080-acc8-343bb2d74409 HTTP/1.1" status: 204 len: 168 time: 0.2239146
Aug 09 14:46:00.529440 dv-cinder-788364-6-smb neutron-server[105239]: DEBUG neutron.api.rpc.handlers.resources_rpc [None req-10c7db87-1a02-44bc-a8d7-4f25bf429d1f admin admin] Pushing event deleted for resources: {'SecurityGroup': ['ID=f8ea330e-9c2a-4080-acc8-343bb2d74409,revision_number=None']} {{(pid=105239) push /opt/stack/neutron/neutron/api/rpc/handlers/resources_rpc.py:237}}
Aug 09 14:46:00.550601 dv-cinder-788364-6-smb neutron-server[105238]: DEBUG neutron_lib.callbacks.manager [None req-61e0810c-801d-4b5c-ad29-c68363ba93b8 admin admin] Notify callbacks [] for security_group, before_delete {{(pid=105238) _notify_loop /usr/local/lib/python3.8/dist-packages/neutron_lib/callbacks/manager.py:192}}
Aug 09 14:46:00.572849 dv-cinder-788364-6-smb neutron-server[105238]: DEBUG neutron_lib.callbacks.manager [None req-61e0810c-801d-4b5c-ad29-c68363ba93b8 admin admin] Notify callbacks [] for security_group, precommit_delete {{(pid=105238) _notify_loop /usr/local/lib/python3.8/dist-packages/neutron_lib/callbacks/manager.py:192}}
Aug 09 14:46:00.624196 dv-cinder-788364-6-smb neutron-server[105238]: DEBUG neutron_lib.callbacks.manager [None req-61e0810c-801d-4b5c-ad29-c68363ba93b8 admin admin] Notify callbacks ['neutron.plugins.ml2.ovo_rpc._ObjectChangeHandler.handle_event-445858'] for security_group, after_delete {{(pid=105238) _notify_loop /usr/local/lib/python3.8/dist-packages/neutron_lib/callbacks/manager.py:192}}
Aug 09 14:46:00.626663 dv-cinder-788364-6-smb neutron-server[105238]: DEBUG neutron_lib.callbacks.manager [None req-61e0810c-801d-4b5c-ad29-c68363ba93b8 admin admin] Notify callbacks [] for security_group, before_response {{(pid=105238) _notify_loop /usr/local/lib/python3.8/dist-packages/neutron_lib/callbacks/manager.py:192}}
Aug 09 14:46:00.630455 dv-cinder-788364-6-smb neutron-server[105238]: INFO neutron.wsgi [None req-61e0810c-801d-4b5c-ad29-c68363ba93b8 admin admin] 10.222.0.37 "DELETE /v2.0/security-groups/7c358adf-3f28-4c62-96b0-e2859b953b77 HTTP/1.1" status: 204 len: 168 time: 0.1375198
Aug 09 14:46:00.637290 dv-cinder-788364-6-smb neutron-server[105238]: DEBUG neutron.api.rpc.handlers.resources_rpc [None req-61e0810c-801d-4b5c-ad29-c68363ba93b8 admin admin] Pushing event deleted for resources: {'SecurityGroup': ['ID=7c358adf-3f28-4c62-96b0-e2859b953b77,revision_number=None']} {{(pid=105238) push /opt/stack/neutron/neutron/api/rpc/handlers/resources_rpc.py:237}}
Aug 09 14:46:00.998089 dv-cinder-788364-6-smb neutron-server[105238]: DEBUG neutron.wsgi [-] (105238) accepted ('10.222.0.37', 45604) {{(pid=105238) server /usr/local/lib/python3.8/dist-packages/eventlet/wsgi.py:982}}
Aug 09 14:46:01.016537 dv-cinder-788364-6-smb neutron-server[105238]: DEBUG neutron_lib.callbacks.manager [None req-94177df3-32de-473e-93a0-a712fc918c1f admin admin] Notify callbacks [] for security_group, before_create {{(pid=105238) _notify_loop /usr/local/lib/python3.8/dist-packages/neutron_lib/callbacks/manager.py:192}}
Aug 09 14:46:01.134454 dv-cinder-788364-6-smb neutron-server[105238]: DEBUG neutron_lib.callbacks.manager [None req-94177df3-32de-473e-93a0-a712fc918c1f admin admin] Notify callbacks [] for security_group, precommit_create {{(pid=105238) _notify_loop /usr/local/lib/python3.8/dist-packages/neutron_lib/callbacks/manager.py:192}}
Aug 09 14:46:01.140040 dv-cinder-788364-6-smb neutron-server[105238]: DEBUG neutron_lib.callbacks.manager [None req-94177df3-32de-473e-93a0-a712fc918c1f admin admin] Notify callbacks ['neutron.plugins.ml2.ovo_rpc._ObjectChangeHandler.handle_event-445858'] for security_group, after_create {{(pid=105238) _notify_loop /usr/local/lib/python3.8/dist-packages/neutron_lib/callbacks/manager.py:192}}
Aug 09 14:46:01.223636 dv-cinder-788364-6-smb neutron-server[105239]: DEBUG neutron.pecan_wsgi.hooks.policy_enforcement [req-fade3e65-7dba-4eae-a280-7e6703cffb4f req-92b7d9f8-a612-4bde-be43-479f6aca89bd tempest-ServerRescueNegativeTestJSON-1463609789 tempest-ServerRescueNegativeTestJSON-1463609789-project] Attributes excluded by policy engine: ['standard_attr_id', 'binding:profile', 'binding:host_id', 'binding:vif_type', 'binding:vif_details'] {{(pid=105239) _exclude_attributes_by_policy /opt/stack/neutron/neutron/pecan_wsgi/hooks/policy_enforcement.py:255}}
Aug 09 14:46:01.226208 dv-cinder-788364-6-smb neutron-server[105238]: INFO neutron.wsgi [None req-94177df3-32de-473e-93a0-a712fc918c1f admin admin] 10.222.0.37 "GET /v2.0/security-groups?tenant_id=925169ec4f60482b8937a637d7259fa0&name=default HTTP/1.1" status: 200 len: 2979 time: 0.2255795
Aug 09 14:46:01.227671 dv-cinder-788364-6-smb neutron-server[105238]: DEBUG neutron.api.rpc.handlers.resources_rpc [None req-94177df3-32de-473e-93a0-a712fc918c1f admin admin] Pushing event updated for resources: {'SecurityGroup': ['ID=e16c42fc-cb04-4db8-93fb-5bd4e4eef3fb,revision_number=1']} {{(pid=105238) push /opt/stack/neutron/neutron/api/rpc/handlers/resources_rpc.py:237}}
Aug 09 14:46:01.232745 dv-cinder-788364-6-smb neutron-server[105238]: DEBUG neutron.wsgi [-] (105238) accepted ('10.222.0.37', 45622) {{(pid=105238) server /usr/local/lib/python3.8/dist-packages/eventlet/wsgi.py:982}}
Aug 09 14:46:01.252958 dv-cinder-788364-6-smb neutron-server[105239]: INFO neutron.wsgi [req-fade3e65-7dba-4eae-a280-7e6703cffb4f req-92b7d9f8-a612-4bde-be43-479f6aca89bd tempest-ServerRescueNegativeTestJSON-1463609789 tempest-ServerRescueNegativeTestJSON-1463609789-project] 10.222.0.37 "GET /v2.0/ports?device_id=57ea8339-88c8-468c-91f5-eebc7652de86 HTTP/1.1" status: 200 len: 946 time: 0.1196804
Aug 09 14:46:01.303637 dv-cinder-788364-6-smb neutron-server[105238]: DEBUG neutron_lib.callbacks.manager [None req-88b1084b-7fb5-4d44-a55c-7236c1324b20 admin admin] Notify callbacks [] for security_group, before_delete {{(pid=105238) _notify_loop /usr/local/lib/python3.8/dist-packages/neutron_lib/callbacks/manager.py:192}}
Aug 09 14:46:01.314524 dv-cinder-788364-6-smb neutron-server[105239]: INFO neutron.wsgi [req-fade3e65-7dba-4eae-a280-7e6703cffb4f req-4c78437b-883c-464e-ab8d-d54fac427050 tempest-ServerRescueNegativeTestJSON-1463609789 tempest-ServerRescueNegativeTestJSON-1463609789-project] 10.222.0.37 "GET /v2.0/security-groups?id=df02c78e-9867-4a89-b532-61c438182875&fields=id&fields=name HTTP/1.1" status: 200 len: 286 time: 0.0602469
Aug 09 14:46:01.556607 dv-cinder-788364-6-smb neutron-server[105238]: DEBUG neutron_lib.callbacks.manager [None req-88b1084b-7fb5-4d44-a55c-7236c1324b20 admin admin] Notify callbacks [] for security_group, precommit_delete {{(pid=105238) _notify_loop /usr/local/lib/python3.8/dist-packages/neutron_lib/callbacks/manager.py:192}}
Aug 09 14:46:01.610561 dv-cinder-788364-6-smb neutron-server[105238]: DEBUG neutron_lib.callbacks.manager [None req-88b1084b-7fb5-4d44-a55c-7236c1324b20 admin admin] Notify callbacks ['neutron.plugins.ml2.ovo_rpc._ObjectChangeHandler.handle_event-445858'] for security_group, after_delete {{(pid=105238) _notify_loop /usr/local/lib/python3.8/dist-packages/neutron_lib/callbacks/manager.py:192}}
Aug 09 14:46:01.614028 dv-cinder-788364-6-smb neutron-server[105238]: DEBUG neutron_lib.callbacks.manager [None req-88b1084b-7fb5-4d44-a55c-7236c1324b20 admin admin] Notify callbacks [] for security_group, before_response {{(pid=105238) _notify_loop /usr/local/lib/python3.8/dist-packages/neutron_lib/callbacks/manager.py:192}}
Aug 09 14:46:01.620328 dv-cinder-788364-6-smb neutron-server[105238]: INFO neutron.wsgi [None req-88b1084b-7fb5-4d44-a55c-7236c1324b20 admin admin] 10.222.0.37 "DELETE /v2.0/security-groups/e16c42fc-cb04-4db8-93fb-5bd4e4eef3fb HTTP/1.1" status: 204 len: 168 time: 0.3813679
Aug 09 14:46:01.623238 dv-cinder-788364-6-smb neutron-server[105238]: DEBUG neutron.api.rpc.handlers.resources_rpc [None req-88b1084b-7fb5-4d44-a55c-7236c1324b20 admin admin] Pushing event deleted for resources: {'SecurityGroup': ['ID=e16c42fc-cb04-4db8-93fb-5bd4e4eef3fb,revision_number=None']} {{(pid=105238) push /opt/stack/neutron/neutron/api/rpc/handlers/resources_rpc.py:237}}
Aug 09 14:46:02.471181 dv-cinder-788364-6-smb neutron-server[105239]: DEBUG neutron.pecan_wsgi.hooks.policy_enforcement [req-f4e0fb75-abc2-425b-8bb2-356f76a38e35 req-47163af4-2e82-4286-9060-7882031a9b76 tempest-ServerRescueNegativeTestJSON-1463609789 tempest-ServerRescueNegativeTestJSON-1463609789-project] Attributes excluded by policy engine: ['standard_attr_id', 'binding:profile', 'binding:host_id', 'binding:vif_type', 'binding:vif_details'] {{(pid=105239) _exclude_attributes_by_policy /opt/stack/neutron/neutron/pecan_wsgi/hooks/policy_enforcement.py:255}}
Aug 09 14:46:02.472729 dv-cinder-788364-6-smb neutron-server[105239]: INFO neutron.wsgi [req-f4e0fb75-abc2-425b-8bb2-356f76a38e35 req-47163af4-2e82-4286-9060-7882031a9b76 tempest-ServerRescueNegativeTestJSON-1463609789 tempest-ServerRescueNegativeTestJSON-1463609789-project] 10.222.0.37 "GET /v2.0/ports?device_id=57ea8339-88c8-468c-91f5-eebc7652de86 HTTP/1.1" status: 200 len: 946 time: 0.0857594
Aug 09 14:46:02.530439 dv-cinder-788364-6-smb neutron-server[105239]: INFO neutron.wsgi [req-f4e0fb75-abc2-425b-8bb2-356f76a38e35 req-da9b70c8-099c-4e11-8d43-a818d7fcda60 tempest-ServerRescueNegativeTestJSON-1463609789 tempest-ServerRescueNegativeTestJSON-1463609789-project] 10.222.0.37 "GET /v2.0/security-groups?id=df02c78e-9867-4a89-b532-61c438182875&fields=id&fields=name HTTP/1.1" status: 200 len: 286 time: 0.0483475
Aug 09 14:46:03.669413 dv-cinder-788364-6-smb neutron-server[105239]: DEBUG neutron.pecan_wsgi.hooks.policy_enforcement [req-d3695d1f-f434-449e-a00d-4def54c6d938 req-fb41f3c2-9918-45bc-9353-09e4467bf92b tempest-ServerRescueNegativeTestJSON-1463609789 tempest-ServerRescueNegativeTestJSON-1463609789-project] Attributes excluded by policy engine: ['standard_attr_id', 'binding:profile', 'binding:host_id', 'binding:vif_type', 'binding:vif_details'] {{(pid=105239) _exclude_attributes_by_policy /opt/stack/neutron/neutron/pecan_wsgi/hooks/policy_enforcement.py:255}}
Aug 09 14:46:03.670901 dv-cinder-788364-6-smb neutron-server[105239]: INFO neutron.wsgi [req-d3695d1f-f434-449e-a00d-4def54c6d938 req-fb41f3c2-9918-45bc-9353-09e4467bf92b tempest-ServerRescueNegativeTestJSON-1463609789 tempest-ServerRescueNegativeTestJSON-1463609789-project] 10.222.0.37 "GET /v2.0/ports?device_id=57ea8339-88c8-468c-91f5-eebc7652de86 HTTP/1.1" status: 200 len: 946 time: 0.0516007
Aug 09 14:46:03.714991 dv-cinder-788364-6-smb neutron-server[105239]: INFO neutron.wsgi [req-d3695d1f-f434-449e-a00d-4def54c6d938 req-fb685a85-b3e4-433f-9dd9-373a56182a0c tempest-ServerRescueNegativeTestJSON-1463609789 tempest-ServerRescueNegativeTestJSON-1463609789-project] 10.222.0.37 "GET /v2.0/security-groups?id=df02c78e-9867-4a89-b532-61c438182875&fields=id&fields=name HTTP/1.1" status: 200 len: 286 time: 0.0378335
Aug 09 14:46:04.391306 dv-cinder-788364-6-smb neutron-server[105240]: DEBUG neutron_lib.callbacks.manager [None req-a6d5595c-2368-4f1d-8014-830c47f1d6f0 None None] Notify callbacks ['neutron.services.segments.db._update_segment_host_mapping_for_agent-8731616565764', 'neutron.plugins.ml2.plugin.Ml2Plugin._retry_binding_revived_agents-1589133'] for agent, after_update {{(pid=105240) _notify_loop /usr/local/lib/python3.8/dist-packages/neutron_lib/callbacks/manager.py:192}}
Aug 09 14:46:04.834563 dv-cinder-788364-6-smb neutron-server[105239]: DEBUG neutron.pecan_wsgi.hooks.policy_enforcement [req-fa8d493b-15a0-4abc-91d4-9efcc0525ace req-4b69e5bc-62a7-49ce-9484-a127fe55fc14 tempest-ServerRescueNegativeTestJSON-1463609789 tempest-ServerRescueNegativeTestJSON-1463609789-project] Attributes excluded by policy engine: ['standard_attr_id', 'binding:profile', 'binding:host_id', 'binding:vif_type', 'binding:vif_details'] {{(pid=105239) _exclude_attributes_by_policy /opt/stack/neutron/neutron/pecan_wsgi/hooks/policy_enforcement.py:255}}
Aug 09 14:46:04.836054 dv-cinder-788364-6-smb neutron-server[105239]: INFO neutron.wsgi [req-fa8d493b-15a0-4abc-91d4-9efcc0525ace req-4b69e5bc-62a7-49ce-9484-a127fe55fc14 tempest-ServerRescueNegativeTestJSON-1463609789 tempest-ServerRescueNegativeTestJSON-1463609789-project] 10.222.0.37 "GET /v2.0/ports?device_id=57ea8339-88c8-468c-91f5-eebc7652de86 HTTP/1.1" status: 200 len: 946 time: 0.0501506
Aug 09 14:46:04.874445 dv-cinder-788364-6-smb neutron-server[105239]: INFO neutron.wsgi [req-fa8d493b-15a0-4abc-91d4-9efcc0525ace req-5ea02b84-a08b-416a-88e1-d3732c625ea8 tempest-ServerRescueNegativeTestJSON-1463609789 tempest-ServerRescueNegativeTestJSON-1463609789-project] 10.222.0.37 "GET /v2.0/security-groups?id=df02c78e-9867-4a89-b532-61c438182875&fields=id&fields=name HTTP/1.1" status: 200 len: 286 time: 0.0324161
Aug 09 14:46:05.992518 dv-cinder-788364-6-smb neutron-server[105239]: DEBUG neutron.pecan_wsgi.hooks.policy_enforcement [req-685277ce-0936-4c28-8196-a42a3a165a0a req-8f104b5f-f787-475b-9a1c-7b020c091fad tempest-ServerRescueNegativeTestJSON-1463609789 tempest-ServerRescueNegativeTestJSON-1463609789-project] Attributes excluded by policy engine: ['standard_attr_id', 'binding:profile', 'binding:host_id', 'binding:vif_type', 'binding:vif_details'] {{(pid=105239) _exclude_attributes_by_policy /opt/stack/neutron/neutron/pecan_wsgi/hooks/policy_enforcement.py:255}}
Aug 09 14:46:05.994033 dv-cinder-788364-6-smb neutron-server[105239]: INFO neutron.wsgi [req-685277ce-0936-4c28-8196-a42a3a165a0a req-8f104b5f-f787-475b-9a1c-7b020c091fad tempest-ServerRescueNegativeTestJSON-1463609789 tempest-ServerRescueNegativeTestJSON-1463609789-project] 10.222.0.37 "GET /v2.0/ports?device_id=57ea8339-88c8-468c-91f5-eebc7652de86 HTTP/1.1" status: 200 len: 946 time: 0.0495751
Aug 09 14:46:06.035065 dv-cinder-788364-6-smb neutron-server[105239]: INFO neutron.wsgi [req-685277ce-0936-4c28-8196-a42a3a165a0a req-33989115-4c76-4370-b1d8-466b82d1bf7d tempest-ServerRescueNegativeTestJSON-1463609789 tempest-ServerRescueNegativeTestJSON-1463609789-project] 10.222.0.37 "GET /v2.0/security-groups?id=df02c78e-9867-4a89-b532-61c438182875&fields=id&fields=name HTTP/1.1" status: 200 len: 286 time: 0.0347581
Aug 09 14:46:07.161600 dv-cinder-788364-6-smb neutron-server[105239]: DEBUG neutron.pecan_wsgi.hooks.policy_enforcement [req-57c2a796-f441-4cfa-8928-6a55a41eff95 req-c9bc6cd4-ea65-4e81-9003-8a81ef968357 tempest-ServerRescueNegativeTestJSON-1463609789 tempest-ServerRescueNegativeTestJSON-1463609789-project] Attributes excluded by policy engine: ['standard_attr_id', 'binding:profile', 'binding:host_id', 'binding:vif_type', 'binding:vif_details'] {{(pid=105239) _exclude_attributes_by_policy /opt/stack/neutron/neutron/pecan_wsgi/hooks/policy_enforcement.py:255}}
Aug 09 14:46:07.163187 dv-cinder-788364-6-smb neutron-server[105239]: INFO neutron.wsgi [req-57c2a796-f441-4cfa-8928-6a55a41eff95 req-c9bc6cd4-ea65-4e81-9003-8a81ef968357 tempest-ServerRescueNegativeTestJSON-1463609789 tempest-ServerRescueNegativeTestJSON-1463609789-project] 10.222.0.37 "GET /v2.0/ports?device_id=57ea8339-88c8-468c-91f5-eebc7652de86 HTTP/1.1" status: 200 len: 946 time: 0.0558619
Aug 09 14:46:07.202141 dv-cinder-788364-6-smb neutron-server[105239]: INFO neutron.wsgi [req-57c2a796-f441-4cfa-8928-6a55a41eff95 req-f04bb01c-71a0-4e40-bcf4-0a700588cca9 tempest-ServerRescueNegativeTestJSON-1463609789 tempest-ServerRescueNegativeTestJSON-1463609789-project] 10.222.0.37 "GET /v2.0/security-groups?id=df02c78e-9867-4a89-b532-61c438182875&fields=id&fields=name HTTP/1.1" status: 200 len: 286 time: 0.0327446
Aug 09 14:46:08.296811 dv-cinder-788364-6-smb neutron-server[105241]: DEBUG neutron.db.agents_db [None req-2c904424-4c7e-44fb-b3be-29e9bd9eb839 None None] Agent healthcheck: found 6 active agents {{(pid=105241) agent_health_check /opt/stack/neutron/neutron/db/agents_db.py:317}}
Aug 09 14:46:08.360109 dv-cinder-788364-6-smb neutron-server[105239]: DEBUG neutron.pecan_wsgi.hooks.policy_enforcement [req-0a9eb9fd-04ae-468f-ab50-5dbbfc287bcc req-64ab4978-2c1a-4bb1-bbcf-b3dc3835c84e tempest-ServerRescueNegativeTestJSON-1463609789 tempest-ServerRescueNegativeTestJSON-1463609789-project] Attributes excluded by policy engine: ['standard_attr_id', 'binding:profile', 'binding:host_id', 'binding:vif_type', 'binding:vif_details'] {{(pid=105239) _exclude_attributes_by_policy /opt/stack/neutron/neutron/pecan_wsgi/hooks/policy_enforcement.py:255}}
Aug 09 14:46:08.368516 dv-cinder-788364-6-smb neutron-server[105239]: INFO neutron.wsgi [req-0a9eb9fd-04ae-468f-ab50-5dbbfc287bcc req-64ab4978-2c1a-4bb1-bbcf-b3dc3835c84e tempest-ServerRescueNegativeTestJSON-1463609789 tempest-ServerRescueNegativeTestJSON-1463609789-project] 10.222.0.37 "GET /v2.0/ports?device_id=57ea8339-88c8-468c-91f5-eebc7652de86 HTTP/1.1" status: 200 len: 946 time: 0.0646753
Aug 09 14:46:08.407607 dv-cinder-788364-6-smb neutron-server[105239]: INFO neutron.wsgi [req-0a9eb9fd-04ae-468f-ab50-5dbbfc287bcc req-c1e7dcff-7f2f-4b90-b546-b2752bb5a814 tempest-ServerRescueNegativeTestJSON-1463609789 tempest-ServerRescueNegativeTestJSON-1463609789-project] 10.222.0.37 "GET /v2.0/security-groups?id=df02c78e-9867-4a89-b532-61c438182875&fields=id&fields=name HTTP/1.1" status: 200 len: 286 time: 0.0382123
Aug 09 14:46:09.536697 dv-cinder-788364-6-smb neutron-server[105239]: DEBUG neutron.pecan_wsgi.hooks.policy_enforcement [req-a1eb7733-bcc4-4e16-a273-cb46976236a7 req-0ce94c26-f9af-4534-9365-da636f646544 tempest-ServerRescueNegativeTestJSON-1463609789 tempest-ServerRescueNegativeTestJSON-1463609789-project] Attributes excluded by policy engine: ['standard_attr_id', 'binding:profile', 'binding:host_id', 'binding:vif_type', 'binding:vif_details'] {{(pid=105239) _exclude_attributes_by_policy /opt/stack/neutron/neutron/pecan_wsgi/hooks/policy_enforcement.py:255}}
Aug 09 14:46:09.536697 dv-cinder-788364-6-smb neutron-server[105239]: INFO neutron.wsgi [req-a1eb7733-bcc4-4e16-a273-cb46976236a7 req-0ce94c26-f9af-4534-9365-da636f646544 tempest-ServerRescueNegativeTestJSON-1463609789 tempest-ServerRescueNegativeTestJSON-1463609789-project] 10.222.0.37 "GET /v2.0/ports?device_id=57ea8339-88c8-468c-91f5-eebc7652de86 HTTP/1.1" status: 200 len: 946 time: 0.0541651
Aug 09 14:46:09.587911 dv-cinder-788364-6-smb neutron-server[105239]: INFO neutron.wsgi [req-a1eb7733-bcc4-4e16-a273-cb46976236a7 req-0d40c6b6-2a47-462d-922c-8bb85a93f9c6 tempest-ServerRescueNegativeTestJSON-1463609789 tempest-ServerRescueNegativeTestJSON-1463609789-project] 10.222.0.37 "GET /v2.0/security-groups?id=df02c78e-9867-4a89-b532-61c438182875&fields=id&fields=name HTTP/1.1" status: 200 len: 286 time: 0.0450809
Aug 09 14:46:10.087278 dv-cinder-788364-6-smb neutron-server[105238]: DEBUG neutron.wsgi [-] (105238) accepted ('10.222.0.37', 46010) {{(pid=105238) server /usr/local/lib/python3.8/dist-packages/eventlet/wsgi.py:982}}
Aug 09 14:46:10.216385 dv-cinder-788364-6-smb neutron-server[105238]: DEBUG neutron_lib.callbacks.manager [None req-24fcbe7d-0cb8-474d-b3bc-5c750cb5fcb1 admin admin] Notify callbacks [] for security_group, before_create {{(pid=105238) _notify_loop /usr/local/lib/python3.8/dist-packages/neutron_lib/callbacks/manager.py:192}}
Aug 09 14:46:10.312857 dv-cinder-788364-6-smb neutron-server[105238]: DEBUG neutron_lib.callbacks.manager [None req-24fcbe7d-0cb8-474d-b3bc-5c750cb5fcb1 admin admin] Notify callbacks [] for security_group, precommit_create {{(pid=105238) _notify_loop /usr/local/lib/python3.8/dist-packages/neutron_lib/callbacks/manager.py:192}}
Aug 09 14:46:10.320999 dv-cinder-788364-6-smb neutron-server[105238]: DEBUG neutron_lib.callbacks.manager [None req-24fcbe7d-0cb8-474d-b3bc-5c750cb5fcb1 admin admin] Notify callbacks ['neutron.plugins.ml2.ovo_rpc._ObjectChangeHandler.handle_event-445858'] for security_group, after_create {{(pid=105238) _notify_loop /usr/local/lib/python3.8/dist-packages/neutron_lib/callbacks/manager.py:192}}
Aug 09 14:46:10.362730 dv-cinder-788364-6-smb neutron-server[105238]: INFO neutron.wsgi [None req-24fcbe7d-0cb8-474d-b3bc-5c750cb5fcb1 admin admin] 10.222.0.37 "GET /v2.0/security-groups?tenant_id=c03667eb026c45fb83880d93f498d119&name=default HTTP/1.1" status: 200 len: 2979 time: 0.2743535
Aug 09 14:46:10.363962 dv-cinder-788364-6-smb neutron-server[105238]: DEBUG neutron.api.rpc.handlers.resources_rpc [None req-24fcbe7d-0cb8-474d-b3bc-5c750cb5fcb1 admin admin] Pushing event updated for resources: {'SecurityGroup': ['ID=4036fe26-3576-4b66-89b4-95d66e394b94,revision_number=1']} {{(pid=105238) push /opt/stack/neutron/neutron/api/rpc/handlers/resources_rpc.py:237}}
Aug 09 14:46:10.366136 dv-cinder-788364-6-smb neutron-server[105239]: DEBUG neutron.wsgi [-] (105239) accepted ('10.222.0.37', 46014) {{(pid=105239) server /usr/local/lib/python3.8/dist-packages/eventlet/wsgi.py:982}}
Aug 09 14:46:10.428411 dv-cinder-788364-6-smb neutron-server[105239]: DEBUG neutron_lib.callbacks.manager [None req-b4803c4f-b268-4300-a873-a2b4c7227bd8 admin admin] Notify callbacks [] for security_group, before_delete {{(pid=105239) _notify_loop /usr/local/lib/python3.8/dist-packages/neutron_lib/callbacks/manager.py:192}}
Aug 09 14:46:10.453212 dv-cinder-788364-6-smb neutron-server[105239]: DEBUG neutron_lib.callbacks.manager [None req-b4803c4f-b268-4300-a873-a2b4c7227bd8 admin admin] Notify callbacks [] for security_group, precommit_delete {{(pid=105239) _notify_loop /usr/local/lib/python3.8/dist-packages/neutron_lib/callbacks/manager.py:192}}
Aug 09 14:46:10.502522 dv-cinder-788364-6-smb neutron-server[105239]: DEBUG neutron_lib.callbacks.manager [None req-b4803c4f-b268-4300-a873-a2b4c7227bd8 admin admin] Notify callbacks ['neutron.plugins.ml2.ovo_rpc._ObjectChangeHandler.handle_event-445858'] for security_group, after_delete {{(pid=105239) _notify_loop /usr/local/lib/python3.8/dist-packages/neutron_lib/callbacks/manager.py:192}}
Aug 09 14:46:10.505268 dv-cinder-788364-6-smb neutron-server[105239]: DEBUG neutron_lib.callbacks.manager [None req-b4803c4f-b268-4300-a873-a2b4c7227bd8 admin admin] Notify callbacks [] for security_group, before_response {{(pid=105239) _notify_loop /usr/local/lib/python3.8/dist-packages/neutron_lib/callbacks/manager.py:192}}
Aug 09 14:46:10.506441 dv-cinder-788364-6-smb neutron-server[105239]: INFO neutron.wsgi [None req-b4803c4f-b268-4300-a873-a2b4c7227bd8 admin admin] 10.222.0.37 "DELETE /v2.0/security-groups/4036fe26-3576-4b66-89b4-95d66e394b94 HTTP/1.1" status: 204 len: 168 time: 0.1387916
Aug 09 14:46:10.514735 dv-cinder-788364-6-smb neutron-server[105239]: DEBUG neutron.api.rpc.handlers.resources_rpc [None req-b4803c4f-b268-4300-a873-a2b4c7227bd8 admin admin] Pushing event deleted for resources: {'SecurityGroup': ['ID=4036fe26-3576-4b66-89b4-95d66e394b94,revision_number=None']} {{(pid=105239) push /opt/stack/neutron/neutron/api/rpc/handlers/resources_rpc.py:237}}
Aug 09 14:46:10.729835 dv-cinder-788364-6-smb neutron-server[105239]: DEBUG neutron.pecan_wsgi.hooks.policy_enforcement [req-8d163076-1a41-4eb8-99f7-5e561677c7fd req-6fcc585b-579a-45c2-a675-5eae95d4de4c tempest-ServerRescueNegativeTestJSON-1463609789 tempest-ServerRescueNegativeTestJSON-1463609789-project] Attributes excluded by policy engine: ['standard_attr_id', 'binding:profile', 'binding:host_id', 'binding:vif_type', 'binding:vif_details'] {{(pid=105239) _exclude_attributes_by_policy /opt/stack/neutron/neutron/pecan_wsgi/hooks/policy_enforcement.py:255}}
Aug 09 14:46:10.731419 dv-cinder-788364-6-smb neutron-server[105239]: INFO neutron.wsgi [req-8d163076-1a41-4eb8-99f7-5e561677c7fd req-6fcc585b-579a-45c2-a675-5eae95d4de4c tempest-ServerRescueNegativeTestJSON-1463609789 tempest-ServerRescueNegativeTestJSON-1463609789-project] 10.222.0.37 "GET /v2.0/ports?device_id=57ea8339-88c8-468c-91f5-eebc7652de86 HTTP/1.1" status: 200 len: 946 time: 0.0533047
Aug 09 14:46:10.776485 dv-cinder-788364-6-smb neutron-server[105239]: INFO neutron.wsgi [req-8d163076-1a41-4eb8-99f7-5e561677c7fd req-939e7fc3-5edb-493d-bef9-0b4c67c3f71c tempest-ServerRescueNegativeTestJSON-1463609789 tempest-ServerRescueNegativeTestJSON-1463609789-project] 10.222.0.37 "GET /v2.0/security-groups?id=df02c78e-9867-4a89-b532-61c438182875&fields=id&fields=name HTTP/1.1" status: 200 len: 286 time: 0.0375962
Aug 09 14:46:10.841113 dv-cinder-788364-6-smb neutron-server[105239]: DEBUG neutron.wsgi [-] (105239) accepted ('10.222.0.37', 46026) {{(pid=105239) server /usr/local/lib/python3.8/dist-packages/eventlet/wsgi.py:982}}
Aug 09 14:46:10.857318 dv-cinder-788364-6-smb neutron-server[105239]: DEBUG neutron_lib.callbacks.manager [None req-f4e6a91c-f3fa-44f9-8f06-2a50242af2e7 admin admin] Notify callbacks [] for security_group, before_create {{(pid=105239) _notify_loop /usr/local/lib/python3.8/dist-packages/neutron_lib/callbacks/manager.py:192}}
Aug 09 14:46:10.960095 dv-cinder-788364-6-smb neutron-server[105239]: DEBUG neutron_lib.callbacks.manager [None req-f4e6a91c-f3fa-44f9-8f06-2a50242af2e7 admin admin] Notify callbacks [] for security_group, precommit_create {{(pid=105239) _notify_loop /usr/local/lib/python3.8/dist-packages/neutron_lib/callbacks/manager.py:192}}
Aug 09 14:46:10.964323 dv-cinder-788364-6-smb neutron-server[105239]: DEBUG neutron_lib.callbacks.manager [None req-f4e6a91c-f3fa-44f9-8f06-2a50242af2e7 admin admin] Notify callbacks ['neutron.plugins.ml2.ovo_rpc._ObjectChangeHandler.handle_event-445858'] for security_group, after_create {{(pid=105239) _notify_loop /usr/local/lib/python3.8/dist-packages/neutron_lib/callbacks/manager.py:192}}
Aug 09 14:46:11.005103 dv-cinder-788364-6-smb neutron-server[105239]: INFO neutron.wsgi [None req-f4e6a91c-f3fa-44f9-8f06-2a50242af2e7 admin admin] 10.222.0.37 "GET /v2.0/security-groups?tenant_id=418d2a61e3664ba391ab9282331db93a&name=default HTTP/1.1" status: 200 len: 2979 time: 0.1628020
Aug 09 14:46:11.006006 dv-cinder-788364-6-smb neutron-server[105239]: DEBUG neutron.api.rpc.handlers.resources_rpc [None req-f4e6a91c-f3fa-44f9-8f06-2a50242af2e7 admin admin] Pushing event updated for resources: {'SecurityGroup': ['ID=21f154fb-8228-4a5a-b65d-05e7492fa034,revision_number=1']} {{(pid=105239) push /opt/stack/neutron/neutron/api/rpc/handlers/resources_rpc.py:237}}
Aug 09 14:46:11.008165 dv-cinder-788364-6-smb neutron-server[105238]: DEBUG neutron.wsgi [-] (105238) accepted ('10.222.0.37', 46032) {{(pid=105238) server /usr/local/lib/python3.8/dist-packages/eventlet/wsgi.py:982}}
Aug 09 14:46:11.069723 dv-cinder-788364-6-smb neutron-server[105238]: DEBUG neutron_lib.callbacks.manager [None req-af384a13-b5f9-496b-8be1-349fddf8947e admin admin] Notify callbacks [] for security_group, before_delete {{(pid=105238) _notify_loop /usr/local/lib/python3.8/dist-packages/neutron_lib/callbacks/manager.py:192}}
Aug 09 14:46:11.094314 dv-cinder-788364-6-smb neutron-server[105238]: DEBUG neutron_lib.callbacks.manager [None req-af384a13-b5f9-496b-8be1-349fddf8947e admin admin] Notify callbacks [] for security_group, precommit_delete {{(pid=105238) _notify_loop /usr/local/lib/python3.8/dist-packages/neutron_lib/callbacks/manager.py:192}}
Aug 09 14:46:11.156584 dv-cinder-788364-6-smb neutron-server[105238]: DEBUG neutron_lib.callbacks.manager [None req-af384a13-b5f9-496b-8be1-349fddf8947e admin admin] Notify callbacks ['neutron.plugins.ml2.ovo_rpc._ObjectChangeHandler.handle_event-445858'] for security_group, after_delete {{(pid=105238) _notify_loop /usr/local/lib/python3.8/dist-packages/neutron_lib/callbacks/manager.py:192}}
Aug 09 14:46:11.159681 dv-cinder-788364-6-smb neutron-server[105238]: DEBUG neutron_lib.callbacks.manager [None req-af384a13-b5f9-496b-8be1-349fddf8947e admin admin] Notify callbacks [] for security_group, before_response {{(pid=105238) _notify_loop /usr/local/lib/python3.8/dist-packages/neutron_lib/callbacks/manager.py:192}}
Aug 09 14:46:11.161331 dv-cinder-788364-6-smb neutron-server[105238]: INFO neutron.wsgi [None req-af384a13-b5f9-496b-8be1-349fddf8947e admin admin] 10.222.0.37 "DELETE /v2.0/security-groups/21f154fb-8228-4a5a-b65d-05e7492fa034 HTTP/1.1" status: 204 len: 168 time: 0.1515734
Aug 09 14:46:11.170665 dv-cinder-788364-6-smb neutron-server[105238]: DEBUG neutron.api.rpc.handlers.resources_rpc [None req-af384a13-b5f9-496b-8be1-349fddf8947e admin admin] Pushing event deleted for resources: {'SecurityGroup': ['ID=21f154fb-8228-4a5a-b65d-05e7492fa034,revision_number=None']} {{(pid=105238) push /opt/stack/neutron/neutron/api/rpc/handlers/resources_rpc.py:237}}
Aug 09 14:46:11.907404 dv-cinder-788364-6-smb neutron-server[105239]: DEBUG neutron.pecan_wsgi.hooks.policy_enforcement [req-93f363ae-a08e-456b-b706-d01807451057 req-14e4c7c8-7401-41ab-a826-75c72797776d tempest-ServerRescueNegativeTestJSON-1463609789 tempest-ServerRescueNegativeTestJSON-1463609789-project] Attributes excluded by policy engine: ['standard_attr_id', 'binding:profile', 'binding:host_id', 'binding:vif_type', 'binding:vif_details'] {{(pid=105239) _exclude_attributes_by_policy /opt/stack/neutron/neutron/pecan_wsgi/hooks/policy_enforcement.py:255}}
Aug 09 14:46:11.909062 dv-cinder-788364-6-smb neutron-server[105239]: INFO neutron.wsgi [req-93f363ae-a08e-456b-b706-d01807451057 req-14e4c7c8-7401-41ab-a826-75c72797776d tempest-ServerRescueNegativeTestJSON-1463609789 tempest-ServerRescueNegativeTestJSON-1463609789-project] 10.222.0.37 "GET /v2.0/ports?device_id=57ea8339-88c8-468c-91f5-eebc7652de86 HTTP/1.1" status: 200 len: 946 time: 0.0564785
Aug 09 14:46:11.951084 dv-cinder-788364-6-smb neutron-server[105239]: INFO neutron.wsgi [req-93f363ae-a08e-456b-b706-d01807451057 req-7714f3f1-20b2-4558-8e1d-d3a2c9b6ea8b tempest-ServerRescueNegativeTestJSON-1463609789 tempest-ServerRescueNegativeTestJSON-1463609789-project] 10.222.0.37 "GET /v2.0/security-groups?id=df02c78e-9867-4a89-b532-61c438182875&fields=id&fields=name HTTP/1.1" status: 200 len: 286 time: 0.0340757
Aug 09 14:46:12.278640 dv-cinder-788364-6-smb neutron-server[105239]: DEBUG neutron.wsgi [-] (105239) accepted ('10.222.0.37', 46088) {{(pid=105239) server /usr/local/lib/python3.8/dist-packages/eventlet/wsgi.py:982}}
Aug 09 14:46:12.337542 dv-cinder-788364-6-smb neutron-server[105239]: DEBUG neutron.db.db_base_plugin_v2 [None req-f04f28f0-ac83-41ca-88a7-87bc6324ba5f admin admin] Deleting subnet 22509cd9-7884-4188-9677-8edc98c11431 {{(pid=105239) delete_subnet /opt/stack/neutron/neutron/db/db_base_plugin_v2.py:1056}}
Aug 09 14:46:12.341525 dv-cinder-788364-6-smb neutron-server[105239]: DEBUG neutron_lib.callbacks.manager [None req-f04f28f0-ac83-41ca-88a7-87bc6324ba5f admin admin] Notify callbacks [] for subnet, before_delete {{(pid=105239) _notify_loop /usr/local/lib/python3.8/dist-packages/neutron_lib/callbacks/manager.py:192}}
Aug 09 14:46:12.384052 dv-cinder-788364-6-smb neutron-server[105239]: DEBUG neutron_lib.callbacks.manager [None req-f04f28f0-ac83-41ca-88a7-87bc6324ba5f admin admin] Notify callbacks ['neutron.services.segments.plugin.Plugin._validate_auto_address_subnet_delete-10089769'] for subnet, precommit_delete_associations {{(pid=105239) _notify_loop /usr/local/lib/python3.8/dist-packages/neutron_lib/callbacks/manager.py:192}}
Aug 09 14:46:12.434479 dv-cinder-788364-6-smb neutron-server[105239]: DEBUG neutron_lib.callbacks.manager [None req-f04f28f0-ac83-41ca-88a7-87bc6324ba5f admin admin] Notify callbacks ['neutron.plugins.ml2.plugin.Ml2Plugin._subnet_delete_precommit_handler-1438340'] for subnet, precommit_delete {{(pid=105239) _notify_loop /usr/local/lib/python3.8/dist-packages/neutron_lib/callbacks/manager.py:192}}
Aug 09 14:46:12.490534 dv-cinder-788364-6-smb neutron-server[105239]: DEBUG neutron_lib.callbacks.manager [None req-f04f28f0-ac83-41ca-88a7-87bc6324ba5f admin admin] Notify callbacks ['neutron.plugins.ml2.plugin.Ml2Plugin._subnet_delete_after_delete_handler-1438355', 'neutron.plugins.ml2.ovo_rpc._ObjectChangeHandler.handle_event-3750734', 'neutron.api.rpc.agentnotifiers.dhcp_rpc_agent_api.DhcpAgentNotifyAPI._native_event_send_dhcp_notification-507189', 'neutron.services.segments.plugin.NovaSegmentNotifier._notify_subnet_deleted-2667720', 'neutron.services.segments.plugin.SegmentHostRoutes.host_routes_after_delete-8797590'] for subnet, after_delete {{(pid=105239) _notify_loop /usr/local/lib/python3.8/dist-packages/neutron_lib/callbacks/manager.py:192}}
Aug 09 14:46:12.518621 dv-cinder-788364-6-smb neutron-server[105239]: DEBUG neutron.api.rpc.handlers.resources_rpc [None req-f04f28f0-ac83-41ca-88a7-87bc6324ba5f admin admin] Pushing event deleted for resources: {'Subnet': ['ID=22509cd9-7884-4188-9677-8edc98c11431,revision_number=None']} {{(pid=105239) push /opt/stack/neutron/neutron/api/rpc/handlers/resources_rpc.py:237}}
Aug 09 14:46:12.520600 dv-cinder-788364-6-smb neutron-server[105239]: DEBUG neutron_lib.callbacks.manager [None req-f04f28f0-ac83-41ca-88a7-87bc6324ba5f admin admin] Notify callbacks ['neutron.api.rpc.agentnotifiers.dhcp_rpc_agent_api.DhcpAgentNotifyAPI._send_dhcp_notification-507179'] for subnet, before_response {{(pid=105239) _notify_loop /usr/local/lib/python3.8/dist-packages/neutron_lib/callbacks/manager.py:192}}
