Aug 09 14:45:37.250763 dv-cinder-788364-6-smb devstack@n-api.service[119509]: DEBUG nova.compute.api [None req-64ace663-a313-4992-8f2c-9c9a0f2e8ce6 tempest-DeleteServersTestJSON-686378910 tempest-DeleteServersTestJSON-686378910-project] [instance: 8a8029df-56dc-41b4-ab4f-291dc3e177de] Fetching instance by UUID {{(pid=119509) get /opt/stack/nova/nova/compute/api.py:2791}}
Aug 09 14:45:37.259369 dv-cinder-788364-6-smb devstack@n-api.service[119509]: DEBUG oslo_concurrency.lockutils [None req-64ace663-a313-4992-8f2c-9c9a0f2e8ce6 tempest-DeleteServersTestJSON-686378910 tempest-DeleteServersTestJSON-686378910-project] Lock "fdcc6267-3bdf-4f4a-96d9-8a263785b0fc" acquired by "nova.context.set_target_cell..get_or_set_cached_cell_and_set_connections" :: waited 0.000s {{(pid=119509) inner /usr/local/lib/python3.8/dist-packages/oslo_concurrency/lockutils.py:355}}
Aug 09 14:45:37.259820 dv-cinder-788364-6-smb devstack@n-api.service[119509]: DEBUG oslo_concurrency.lockutils [None req-64ace663-a313-4992-8f2c-9c9a0f2e8ce6 tempest-DeleteServersTestJSON-686378910 tempest-DeleteServersTestJSON-686378910-project] Lock "fdcc6267-3bdf-4f4a-96d9-8a263785b0fc" released by "nova.context.set_target_cell..get_or_set_cached_cell_and_set_connections" :: held 0.001s {{(pid=119509) inner /usr/local/lib/python3.8/dist-packages/oslo_concurrency/lockutils.py:367}}
Aug 09 14:45:37.265030 dv-cinder-788364-6-smb devstack@n-api.service[119509]: DEBUG oslo_concurrency.lockutils [None req-64ace663-a313-4992-8f2c-9c9a0f2e8ce6 tempest-DeleteServersTestJSON-686378910 tempest-DeleteServersTestJSON-686378910-project] Lock "fdcc6267-3bdf-4f4a-96d9-8a263785b0fc" acquired by "nova.context.set_target_cell..get_or_set_cached_cell_and_set_connections" :: waited 0.000s {{(pid=119509) inner /usr/local/lib/python3.8/dist-packages/oslo_concurrency/lockutils.py:355}}
Aug 09 14:45:37.268900 dv-cinder-788364-6-smb devstack@n-api.service[119509]: DEBUG oslo_concurrency.lockutils [None req-64ace663-a313-4992-8f2c-9c9a0f2e8ce6 tempest-DeleteServersTestJSON-686378910 tempest-DeleteServersTestJSON-686378910-project] Lock "fdcc6267-3bdf-4f4a-96d9-8a263785b0fc" released by "nova.context.set_target_cell..get_or_set_cached_cell_and_set_connections" :: held 0.005s {{(pid=119509) inner /usr/local/lib/python3.8/dist-packages/oslo_concurrency/lockutils.py:367}}
Aug 09 14:45:37.296153 dv-cinder-788364-6-smb devstack@n-api.service[119509]: INFO nova.api.openstack.wsgi [None req-64ace663-a313-4992-8f2c-9c9a0f2e8ce6 tempest-DeleteServersTestJSON-686378910 tempest-DeleteServersTestJSON-686378910-project] HTTP exception thrown: Instance 8a8029df-56dc-41b4-ab4f-291dc3e177de could not be found.
Aug 09 14:45:37.296960 dv-cinder-788364-6-smb devstack@n-api.service[119509]: DEBUG nova.api.openstack.wsgi [None req-64ace663-a313-4992-8f2c-9c9a0f2e8ce6 tempest-DeleteServersTestJSON-686378910 tempest-DeleteServersTestJSON-686378910-project] Returning 404 to user: Instance 8a8029df-56dc-41b4-ab4f-291dc3e177de could not be found. {{(pid=119509) __call__ /opt/stack/nova/nova/api/openstack/wsgi.py:927}}
Aug 09 14:45:37.298284 dv-cinder-788364-6-smb devstack@n-api.service[119509]: INFO nova.api.openstack.requestlog [None req-64ace663-a313-4992-8f2c-9c9a0f2e8ce6 tempest-DeleteServersTestJSON-686378910 tempest-DeleteServersTestJSON-686378910-project] 10.222.0.37 "GET /compute/v2.1/servers/8a8029df-56dc-41b4-ab4f-291dc3e177de" status: 404 len: 111 microversion: 2.1 time: 0.052315
Aug 09 14:45:37.299236 dv-cinder-788364-6-smb devstack@n-api.service[119509]: [pid: 119509|app: 0|req: 59/118] 10.222.0.37 () {58 vars in 1236 bytes} [Mon Aug 9 14:45:37 2021] GET /compute/v2.1/servers/8a8029df-56dc-41b4-ab4f-291dc3e177de => generated 111 bytes in 54 msecs (HTTP/1.1 404) 9 headers in 379 bytes (1 switches on core 0)
Aug 09 14:45:37.555134 dv-cinder-788364-6-smb devstack@n-api.service[119510]: DEBUG nova.api.openstack.wsgi [None req-ab787d85-2abc-4924-b569-5c5c52de3900 tempest-VolumesActionsTest-1417903760 tempest-VolumesActionsTest-1417903760-project] Action: 'create', calling method: >, body: {"server": {"name": "tempest-VolumesActionsTest-instance-412801296", "imageRef": "64282b01-82bf-4bca-a41f-9e0f27d048e6", "flavorRef": "452", "networks": [{"uuid": "c96ebaa7-0d38-4cb8-9c3e-945529cf85d4"}]}} {{(pid=119510) _process_stack /opt/stack/nova/nova/api/openstack/wsgi.py:511}}
Aug 09 14:45:37.614220 dv-cinder-788364-6-smb devstack@n-api.service[119510]: DEBUG nova.network.neutron [None req-ab787d85-2abc-4924-b569-5c5c52de3900 tempest-VolumesActionsTest-1417903760 tempest-VolumesActionsTest-1417903760-project] validate_networks() for [('c96ebaa7-0d38-4cb8-9c3e-945529cf85d4', None, None, None)] {{(pid=119510) validate_networks /opt/stack/nova/nova/network/neutron.py:2255}}
Aug 09 14:45:38.164053 dv-cinder-788364-6-smb devstack@n-api.service[119509]: DEBUG nova.api.openstack.wsgi [None req-dedb49cc-76e6-46d5-933c-1d2acf62cf51 tempest-ServerRescueNegativeTestJSON-1463609789 tempest-ServerRescueNegativeTestJSON-1463609789-project] Calling method '>' {{(pid=119509) _process_stack /opt/stack/nova/nova/api/openstack/wsgi.py:513}}
Aug 09 14:45:38.164919 dv-cinder-788364-6-smb devstack@n-api.service[119509]: DEBUG nova.compute.api [None req-dedb49cc-76e6-46d5-933c-1d2acf62cf51 tempest-ServerRescueNegativeTestJSON-1463609789 tempest-ServerRescueNegativeTestJSON-1463609789-project] [instance: 57ea8339-88c8-468c-91f5-eebc7652de86] Fetching instance by UUID {{(pid=119509) get /opt/stack/nova/nova/compute/api.py:2791}}
Aug 09 14:45:38.171287 dv-cinder-788364-6-smb devstack@n-api.service[119509]: DEBUG oslo_concurrency.lockutils [None req-dedb49cc-76e6-46d5-933c-1d2acf62cf51 tempest-ServerRescueNegativeTestJSON-1463609789 tempest-ServerRescueNegativeTestJSON-1463609789-project] Lock "fdcc6267-3bdf-4f4a-96d9-8a263785b0fc" acquired by "nova.context.set_target_cell..get_or_set_cached_cell_and_set_connections" :: waited 0.000s {{(pid=119509) inner /usr/local/lib/python3.8/dist-packages/oslo_concurrency/lockutils.py:355}}
Aug 09 14:45:38.171885 dv-cinder-788364-6-smb devstack@n-api.service[119509]: DEBUG oslo_concurrency.lockutils [None req-dedb49cc-76e6-46d5-933c-1d2acf62cf51 tempest-ServerRescueNegativeTestJSON-1463609789 tempest-ServerRescueNegativeTestJSON-1463609789-project] Lock "fdcc6267-3bdf-4f4a-96d9-8a263785b0fc" released by "nova.context.set_target_cell..get_or_set_cached_cell_and_set_connections" :: held 0.001s {{(pid=119509) inner /usr/local/lib/python3.8/dist-packages/oslo_concurrency/lockutils.py:367}}
Aug 09 14:45:38.172937 dv-cinder-788364-6-smb devstack@n-api.service[119509]: DEBUG oslo_concurrency.lockutils [None req-dedb49cc-76e6-46d5-933c-1d2acf62cf51 tempest-ServerRescueNegativeTestJSON-1463609789 tempest-ServerRescueNegativeTestJSON-1463609789-project] Lock "fdcc6267-3bdf-4f4a-96d9-8a263785b0fc" acquired by "nova.context.set_target_cell..get_or_set_cached_cell_and_set_connections" :: waited 0.000s {{(pid=119509) inner /usr/local/lib/python3.8/dist-packages/oslo_concurrency/lockutils.py:355}}
Aug 09 14:45:38.173498 dv-cinder-788364-6-smb devstack@n-api.service[119509]: DEBUG oslo_concurrency.lockutils [None req-dedb49cc-76e6-46d5-933c-1d2acf62cf51 tempest-ServerRescueNegativeTestJSON-1463609789 tempest-ServerRescueNegativeTestJSON-1463609789-project] Lock "fdcc6267-3bdf-4f4a-96d9-8a263785b0fc" released by "nova.context.set_target_cell..get_or_set_cached_cell_and_set_connections" :: held 0.001s {{(pid=119509) inner /usr/local/lib/python3.8/dist-packages/oslo_concurrency/lockutils.py:367}}
Aug 09 14:45:38.553486 dv-cinder-788364-6-smb devstack@n-api.service[119509]: DEBUG nova.policy [None req-dedb49cc-76e6-46d5-933c-1d2acf62cf51 tempest-ServerRescueNegativeTestJSON-1463609789 tempest-ServerRescueNegativeTestJSON-1463609789-project] Policy check for os_compute_api:os-extended-server-attributes failed with credentials {'is_admin': False, 'user_id': '63ebd4416e0345239c672f45a8d77b12', 'user_domain_id': 'default', 'system_scope': None, 'domain_id': None, 'project_id': 'ce93c4f157ae4d7d87843ddcf854656a', 'project_domain_id': 'default', 'roles': ['reader', 'member'], 'is_admin_project': True, 'service_user_id': None, 'service_user_domain_id': None, 'service_project_id': None, 'service_project_domain_id': None, 'service_roles': []} {{(pid=119509) authorize /opt/stack/nova/nova/policy.py:199}}
Aug 09 14:45:38.556386 dv-cinder-788364-6-smb devstack@n-api.service[119510]: DEBUG nova.virt.hardware [None req-ab787d85-2abc-4924-b569-5c5c52de3900 tempest-VolumesActionsTest-1417903760 tempest-VolumesActionsTest-1417903760-project] Flavor limits 0:0:0 {{(pid=119510) get_cpu_topology_constraints /opt/stack/nova/nova/virt/hardware.py:343}}
Aug 09 14:45:38.556869 dv-cinder-788364-6-smb devstack@n-api.service[119510]: DEBUG nova.virt.hardware [None req-ab787d85-2abc-4924-b569-5c5c52de3900 tempest-VolumesActionsTest-1417903760 tempest-VolumesActionsTest-1417903760-project] Image limits 0:0:0 {{(pid=119510) get_cpu_topology_constraints /opt/stack/nova/nova/virt/hardware.py:347}}
Aug 09 14:45:38.557257 dv-cinder-788364-6-smb devstack@n-api.service[119510]: DEBUG nova.virt.hardware [None req-ab787d85-2abc-4924-b569-5c5c52de3900 tempest-VolumesActionsTest-1417903760 tempest-VolumesActionsTest-1417903760-project] Flavor pref 0:0:0 {{(pid=119510) get_cpu_topology_constraints /opt/stack/nova/nova/virt/hardware.py:383}}
Aug 09 14:45:38.557845 dv-cinder-788364-6-smb devstack@n-api.service[119510]: DEBUG nova.virt.hardware [None req-ab787d85-2abc-4924-b569-5c5c52de3900 tempest-VolumesActionsTest-1417903760 tempest-VolumesActionsTest-1417903760-project] Image pref 0:0:0 {{(pid=119510) get_cpu_topology_constraints /opt/stack/nova/nova/virt/hardware.py:387}}
Aug 09 14:45:38.558420 dv-cinder-788364-6-smb devstack@n-api.service[119510]: DEBUG nova.virt.hardware [None req-ab787d85-2abc-4924-b569-5c5c52de3900 tempest-VolumesActionsTest-1417903760 tempest-VolumesActionsTest-1417903760-project] Chose sockets=0, cores=0, threads=0; limits were sockets=65536, cores=65536, threads=65536 {{(pid=119510) get_cpu_topology_constraints /opt/stack/nova/nova/virt/hardware.py:425}}
Aug 09 14:45:38.563919 dv-cinder-788364-6-smb devstack@n-api.service[119509]: INFO nova.api.openstack.requestlog [None req-dedb49cc-76e6-46d5-933c-1d2acf62cf51 tempest-ServerRescueNegativeTestJSON-1463609789 tempest-ServerRescueNegativeTestJSON-1463609789-project] 10.222.0.37 "GET /compute/v2.1/servers/57ea8339-88c8-468c-91f5-eebc7652de86" status: 200 len: 1522 microversion: 2.1 time: 0.403932
Aug 09 14:45:38.565107 dv-cinder-788364-6-smb devstack@n-api.service[119509]: [pid: 119509|app: 0|req: 60/119] 10.222.0.37 () {58 vars in 1236 bytes} [Mon Aug 9 14:45:38 2021] GET /compute/v2.1/servers/57ea8339-88c8-468c-91f5-eebc7652de86 => generated 1522 bytes in 406 msecs (HTTP/1.1 200) 9 headers in 358 bytes (2 switches on core 0)
Aug 09 14:45:38.570384 dv-cinder-788364-6-smb devstack@n-api.service[119509]: DEBUG nova.api.openstack.wsgi [None req-5ce850e2-9f5c-4703-8da7-0bd6bfda0e74 tempest-AttachVolumeShelveTestJSON-1717948954 tempest-AttachVolumeShelveTestJSON-1717948954-project] Action: 'action', calling method: >, body: {"os-getConsoleOutput": {}} {{(pid=119509) _process_stack /opt/stack/nova/nova/api/openstack/wsgi.py:511}}
Aug 09 14:45:38.571506 dv-cinder-788364-6-smb devstack@n-api.service[119509]: DEBUG nova.compute.api [None req-5ce850e2-9f5c-4703-8da7-0bd6bfda0e74 tempest-AttachVolumeShelveTestJSON-1717948954 tempest-AttachVolumeShelveTestJSON-1717948954-project] [instance: 1569c535-9958-478b-98a7-8a0b07228c5d] Fetching instance by UUID {{(pid=119509) get /opt/stack/nova/nova/compute/api.py:2791}}
Aug 09 14:45:38.579051 dv-cinder-788364-6-smb devstack@n-api.service[119509]: DEBUG oslo_concurrency.lockutils [None req-5ce850e2-9f5c-4703-8da7-0bd6bfda0e74 tempest-AttachVolumeShelveTestJSON-1717948954 tempest-AttachVolumeShelveTestJSON-1717948954-project] Lock "fdcc6267-3bdf-4f4a-96d9-8a263785b0fc" acquired by "nova.context.set_target_cell..get_or_set_cached_cell_and_set_connections" :: waited 0.000s {{(pid=119509) inner /usr/local/lib/python3.8/dist-packages/oslo_concurrency/lockutils.py:355}}
Aug 09 14:45:38.579681 dv-cinder-788364-6-smb devstack@n-api.service[119510]: DEBUG oslo_concurrency.lockutils [None req-ab787d85-2abc-4924-b569-5c5c52de3900 tempest-VolumesActionsTest-1417903760 tempest-VolumesActionsTest-1417903760-project] Lock "00000000-0000-0000-0000-000000000000" acquired by "nova.context.set_target_cell..get_or_set_cached_cell_and_set_connections" :: waited 0.000s {{(pid=119510) inner /usr/local/lib/python3.8/dist-packages/oslo_concurrency/lockutils.py:355}}
Aug 09 14:45:38.579817 dv-cinder-788364-6-smb devstack@n-api.service[119509]: DEBUG oslo_concurrency.lockutils [None req-5ce850e2-9f5c-4703-8da7-0bd6bfda0e74 tempest-AttachVolumeShelveTestJSON-1717948954 tempest-AttachVolumeShelveTestJSON-1717948954-project] Lock "fdcc6267-3bdf-4f4a-96d9-8a263785b0fc" released by "nova.context.set_target_cell..get_or_set_cached_cell_and_set_connections" :: held 0.001s {{(pid=119509) inner /usr/local/lib/python3.8/dist-packages/oslo_concurrency/lockutils.py:367}}
Aug 09 14:45:38.580423 dv-cinder-788364-6-smb devstack@n-api.service[119510]: DEBUG oslo_concurrency.lockutils [None req-ab787d85-2abc-4924-b569-5c5c52de3900 tempest-VolumesActionsTest-1417903760 tempest-VolumesActionsTest-1417903760-project] Lock "00000000-0000-0000-0000-000000000000" released by "nova.context.set_target_cell..get_or_set_cached_cell_and_set_connections" :: held 0.002s {{(pid=119510) inner /usr/local/lib/python3.8/dist-packages/oslo_concurrency/lockutils.py:367}}
Aug 09 14:45:38.580696 dv-cinder-788364-6-smb devstack@n-api.service[119509]: DEBUG oslo_concurrency.lockutils [None req-5ce850e2-9f5c-4703-8da7-0bd6bfda0e74 tempest-AttachVolumeShelveTestJSON-1717948954 tempest-AttachVolumeShelveTestJSON-1717948954-project] Lock "fdcc6267-3bdf-4f4a-96d9-8a263785b0fc" acquired by "nova.context.set_target_cell..get_or_set_cached_cell_and_set_connections" :: waited 0.000s {{(pid=119509) inner /usr/local/lib/python3.8/dist-packages/oslo_concurrency/lockutils.py:355}}
Aug 09 14:45:38.581198 dv-cinder-788364-6-smb devstack@n-api.service[119509]: DEBUG oslo_concurrency.lockutils [None req-5ce850e2-9f5c-4703-8da7-0bd6bfda0e74 tempest-AttachVolumeShelveTestJSON-1717948954 tempest-AttachVolumeShelveTestJSON-1717948954-project] Lock "fdcc6267-3bdf-4f4a-96d9-8a263785b0fc" released by "nova.context.set_target_cell..get_or_set_cached_cell_and_set_connections" :: held 0.000s {{(pid=119509) inner /usr/local/lib/python3.8/dist-packages/oslo_concurrency/lockutils.py:367}}
Aug 09 14:45:38.582402 dv-cinder-788364-6-smb devstack@n-api.service[119510]: DEBUG oslo_concurrency.lockutils [None req-ab787d85-2abc-4924-b569-5c5c52de3900 tempest-VolumesActionsTest-1417903760 tempest-VolumesActionsTest-1417903760-project] Lock "fdcc6267-3bdf-4f4a-96d9-8a263785b0fc" acquired by "nova.context.set_target_cell..get_or_set_cached_cell_and_set_connections" :: waited 0.000s {{(pid=119510) inner /usr/local/lib/python3.8/dist-packages/oslo_concurrency/lockutils.py:355}}
Aug 09 14:45:38.583015 dv-cinder-788364-6-smb devstack@n-api.service[119510]: DEBUG oslo_concurrency.lockutils [None req-ab787d85-2abc-4924-b569-5c5c52de3900 tempest-VolumesActionsTest-1417903760 tempest-VolumesActionsTest-1417903760-project] Lock "fdcc6267-3bdf-4f4a-96d9-8a263785b0fc" released by "nova.context.set_target_cell..get_or_set_cached_cell_and_set_connections" :: held 0.001s {{(pid=119510) inner /usr/local/lib/python3.8/dist-packages/oslo_concurrency/lockutils.py:367}}
Aug 09 14:45:38.612377 dv-cinder-788364-6-smb devstack@n-api.service[119510]: DEBUG nova.quota [None req-ab787d85-2abc-4924-b569-5c5c52de3900 tempest-VolumesActionsTest-1417903760 tempest-VolumesActionsTest-1417903760-project] Getting quotas for project 7fff7ee795104ea28d704075183ca8fe. Resources: {'cores', 'ram', 'instances'} {{(pid=119510) _get_quotas /opt/stack/nova/nova/quota.py:384}}
Aug 09 14:45:38.617587 dv-cinder-788364-6-smb devstack@n-api.service[119510]: DEBUG nova.quota [None req-ab787d85-2abc-4924-b569-5c5c52de3900 tempest-VolumesActionsTest-1417903760 tempest-VolumesActionsTest-1417903760-project] Getting quotas for user 5c5e783d9ba842dfa2582dcd2ede4d1e and project 7fff7ee795104ea28d704075183ca8fe. Resources: {'cores', 'ram', 'instances'} {{(pid=119510) _get_quotas /opt/stack/nova/nova/quota.py:374}}
Aug 09 14:45:38.629737 dv-cinder-788364-6-smb devstack@n-api.service[119510]: DEBUG nova.compute.api [None req-ab787d85-2abc-4924-b569-5c5c52de3900 tempest-VolumesActionsTest-1417903760 tempest-VolumesActionsTest-1417903760-project] Going to run 1 instances... {{(pid=119510) _provision_instances /opt/stack/nova/nova/compute/api.py:1280}}
Aug 09 14:45:38.640214 dv-cinder-788364-6-smb devstack@n-api.service[119510]: DEBUG nova.compute.api [None req-ab787d85-2abc-4924-b569-5c5c52de3900 tempest-VolumesActionsTest-1417903760 tempest-VolumesActionsTest-1417903760-project] [instance: cf190b8b-bdac-4873-834f-8291d5cdb7a7] block_device_mapping [BlockDeviceMapping(attachment_id=,boot_index=0,connection_info=None,created_at=,delete_on_termination=True,deleted=,deleted_at=,destination_type='local',device_name=None,device_type='disk',disk_bus=None,guest_format=None,id=,image_id='64282b01-82bf-4bca-a41f-9e0f27d048e6',instance=,instance_uuid=,no_device=False,snapshot_id=None,source_type='image',tag=None,updated_at=,uuid=,volume_id=None,volume_size=None,volume_type=None)] {{(pid=119510) _bdm_validate_set_size_and_instance /opt/stack/nova/nova/compute/api.py:1685}}
Aug 09 14:45:38.686326 dv-cinder-788364-6-smb devstack@n-api.service[119509]: INFO nova.api.openstack.requestlog [None req-5ce850e2-9f5c-4703-8da7-0bd6bfda0e74 tempest-AttachVolumeShelveTestJSON-1717948954 tempest-AttachVolumeShelveTestJSON-1717948954-project] 10.222.0.37 "POST /compute/v2.1/servers/1569c535-9958-478b-98a7-8a0b07228c5d/action" status: 200 len: 14 microversion: 2.20 time: 0.118287
Aug 09 14:45:38.688770 dv-cinder-788364-6-smb devstack@n-api.service[119509]: [pid: 119509|app: 0|req: 61/120] 10.222.0.37 () {62 vars in 1319 bytes} [Mon Aug 9 14:45:38 2021] POST /compute/v2.1/servers/1569c535-9958-478b-98a7-8a0b07228c5d/action => generated 14 bytes in 123 msecs (HTTP/1.1 200) 9 headers in 358 bytes (1 switches on core 0)
Aug 09 14:45:38.708415 dv-cinder-788364-6-smb devstack@n-api.service[119510]: INFO nova.api.openstack.requestlog [None req-ab787d85-2abc-4924-b569-5c5c52de3900 tempest-VolumesActionsTest-1417903760 tempest-VolumesActionsTest-1417903760-project] 10.222.0.37 "POST /compute/v2.1/servers" status: 202 len: 380 microversion: 2.1 time: 1.326814
Aug 09 14:45:38.714571 dv-cinder-788364-6-smb devstack@n-api.service[119510]: [pid: 119510|app: 0|req: 60/121] 10.222.0.37 () {60 vars in 1147 bytes} [Mon Aug 9 14:45:37 2021] POST /compute/v2.1/servers => generated 380 bytes in 1334 msecs (HTTP/1.1 202) 10 headers in 451 bytes (1 switches on core 0)
Aug 09 14:45:38.720521 dv-cinder-788364-6-smb devstack@n-api.service[119509]: DEBUG nova.api.openstack.wsgi [None req-371d9413-ae2f-405e-8f35-8ee820aa89c4 tempest-VolumesActionsTest-1417903760 tempest-VolumesActionsTest-1417903760-project] Calling method '>' {{(pid=119509) _process_stack /opt/stack/nova/nova/api/openstack/wsgi.py:513}}
Aug 09 14:45:38.721618 dv-cinder-788364-6-smb devstack@n-api.service[119509]: DEBUG nova.compute.api [None req-371d9413-ae2f-405e-8f35-8ee820aa89c4 tempest-VolumesActionsTest-1417903760 tempest-VolumesActionsTest-1417903760-project] [instance: cf190b8b-bdac-4873-834f-8291d5cdb7a7] Fetching instance by UUID {{(pid=119509) get /opt/stack/nova/nova/compute/api.py:2791}}
Aug 09 14:45:38.781438 dv-cinder-788364-6-smb devstack@n-api.service[119510]: DEBUG nova.api.openstack.wsgi [None req-0ca6af89-0080-4032-8613-8bb32ba77d56 tempest-AttachVolumeTestJSON-500245913 tempest-AttachVolumeTestJSON-500245913-project] Action: 'action', calling method: >, body: {"os-getConsoleOutput": {}} {{(pid=119510) _process_stack /opt/stack/nova/nova/api/openstack/wsgi.py:511}}
Aug 09 14:45:38.782552 dv-cinder-788364-6-smb devstack@n-api.service[119510]: DEBUG nova.compute.api [None req-0ca6af89-0080-4032-8613-8bb32ba77d56 tempest-AttachVolumeTestJSON-500245913 tempest-AttachVolumeTestJSON-500245913-project] [instance: 26ecbe51-2dc8-46cd-939e-f43f053a3a65] Fetching instance by UUID {{(pid=119510) get /opt/stack/nova/nova/compute/api.py:2791}}
Aug 09 14:45:38.791432 dv-cinder-788364-6-smb devstack@n-api.service[119510]: DEBUG oslo_concurrency.lockutils [None req-0ca6af89-0080-4032-8613-8bb32ba77d56 tempest-AttachVolumeTestJSON-500245913 tempest-AttachVolumeTestJSON-500245913-project] Lock "fdcc6267-3bdf-4f4a-96d9-8a263785b0fc" acquired by "nova.context.set_target_cell..get_or_set_cached_cell_and_set_connections" :: waited 0.000s {{(pid=119510) inner /usr/local/lib/python3.8/dist-packages/oslo_concurrency/lockutils.py:355}}
Aug 09 14:45:38.792102 dv-cinder-788364-6-smb devstack@n-api.service[119510]: DEBUG oslo_concurrency.lockutils [None req-0ca6af89-0080-4032-8613-8bb32ba77d56 tempest-AttachVolumeTestJSON-500245913 tempest-AttachVolumeTestJSON-500245913-project] Lock "fdcc6267-3bdf-4f4a-96d9-8a263785b0fc" released by "nova.context.set_target_cell..get_or_set_cached_cell_and_set_connections" :: held 0.001s {{(pid=119510) inner /usr/local/lib/python3.8/dist-packages/oslo_concurrency/lockutils.py:367}}
Aug 09 14:45:38.793095 dv-cinder-788364-6-smb devstack@n-api.service[119510]: DEBUG oslo_concurrency.lockutils [None req-0ca6af89-0080-4032-8613-8bb32ba77d56 tempest-AttachVolumeTestJSON-500245913 tempest-AttachVolumeTestJSON-500245913-project] Lock "fdcc6267-3bdf-4f4a-96d9-8a263785b0fc" acquired by "nova.context.set_target_cell..get_or_set_cached_cell_and_set_connections" :: waited 0.000s {{(pid=119510) inner /usr/local/lib/python3.8/dist-packages/oslo_concurrency/lockutils.py:355}}
Aug 09 14:45:38.793892 dv-cinder-788364-6-smb devstack@n-api.service[119510]: DEBUG oslo_concurrency.lockutils [None req-0ca6af89-0080-4032-8613-8bb32ba77d56 tempest-AttachVolumeTestJSON-500245913 tempest-AttachVolumeTestJSON-500245913-project] Lock "fdcc6267-3bdf-4f4a-96d9-8a263785b0fc" released by "nova.context.set_target_cell..get_or_set_cached_cell_and_set_connections" :: held 0.001s {{(pid=119510) inner /usr/local/lib/python3.8/dist-packages/oslo_concurrency/lockutils.py:367}}
Aug 09 14:45:38.835973 dv-cinder-788364-6-smb devstack@n-api.service[119509]: DEBUG nova.policy [None req-371d9413-ae2f-405e-8f35-8ee820aa89c4 tempest-VolumesActionsTest-1417903760 tempest-VolumesActionsTest-1417903760-project] Policy check for os_compute_api:os-extended-server-attributes failed with credentials {'is_admin': False, 'user_id': '5c5e783d9ba842dfa2582dcd2ede4d1e', 'user_domain_id': 'default', 'system_scope': None, 'domain_id': None, 'project_id': '7fff7ee795104ea28d704075183ca8fe', 'project_domain_id': 'default', 'roles': ['reader', 'member'], 'is_admin_project': True, 'service_user_id': None, 'service_user_domain_id': None, 'service_project_id': None, 'service_project_domain_id': None, 'service_roles': []} {{(pid=119509) authorize /opt/stack/nova/nova/policy.py:199}}
Aug 09 14:45:38.843176 dv-cinder-788364-6-smb devstack@n-api.service[119509]: INFO nova.api.openstack.requestlog [None req-371d9413-ae2f-405e-8f35-8ee820aa89c4 tempest-VolumesActionsTest-1417903760 tempest-VolumesActionsTest-1417903760-project] 10.222.0.37 "GET /compute/v2.1/servers/cf190b8b-bdac-4873-834f-8291d5cdb7a7" status: 200 len: 1213 microversion: 2.1 time: 0.127319
Aug 09 14:45:38.843954 dv-cinder-788364-6-smb devstack@n-api.service[119509]: [pid: 119509|app: 0|req: 62/122] 10.222.0.37 () {58 vars in 1236 bytes} [Mon Aug 9 14:45:38 2021] GET /compute/v2.1/servers/cf190b8b-bdac-4873-834f-8291d5cdb7a7 => generated 1213 bytes in 129 msecs (HTTP/1.1 200) 9 headers in 358 bytes (1 switches on core 0)
Aug 09 14:45:38.857234 dv-cinder-788364-6-smb devstack@n-api.service[119509]: DEBUG nova.api.openstack.wsgi [req-805b286f-beac-452b-9b24-a06946e80db5 req-a4c60eb3-27d2-4f58-80b8-d120ff1d84e4 service nova] Action: 'create', calling method: >, body: {"events": [{"name": "network-changed", "server_uuid": "26ecbe51-2dc8-46cd-939e-f43f053a3a65", "tag": "b02453a2-ffdc-4991-866c-701911f9e6f2"}]} {{(pid=119509) _process_stack /opt/stack/nova/nova/api/openstack/wsgi.py:511}}
Aug 09 14:45:38.858971 dv-cinder-788364-6-smb devstack@n-api.service[119509]: /usr/local/lib/python3.8/dist-packages/oslo_policy/policy.py:1064: UserWarning: Policy os_compute_api:os-server-external-events:create failed scope check. The token used to make the request was project scoped but the policy requires ['system'] scope. This behavior may change in the future where using the intended scope is required
Aug 09 14:45:38.858971 dv-cinder-788364-6-smb devstack@n-api.service[119509]: warnings.warn(msg)
Aug 09 14:45:38.885276 dv-cinder-788364-6-smb devstack@n-api.service[119509]: DEBUG oslo_concurrency.lockutils [req-805b286f-beac-452b-9b24-a06946e80db5 req-a4c60eb3-27d2-4f58-80b8-d120ff1d84e4 service nova] Lock "fdcc6267-3bdf-4f4a-96d9-8a263785b0fc" acquired by "nova.context.set_target_cell..get_or_set_cached_cell_and_set_connections" :: waited 0.000s {{(pid=119509) inner /usr/local/lib/python3.8/dist-packages/oslo_concurrency/lockutils.py:355}}
Aug 09 14:45:38.885842 dv-cinder-788364-6-smb devstack@n-api.service[119510]: INFO nova.api.openstack.requestlog [None req-0ca6af89-0080-4032-8613-8bb32ba77d56 tempest-AttachVolumeTestJSON-500245913 tempest-AttachVolumeTestJSON-500245913-project] 10.222.0.37 "POST /compute/v2.1/servers/26ecbe51-2dc8-46cd-939e-f43f053a3a65/action" status: 200 len: 14 microversion: 2.1 time: 0.107415
Aug 09 14:45:38.886948 dv-cinder-788364-6-smb devstack@n-api.service[119510]: [pid: 119510|app: 0|req: 61/123] 10.222.0.37 () {60 vars in 1278 bytes} [Mon Aug 9 14:45:38 2021] POST /compute/v2.1/servers/26ecbe51-2dc8-46cd-939e-f43f053a3a65/action => generated 14 bytes in 110 msecs (HTTP/1.1 200) 9 headers in 356 bytes (2 switches on core 0)
Aug 09 14:45:38.887365 dv-cinder-788364-6-smb devstack@n-api.service[119509]: DEBUG oslo_concurrency.lockutils [req-805b286f-beac-452b-9b24-a06946e80db5 req-a4c60eb3-27d2-4f58-80b8-d120ff1d84e4 service nova] Lock "fdcc6267-3bdf-4f4a-96d9-8a263785b0fc" released by "nova.context.set_target_cell..get_or_set_cached_cell_and_set_connections" :: held 0.004s {{(pid=119509) inner /usr/local/lib/python3.8/dist-packages/oslo_concurrency/lockutils.py:367}}
Aug 09 14:45:38.914446 dv-cinder-788364-6-smb devstack@n-api.service[119509]: INFO nova.api.openstack.compute.server_external_events [req-805b286f-beac-452b-9b24-a06946e80db5 req-a4c60eb3-27d2-4f58-80b8-d120ff1d84e4 service nova] Creating event network-changed:b02453a2-ffdc-4991-866c-701911f9e6f2 for instance 26ecbe51-2dc8-46cd-939e-f43f053a3a65 on hv-cinder-78836
Aug 09 14:45:38.920873 dv-cinder-788364-6-smb devstack@n-api.service[119509]: INFO nova.api.openstack.requestlog [req-805b286f-beac-452b-9b24-a06946e80db5 req-a4c60eb3-27d2-4f58-80b8-d120ff1d84e4 service nova] 10.222.0.37 "POST /compute/v2.1/os-server-external-events" status: 200 len: 179 microversion: 2.1 time: 0.074771
Aug 09 14:45:38.922078 dv-cinder-788364-6-smb devstack@n-api.service[119509]: [pid: 119509|app: 0|req: 63/124] 10.222.0.37 () {64 vars in 1318 bytes} [Mon Aug 9 14:45:38 2021] POST /compute/v2.1/os-server-external-events => generated 179 bytes in 77 msecs (HTTP/1.1 200) 9 headers in 357 bytes (1 switches on core 0)
Aug 09 14:45:39.588072 dv-cinder-788364-6-smb devstack@n-api.service[119510]: DEBUG nova.api.openstack.wsgi [None req-826082b3-3d36-46f3-890f-b08c9768efea tempest-ServerRescueNegativeTestJSON-1463609789 tempest-ServerRescueNegativeTestJSON-1463609789-project] Calling method '>' {{(pid=119510) _process_stack /opt/stack/nova/nova/api/openstack/wsgi.py:513}}
Aug 09 14:45:39.589567 dv-cinder-788364-6-smb devstack@n-api.service[119510]: DEBUG nova.compute.api [None req-826082b3-3d36-46f3-890f-b08c9768efea tempest-ServerRescueNegativeTestJSON-1463609789 tempest-ServerRescueNegativeTestJSON-1463609789-project] [instance: 57ea8339-88c8-468c-91f5-eebc7652de86] Fetching instance by UUID {{(pid=119510) get /opt/stack/nova/nova/compute/api.py:2791}}
Aug 09 14:45:39.597873 dv-cinder-788364-6-smb devstack@n-api.service[119510]: DEBUG oslo_concurrency.lockutils [None req-826082b3-3d36-46f3-890f-b08c9768efea tempest-ServerRescueNegativeTestJSON-1463609789 tempest-ServerRescueNegativeTestJSON-1463609789-project] Lock "fdcc6267-3bdf-4f4a-96d9-8a263785b0fc" acquired by "nova.context.set_target_cell..get_or_set_cached_cell_and_set_connections" :: waited 0.000s {{(pid=119510) inner /usr/local/lib/python3.8/dist-packages/oslo_concurrency/lockutils.py:355}}
Aug 09 14:45:39.599918 dv-cinder-788364-6-smb devstack@n-api.service[119510]: DEBUG oslo_concurrency.lockutils [None req-826082b3-3d36-46f3-890f-b08c9768efea tempest-ServerRescueNegativeTestJSON-1463609789 tempest-ServerRescueNegativeTestJSON-1463609789-project] Lock "fdcc6267-3bdf-4f4a-96d9-8a263785b0fc" released by "nova.context.set_target_cell..get_or_set_cached_cell_and_set_connections" :: held 0.002s {{(pid=119510) inner /usr/local/lib/python3.8/dist-packages/oslo_concurrency/lockutils.py:367}}
Aug 09 14:45:39.601633 dv-cinder-788364-6-smb devstack@n-api.service[119510]: DEBUG oslo_concurrency.lockutils [None req-826082b3-3d36-46f3-890f-b08c9768efea tempest-ServerRescueNegativeTestJSON-1463609789 tempest-ServerRescueNegativeTestJSON-1463609789-project] Lock "fdcc6267-3bdf-4f4a-96d9-8a263785b0fc" acquired by "nova.context.set_target_cell..get_or_set_cached_cell_and_set_connections" :: waited 0.000s {{(pid=119510) inner /usr/local/lib/python3.8/dist-packages/oslo_concurrency/lockutils.py:355}}
Aug 09 14:45:39.602446 dv-cinder-788364-6-smb devstack@n-api.service[119510]: DEBUG oslo_concurrency.lockutils [None req-826082b3-3d36-46f3-890f-b08c9768efea tempest-ServerRescueNegativeTestJSON-1463609789 tempest-ServerRescueNegativeTestJSON-1463609789-project] Lock "fdcc6267-3bdf-4f4a-96d9-8a263785b0fc" released by "nova.context.set_target_cell..get_or_set_cached_cell_and_set_connections" :: held 0.001s {{(pid=119510) inner /usr/local/lib/python3.8/dist-packages/oslo_concurrency/lockutils.py:367}}
Aug 09 14:45:39.699267 dv-cinder-788364-6-smb devstack@n-api.service[119509]: DEBUG nova.api.openstack.wsgi [None req-76c802b0-0232-419c-a65d-72c637924bf9 tempest-AttachVolumeShelveTestJSON-1717948954 tempest-AttachVolumeShelveTestJSON-1717948954-project] Action: 'action', calling method: >, body: {"os-getConsoleOutput": {}} {{(pid=119509) _process_stack /opt/stack/nova/nova/api/openstack/wsgi.py:511}}
Aug 09 14:45:39.702431 dv-cinder-788364-6-smb devstack@n-api.service[119509]: DEBUG nova.compute.api [None req-76c802b0-0232-419c-a65d-72c637924bf9 tempest-AttachVolumeShelveTestJSON-1717948954 tempest-AttachVolumeShelveTestJSON-1717948954-project] [instance: 1569c535-9958-478b-98a7-8a0b07228c5d] Fetching instance by UUID {{(pid=119509) get /opt/stack/nova/nova/compute/api.py:2791}}
Aug 09 14:45:39.714564 dv-cinder-788364-6-smb devstack@n-api.service[119509]: DEBUG oslo_concurrency.lockutils [None req-76c802b0-0232-419c-a65d-72c637924bf9 tempest-AttachVolumeShelveTestJSON-1717948954 tempest-AttachVolumeShelveTestJSON-1717948954-project] Lock "fdcc6267-3bdf-4f4a-96d9-8a263785b0fc" acquired by "nova.context.set_target_cell..get_or_set_cached_cell_and_set_connections" :: waited 0.000s {{(pid=119509) inner /usr/local/lib/python3.8/dist-packages/oslo_concurrency/lockutils.py:355}}
Aug 09 14:45:39.715334 dv-cinder-788364-6-smb devstack@n-api.service[119509]: DEBUG oslo_concurrency.lockutils [None req-76c802b0-0232-419c-a65d-72c637924bf9 tempest-AttachVolumeShelveTestJSON-1717948954 tempest-AttachVolumeShelveTestJSON-1717948954-project] Lock "fdcc6267-3bdf-4f4a-96d9-8a263785b0fc" released by "nova.context.set_target_cell..get_or_set_cached_cell_and_set_connections" :: held 0.001s {{(pid=119509) inner /usr/local/lib/python3.8/dist-packages/oslo_concurrency/lockutils.py:367}}
Aug 09 14:45:39.716426 dv-cinder-788364-6-smb devstack@n-api.service[119509]: DEBUG oslo_concurrency.lockutils [None req-76c802b0-0232-419c-a65d-72c637924bf9 tempest-AttachVolumeShelveTestJSON-1717948954 tempest-AttachVolumeShelveTestJSON-1717948954-project] Lock "fdcc6267-3bdf-4f4a-96d9-8a263785b0fc" acquired by "nova.context.set_target_cell..get_or_set_cached_cell_and_set_connections" :: waited 0.000s {{(pid=119509) inner /usr/local/lib/python3.8/dist-packages/oslo_concurrency/lockutils.py:355}}
Aug 09 14:45:39.717055 dv-cinder-788364-6-smb devstack@n-api.service[119509]: DEBUG oslo_concurrency.lockutils [None req-76c802b0-0232-419c-a65d-72c637924bf9 tempest-AttachVolumeShelveTestJSON-1717948954 tempest-AttachVolumeShelveTestJSON-1717948954-project] Lock "fdcc6267-3bdf-4f4a-96d9-8a263785b0fc" released by "nova.context.set_target_cell..get_or_set_cached_cell_and_set_connections" :: held 0.001s {{(pid=119509) inner /usr/local/lib/python3.8/dist-packages/oslo_concurrency/lockutils.py:367}}
Aug 09 14:45:39.795878 dv-cinder-788364-6-smb devstack@n-api.service[119509]: INFO nova.api.openstack.requestlog [None req-76c802b0-0232-419c-a65d-72c637924bf9 tempest-AttachVolumeShelveTestJSON-1717948954 tempest-AttachVolumeShelveTestJSON-1717948954-project] 10.222.0.37 "POST /compute/v2.1/servers/1569c535-9958-478b-98a7-8a0b07228c5d/action" status: 200 len: 14 microversion: 2.20 time: 0.101473
Aug 09 14:45:39.796905 dv-cinder-788364-6-smb devstack@n-api.service[119509]: [pid: 119509|app: 0|req: 64/125] 10.222.0.37 () {62 vars in 1319 bytes} [Mon Aug 9 14:45:39 2021] POST /compute/v2.1/servers/1569c535-9958-478b-98a7-8a0b07228c5d/action => generated 14 bytes in 104 msecs (HTTP/1.1 200) 9 headers in 358 bytes (2 switches on core 0)
Aug 09 14:45:39.862054 dv-cinder-788364-6-smb devstack@n-api.service[119509]: DEBUG nova.api.openstack.wsgi [None req-60496c63-521a-4c5a-967e-4d1aaaa60bb0 tempest-VolumesActionsTest-1417903760 tempest-VolumesActionsTest-1417903760-project] Calling method '>' {{(pid=119509) _process_stack /opt/stack/nova/nova/api/openstack/wsgi.py:513}}
Aug 09 14:45:39.863785 dv-cinder-788364-6-smb devstack@n-api.service[119509]: DEBUG nova.compute.api [None req-60496c63-521a-4c5a-967e-4d1aaaa60bb0 tempest-VolumesActionsTest-1417903760 tempest-VolumesActionsTest-1417903760-project] [instance: cf190b8b-bdac-4873-834f-8291d5cdb7a7] Fetching instance by UUID {{(pid=119509) get /opt/stack/nova/nova/compute/api.py:2791}}
Aug 09 14:45:39.884650 dv-cinder-788364-6-smb devstack@n-api.service[119509]: DEBUG oslo_concurrency.lockutils [None req-60496c63-521a-4c5a-967e-4d1aaaa60bb0 tempest-VolumesActionsTest-1417903760 tempest-VolumesActionsTest-1417903760-project] Lock "fdcc6267-3bdf-4f4a-96d9-8a263785b0fc" acquired by "nova.context.set_target_cell..get_or_set_cached_cell_and_set_connections" :: waited 0.000s {{(pid=119509) inner /usr/local/lib/python3.8/dist-packages/oslo_concurrency/lockutils.py:355}}
Aug 09 14:45:39.886227 dv-cinder-788364-6-smb devstack@n-api.service[119509]: DEBUG oslo_concurrency.lockutils [None req-60496c63-521a-4c5a-967e-4d1aaaa60bb0 tempest-VolumesActionsTest-1417903760 tempest-VolumesActionsTest-1417903760-project] Lock "fdcc6267-3bdf-4f4a-96d9-8a263785b0fc" released by "nova.context.set_target_cell..get_or_set_cached_cell_and_set_connections" :: held 0.003s {{(pid=119509) inner /usr/local/lib/python3.8/dist-packages/oslo_concurrency/lockutils.py:367}}
Aug 09 14:45:39.890588 dv-cinder-788364-6-smb devstack@n-api.service[119509]: DEBUG oslo_concurrency.lockutils [None req-60496c63-521a-4c5a-967e-4d1aaaa60bb0 tempest-VolumesActionsTest-1417903760 tempest-VolumesActionsTest-1417903760-project] Lock "fdcc6267-3bdf-4f4a-96d9-8a263785b0fc" acquired by "nova.context.set_target_cell..get_or_set_cached_cell_and_set_connections" :: waited 0.000s {{(pid=119509) inner /usr/local/lib/python3.8/dist-packages/oslo_concurrency/lockutils.py:355}}
Aug 09 14:45:39.891491 dv-cinder-788364-6-smb devstack@n-api.service[119509]: DEBUG oslo_concurrency.lockutils [None req-60496c63-521a-4c5a-967e-4d1aaaa60bb0 tempest-VolumesActionsTest-1417903760 tempest-VolumesActionsTest-1417903760-project] Lock "fdcc6267-3bdf-4f4a-96d9-8a263785b0fc" released by "nova.context.set_target_cell..get_or_set_cached_cell_and_set_connections" :: held 0.001s {{(pid=119509) inner /usr/local/lib/python3.8/dist-packages/oslo_concurrency/lockutils.py:367}}
Aug 09 14:45:40.042012 dv-cinder-788364-6-smb devstack@n-api.service[119510]: DEBUG nova.policy [None req-826082b3-3d36-46f3-890f-b08c9768efea tempest-ServerRescueNegativeTestJSON-1463609789 tempest-ServerRescueNegativeTestJSON-1463609789-project] Policy check for os_compute_api:os-extended-server-attributes failed with credentials {'is_admin': False, 'user_id': '63ebd4416e0345239c672f45a8d77b12', 'user_domain_id': 'default', 'system_scope': None, 'domain_id': None, 'project_id': 'ce93c4f157ae4d7d87843ddcf854656a', 'project_domain_id': 'default', 'roles': ['reader', 'member'], 'is_admin_project': True, 'service_user_id': None, 'service_user_domain_id': None, 'service_project_id': None, 'service_project_domain_id': None, 'service_roles': []} {{(pid=119510) authorize /opt/stack/nova/nova/policy.py:199}}
Aug 09 14:45:40.056229 dv-cinder-788364-6-smb devstack@n-api.service[119510]: INFO nova.api.openstack.requestlog [None req-826082b3-3d36-46f3-890f-b08c9768efea tempest-ServerRescueNegativeTestJSON-1463609789 tempest-ServerRescueNegativeTestJSON-1463609789-project] 10.222.0.37 "GET /compute/v2.1/servers/57ea8339-88c8-468c-91f5-eebc7652de86" status: 200 len: 1522 microversion: 2.1 time: 0.474300
Aug 09 14:45:40.056845 dv-cinder-788364-6-smb devstack@n-api.service[119510]: [pid: 119510|app: 0|req: 62/126] 10.222.0.37 () {58 vars in 1236 bytes} [Mon Aug 9 14:45:39 2021] GET /compute/v2.1/servers/57ea8339-88c8-468c-91f5-eebc7652de86 => generated 1522 bytes in 478 msecs (HTTP/1.1 200) 9 headers in 358 bytes (1 switches on core 0)
Aug 09 14:45:40.069131 dv-cinder-788364-6-smb devstack@n-api.service[119509]: DEBUG nova.policy [None req-60496c63-521a-4c5a-967e-4d1aaaa60bb0 tempest-VolumesActionsTest-1417903760 tempest-VolumesActionsTest-1417903760-project] Policy check for os_compute_api:os-extended-server-attributes failed with credentials {'is_admin': False, 'user_id': '5c5e783d9ba842dfa2582dcd2ede4d1e', 'user_domain_id': 'default', 'system_scope': None, 'domain_id': None, 'project_id': '7fff7ee795104ea28d704075183ca8fe', 'project_domain_id': 'default', 'roles': ['reader', 'member'], 'is_admin_project': True, 'service_user_id': None, 'service_user_domain_id': None, 'service_project_id': None, 'service_project_domain_id': None, 'service_roles': []} {{(pid=119509) authorize /opt/stack/nova/nova/policy.py:199}}
Aug 09 14:45:40.070912 dv-cinder-788364-6-smb devstack@n-api.service[119510]: DEBUG nova.api.openstack.wsgi [None req-44cae655-d1be-49c8-abb8-3185bed4ce6b tempest-AttachVolumeTestJSON-500245913 tempest-AttachVolumeTestJSON-500245913-project] Action: 'action', calling method: >, body: {"os-getConsoleOutput": {}} {{(pid=119510) _process_stack /opt/stack/nova/nova/api/openstack/wsgi.py:511}}
Aug 09 14:45:40.074234 dv-cinder-788364-6-smb devstack@n-api.service[119510]: DEBUG nova.compute.api [None req-44cae655-d1be-49c8-abb8-3185bed4ce6b tempest-AttachVolumeTestJSON-500245913 tempest-AttachVolumeTestJSON-500245913-project] [instance: 26ecbe51-2dc8-46cd-939e-f43f053a3a65] Fetching instance by UUID {{(pid=119510) get /opt/stack/nova/nova/compute/api.py:2791}}
Aug 09 14:45:40.079452 dv-cinder-788364-6-smb devstack@n-api.service[119509]: INFO nova.api.openstack.requestlog [None req-60496c63-521a-4c5a-967e-4d1aaaa60bb0 tempest-VolumesActionsTest-1417903760 tempest-VolumesActionsTest-1417903760-project] 10.222.0.37 "GET /compute/v2.1/servers/cf190b8b-bdac-4873-834f-8291d5cdb7a7" status: 200 len: 1265 microversion: 2.1 time: 0.221609
Aug 09 14:45:40.082976 dv-cinder-788364-6-smb devstack@n-api.service[119509]: [pid: 119509|app: 0|req: 65/127] 10.222.0.37 () {58 vars in 1236 bytes} [Mon Aug 9 14:45:39 2021] GET /compute/v2.1/servers/cf190b8b-bdac-4873-834f-8291d5cdb7a7 => generated 1265 bytes in 226 msecs (HTTP/1.1 200) 9 headers in 358 bytes (1 switches on core 0)
Aug 09 14:45:40.086322 dv-cinder-788364-6-smb devstack@n-api.service[119510]: DEBUG oslo_concurrency.lockutils [None req-44cae655-d1be-49c8-abb8-3185bed4ce6b tempest-AttachVolumeTestJSON-500245913 tempest-AttachVolumeTestJSON-500245913-project] Lock "fdcc6267-3bdf-4f4a-96d9-8a263785b0fc" acquired by "nova.context.set_target_cell..get_or_set_cached_cell_and_set_connections" :: waited 0.000s {{(pid=119510) inner /usr/local/lib/python3.8/dist-packages/oslo_concurrency/lockutils.py:355}}
Aug 09 14:45:40.087501 dv-cinder-788364-6-smb devstack@n-api.service[119510]: DEBUG oslo_concurrency.lockutils [None req-44cae655-d1be-49c8-abb8-3185bed4ce6b tempest-AttachVolumeTestJSON-500245913 tempest-AttachVolumeTestJSON-500245913-project] Lock "fdcc6267-3bdf-4f4a-96d9-8a263785b0fc" released by "nova.context.set_target_cell..get_or_set_cached_cell_and_set_connections" :: held 0.001s {{(pid=119510) inner /usr/local/lib/python3.8/dist-packages/oslo_concurrency/lockutils.py:367}}
Aug 09 14:45:40.088651 dv-cinder-788364-6-smb devstack@n-api.service[119510]: DEBUG oslo_concurrency.lockutils [None req-44cae655-d1be-49c8-abb8-3185bed4ce6b tempest-AttachVolumeTestJSON-500245913 tempest-AttachVolumeTestJSON-500245913-project] Lock "fdcc6267-3bdf-4f4a-96d9-8a263785b0fc" acquired by "nova.context.set_target_cell..get_or_set_cached_cell_and_set_connections" :: waited 0.000s {{(pid=119510) inner /usr/local/lib/python3.8/dist-packages/oslo_concurrency/lockutils.py:355}}
Aug 09 14:45:40.089154 dv-cinder-788364-6-smb devstack@n-api.service[119510]: DEBUG oslo_concurrency.lockutils [None req-44cae655-d1be-49c8-abb8-3185bed4ce6b tempest-AttachVolumeTestJSON-500245913 tempest-AttachVolumeTestJSON-500245913-project] Lock "fdcc6267-3bdf-4f4a-96d9-8a263785b0fc" released by "nova.context.set_target_cell..get_or_set_cached_cell_and_set_connections" :: held 0.001s {{(pid=119510) inner /usr/local/lib/python3.8/dist-packages/oslo_concurrency/lockutils.py:367}}
Aug 09 14:45:40.210180 dv-cinder-788364-6-smb devstack@n-api.service[119510]: INFO nova.api.openstack.requestlog [None req-44cae655-d1be-49c8-abb8-3185bed4ce6b tempest-AttachVolumeTestJSON-500245913 tempest-AttachVolumeTestJSON-500245913-project] 10.222.0.37 "POST /compute/v2.1/servers/26ecbe51-2dc8-46cd-939e-f43f053a3a65/action" status: 200 len: 14 microversion: 2.1 time: 0.150388
Aug 09 14:45:40.214141 dv-cinder-788364-6-smb devstack@n-api.service[119510]: [pid: 119510|app: 0|req: 63/128] 10.222.0.37 () {60 vars in 1278 bytes} [Mon Aug 9 14:45:40 2021] POST /compute/v2.1/servers/26ecbe51-2dc8-46cd-939e-f43f053a3a65/action => generated 14 bytes in 157 msecs (HTTP/1.1 200) 9 headers in 356 bytes (1 switches on core 0)
Aug 09 14:45:40.810099 dv-cinder-788364-6-smb devstack@n-api.service[119509]: DEBUG nova.api.openstack.wsgi [None req-816b5402-b7d7-4914-9b30-cacec04af5aa tempest-AttachVolumeShelveTestJSON-1717948954 tempest-AttachVolumeShelveTestJSON-1717948954-project] Action: 'action', calling method: >, body: {"os-getConsoleOutput": {}} {{(pid=119509) _process_stack /opt/stack/nova/nova/api/openstack/wsgi.py:511}}
Aug 09 14:45:40.812153 dv-cinder-788364-6-smb devstack@n-api.service[119509]: DEBUG nova.compute.api [None req-816b5402-b7d7-4914-9b30-cacec04af5aa tempest-AttachVolumeShelveTestJSON-1717948954 tempest-AttachVolumeShelveTestJSON-1717948954-project] [instance: 1569c535-9958-478b-98a7-8a0b07228c5d] Fetching instance by UUID {{(pid=119509) get /opt/stack/nova/nova/compute/api.py:2791}}
Aug 09 14:45:40.819798 dv-cinder-788364-6-smb devstack@n-api.service[119509]: DEBUG oslo_concurrency.lockutils [None req-816b5402-b7d7-4914-9b30-cacec04af5aa tempest-AttachVolumeShelveTestJSON-1717948954 tempest-AttachVolumeShelveTestJSON-1717948954-project] Lock "fdcc6267-3bdf-4f4a-96d9-8a263785b0fc" acquired by "nova.context.set_target_cell..get_or_set_cached_cell_and_set_connections" :: waited 0.000s {{(pid=119509) inner /usr/local/lib/python3.8/dist-packages/oslo_concurrency/lockutils.py:355}}
Aug 09 14:45:40.820245 dv-cinder-788364-6-smb devstack@n-api.service[119509]: DEBUG oslo_concurrency.lockutils [None req-816b5402-b7d7-4914-9b30-cacec04af5aa tempest-AttachVolumeShelveTestJSON-1717948954 tempest-AttachVolumeShelveTestJSON-1717948954-project] Lock "fdcc6267-3bdf-4f4a-96d9-8a263785b0fc" released by "nova.context.set_target_cell..get_or_set_cached_cell_and_set_connections" :: held 0.001s {{(pid=119509) inner /usr/local/lib/python3.8/dist-packages/oslo_concurrency/lockutils.py:367}}
Aug 09 14:45:40.821203 dv-cinder-788364-6-smb devstack@n-api.service[119509]: DEBUG oslo_concurrency.lockutils [None req-816b5402-b7d7-4914-9b30-cacec04af5aa tempest-AttachVolumeShelveTestJSON-1717948954 tempest-AttachVolumeShelveTestJSON-1717948954-project] Lock "fdcc6267-3bdf-4f4a-96d9-8a263785b0fc" acquired by "nova.context.set_target_cell..get_or_set_cached_cell_and_set_connections" :: waited 0.000s {{(pid=119509) inner /usr/local/lib/python3.8/dist-packages/oslo_concurrency/lockutils.py:355}}
Aug 09 14:45:40.822072 dv-cinder-788364-6-smb devstack@n-api.service[119509]: DEBUG oslo_concurrency.lockutils [None req-816b5402-b7d7-4914-9b30-cacec04af5aa tempest-AttachVolumeShelveTestJSON-1717948954 tempest-AttachVolumeShelveTestJSON-1717948954-project] Lock "fdcc6267-3bdf-4f4a-96d9-8a263785b0fc" released by "nova.context.set_target_cell..get_or_set_cached_cell_and_set_connections" :: held 0.001s {{(pid=119509) inner /usr/local/lib/python3.8/dist-packages/oslo_concurrency/lockutils.py:367}}
Aug 09 14:45:40.911862 dv-cinder-788364-6-smb devstack@n-api.service[119509]: INFO nova.api.openstack.requestlog [None req-816b5402-b7d7-4914-9b30-cacec04af5aa tempest-AttachVolumeShelveTestJSON-1717948954 tempest-AttachVolumeShelveTestJSON-1717948954-project] 10.222.0.37 "POST /compute/v2.1/servers/1569c535-9958-478b-98a7-8a0b07228c5d/action" status: 200 len: 14 microversion: 2.20 time: 0.107893
Aug 09 14:45:40.913164 dv-cinder-788364-6-smb devstack@n-api.service[119509]: [pid: 119509|app: 0|req: 66/129] 10.222.0.37 () {62 vars in 1319 bytes} [Mon Aug 9 14:45:40 2021] POST /compute/v2.1/servers/1569c535-9958-478b-98a7-8a0b07228c5d/action => generated 14 bytes in 110 msecs (HTTP/1.1 200) 9 headers in 358 bytes (1 switches on core 0)
Aug 09 14:45:41.078246 dv-cinder-788364-6-smb devstack@n-api.service[119510]: DEBUG nova.api.openstack.wsgi [None req-91a3b6ba-c67f-4776-8dc4-14ff7287d9ca tempest-ServerRescueNegativeTestJSON-1463609789 tempest-ServerRescueNegativeTestJSON-1463609789-project] Calling method '>' {{(pid=119510) _process_stack /opt/stack/nova/nova/api/openstack/wsgi.py:513}}
Aug 09 14:45:41.079405 dv-cinder-788364-6-smb devstack@n-api.service[119510]: DEBUG nova.compute.api [None req-91a3b6ba-c67f-4776-8dc4-14ff7287d9ca tempest-ServerRescueNegativeTestJSON-1463609789 tempest-ServerRescueNegativeTestJSON-1463609789-project] [instance: 57ea8339-88c8-468c-91f5-eebc7652de86] Fetching instance by UUID {{(pid=119510) get /opt/stack/nova/nova/compute/api.py:2791}}
Aug 09 14:45:41.094761 dv-cinder-788364-6-smb devstack@n-api.service[119510]: DEBUG oslo_concurrency.lockutils [None req-91a3b6ba-c67f-4776-8dc4-14ff7287d9ca tempest-ServerRescueNegativeTestJSON-1463609789 tempest-ServerRescueNegativeTestJSON-1463609789-project] Lock "fdcc6267-3bdf-4f4a-96d9-8a263785b0fc" acquired by "nova.context.set_target_cell..get_or_set_cached_cell_and_set_connections" :: waited 0.000s {{(pid=119510) inner /usr/local/lib/python3.8/dist-packages/oslo_concurrency/lockutils.py:355}}
Aug 09 14:45:41.096215 dv-cinder-788364-6-smb devstack@n-api.service[119510]: DEBUG oslo_concurrency.lockutils [None req-91a3b6ba-c67f-4776-8dc4-14ff7287d9ca tempest-ServerRescueNegativeTestJSON-1463609789 tempest-ServerRescueNegativeTestJSON-1463609789-project] Lock "fdcc6267-3bdf-4f4a-96d9-8a263785b0fc" released by "nova.context.set_target_cell..get_or_set_cached_cell_and_set_connections" :: held 0.002s {{(pid=119510) inner /usr/local/lib/python3.8/dist-packages/oslo_concurrency/lockutils.py:367}}
Aug 09 14:45:41.098485 dv-cinder-788364-6-smb devstack@n-api.service[119510]: DEBUG oslo_concurrency.lockutils [None req-91a3b6ba-c67f-4776-8dc4-14ff7287d9ca tempest-ServerRescueNegativeTestJSON-1463609789 tempest-ServerRescueNegativeTestJSON-1463609789-project] Lock "fdcc6267-3bdf-4f4a-96d9-8a263785b0fc" acquired by "nova.context.set_target_cell..get_or_set_cached_cell_and_set_connections" :: waited 0.000s {{(pid=119510) inner /usr/local/lib/python3.8/dist-packages/oslo_concurrency/lockutils.py:355}}
Aug 09 14:45:41.099100 dv-cinder-788364-6-smb devstack@n-api.service[119510]: DEBUG oslo_concurrency.lockutils [None req-91a3b6ba-c67f-4776-8dc4-14ff7287d9ca tempest-ServerRescueNegativeTestJSON-1463609789 tempest-ServerRescueNegativeTestJSON-1463609789-project] Lock "fdcc6267-3bdf-4f4a-96d9-8a263785b0fc" released by "nova.context.set_target_cell..get_or_set_cached_cell_and_set_connections" :: held 0.001s {{(pid=119510) inner /usr/local/lib/python3.8/dist-packages/oslo_concurrency/lockutils.py:367}}
Aug 09 14:45:41.101368 dv-cinder-788364-6-smb devstack@n-api.service[119509]: DEBUG nova.api.openstack.wsgi [None req-1e108f9c-d46f-4faf-bad6-5ef3f842a0b0 tempest-VolumesActionsTest-1417903760 tempest-VolumesActionsTest-1417903760-project] Calling method '>' {{(pid=119509) _process_stack /opt/stack/nova/nova/api/openstack/wsgi.py:513}}
