Jul 13 14:46:34.081160 dv-cinder-788364-4-smb devstack@c-api.service[116900]: [pid: 116900|app: 0|req: 48/88] 10.222.0.48 () {60 vars in 1400 bytes} [Tue Jul 13 14:46:33 2021] PUT /volume/v3/58402ac9066c4b63bde8491acf15eb44/types/bf3d2605-cc77-449b-9b0a-4d99886b0b04/encryption/provider => generated 122 bytes in 112 msecs (HTTP/1.1 200) 7 headers in 285 bytes (1 switches on core 0)
Jul 13 14:46:34.106013 dv-cinder-788364-4-smb devstack@c-api.service[116901]: INFO cinder.api.openstack.wsgi [None req-4d2558c8-07eb-4282-94e4-361795ccaf8c tempest-VolumeTypesTest-741576542 tempest-VolumeTypesTest-741576542-project-admin] GET http://10.222.0.48/volume/v3/58402ac9066c4b63bde8491acf15eb44/types/bf3d2605-cc77-449b-9b0a-4d99886b0b04/encryption
Jul 13 14:46:34.107727 dv-cinder-788364-4-smb devstack@c-api.service[116901]: DEBUG cinder.api.openstack.wsgi [None req-4d2558c8-07eb-4282-94e4-361795ccaf8c tempest-VolumeTypesTest-741576542 tempest-VolumeTypesTest-741576542-project-admin] Empty body provided in request {{(pid=116901) get_body /opt/stack/cinder/cinder/api/openstack/wsgi.py:713}}
Jul 13 14:46:34.109926 dv-cinder-788364-4-smb devstack@c-api.service[116901]: DEBUG cinder.api.openstack.wsgi [None req-4d2558c8-07eb-4282-94e4-361795ccaf8c tempest-VolumeTypesTest-741576542 tempest-VolumeTypesTest-741576542-project-admin] Calling method 'index' {{(pid=116901) _process_stack /opt/stack/cinder/cinder/api/openstack/wsgi.py:866}}
Jul 13 14:46:34.138837 dv-cinder-788364-4-smb devstack@c-api.service[116901]: INFO cinder.api.openstack.wsgi [None req-4d2558c8-07eb-4282-94e4-361795ccaf8c tempest-VolumeTypesTest-741576542 tempest-VolumeTypesTest-741576542-project-admin] http://10.222.0.48/volume/v3/58402ac9066c4b63bde8491acf15eb44/types/bf3d2605-cc77-449b-9b0a-4d99886b0b04/encryption returned with HTTP 200
Jul 13 14:46:34.154042 dv-cinder-788364-4-smb devstack@c-api.service[116901]: [pid: 116901|app: 0|req: 41/89] 10.222.0.48 () {58 vars in 1352 bytes} [Tue Jul 13 14:46:34 2021] GET /volume/v3/58402ac9066c4b63bde8491acf15eb44/types/bf3d2605-cc77-449b-9b0a-4d99886b0b04/encryption => generated 347 bytes in 71 msecs (HTTP/1.1 200) 7 headers in 285 bytes (1 switches on core 0)
Jul 13 14:46:34.163415 dv-cinder-788364-4-smb devstack@c-api.service[116900]: INFO cinder.api.openstack.wsgi [None req-23ae6f93-e73c-4113-8f34-4f6b802980cb tempest-VolumeTypesTest-741576542 tempest-VolumeTypesTest-741576542-project-admin] GET http://10.222.0.48/volume/v3/58402ac9066c4b63bde8491acf15eb44/types/bf3d2605-cc77-449b-9b0a-4d99886b0b04/encryption/cipher
Jul 13 14:46:34.164751 dv-cinder-788364-4-smb devstack@c-api.service[116900]: DEBUG cinder.api.openstack.wsgi [None req-23ae6f93-e73c-4113-8f34-4f6b802980cb tempest-VolumeTypesTest-741576542 tempest-VolumeTypesTest-741576542-project-admin] Empty body provided in request {{(pid=116900) get_body /opt/stack/cinder/cinder/api/openstack/wsgi.py:713}}
Jul 13 14:46:34.165518 dv-cinder-788364-4-smb devstack@c-api.service[116900]: DEBUG cinder.api.openstack.wsgi [None req-23ae6f93-e73c-4113-8f34-4f6b802980cb tempest-VolumeTypesTest-741576542 tempest-VolumeTypesTest-741576542-project-admin] Calling method 'show' {{(pid=116900) _process_stack /opt/stack/cinder/cinder/api/openstack/wsgi.py:866}}
Jul 13 14:46:34.202988 dv-cinder-788364-4-smb devstack@c-api.service[116900]: INFO cinder.api.openstack.wsgi [None req-23ae6f93-e73c-4113-8f34-4f6b802980cb tempest-VolumeTypesTest-741576542 tempest-VolumeTypesTest-741576542-project-admin] http://10.222.0.48/volume/v3/58402ac9066c4b63bde8491acf15eb44/types/bf3d2605-cc77-449b-9b0a-4d99886b0b04/encryption/cipher returned with HTTP 200
Jul 13 14:46:34.206416 dv-cinder-788364-4-smb devstack@c-api.service[116900]: [pid: 116900|app: 0|req: 49/90] 10.222.0.48 () {58 vars in 1373 bytes} [Tue Jul 13 14:46:34 2021] GET /volume/v3/58402ac9066c4b63bde8491acf15eb44/types/bf3d2605-cc77-449b-9b0a-4d99886b0b04/encryption/cipher => generated 29 bytes in 57 msecs (HTTP/1.1 200) 7 headers in 284 bytes (1 switches on core 0)
Jul 13 14:46:34.236570 dv-cinder-788364-4-smb devstack@c-api.service[116901]: INFO cinder.api.openstack.wsgi [None req-c998b210-c146-4c9c-8e79-2e59b1e55eb2 tempest-VolumeTypesTest-741576542 tempest-VolumeTypesTest-741576542-project-admin] DELETE http://10.222.0.48/volume/v3/58402ac9066c4b63bde8491acf15eb44/types/bf3d2605-cc77-449b-9b0a-4d99886b0b04/encryption/provider
Jul 13 14:46:34.249005 dv-cinder-788364-4-smb devstack@c-api.service[116901]: DEBUG cinder.api.openstack.wsgi [None req-c998b210-c146-4c9c-8e79-2e59b1e55eb2 tempest-VolumeTypesTest-741576542 tempest-VolumeTypesTest-741576542-project-admin] Empty body provided in request {{(pid=116901) get_body /opt/stack/cinder/cinder/api/openstack/wsgi.py:713}}
Jul 13 14:46:34.250289 dv-cinder-788364-4-smb devstack@c-api.service[116901]: DEBUG cinder.api.openstack.wsgi [None req-c998b210-c146-4c9c-8e79-2e59b1e55eb2 tempest-VolumeTypesTest-741576542 tempest-VolumeTypesTest-741576542-project-admin] Calling method 'delete' {{(pid=116901) _process_stack /opt/stack/cinder/cinder/api/openstack/wsgi.py:866}}
Jul 13 14:46:34.357806 dv-cinder-788364-4-smb devstack@c-api.service[116901]: INFO cinder.api.openstack.wsgi [None req-c998b210-c146-4c9c-8e79-2e59b1e55eb2 tempest-VolumeTypesTest-741576542 tempest-VolumeTypesTest-741576542-project-admin] http://10.222.0.48/volume/v3/58402ac9066c4b63bde8491acf15eb44/types/bf3d2605-cc77-449b-9b0a-4d99886b0b04/encryption/provider returned with HTTP 202
Jul 13 14:46:34.360686 dv-cinder-788364-4-smb devstack@c-api.service[116901]: [pid: 116901|app: 0|req: 42/91] 10.222.0.48 () {58 vars in 1382 bytes} [Tue Jul 13 14:46:34 2021] DELETE /volume/v3/58402ac9066c4b63bde8491acf15eb44/types/bf3d2605-cc77-449b-9b0a-4d99886b0b04/encryption/provider => generated 0 bytes in 149 msecs (HTTP/1.1 202) 6 headers in 233 bytes (1 switches on core 0)
Jul 13 14:46:34.377473 dv-cinder-788364-4-smb devstack@c-api.service[116900]: INFO cinder.api.openstack.wsgi [None req-97513b0a-a364-47ab-afe2-002d4d9b46b3 tempest-VolumeTypesTest-741576542 tempest-VolumeTypesTest-741576542-project-admin] GET http://10.222.0.48/volume/v3/58402ac9066c4b63bde8491acf15eb44/types/bf3d2605-cc77-449b-9b0a-4d99886b0b04/encryption
Jul 13 14:46:34.379262 dv-cinder-788364-4-smb devstack@c-api.service[116900]: DEBUG cinder.api.openstack.wsgi [None req-97513b0a-a364-47ab-afe2-002d4d9b46b3 tempest-VolumeTypesTest-741576542 tempest-VolumeTypesTest-741576542-project-admin] Empty body provided in request {{(pid=116900) get_body /opt/stack/cinder/cinder/api/openstack/wsgi.py:713}}
Jul 13 14:46:34.381251 dv-cinder-788364-4-smb devstack@c-api.service[116900]: DEBUG cinder.api.openstack.wsgi [None req-97513b0a-a364-47ab-afe2-002d4d9b46b3 tempest-VolumeTypesTest-741576542 tempest-VolumeTypesTest-741576542-project-admin] Calling method 'index' {{(pid=116900) _process_stack /opt/stack/cinder/cinder/api/openstack/wsgi.py:866}}
Jul 13 14:46:34.416076 dv-cinder-788364-4-smb devstack@c-api.service[116900]: INFO cinder.api.openstack.wsgi [None req-97513b0a-a364-47ab-afe2-002d4d9b46b3 tempest-VolumeTypesTest-741576542 tempest-VolumeTypesTest-741576542-project-admin] http://10.222.0.48/volume/v3/58402ac9066c4b63bde8491acf15eb44/types/bf3d2605-cc77-449b-9b0a-4d99886b0b04/encryption returned with HTTP 200
Jul 13 14:46:34.423734 dv-cinder-788364-4-smb devstack@c-api.service[116900]: [pid: 116900|app: 0|req: 50/92] 10.222.0.48 () {58 vars in 1352 bytes} [Tue Jul 13 14:46:34 2021] GET /volume/v3/58402ac9066c4b63bde8491acf15eb44/types/bf3d2605-cc77-449b-9b0a-4d99886b0b04/encryption => generated 2 bytes in 60 msecs (HTTP/1.1 200) 7 headers in 283 bytes (2 switches on core 0)
Jul 13 14:46:34.438594 dv-cinder-788364-4-smb devstack@c-api.service[116901]: INFO cinder.api.openstack.wsgi [None req-159701e8-443b-4d89-8c20-1a08aecd277a tempest-VolumeTypesTest-741576542 tempest-VolumeTypesTest-741576542-project-admin] GET http://10.222.0.48/volume/v3/58402ac9066c4b63bde8491acf15eb44/types/bf3d2605-cc77-449b-9b0a-4d99886b0b04/encryption
Jul 13 14:46:34.439708 dv-cinder-788364-4-smb devstack@c-api.service[116901]: DEBUG cinder.api.openstack.wsgi [None req-159701e8-443b-4d89-8c20-1a08aecd277a tempest-VolumeTypesTest-741576542 tempest-VolumeTypesTest-741576542-project-admin] Empty body provided in request {{(pid=116901) get_body /opt/stack/cinder/cinder/api/openstack/wsgi.py:713}}
Jul 13 14:46:34.440800 dv-cinder-788364-4-smb devstack@c-api.service[116901]: DEBUG cinder.api.openstack.wsgi [None req-159701e8-443b-4d89-8c20-1a08aecd277a tempest-VolumeTypesTest-741576542 tempest-VolumeTypesTest-741576542-project-admin] Calling method 'index' {{(pid=116901) _process_stack /opt/stack/cinder/cinder/api/openstack/wsgi.py:866}}
Jul 13 14:46:34.468179 dv-cinder-788364-4-smb devstack@c-api.service[116901]: INFO cinder.api.openstack.wsgi [None req-159701e8-443b-4d89-8c20-1a08aecd277a tempest-VolumeTypesTest-741576542 tempest-VolumeTypesTest-741576542-project-admin] http://10.222.0.48/volume/v3/58402ac9066c4b63bde8491acf15eb44/types/bf3d2605-cc77-449b-9b0a-4d99886b0b04/encryption returned with HTTP 200
Jul 13 14:46:34.471966 dv-cinder-788364-4-smb devstack@c-api.service[116901]: [pid: 116901|app: 0|req: 43/93] 10.222.0.48 () {58 vars in 1352 bytes} [Tue Jul 13 14:46:34 2021] GET /volume/v3/58402ac9066c4b63bde8491acf15eb44/types/bf3d2605-cc77-449b-9b0a-4d99886b0b04/encryption => generated 2 bytes in 47 msecs (HTTP/1.1 200) 7 headers in 283 bytes (1 switches on core 0)
Jul 13 14:46:34.486415 dv-cinder-788364-4-smb devstack@c-api.service[116900]: INFO cinder.api.openstack.wsgi [None req-2d6f5fa8-8a3b-41dc-bdc9-d32597317ef9 tempest-VolumeTypesTest-741576542 tempest-VolumeTypesTest-741576542-project-admin] GET http://10.222.0.48/volume/v3/58402ac9066c4b63bde8491acf15eb44/types
Jul 13 14:46:34.488583 dv-cinder-788364-4-smb devstack@c-api.service[116900]: DEBUG cinder.api.openstack.wsgi [None req-2d6f5fa8-8a3b-41dc-bdc9-d32597317ef9 tempest-VolumeTypesTest-741576542 tempest-VolumeTypesTest-741576542-project-admin] Empty body provided in request {{(pid=116900) get_body /opt/stack/cinder/cinder/api/openstack/wsgi.py:713}}
Jul 13 14:46:34.490905 dv-cinder-788364-4-smb devstack@c-api.service[116900]: DEBUG cinder.api.openstack.wsgi [None req-2d6f5fa8-8a3b-41dc-bdc9-d32597317ef9 tempest-VolumeTypesTest-741576542 tempest-VolumeTypesTest-741576542-project-admin] Calling method 'index' {{(pid=116900) _process_stack /opt/stack/cinder/cinder/api/openstack/wsgi.py:866}}
Jul 13 14:46:34.583868 dv-cinder-788364-4-smb devstack@c-api.service[116900]: INFO cinder.api.openstack.wsgi [None req-2d6f5fa8-8a3b-41dc-bdc9-d32597317ef9 tempest-VolumeTypesTest-741576542 tempest-VolumeTypesTest-741576542-project-admin] http://10.222.0.48/volume/v3/58402ac9066c4b63bde8491acf15eb44/types returned with HTTP 200
Jul 13 14:46:34.591686 dv-cinder-788364-4-smb devstack@c-api.service[116900]: [pid: 116900|app: 0|req: 51/94] 10.222.0.48 () {58 vars in 1208 bytes} [Tue Jul 13 14:46:34 2021] GET /volume/v3/58402ac9066c4b63bde8491acf15eb44/types => generated 1575 bytes in 113 msecs (HTTP/1.1 200) 7 headers in 286 bytes (1 switches on core 0)
Jul 13 14:46:34.600906 dv-cinder-788364-4-smb devstack@c-api.service[116901]: INFO cinder.api.openstack.wsgi [None req-a54c7dd5-64b1-47ea-9afa-149406c4f0a6 tempest-VolumeTypesTest-741576542 tempest-VolumeTypesTest-741576542-project-admin] POST http://10.222.0.48/volume/v3/58402ac9066c4b63bde8491acf15eb44/types
Jul 13 14:46:34.605078 dv-cinder-788364-4-smb devstack@c-api.service[116901]: DEBUG cinder.api.openstack.wsgi [None req-a54c7dd5-64b1-47ea-9afa-149406c4f0a6 tempest-VolumeTypesTest-741576542 tempest-VolumeTypesTest-741576542-project-admin] Action: 'create', calling method: _create, body: {"volume_type": {"name": "tempest-VolumeTypesTest-volume-type-1292878401"}} {{(pid=116901) _process_stack /opt/stack/cinder/cinder/api/openstack/wsgi.py:864}}
Jul 13 14:46:34.662498 dv-cinder-788364-4-smb devstack@c-api.service[116901]: INFO cinder.api.openstack.wsgi [None req-a54c7dd5-64b1-47ea-9afa-149406c4f0a6 tempest-VolumeTypesTest-741576542 tempest-VolumeTypesTest-741576542-project-admin] http://10.222.0.48/volume/v3/58402ac9066c4b63bde8491acf15eb44/types returned with HTTP 200
Jul 13 14:46:34.665370 dv-cinder-788364-4-smb devstack@c-api.service[116901]: [pid: 116901|app: 0|req: 44/95] 10.222.0.48 () {60 vars in 1229 bytes} [Tue Jul 13 14:46:34 2021] POST /volume/v3/58402ac9066c4b63bde8491acf15eb44/types => generated 221 bytes in 73 msecs (HTTP/1.1 200) 7 headers in 285 bytes (2 switches on core 0)
Jul 13 14:46:34.677030 dv-cinder-788364-4-smb devstack@c-api.service[116900]: INFO cinder.api.openstack.wsgi [None req-4aa25eb9-6be9-4fe5-a002-602fd1ceb6e1 tempest-VolumeTypesTest-741576542 tempest-VolumeTypesTest-741576542-project-admin] PUT http://10.222.0.48/volume/v3/58402ac9066c4b63bde8491acf15eb44/types/8349e3b2-9d76-4ab6-b77a-d62cb46151eb
Jul 13 14:46:34.678190 dv-cinder-788364-4-smb devstack@c-api.service[116900]: DEBUG cinder.api.openstack.wsgi [None req-4aa25eb9-6be9-4fe5-a002-602fd1ceb6e1 tempest-VolumeTypesTest-741576542 tempest-VolumeTypesTest-741576542-project-admin] Action: 'update', calling method: _update, body: {"volume_type": {"name": "tempest-volume-type-2068306747", "description": "tempest-volume-type-description-148519997", "is_public": false}} {{(pid=116900) _process_stack /opt/stack/cinder/cinder/api/openstack/wsgi.py:864}}
Jul 13 14:46:34.795359 dv-cinder-788364-4-smb devstack@c-api.service[116900]: INFO cinder.api.openstack.wsgi [None req-4aa25eb9-6be9-4fe5-a002-602fd1ceb6e1 tempest-VolumeTypesTest-741576542 tempest-VolumeTypesTest-741576542-project-admin] http://10.222.0.48/volume/v3/58402ac9066c4b63bde8491acf15eb44/types/8349e3b2-9d76-4ab6-b77a-d62cb46151eb returned with HTTP 200
Jul 13 14:46:34.803999 dv-cinder-788364-4-smb devstack@c-api.service[116900]: [pid: 116900|app: 0|req: 52/96] 10.222.0.48 () {60 vars in 1340 bytes} [Tue Jul 13 14:46:34 2021] PUT /volume/v3/58402ac9066c4b63bde8491acf15eb44/types/8349e3b2-9d76-4ab6-b77a-d62cb46151eb => generated 204 bytes in 132 msecs (HTTP/1.1 200) 7 headers in 285 bytes (1 switches on core 0)
Jul 13 14:46:34.811280 dv-cinder-788364-4-smb devstack@c-api.service[116901]: INFO cinder.api.openstack.wsgi [None req-4e7e45c1-fba2-4fc9-9671-259d939ec75b tempest-VolumeTypesTest-741576542 tempest-VolumeTypesTest-741576542-project-admin] GET http://10.222.0.48/volume/v3/58402ac9066c4b63bde8491acf15eb44/types/8349e3b2-9d76-4ab6-b77a-d62cb46151eb
Jul 13 14:46:34.812562 dv-cinder-788364-4-smb devstack@c-api.service[116901]: DEBUG cinder.api.openstack.wsgi [None req-4e7e45c1-fba2-4fc9-9671-259d939ec75b tempest-VolumeTypesTest-741576542 tempest-VolumeTypesTest-741576542-project-admin] Empty body provided in request {{(pid=116901) get_body /opt/stack/cinder/cinder/api/openstack/wsgi.py:713}}
Jul 13 14:46:34.813601 dv-cinder-788364-4-smb devstack@c-api.service[116901]: DEBUG cinder.api.openstack.wsgi [None req-4e7e45c1-fba2-4fc9-9671-259d939ec75b tempest-VolumeTypesTest-741576542 tempest-VolumeTypesTest-741576542-project-admin] Calling method 'show' {{(pid=116901) _process_stack /opt/stack/cinder/cinder/api/openstack/wsgi.py:866}}
Jul 13 14:46:34.837996 dv-cinder-788364-4-smb devstack@c-api.service[116901]: INFO cinder.api.openstack.wsgi [None req-4e7e45c1-fba2-4fc9-9671-259d939ec75b tempest-VolumeTypesTest-741576542 tempest-VolumeTypesTest-741576542-project-admin] http://10.222.0.48/volume/v3/58402ac9066c4b63bde8491acf15eb44/types/8349e3b2-9d76-4ab6-b77a-d62cb46151eb returned with HTTP 200
Jul 13 14:46:34.841052 dv-cinder-788364-4-smb devstack@c-api.service[116901]: [pid: 116901|app: 0|req: 45/97] 10.222.0.48 () {58 vars in 1319 bytes} [Tue Jul 13 14:46:34 2021] GET /volume/v3/58402ac9066c4b63bde8491acf15eb44/types/8349e3b2-9d76-4ab6-b77a-d62cb46151eb => generated 268 bytes in 38 msecs (HTTP/1.1 200) 7 headers in 285 bytes (1 switches on core 0)
Jul 13 14:46:34.856953 dv-cinder-788364-4-smb devstack@c-api.service[116900]: INFO cinder.api.openstack.wsgi [None req-0d205ba0-4494-4380-8c93-ec5c26d4aa25 tempest-VolumeTypesTest-741576542 tempest-VolumeTypesTest-741576542-project-admin] DELETE http://10.222.0.48/volume/v3/58402ac9066c4b63bde8491acf15eb44/types/8349e3b2-9d76-4ab6-b77a-d62cb46151eb
Jul 13 14:46:34.859480 dv-cinder-788364-4-smb devstack@c-api.service[116900]: DEBUG cinder.api.openstack.wsgi [None req-0d205ba0-4494-4380-8c93-ec5c26d4aa25 tempest-VolumeTypesTest-741576542 tempest-VolumeTypesTest-741576542-project-admin] Empty body provided in request {{(pid=116900) get_body /opt/stack/cinder/cinder/api/openstack/wsgi.py:713}}
Jul 13 14:46:34.861052 dv-cinder-788364-4-smb devstack@c-api.service[116900]: DEBUG cinder.api.openstack.wsgi [None req-0d205ba0-4494-4380-8c93-ec5c26d4aa25 tempest-VolumeTypesTest-741576542 tempest-VolumeTypesTest-741576542-project-admin] Calling method '_delete' {{(pid=116900) _process_stack /opt/stack/cinder/cinder/api/openstack/wsgi.py:866}}
Jul 13 14:46:35.018167 dv-cinder-788364-4-smb devstack@c-api.service[116900]: INFO cinder.api.openstack.wsgi [None req-0d205ba0-4494-4380-8c93-ec5c26d4aa25 tempest-VolumeTypesTest-741576542 tempest-VolumeTypesTest-741576542-project-admin] http://10.222.0.48/volume/v3/58402ac9066c4b63bde8491acf15eb44/types/8349e3b2-9d76-4ab6-b77a-d62cb46151eb returned with HTTP 202
Jul 13 14:46:35.021172 dv-cinder-788364-4-smb devstack@c-api.service[116900]: [pid: 116900|app: 0|req: 53/98] 10.222.0.48 () {58 vars in 1322 bytes} [Tue Jul 13 14:46:34 2021] DELETE /volume/v3/58402ac9066c4b63bde8491acf15eb44/types/8349e3b2-9d76-4ab6-b77a-d62cb46151eb => generated 0 bytes in 173 msecs (HTTP/1.1 202) 6 headers in 233 bytes (1 switches on core 0)
Jul 13 14:46:35.034107 dv-cinder-788364-4-smb devstack@c-api.service[116901]: INFO cinder.api.openstack.wsgi [None req-146411aa-0038-442e-98a0-3bc130d3ab02 tempest-VolumeTypesTest-741576542 tempest-VolumeTypesTest-741576542-project-admin] GET http://10.222.0.48/volume/v3/58402ac9066c4b63bde8491acf15eb44/types/8349e3b2-9d76-4ab6-b77a-d62cb46151eb
Jul 13 14:46:35.035326 dv-cinder-788364-4-smb devstack@c-api.service[116901]: DEBUG cinder.api.openstack.wsgi [None req-146411aa-0038-442e-98a0-3bc130d3ab02 tempest-VolumeTypesTest-741576542 tempest-VolumeTypesTest-741576542-project-admin] Empty body provided in request {{(pid=116901) get_body /opt/stack/cinder/cinder/api/openstack/wsgi.py:713}}
Jul 13 14:46:35.036726 dv-cinder-788364-4-smb devstack@c-api.service[116901]: DEBUG cinder.api.openstack.wsgi [None req-146411aa-0038-442e-98a0-3bc130d3ab02 tempest-VolumeTypesTest-741576542 tempest-VolumeTypesTest-741576542-project-admin] Calling method 'show' {{(pid=116901) _process_stack /opt/stack/cinder/cinder/api/openstack/wsgi.py:866}}
Jul 13 14:46:35.059292 dv-cinder-788364-4-smb devstack@c-api.service[116901]: INFO cinder.api.openstack.wsgi [None req-146411aa-0038-442e-98a0-3bc130d3ab02 tempest-VolumeTypesTest-741576542 tempest-VolumeTypesTest-741576542-project-admin] http://10.222.0.48/volume/v3/58402ac9066c4b63bde8491acf15eb44/types/8349e3b2-9d76-4ab6-b77a-d62cb46151eb returned with HTTP 404
Jul 13 14:46:35.065221 dv-cinder-788364-4-smb devstack@c-api.service[116901]: [pid: 116901|app: 0|req: 46/99] 10.222.0.48 () {58 vars in 1319 bytes} [Tue Jul 13 14:46:35 2021] GET /volume/v3/58402ac9066c4b63bde8491acf15eb44/types/8349e3b2-9d76-4ab6-b77a-d62cb46151eb => generated 114 bytes in 39 msecs (HTTP/1.1 404) 7 headers in 292 bytes (1 switches on core 0)
Jul 13 14:46:35.076068 dv-cinder-788364-4-smb devstack@c-api.service[116900]: INFO cinder.api.openstack.wsgi [None req-8af502c9-3074-4217-a3e6-fdfd9cf69385 tempest-VolumeTypesTest-741576542 tempest-VolumeTypesTest-741576542-project-admin] DELETE http://10.222.0.48/volume/v3/58402ac9066c4b63bde8491acf15eb44/types/bf3d2605-cc77-449b-9b0a-4d99886b0b04
Jul 13 14:46:35.076949 dv-cinder-788364-4-smb devstack@c-api.service[116900]: DEBUG cinder.api.openstack.wsgi [None req-8af502c9-3074-4217-a3e6-fdfd9cf69385 tempest-VolumeTypesTest-741576542 tempest-VolumeTypesTest-741576542-project-admin] Empty body provided in request {{(pid=116900) get_body /opt/stack/cinder/cinder/api/openstack/wsgi.py:713}}
Jul 13 14:46:35.077657 dv-cinder-788364-4-smb devstack@c-api.service[116900]: DEBUG cinder.api.openstack.wsgi [None req-8af502c9-3074-4217-a3e6-fdfd9cf69385 tempest-VolumeTypesTest-741576542 tempest-VolumeTypesTest-741576542-project-admin] Calling method '_delete' {{(pid=116900) _process_stack /opt/stack/cinder/cinder/api/openstack/wsgi.py:866}}
Jul 13 14:46:35.176711 dv-cinder-788364-4-smb devstack@c-api.service[116900]: INFO cinder.api.openstack.wsgi [None req-8af502c9-3074-4217-a3e6-fdfd9cf69385 tempest-VolumeTypesTest-741576542 tempest-VolumeTypesTest-741576542-project-admin] http://10.222.0.48/volume/v3/58402ac9066c4b63bde8491acf15eb44/types/bf3d2605-cc77-449b-9b0a-4d99886b0b04 returned with HTTP 202
Jul 13 14:46:35.180175 dv-cinder-788364-4-smb devstack@c-api.service[116900]: [pid: 116900|app: 0|req: 54/100] 10.222.0.48 () {58 vars in 1322 bytes} [Tue Jul 13 14:46:35 2021] DELETE /volume/v3/58402ac9066c4b63bde8491acf15eb44/types/bf3d2605-cc77-449b-9b0a-4d99886b0b04 => generated 0 bytes in 111 msecs (HTTP/1.1 202) 6 headers in 233 bytes (1 switches on core 0)
Jul 13 14:46:35.191186 dv-cinder-788364-4-smb devstack@c-api.service[116901]: INFO cinder.api.openstack.wsgi [None req-1433200c-c4bd-4088-a55e-9d88346888b0 tempest-VolumeTypesTest-741576542 tempest-VolumeTypesTest-741576542-project-admin] GET http://10.222.0.48/volume/v3/58402ac9066c4b63bde8491acf15eb44/types/bf3d2605-cc77-449b-9b0a-4d99886b0b04
Jul 13 14:46:35.192193 dv-cinder-788364-4-smb devstack@c-api.service[116901]: DEBUG cinder.api.openstack.wsgi [None req-1433200c-c4bd-4088-a55e-9d88346888b0 tempest-VolumeTypesTest-741576542 tempest-VolumeTypesTest-741576542-project-admin] Empty body provided in request {{(pid=116901) get_body /opt/stack/cinder/cinder/api/openstack/wsgi.py:713}}
Jul 13 14:46:35.193134 dv-cinder-788364-4-smb devstack@c-api.service[116901]: DEBUG cinder.api.openstack.wsgi [None req-1433200c-c4bd-4088-a55e-9d88346888b0 tempest-VolumeTypesTest-741576542 tempest-VolumeTypesTest-741576542-project-admin] Calling method 'show' {{(pid=116901) _process_stack /opt/stack/cinder/cinder/api/openstack/wsgi.py:866}}
Jul 13 14:46:35.208511 dv-cinder-788364-4-smb devstack@c-api.service[116901]: INFO cinder.api.openstack.wsgi [None req-1433200c-c4bd-4088-a55e-9d88346888b0 tempest-VolumeTypesTest-741576542 tempest-VolumeTypesTest-741576542-project-admin] http://10.222.0.48/volume/v3/58402ac9066c4b63bde8491acf15eb44/types/bf3d2605-cc77-449b-9b0a-4d99886b0b04 returned with HTTP 404
Jul 13 14:46:35.211025 dv-cinder-788364-4-smb devstack@c-api.service[116901]: [pid: 116901|app: 0|req: 47/101] 10.222.0.48 () {58 vars in 1319 bytes} [Tue Jul 13 14:46:35 2021] GET /volume/v3/58402ac9066c4b63bde8491acf15eb44/types/bf3d2605-cc77-449b-9b0a-4d99886b0b04 => generated 114 bytes in 27 msecs (HTTP/1.1 404) 7 headers in 292 bytes (2 switches on core 0)
Jul 13 14:46:35.227263 dv-cinder-788364-4-smb devstack@c-api.service[116900]: INFO cinder.api.openstack.wsgi [None req-8143192e-380e-48fa-8e71-2f958adada8c tempest-VolumeTypesTest-741576542 tempest-VolumeTypesTest-741576542-project-admin] DELETE http://10.222.0.48/volume/v3/58402ac9066c4b63bde8491acf15eb44/types/83b9af41-3059-48e9-9f7c-fc3dab0fdb37
Jul 13 14:46:35.228563 dv-cinder-788364-4-smb devstack@c-api.service[116900]: DEBUG cinder.api.openstack.wsgi [None req-8143192e-380e-48fa-8e71-2f958adada8c tempest-VolumeTypesTest-741576542 tempest-VolumeTypesTest-741576542-project-admin] Empty body provided in request {{(pid=116900) get_body /opt/stack/cinder/cinder/api/openstack/wsgi.py:713}}
Jul 13 14:46:35.229608 dv-cinder-788364-4-smb devstack@c-api.service[116900]: DEBUG cinder.api.openstack.wsgi [None req-8143192e-380e-48fa-8e71-2f958adada8c tempest-VolumeTypesTest-741576542 tempest-VolumeTypesTest-741576542-project-admin] Calling method '_delete' {{(pid=116900) _process_stack /opt/stack/cinder/cinder/api/openstack/wsgi.py:866}}
Jul 13 14:46:35.265151 dv-cinder-788364-4-smb devstack@c-api.service[116901]: INFO cinder.api.openstack.wsgi [req-bc979a43-cb1f-4bce-b624-e8c798af0a07 req-3eeb2d4d-d3ae-45cf-820b-f6b56de246b0 tempest-VolumesTestJSON-1796065249 tempest-VolumesTestJSON-1796065249-project] GET http://10.222.0.48/volume/v3/f4233197a97144b886a1778ca1352188/volumes/b60cc1d7-f2a7-4b90-ae58-d0d74abdc18c
Jul 13 14:46:35.266134 dv-cinder-788364-4-smb devstack@c-api.service[116901]: DEBUG cinder.api.openstack.wsgi [req-bc979a43-cb1f-4bce-b624-e8c798af0a07 req-3eeb2d4d-d3ae-45cf-820b-f6b56de246b0 tempest-VolumesTestJSON-1796065249 tempest-VolumesTestJSON-1796065249-project] Empty body provided in request {{(pid=116901) get_body /opt/stack/cinder/cinder/api/openstack/wsgi.py:713}}
Jul 13 14:46:35.267130 dv-cinder-788364-4-smb devstack@c-api.service[116901]: DEBUG cinder.api.openstack.wsgi [req-bc979a43-cb1f-4bce-b624-e8c798af0a07 req-3eeb2d4d-d3ae-45cf-820b-f6b56de246b0 tempest-VolumesTestJSON-1796065249 tempest-VolumesTestJSON-1796065249-project] Calling method 'show' {{(pid=116901) _process_stack /opt/stack/cinder/cinder/api/openstack/wsgi.py:866}}
Jul 13 14:46:35.300575 dv-cinder-788364-4-smb devstack@c-api.service[116901]: /usr/local/lib/python3.8/dist-packages/oslo_context/context.py:105: DeprecationWarning: Policy enforcement is depending on the value of is_admin. This key is deprecated. Please update your policy file to use the standard policy values.
Jul 13 14:46:35.300575 dv-cinder-788364-4-smb devstack@c-api.service[116901]: warnings.warn('Policy enforcement is depending on the value of '
Jul 13 14:46:35.337849 dv-cinder-788364-4-smb devstack@c-api.service[116900]: INFO cinder.api.openstack.wsgi [None req-8143192e-380e-48fa-8e71-2f958adada8c tempest-VolumeTypesTest-741576542 tempest-VolumeTypesTest-741576542-project-admin] http://10.222.0.48/volume/v3/58402ac9066c4b63bde8491acf15eb44/types/83b9af41-3059-48e9-9f7c-fc3dab0fdb37 returned with HTTP 202
Jul 13 14:46:35.340163 dv-cinder-788364-4-smb devstack@c-api.service[116900]: [pid: 116900|app: 0|req: 55/102] 10.222.0.48 () {58 vars in 1322 bytes} [Tue Jul 13 14:46:35 2021] DELETE /volume/v3/58402ac9066c4b63bde8491acf15eb44/types/83b9af41-3059-48e9-9f7c-fc3dab0fdb37 => generated 0 bytes in 121 msecs (HTTP/1.1 202) 6 headers in 233 bytes (1 switches on core 0)
Jul 13 14:46:35.341447 dv-cinder-788364-4-smb devstack@c-api.service[116901]: INFO cinder.volume.api [req-bc979a43-cb1f-4bce-b624-e8c798af0a07 req-3eeb2d4d-d3ae-45cf-820b-f6b56de246b0 tempest-VolumesTestJSON-1796065249 tempest-VolumesTestJSON-1796065249-project] Volume info retrieved successfully.
Jul 13 14:46:35.353247 dv-cinder-788364-4-smb devstack@c-api.service[116900]: INFO cinder.api.openstack.wsgi [None req-0cfb577b-7f42-4e74-9967-5c9e242bbf03 tempest-VolumeTypesTest-741576542 tempest-VolumeTypesTest-741576542-project-admin] GET http://10.222.0.48/volume/v3/58402ac9066c4b63bde8491acf15eb44/types/83b9af41-3059-48e9-9f7c-fc3dab0fdb37
Jul 13 14:46:35.354224 dv-cinder-788364-4-smb devstack@c-api.service[116900]: DEBUG cinder.api.openstack.wsgi [None req-0cfb577b-7f42-4e74-9967-5c9e242bbf03 tempest-VolumeTypesTest-741576542 tempest-VolumeTypesTest-741576542-project-admin] Empty body provided in request {{(pid=116900) get_body /opt/stack/cinder/cinder/api/openstack/wsgi.py:713}}
Jul 13 14:46:35.355116 dv-cinder-788364-4-smb devstack@c-api.service[116900]: DEBUG cinder.api.openstack.wsgi [None req-0cfb577b-7f42-4e74-9967-5c9e242bbf03 tempest-VolumeTypesTest-741576542 tempest-VolumeTypesTest-741576542-project-admin] Calling method 'show' {{(pid=116900) _process_stack /opt/stack/cinder/cinder/api/openstack/wsgi.py:866}}
Jul 13 14:46:35.366382 dv-cinder-788364-4-smb devstack@c-api.service[116900]: INFO cinder.api.openstack.wsgi [None req-0cfb577b-7f42-4e74-9967-5c9e242bbf03 tempest-VolumeTypesTest-741576542 tempest-VolumeTypesTest-741576542-project-admin] http://10.222.0.48/volume/v3/58402ac9066c4b63bde8491acf15eb44/types/83b9af41-3059-48e9-9f7c-fc3dab0fdb37 returned with HTTP 404
Jul 13 14:46:35.368846 dv-cinder-788364-4-smb devstack@c-api.service[116900]: [pid: 116900|app: 0|req: 56/103] 10.222.0.48 () {58 vars in 1319 bytes} [Tue Jul 13 14:46:35 2021] GET /volume/v3/58402ac9066c4b63bde8491acf15eb44/types/83b9af41-3059-48e9-9f7c-fc3dab0fdb37 => generated 114 bytes in 25 msecs (HTTP/1.1 404) 7 headers in 292 bytes (2 switches on core 0)
Jul 13 14:46:35.380786 dv-cinder-788364-4-smb devstack@c-api.service[116900]: INFO cinder.api.openstack.wsgi [None req-b42abffa-3f79-4549-a4d1-67f3ce771171 tempest-VolumeTypesTest-1721375056 tempest-VolumeTypesTest-1721375056-project] DELETE http://10.222.0.48/volume/v3/2a55c98f83e84b9baa648c79885b0b29/volumes/ab9b94c5-45c6-4563-a1c8-6bd24f37601a
Jul 13 14:46:35.382152 dv-cinder-788364-4-smb devstack@c-api.service[116901]: INFO cinder.api.openstack.wsgi [req-bc979a43-cb1f-4bce-b624-e8c798af0a07 req-3eeb2d4d-d3ae-45cf-820b-f6b56de246b0 tempest-VolumesTestJSON-1796065249 tempest-VolumesTestJSON-1796065249-project] http://10.222.0.48/volume/v3/f4233197a97144b886a1778ca1352188/volumes/b60cc1d7-f2a7-4b90-ae58-d0d74abdc18c returned with HTTP 200
Jul 13 14:46:35.382803 dv-cinder-788364-4-smb devstack@c-api.service[116900]: DEBUG cinder.api.openstack.wsgi [None req-b42abffa-3f79-4549-a4d1-67f3ce771171 tempest-VolumeTypesTest-1721375056 tempest-VolumeTypesTest-1721375056-project] Empty body provided in request {{(pid=116900) get_body /opt/stack/cinder/cinder/api/openstack/wsgi.py:713}}
Jul 13 14:46:35.383745 dv-cinder-788364-4-smb devstack@c-api.service[116900]: DEBUG cinder.api.openstack.wsgi [None req-b42abffa-3f79-4549-a4d1-67f3ce771171 tempest-VolumeTypesTest-1721375056 tempest-VolumeTypesTest-1721375056-project] Calling method 'delete' {{(pid=116900) _process_stack /opt/stack/cinder/cinder/api/openstack/wsgi.py:866}}
Jul 13 14:46:35.384725 dv-cinder-788364-4-smb devstack@c-api.service[116901]: [pid: 116901|app: 0|req: 48/104] 10.222.0.48 () {60 vars in 1579 bytes} [Tue Jul 13 14:46:35 2021] GET /volume/v3/f4233197a97144b886a1778ca1352188/volumes/b60cc1d7-f2a7-4b90-ae58-d0d74abdc18c => generated 922 bytes in 126 msecs (HTTP/1.1 200) 7 headers in 285 bytes (1 switches on core 0)
Jul 13 14:46:35.397860 dv-cinder-788364-4-smb devstack@c-api.service[116900]: INFO cinder.api.v3.volumes [None req-b42abffa-3f79-4549-a4d1-67f3ce771171 tempest-VolumeTypesTest-1721375056 tempest-VolumeTypesTest-1721375056-project] Delete volume with id: ab9b94c5-45c6-4563-a1c8-6bd24f37601a
Jul 13 14:46:35.439689 dv-cinder-788364-4-smb devstack@c-api.service[116900]: /usr/local/lib/python3.8/dist-packages/oslo_context/context.py:105: DeprecationWarning: Policy enforcement is depending on the value of is_admin. This key is deprecated. Please update your policy file to use the standard policy values.
Jul 13 14:46:35.439689 dv-cinder-788364-4-smb devstack@c-api.service[116900]: warnings.warn('Policy enforcement is depending on the value of '
Jul 13 14:46:35.440728 dv-cinder-788364-4-smb devstack@c-api.service[116901]: INFO cinder.api.openstack.wsgi [None req-e7783c89-9c03-4533-be83-098bb444c1f7 tempest-VolumesTestJSON-1796065249 tempest-VolumesTestJSON-1796065249-project] POST http://10.222.0.48/volume/v3/f4233197a97144b886a1778ca1352188/volumes
Jul 13 14:46:35.441709 dv-cinder-788364-4-smb devstack@c-api.service[116901]: /usr/local/lib/python3.8/dist-packages/webob/acceptparse.py:1047: DeprecationWarning: The behavior of AcceptValidHeader.best_match is currently being maintained for backward compatibility, but it will be deprecated in the future, as it does not conform to the RFC.
Jul 13 14:46:35.441709 dv-cinder-788364-4-smb devstack@c-api.service[116901]: warnings.warn(
Jul 13 14:46:35.443601 dv-cinder-788364-4-smb devstack@c-api.service[116900]: INFO cinder.volume.api [None req-b42abffa-3f79-4549-a4d1-67f3ce771171 tempest-VolumeTypesTest-1721375056 tempest-VolumeTypesTest-1721375056-project] Volume info retrieved successfully.
Jul 13 14:46:35.444719 dv-cinder-788364-4-smb devstack@c-api.service[116901]: DEBUG cinder.api.openstack.wsgi [None req-e7783c89-9c03-4533-be83-098bb444c1f7 tempest-VolumesTestJSON-1796065249 tempest-VolumesTestJSON-1796065249-project] Action: 'create', calling method: create, body: {"volume": {"metadata": {"Type": "work"}, "size": 1, "display_name": "tempest-VolumesTestJSON-volume-1640671469"}} {{(pid=116901) _process_stack /opt/stack/cinder/cinder/api/openstack/wsgi.py:864}}
Jul 13 14:46:35.451811 dv-cinder-788364-4-smb devstack@c-api.service[116901]: DEBUG cinder.api.v3.volumes [None req-e7783c89-9c03-4533-be83-098bb444c1f7 tempest-VolumesTestJSON-1796065249 tempest-VolumesTestJSON-1796065249-project] Create volume request body: {'volume': {'metadata': {'Type': 'work'}, 'size': 1, 'display_name': 'tempest-VolumesTestJSON-volume-1640671469'}} {{(pid=116901) create /opt/stack/cinder/cinder/api/v3/volumes.py:289}}
Jul 13 14:46:35.452825 dv-cinder-788364-4-smb devstack@c-api.service[116901]: INFO cinder.api.v3.volumes [None req-e7783c89-9c03-4533-be83-098bb444c1f7 tempest-VolumesTestJSON-1796065249 tempest-VolumesTestJSON-1796065249-project] Create volume of 1 GB
Jul 13 14:46:35.467078 dv-cinder-788364-4-smb devstack@c-api.service[116901]: INFO cinder.volume.api [None req-e7783c89-9c03-4533-be83-098bb444c1f7 tempest-VolumesTestJSON-1796065249 tempest-VolumesTestJSON-1796065249-project] Availability Zones retrieved successfully.
Jul 13 14:46:35.514752 dv-cinder-788364-4-smb devstack@c-api.service[116901]: DEBUG cinder.volume.api [None req-e7783c89-9c03-4533-be83-098bb444c1f7 tempest-VolumesTestJSON-1796065249 tempest-VolumesTestJSON-1796065249-project] Flow 'volume_create_api' (ceb9d27c-e8cc-4b2d-a7d8-996a3fe57833) transitioned into state 'RUNNING' from state 'PENDING' {{(pid=116901) _flow_receiver /usr/local/lib/python3.8/dist-packages/taskflow/listeners/logging.py:141}}
Jul 13 14:46:35.521789 dv-cinder-788364-4-smb devstack@c-api.service[116900]: INFO cinder.volume.api [None req-b42abffa-3f79-4549-a4d1-67f3ce771171 tempest-VolumeTypesTest-1721375056 tempest-VolumeTypesTest-1721375056-project] Delete volume request issued successfully.
Jul 13 14:46:35.522337 dv-cinder-788364-4-smb devstack@c-api.service[116901]: DEBUG cinder.volume.api [None req-e7783c89-9c03-4533-be83-098bb444c1f7 tempest-VolumesTestJSON-1796065249 tempest-VolumesTestJSON-1796065249-project] Task 'cinder.volume.flows.api.create_volume.ExtractVolumeRequestTask;volume:create' (c0889b3b-40f5-4b7b-8a8c-44603957a8a8) transitioned into state 'RUNNING' from state 'PENDING' {{(pid=116901) _task_receiver /usr/local/lib/python3.8/dist-packages/taskflow/listeners/logging.py:190}}
Jul 13 14:46:35.523060 dv-cinder-788364-4-smb devstack@c-api.service[116900]: INFO cinder.api.openstack.wsgi [None req-b42abffa-3f79-4549-a4d1-67f3ce771171 tempest-VolumeTypesTest-1721375056 tempest-VolumeTypesTest-1721375056-project] http://10.222.0.48/volume/v3/2a55c98f83e84b9baa648c79885b0b29/volumes/ab9b94c5-45c6-4563-a1c8-6bd24f37601a returned with HTTP 202
Jul 13 14:46:35.525077 dv-cinder-788364-4-smb devstack@c-api.service[116900]: [pid: 116900|app: 0|req: 57/105] 10.222.0.48 () {58 vars in 1328 bytes} [Tue Jul 13 14:46:35 2021] DELETE /volume/v3/2a55c98f83e84b9baa648c79885b0b29/volumes/ab9b94c5-45c6-4563-a1c8-6bd24f37601a => generated 0 bytes in 151 msecs (HTTP/1.1 202) 6 headers in 233 bytes (1 switches on core 0)
Jul 13 14:46:35.528938 dv-cinder-788364-4-smb devstack@c-api.service[116901]: DEBUG cinder.volume.flows.api.create_volume [None req-e7783c89-9c03-4533-be83-098bb444c1f7 tempest-VolumesTestJSON-1796065249 tempest-VolumesTestJSON-1796065249-project] Validating volume size '1' using validate_int {{(pid=116901) _extract_size /opt/stack/cinder/cinder/volume/flows/api/create_volume.py:225}}
Jul 13 14:46:35.538601 dv-cinder-788364-4-smb devstack@c-api.service[116900]: INFO cinder.api.openstack.wsgi [None req-1849ed58-8e46-4e5d-9abb-34385c1a4410 tempest-VolumeTypesTest-1721375056 tempest-VolumeTypesTest-1721375056-project] GET http://10.222.0.48/volume/v3/2a55c98f83e84b9baa648c79885b0b29/volumes/ab9b94c5-45c6-4563-a1c8-6bd24f37601a
Jul 13 14:46:35.539873 dv-cinder-788364-4-smb devstack@c-api.service[116900]: DEBUG cinder.api.openstack.wsgi [None req-1849ed58-8e46-4e5d-9abb-34385c1a4410 tempest-VolumeTypesTest-1721375056 tempest-VolumeTypesTest-1721375056-project] Empty body provided in request {{(pid=116900) get_body /opt/stack/cinder/cinder/api/openstack/wsgi.py:713}}
Jul 13 14:46:35.540330 dv-cinder-788364-4-smb devstack@c-api.service[116900]: /usr/local/lib/python3.8/dist-packages/webob/acceptparse.py:1047: DeprecationWarning: The behavior of AcceptValidHeader.best_match is currently being maintained for backward compatibility, but it will be deprecated in the future, as it does not conform to the RFC.
Jul 13 14:46:35.540330 dv-cinder-788364-4-smb devstack@c-api.service[116900]: warnings.warn(
Jul 13 14:46:35.541553 dv-cinder-788364-4-smb devstack@c-api.service[116900]: DEBUG cinder.api.openstack.wsgi [None req-1849ed58-8e46-4e5d-9abb-34385c1a4410 tempest-VolumeTypesTest-1721375056 tempest-VolumeTypesTest-1721375056-project] Calling method 'show' {{(pid=116900) _process_stack /opt/stack/cinder/cinder/api/openstack/wsgi.py:866}}
Jul 13 14:46:35.604434 dv-cinder-788364-4-smb devstack@c-api.service[116900]: /usr/local/lib/python3.8/dist-packages/oslo_context/context.py:105: DeprecationWarning: Policy enforcement is depending on the value of is_admin. This key is deprecated. Please update your policy file to use the standard policy values.
Jul 13 14:46:35.604434 dv-cinder-788364-4-smb devstack@c-api.service[116900]: warnings.warn('Policy enforcement is depending on the value of '
Jul 13 14:46:35.632186 dv-cinder-788364-4-smb devstack@c-api.service[116900]: INFO cinder.volume.api [None req-1849ed58-8e46-4e5d-9abb-34385c1a4410 tempest-VolumeTypesTest-1721375056 tempest-VolumeTypesTest-1721375056-project] Volume info retrieved successfully.
Jul 13 14:46:35.658791 dv-cinder-788364-4-smb devstack@c-api.service[116901]: DEBUG cinder.volume.api [None req-e7783c89-9c03-4533-be83-098bb444c1f7 tempest-VolumesTestJSON-1796065249 tempest-VolumesTestJSON-1796065249-project] Task 'cinder.volume.flows.api.create_volume.ExtractVolumeRequestTask;volume:create' (c0889b3b-40f5-4b7b-8a8c-44603957a8a8) transitioned into state 'SUCCESS' from state 'RUNNING' with result '{'size': 1, 'snapshot_id': None, 'source_volid': None, 'volume_type': VolumeType(created_at=2021-07-13T14:36:34Z,deleted=False,deleted_at=None,description='Default Volume Type',extra_specs={},id=ab7569af-d08c-4891-a30f-df6c36fc547f,is_public=True,name='__DEFAULT__',projects=[],qos_specs=,qos_specs_id=None,updated_at=2021-07-13T14:36:34Z), 'volume_type_id': 'ab7569af-d08c-4891-a30f-df6c36fc547f', 'encryption_key_id': None, 'qos_specs': None, 'consistencygroup_id': None, 'cgsnapshot_id': None, 'group_id': None, 'replication_status': 'disabled', 'refresh_az': False, 'backup_id': None, 'multiattach': False, 'availability_zones': ['nova']}' {{(pid=116901) _task_receiver /usr/local/lib/python3.8/dist-packages/taskflow/listeners/logging.py:178}}
Jul 13 14:46:35.668311 dv-cinder-788364-4-smb devstack@c-api.service[116901]: DEBUG cinder.volume.api [None req-e7783c89-9c03-4533-be83-098bb444c1f7 tempest-VolumesTestJSON-1796065249 tempest-VolumesTestJSON-1796065249-project] Task 'cinder.volume.flows.api.create_volume.QuotaReserveTask;volume:create' (07cd6388-fd89-4705-925c-2976afbd545f) transitioned into state 'RUNNING' from state 'PENDING' {{(pid=116901) _task_receiver /usr/local/lib/python3.8/dist-packages/taskflow/listeners/logging.py:190}}
Jul 13 14:46:35.705698 dv-cinder-788364-4-smb devstack@c-api.service[116900]: INFO cinder.api.openstack.wsgi [None req-1849ed58-8e46-4e5d-9abb-34385c1a4410 tempest-VolumeTypesTest-1721375056 tempest-VolumeTypesTest-1721375056-project] http://10.222.0.48/volume/v3/2a55c98f83e84b9baa648c79885b0b29/volumes/ab9b94c5-45c6-4563-a1c8-6bd24f37601a returned with HTTP 200
Jul 13 14:46:35.718669 dv-cinder-788364-4-smb devstack@c-api.service[116900]: [pid: 116900|app: 0|req: 58/106] 10.222.0.48 () {58 vars in 1325 bytes} [Tue Jul 13 14:46:35 2021] GET /volume/v3/2a55c98f83e84b9baa648c79885b0b29/volumes/ab9b94c5-45c6-4563-a1c8-6bd24f37601a => generated 940 bytes in 183 msecs (HTTP/1.1 200) 7 headers in 285 bytes (2 switches on core 0)
Jul 13 14:46:35.897095 dv-cinder-788364-4-smb devstack@c-api.service[116901]: DEBUG cinder.quota [None req-e7783c89-9c03-4533-be83-098bb444c1f7 tempest-VolumesTestJSON-1796065249 tempest-VolumesTestJSON-1796065249-project] Created reservations ['556c37bf-1109-4079-b354-577271f304f2', 'f641b0df-c736-4823-8aef-44e69775beb9', '450ed242-cc5a-4b9a-849c-012541ca8b86', '89408bf1-cac4-47a2-99d7-8d56a1682669'] {{(pid=116901) reserve /opt/stack/cinder/cinder/quota.py:755}}
Jul 13 14:46:35.912919 dv-cinder-788364-4-smb devstack@c-api.service[116901]: DEBUG cinder.volume.api [None req-e7783c89-9c03-4533-be83-098bb444c1f7 tempest-VolumesTestJSON-1796065249 tempest-VolumesTestJSON-1796065249-project] Task 'cinder.volume.flows.api.create_volume.QuotaReserveTask;volume:create' (07cd6388-fd89-4705-925c-2976afbd545f) transitioned into state 'SUCCESS' from state 'RUNNING' with result '{'reservations': ['556c37bf-1109-4079-b354-577271f304f2', 'f641b0df-c736-4823-8aef-44e69775beb9', '450ed242-cc5a-4b9a-849c-012541ca8b86', '89408bf1-cac4-47a2-99d7-8d56a1682669']}' {{(pid=116901) _task_receiver /usr/local/lib/python3.8/dist-packages/taskflow/listeners/logging.py:178}}
Jul 13 14:46:35.931008 dv-cinder-788364-4-smb devstack@c-api.service[116901]: DEBUG cinder.volume.api [None req-e7783c89-9c03-4533-be83-098bb444c1f7 tempest-VolumesTestJSON-1796065249 tempest-VolumesTestJSON-1796065249-project] Task 'cinder.volume.flows.api.create_volume.EntryCreateTask;volume:create' (3a356fec-17af-41f4-944e-f52a426c5c99) transitioned into state 'RUNNING' from state 'PENDING' {{(pid=116901) _task_receiver /usr/local/lib/python3.8/dist-packages/taskflow/listeners/logging.py:190}}
Jul 13 14:46:36.070844 dv-cinder-788364-4-smb devstack@c-api.service[116901]: DEBUG cinder.volume.api [None req-e7783c89-9c03-4533-be83-098bb444c1f7 tempest-VolumesTestJSON-1796065249 tempest-VolumesTestJSON-1796065249-project] Task 'cinder.volume.flows.api.create_volume.EntryCreateTask;volume:create' (3a356fec-17af-41f4-944e-f52a426c5c99) transitioned into state 'SUCCESS' from state 'RUNNING' with result '{'volume_id': '62c2b93d-3434-42f5-90ce-3f25d4c939f9', 'volume_properties': VolumeProperties(attach_status='detached',availability_zone='nova',cgsnapshot_id=None,consistencygroup_id=None,display_description=None,display_name='tempest-VolumesTestJSON-volume-1640671469',encryption_key_id=None,group_id=None,group_type_id=,metadata={Type='work'},multiattach=False,project_id='f4233197a97144b886a1778ca1352188',qos_specs=None,replication_status=,reservations=['556c37bf-1109-4079-b354-577271f304f2','f641b0df-c736-4823-8aef-44e69775beb9','450ed242-cc5a-4b9a-849c-012541ca8b86','89408bf1-cac4-47a2-99d7-8d56a1682669'],size=1,snapshot_id=None,source_replicaid=,source_volid=None,status='creating',user_id='290d69fd00fd4bab8f2d5d19f2a1db4d',volume_type_id=ab7569af-d08c-4891-a30f-df6c36fc547f), 'volume': Volume(_name_id=None,admin_metadata=,attach_status='detached',availability_zone='nova',bootable=False,cluster=,cluster_name=None,consistencygroup=,consistencygroup_id=None,created_at=2021-07-13T14:46:35Z,deleted=False,deleted_at=None,display_description=None,display_name='tempest-VolumesTestJSON-volume-1640671469',ec2_id=None,encryption_key_id=None,glance_metadata=,group=,group_id=None,host=None,id=62c2b93d-3434-42f5-90ce-3f25d4c939f9,launched_at=None,metadata={Type='work'},migration_status=None,multiattach=False,previous_status=None,project_id='f4233197a97144b886a1778ca1352188',provider_auth=None,provider_geometry=None,provider_id=None,provider_location=None,replication_driver_data=None,replication_extended_status=None,replication_status=None,scheduled_at=None,service_uuid=None,shared_targets=True,size=1,snapshot_id=None,snapshots=,source_volid=None,status='creating',terminated_at=None,updated_at=None,user_id='290d69fd00fd4bab8f2d5d19f2a1db4d',volume_attachment=,volume_type=VolumeType(ab7569af-d08c-4891-a30f-df6c36fc547f),volume_type_id=ab7569af-d08c-4891-a30f-df6c36fc547f)}' {{(pid=116901) _task_receiver /usr/local/lib/python3.8/dist-packages/taskflow/listeners/logging.py:178}}
Jul 13 14:46:36.088345 dv-cinder-788364-4-smb devstack@c-api.service[116901]: DEBUG cinder.volume.api [None req-e7783c89-9c03-4533-be83-098bb444c1f7 tempest-VolumesTestJSON-1796065249 tempest-VolumesTestJSON-1796065249-project] Task 'cinder.volume.flows.api.create_volume.QuotaCommitTask;volume:create' (bdb45ff5-9809-49c3-9d12-5cae4fbbd683) transitioned into state 'RUNNING' from state 'PENDING' {{(pid=116901) _task_receiver /usr/local/lib/python3.8/dist-packages/taskflow/listeners/logging.py:190}}
Jul 13 14:46:36.202052 dv-cinder-788364-4-smb devstack@c-api.service[116901]: DEBUG cinder.volume.api [None req-e7783c89-9c03-4533-be83-098bb444c1f7 tempest-VolumesTestJSON-1796065249 tempest-VolumesTestJSON-1796065249-project] Task 'cinder.volume.flows.api.create_volume.QuotaCommitTask;volume:create' (bdb45ff5-9809-49c3-9d12-5cae4fbbd683) transitioned into state 'SUCCESS' from state 'RUNNING' with result '{'volume_properties': VolumeProperties(attach_status='detached',availability_zone='nova',cgsnapshot_id=None,consistencygroup_id=None,display_description=None,display_name='tempest-VolumesTestJSON-volume-1640671469',encryption_key_id=None,group_id=None,group_type_id=,metadata={Type='work'},multiattach=False,project_id='f4233197a97144b886a1778ca1352188',qos_specs=None,replication_status=,reservations=['556c37bf-1109-4079-b354-577271f304f2','f641b0df-c736-4823-8aef-44e69775beb9','450ed242-cc5a-4b9a-849c-012541ca8b86','89408bf1-cac4-47a2-99d7-8d56a1682669'],size=1,snapshot_id=None,source_replicaid=,source_volid=None,status='creating',user_id='290d69fd00fd4bab8f2d5d19f2a1db4d',volume_type_id=ab7569af-d08c-4891-a30f-df6c36fc547f)}' {{(pid=116901) _task_receiver /usr/local/lib/python3.8/dist-packages/taskflow/listeners/logging.py:178}}
Jul 13 14:46:36.212956 dv-cinder-788364-4-smb devstack@c-api.service[116901]: DEBUG cinder.volume.api [None req-e7783c89-9c03-4533-be83-098bb444c1f7 tempest-VolumesTestJSON-1796065249 tempest-VolumesTestJSON-1796065249-project] Task 'cinder.volume.flows.api.create_volume.VolumeCastTask;volume:create' (24c0fbd5-b728-45f0-9e41-a1657ef99029) transitioned into state 'RUNNING' from state 'PENDING' {{(pid=116901) _task_receiver /usr/local/lib/python3.8/dist-packages/taskflow/listeners/logging.py:190}}
Jul 13 14:46:36.293591 dv-cinder-788364-4-smb devstack@c-api.service[116901]: DEBUG cinder.volume.api [None req-e7783c89-9c03-4533-be83-098bb444c1f7 tempest-VolumesTestJSON-1796065249 tempest-VolumesTestJSON-1796065249-project] Task 'cinder.volume.flows.api.create_volume.VolumeCastTask;volume:create' (24c0fbd5-b728-45f0-9e41-a1657ef99029) transitioned into state 'SUCCESS' from state 'RUNNING' with result 'None' {{(pid=116901) _task_receiver /usr/local/lib/python3.8/dist-packages/taskflow/listeners/logging.py:178}}
Jul 13 14:46:36.306906 dv-cinder-788364-4-smb devstack@c-api.service[116901]: DEBUG cinder.volume.api [None req-e7783c89-9c03-4533-be83-098bb444c1f7 tempest-VolumesTestJSON-1796065249 tempest-VolumesTestJSON-1796065249-project] Flow 'volume_create_api' (ceb9d27c-e8cc-4b2d-a7d8-996a3fe57833) transitioned into state 'SUCCESS' from state 'RUNNING' {{(pid=116901) _flow_receiver /usr/local/lib/python3.8/dist-packages/taskflow/listeners/logging.py:141}}
Jul 13 14:46:36.313070 dv-cinder-788364-4-smb devstack@c-api.service[116901]: INFO cinder.volume.api [None req-e7783c89-9c03-4533-be83-098bb444c1f7 tempest-VolumesTestJSON-1796065249 tempest-VolumesTestJSON-1796065249-project] Create volume request issued successfully.
Jul 13 14:46:36.360237 dv-cinder-788364-4-smb devstack@c-api.service[116901]: INFO cinder.api.openstack.wsgi [None req-e7783c89-9c03-4533-be83-098bb444c1f7 tempest-VolumesTestJSON-1796065249 tempest-VolumesTestJSON-1796065249-project] http://10.222.0.48/volume/v3/f4233197a97144b886a1778ca1352188/volumes returned with HTTP 202
Jul 13 14:46:36.368614 dv-cinder-788364-4-smb devstack@c-api.service[116901]: [pid: 116901|app: 0|req: 49/107] 10.222.0.48 () {60 vars in 1236 bytes} [Tue Jul 13 14:46:35 2021] POST /volume/v3/f4233197a97144b886a1778ca1352188/volumes => generated 829 bytes in 972 msecs (HTTP/1.1 202) 7 headers in 291 bytes (1 switches on core 0)
Jul 13 14:46:36.385825 dv-cinder-788364-4-smb devstack@c-api.service[116900]: INFO cinder.api.openstack.wsgi [None req-37c30380-1f92-4bb3-ad96-93c6f480bea3 tempest-VolumesTestJSON-1796065249 tempest-VolumesTestJSON-1796065249-project] GET http://10.222.0.48/volume/v3/f4233197a97144b886a1778ca1352188/volumes/62c2b93d-3434-42f5-90ce-3f25d4c939f9
Jul 13 14:46:36.388001 dv-cinder-788364-4-smb devstack@c-api.service[116900]: DEBUG cinder.api.openstack.wsgi [None req-37c30380-1f92-4bb3-ad96-93c6f480bea3 tempest-VolumesTestJSON-1796065249 tempest-VolumesTestJSON-1796065249-project] Empty body provided in request {{(pid=116900) get_body /opt/stack/cinder/cinder/api/openstack/wsgi.py:713}}
Jul 13 14:46:36.388806 dv-cinder-788364-4-smb devstack@c-api.service[116900]: /usr/local/lib/python3.8/dist-packages/webob/acceptparse.py:1047: DeprecationWarning: The behavior of AcceptValidHeader.best_match is currently being maintained for backward compatibility, but it will be deprecated in the future, as it does not conform to the RFC.
Jul 13 14:46:36.388806 dv-cinder-788364-4-smb devstack@c-api.service[116900]: warnings.warn(
