Jul 13 14:47:10.009599 dv-cinder-788364-4-iscsi devstack@c-api.service[116912]: INFO cinder.api.openstack.wsgi [None req-b8700f03-0b0a-45ef-9591-527e523fc829 tempest-VolumesTransfersTest-1455252864 tempest-VolumesTransfersTest-1455252864-project] http://10.222.0.37/volume/v3/d54e775fcc464e6b927aa2d5ab2417e0/volumes returned with HTTP 202
Jul 13 14:47:10.024554 dv-cinder-788364-4-iscsi devstack@c-api.service[116912]: [pid: 116912|app: 0|req: 125/265] 10.222.0.37 () {60 vars in 1235 bytes} [Tue Jul 13 14:47:09 2021] POST /volume/v3/d54e775fcc464e6b927aa2d5ab2417e0/volumes => generated 820 bytes in 964 msecs (HTTP/1.1 202) 7 headers in 291 bytes (2 switches on core 0)
Jul 13 14:47:10.046793 dv-cinder-788364-4-iscsi devstack@c-api.service[116912]: INFO cinder.api.openstack.wsgi [None req-c7f3981a-a27b-4b31-bcb8-dc3bccfa01f0 tempest-VolumesTransfersTest-1455252864 tempest-VolumesTransfersTest-1455252864-project] GET http://10.222.0.37/volume/v3/d54e775fcc464e6b927aa2d5ab2417e0/volumes/3b92ed46-883c-4990-9f5e-2bf3015fb43f
Jul 13 14:47:10.049285 dv-cinder-788364-4-iscsi devstack@c-api.service[116912]: DEBUG cinder.api.openstack.wsgi [None req-c7f3981a-a27b-4b31-bcb8-dc3bccfa01f0 tempest-VolumesTransfersTest-1455252864 tempest-VolumesTransfersTest-1455252864-project] Empty body provided in request {{(pid=116912) get_body /opt/stack/cinder/cinder/api/openstack/wsgi.py:713}}
Jul 13 14:47:10.049590 dv-cinder-788364-4-iscsi devstack@c-api.service[116912]: /usr/local/lib/python3.8/dist-packages/webob/acceptparse.py:1047: DeprecationWarning: The behavior of AcceptValidHeader.best_match is currently being maintained for backward compatibility, but it will be deprecated in the future, as it does not conform to the RFC.
Jul 13 14:47:10.049590 dv-cinder-788364-4-iscsi devstack@c-api.service[116912]: warnings.warn(
Jul 13 14:47:10.050139 dv-cinder-788364-4-iscsi devstack@c-api.service[116912]: DEBUG cinder.api.openstack.wsgi [None req-c7f3981a-a27b-4b31-bcb8-dc3bccfa01f0 tempest-VolumesTransfersTest-1455252864 tempest-VolumesTransfersTest-1455252864-project] Calling method 'show' {{(pid=116912) _process_stack /opt/stack/cinder/cinder/api/openstack/wsgi.py:866}}
Jul 13 14:47:10.121877 dv-cinder-788364-4-iscsi devstack@c-api.service[116912]: /usr/local/lib/python3.8/dist-packages/oslo_context/context.py:105: DeprecationWarning: Policy enforcement is depending on the value of is_admin. This key is deprecated. Please update your policy file to use the standard policy values.
Jul 13 14:47:10.121877 dv-cinder-788364-4-iscsi devstack@c-api.service[116912]: warnings.warn('Policy enforcement is depending on the value of '
Jul 13 14:47:10.158983 dv-cinder-788364-4-iscsi devstack@c-api.service[116913]: INFO cinder.api.openstack.wsgi [None req-9ce16060-bc2a-4861-a8d7-315f3ae061ab tempest-GroupSnapshotsTest-1504687537 tempest-GroupSnapshotsTest-1504687537-project] http://10.222.0.37/volume/v3/c2f3036b883744c6995f2bd72c932590/group_snapshots/a898607b-7ea9-4f5e-9351-fbe95c3e84a0 returned with HTTP 202
Jul 13 14:47:10.161224 dv-cinder-788364-4-iscsi devstack@c-api.service[116913]: [pid: 116913|app: 0|req: 141/266] 10.222.0.37 () {60 vars in 1393 bytes} [Tue Jul 13 14:47:09 2021] DELETE /volume/v3/c2f3036b883744c6995f2bd72c932590/group_snapshots/a898607b-7ea9-4f5e-9351-fbe95c3e84a0 => generated 0 bytes in 202 msecs (HTTP/1.1 202) 6 headers in 234 bytes (1 switches on core 0)
Jul 13 14:47:10.161732 dv-cinder-788364-4-iscsi devstack@c-api.service[116912]: INFO cinder.volume.api [None req-c7f3981a-a27b-4b31-bcb8-dc3bccfa01f0 tempest-VolumesTransfersTest-1455252864 tempest-VolumesTransfersTest-1455252864-project] Volume info retrieved successfully.
Jul 13 14:47:10.187873 dv-cinder-788364-4-iscsi devstack@c-api.service[116913]: INFO cinder.api.openstack.wsgi [None req-e22dc4bf-d384-4a3c-a573-8ca5ca399642 tempest-GroupSnapshotsTest-1504687537 tempest-GroupSnapshotsTest-1504687537-project] GET http://10.222.0.37/volume/v3/c2f3036b883744c6995f2bd72c932590/volumes/detail
Jul 13 14:47:10.189165 dv-cinder-788364-4-iscsi devstack@c-api.service[116913]: DEBUG cinder.api.openstack.wsgi [None req-e22dc4bf-d384-4a3c-a573-8ca5ca399642 tempest-GroupSnapshotsTest-1504687537 tempest-GroupSnapshotsTest-1504687537-project] Empty body provided in request {{(pid=116913) get_body /opt/stack/cinder/cinder/api/openstack/wsgi.py:713}}
Jul 13 14:47:10.189558 dv-cinder-788364-4-iscsi devstack@c-api.service[116913]: /usr/local/lib/python3.8/dist-packages/webob/acceptparse.py:1047: DeprecationWarning: The behavior of AcceptValidHeader.best_match is currently being maintained for backward compatibility, but it will be deprecated in the future, as it does not conform to the RFC.
Jul 13 14:47:10.189558 dv-cinder-788364-4-iscsi devstack@c-api.service[116913]: warnings.warn(
Jul 13 14:47:10.193487 dv-cinder-788364-4-iscsi devstack@c-api.service[116913]: DEBUG cinder.api.openstack.wsgi [None req-e22dc4bf-d384-4a3c-a573-8ca5ca399642 tempest-GroupSnapshotsTest-1504687537 tempest-GroupSnapshotsTest-1504687537-project] Calling method 'detail' {{(pid=116913) _process_stack /opt/stack/cinder/cinder/api/openstack/wsgi.py:866}}
Jul 13 14:47:10.194752 dv-cinder-788364-4-iscsi devstack@c-api.service[116913]: DEBUG cinder.api.api_utils [None req-e22dc4bf-d384-4a3c-a573-8ca5ca399642 tempest-GroupSnapshotsTest-1504687537 tempest-GroupSnapshotsTest-1504687537-project] Removing options '' from query. {{(pid=116913) remove_invalid_filter_options /opt/stack/cinder/cinder/api/api_utils.py:73}}
Jul 13 14:47:10.198886 dv-cinder-788364-4-iscsi devstack@c-api.service[116912]: INFO cinder.api.openstack.wsgi [None req-c7f3981a-a27b-4b31-bcb8-dc3bccfa01f0 tempest-VolumesTransfersTest-1455252864 tempest-VolumesTransfersTest-1455252864-project] http://10.222.0.37/volume/v3/d54e775fcc464e6b927aa2d5ab2417e0/volumes/3b92ed46-883c-4990-9f5e-2bf3015fb43f returned with HTTP 200
Jul 13 14:47:10.199928 dv-cinder-788364-4-iscsi devstack@c-api.service[116913]: /usr/local/lib/python3.8/dist-packages/oslo_context/context.py:105: DeprecationWarning: Policy enforcement is depending on the value of is_admin. This key is deprecated. Please update your policy file to use the standard policy values.
Jul 13 14:47:10.199928 dv-cinder-788364-4-iscsi devstack@c-api.service[116913]: warnings.warn('Policy enforcement is depending on the value of '
Jul 13 14:47:10.205239 dv-cinder-788364-4-iscsi devstack@c-api.service[116912]: [pid: 116912|app: 0|req: 126/267] 10.222.0.37 () {58 vars in 1325 bytes} [Tue Jul 13 14:47:10 2021] GET /volume/v3/d54e775fcc464e6b927aa2d5ab2417e0/volumes/3b92ed46-883c-4990-9f5e-2bf3015fb43f => generated 888 bytes in 180 msecs (HTTP/1.1 200) 7 headers in 285 bytes (1 switches on core 0)
Jul 13 14:47:10.218742 dv-cinder-788364-4-iscsi devstack@c-api.service[116913]: DEBUG cinder.volume.api [None req-e22dc4bf-d384-4a3c-a573-8ca5ca399642 tempest-GroupSnapshotsTest-1504687537 tempest-GroupSnapshotsTest-1504687537-project] Searching by: MultiDict([('no_migration_targets', True)]). {{(pid=116913) get_all /opt/stack/cinder/cinder/volume/api.py:617}}
Jul 13 14:47:10.281892 dv-cinder-788364-4-iscsi devstack@c-api.service[116912]: INFO cinder.api.openstack.wsgi [None req-444ab849-0804-4afa-9b95-34c9a341da8f tempest-VolumesActionsTest-97754105 tempest-VolumesActionsTest-97754105-project] GET http://10.222.0.37/volume/v3/b717b81f52684a07a4e290d7aeac6e88/volumes/0ecda40b-269b-4d0e-98ed-b89012786cdd
Jul 13 14:47:10.282449 dv-cinder-788364-4-iscsi devstack@c-api.service[116912]: DEBUG cinder.api.openstack.wsgi [None req-444ab849-0804-4afa-9b95-34c9a341da8f tempest-VolumesActionsTest-97754105 tempest-VolumesActionsTest-97754105-project] Empty body provided in request {{(pid=116912) get_body /opt/stack/cinder/cinder/api/openstack/wsgi.py:713}}
Jul 13 14:47:10.282632 dv-cinder-788364-4-iscsi devstack@c-api.service[116912]: /usr/local/lib/python3.8/dist-packages/webob/acceptparse.py:1047: DeprecationWarning: The behavior of AcceptValidHeader.best_match is currently being maintained for backward compatibility, but it will be deprecated in the future, as it does not conform to the RFC.
Jul 13 14:47:10.282632 dv-cinder-788364-4-iscsi devstack@c-api.service[116912]: warnings.warn(
Jul 13 14:47:10.282959 dv-cinder-788364-4-iscsi devstack@c-api.service[116912]: DEBUG cinder.api.openstack.wsgi [None req-444ab849-0804-4afa-9b95-34c9a341da8f tempest-VolumesActionsTest-97754105 tempest-VolumesActionsTest-97754105-project] Calling method 'show' {{(pid=116912) _process_stack /opt/stack/cinder/cinder/api/openstack/wsgi.py:866}}
Jul 13 14:47:10.318911 dv-cinder-788364-4-iscsi devstack@c-api.service[116912]: /usr/local/lib/python3.8/dist-packages/oslo_context/context.py:105: DeprecationWarning: Policy enforcement is depending on the value of is_admin. This key is deprecated. Please update your policy file to use the standard policy values.
Jul 13 14:47:10.318911 dv-cinder-788364-4-iscsi devstack@c-api.service[116912]: warnings.warn('Policy enforcement is depending on the value of '
Jul 13 14:47:10.339998 dv-cinder-788364-4-iscsi devstack@c-api.service[116912]: INFO cinder.volume.api [None req-444ab849-0804-4afa-9b95-34c9a341da8f tempest-VolumesActionsTest-97754105 tempest-VolumesActionsTest-97754105-project] Volume info retrieved successfully.
Jul 13 14:47:10.352143 dv-cinder-788364-4-iscsi devstack@c-api.service[116913]: INFO cinder.volume.api [None req-e22dc4bf-d384-4a3c-a573-8ca5ca399642 tempest-GroupSnapshotsTest-1504687537 tempest-GroupSnapshotsTest-1504687537-project] Get all volumes completed successfully.
Jul 13 14:47:10.355236 dv-cinder-788364-4-iscsi devstack@c-api.service[116913]: WARNING stevedore.named [None req-e22dc4bf-d384-4a3c-a573-8ca5ca399642 tempest-GroupSnapshotsTest-1504687537 tempest-GroupSnapshotsTest-1504687537-project] Could not load cinder.keymgr.conf_key_mgr.ConfKeyManager
Jul 13 14:47:10.357486 dv-cinder-788364-4-iscsi devstack@c-api.service[116913]: WARNING castellan.key_manager [None req-e22dc4bf-d384-4a3c-a573-8ca5ca399642 tempest-GroupSnapshotsTest-1504687537 tempest-GroupSnapshotsTest-1504687537-project] Deprecation Warning : cinder.keymgr.conf_key_mgr.ConfKeyManager is not a stevedore based driver, trying to load it as a class: stevedore.exception.NoMatches: No 'castellan.drivers' driver found, looking for 'cinder.keymgr.conf_key_mgr.ConfKeyManager'
Jul 13 14:47:10.372966 dv-cinder-788364-4-iscsi devstack@c-api.service[116913]: DEBUG oslo_db.sqlalchemy.engines [None req-e22dc4bf-d384-4a3c-a573-8ca5ca399642 tempest-GroupSnapshotsTest-1504687537 tempest-GroupSnapshotsTest-1504687537-project] MySQL server mode set to STRICT_TRANS_TABLES,STRICT_ALL_TABLES,NO_ZERO_IN_DATE,NO_ZERO_DATE,ERROR_FOR_DIVISION_BY_ZERO,TRADITIONAL,NO_ENGINE_SUBSTITUTION {{(pid=116913) _check_effective_sql_mode /usr/local/lib/python3.8/dist-packages/oslo_db/sqlalchemy/engines.py:314}}
Jul 13 14:47:10.384061 dv-cinder-788364-4-iscsi devstack@c-api.service[116912]: INFO cinder.api.openstack.wsgi [None req-444ab849-0804-4afa-9b95-34c9a341da8f tempest-VolumesActionsTest-97754105 tempest-VolumesActionsTest-97754105-project] http://10.222.0.37/volume/v3/b717b81f52684a07a4e290d7aeac6e88/volumes/0ecda40b-269b-4d0e-98ed-b89012786cdd returned with HTTP 200
Jul 13 14:47:10.388694 dv-cinder-788364-4-iscsi devstack@c-api.service[116912]: [pid: 116912|app: 0|req: 127/268] 10.222.0.37 () {58 vars in 1325 bytes} [Tue Jul 13 14:47:10 2021] GET /volume/v3/b717b81f52684a07a4e290d7aeac6e88/volumes/0ecda40b-269b-4d0e-98ed-b89012786cdd => generated 910 bytes in 113 msecs (HTTP/1.1 200) 7 headers in 285 bytes (2 switches on core 0)
Jul 13 14:47:10.388952 dv-cinder-788364-4-iscsi devstack@c-api.service[116913]: /usr/local/lib/python3.8/dist-packages/oslo_context/context.py:105: DeprecationWarning: Policy enforcement is depending on the value of is_admin. This key is deprecated. Please update your policy file to use the standard policy values.
Jul 13 14:47:10.388952 dv-cinder-788364-4-iscsi devstack@c-api.service[116913]: warnings.warn('Policy enforcement is depending on the value of '
Jul 13 14:47:10.406771 dv-cinder-788364-4-iscsi devstack@c-api.service[116912]: INFO cinder.api.openstack.wsgi [None req-7079856e-5945-47be-bad5-146c614f70fc tempest-VolumesActionsTest-841494517 tempest-VolumesActionsTest-841494517-project-admin] POST http://10.222.0.37/volume/v3/8a37bff6702d41ffac1b0ab72771c866/volumes/0ecda40b-269b-4d0e-98ed-b89012786cdd/action
Jul 13 14:47:10.407246 dv-cinder-788364-4-iscsi devstack@c-api.service[116912]: /usr/local/lib/python3.8/dist-packages/webob/acceptparse.py:1047: DeprecationWarning: The behavior of AcceptValidHeader.best_match is currently being maintained for backward compatibility, but it will be deprecated in the future, as it does not conform to the RFC.
Jul 13 14:47:10.407246 dv-cinder-788364-4-iscsi devstack@c-api.service[116912]: warnings.warn(
Jul 13 14:47:10.408198 dv-cinder-788364-4-iscsi devstack@c-api.service[116912]: DEBUG cinder.api.openstack.wsgi [None req-7079856e-5945-47be-bad5-146c614f70fc tempest-VolumesActionsTest-841494517 tempest-VolumesActionsTest-841494517-project-admin] Action body: b'{"os-reset_status": {"status": "error"}}' {{(pid=116912) get_method /opt/stack/cinder/cinder/api/openstack/wsgi.py:981}}
Jul 13 14:47:10.408656 dv-cinder-788364-4-iscsi devstack@c-api.service[116912]: DEBUG cinder.api.openstack.wsgi [None req-7079856e-5945-47be-bad5-146c614f70fc tempest-VolumesActionsTest-841494517 tempest-VolumesActionsTest-841494517-project-admin] Action: 'action', calling method: _reset_status, body: {"os-reset_status": {"status": "error"}} {{(pid=116912) _process_stack /opt/stack/cinder/cinder/api/openstack/wsgi.py:864}}
Jul 13 14:47:10.409545 dv-cinder-788364-4-iscsi devstack@c-api.service[116912]: DEBUG cinder.api.contrib.admin_actions [None req-7079856e-5945-47be-bad5-146c614f70fc tempest-VolumesActionsTest-841494517 tempest-VolumesActionsTest-841494517-project-admin] Updating volume '0ecda40b-269b-4d0e-98ed-b89012786cdd' with '{'status': 'error'}' {{(pid=116912) _reset_status /opt/stack/cinder/cinder/api/contrib/admin_actions.py:100}}
Jul 13 14:47:10.435925 dv-cinder-788364-4-iscsi devstack@c-api.service[116913]: INFO cinder.api.openstack.wsgi [None req-e22dc4bf-d384-4a3c-a573-8ca5ca399642 tempest-GroupSnapshotsTest-1504687537 tempest-GroupSnapshotsTest-1504687537-project] http://10.222.0.37/volume/v3/c2f3036b883744c6995f2bd72c932590/volumes/detail returned with HTTP 200
Jul 13 14:47:10.455464 dv-cinder-788364-4-iscsi devstack@c-api.service[116913]: [pid: 116913|app: 0|req: 142/269] 10.222.0.37 () {60 vars in 1276 bytes} [Tue Jul 13 14:47:10 2021] GET /volume/v3/c2f3036b883744c6995f2bd72c932590/volumes/detail => generated 1003 bytes in 277 msecs (HTTP/1.1 200) 7 headers in 287 bytes (1 switches on core 0)
Jul 13 14:47:10.464826 dv-cinder-788364-4-iscsi devstack@c-api.service[116913]: INFO cinder.api.openstack.wsgi [None req-872416d5-7718-495d-a756-11400f032d4a tempest-GroupSnapshotsTest-1504687537 tempest-GroupSnapshotsTest-1504687537-project] GET http://10.222.0.37/volume/v3/c2f3036b883744c6995f2bd72c932590/snapshots/detail
Jul 13 14:47:10.465580 dv-cinder-788364-4-iscsi devstack@c-api.service[116913]: DEBUG cinder.api.openstack.wsgi [None req-872416d5-7718-495d-a756-11400f032d4a tempest-GroupSnapshotsTest-1504687537 tempest-GroupSnapshotsTest-1504687537-project] Empty body provided in request {{(pid=116913) get_body /opt/stack/cinder/cinder/api/openstack/wsgi.py:713}}
Jul 13 14:47:10.466403 dv-cinder-788364-4-iscsi devstack@c-api.service[116913]: /usr/local/lib/python3.8/dist-packages/webob/acceptparse.py:1047: DeprecationWarning: The behavior of AcceptValidHeader.best_match is currently being maintained for backward compatibility, but it will be deprecated in the future, as it does not conform to the RFC.
Jul 13 14:47:10.466403 dv-cinder-788364-4-iscsi devstack@c-api.service[116913]: warnings.warn(
Jul 13 14:47:10.466920 dv-cinder-788364-4-iscsi devstack@c-api.service[116913]: DEBUG cinder.api.openstack.wsgi [None req-872416d5-7718-495d-a756-11400f032d4a tempest-GroupSnapshotsTest-1504687537 tempest-GroupSnapshotsTest-1504687537-project] Calling method 'detail' {{(pid=116913) _process_stack /opt/stack/cinder/cinder/api/openstack/wsgi.py:866}}
Jul 13 14:47:10.467809 dv-cinder-788364-4-iscsi devstack@c-api.service[116913]: DEBUG cinder.api.api_utils [None req-872416d5-7718-495d-a756-11400f032d4a tempest-GroupSnapshotsTest-1504687537 tempest-GroupSnapshotsTest-1504687537-project] Removing options '' from query. {{(pid=116913) remove_invalid_filter_options /opt/stack/cinder/cinder/api/api_utils.py:73}}
Jul 13 14:47:10.475472 dv-cinder-788364-4-iscsi devstack@c-api.service[116913]: DEBUG cinder.db.sqlalchemy.api [None req-872416d5-7718-495d-a756-11400f032d4a tempest-GroupSnapshotsTest-1504687537 tempest-GroupSnapshotsTest-1504687537-project] Building query based on filter {{(pid=116913) _process_snaps_filters /opt/stack/cinder/cinder/db/sqlalchemy/api.py:3138}}
Jul 13 14:47:10.485607 dv-cinder-788364-4-iscsi devstack@c-api.service[116912]: /usr/local/lib/python3.8/dist-packages/oslo_context/context.py:105: DeprecationWarning: Policy enforcement is depending on the value of is_admin. This key is deprecated. Please update your policy file to use the standard policy values.
Jul 13 14:47:10.485607 dv-cinder-788364-4-iscsi devstack@c-api.service[116912]: warnings.warn('Policy enforcement is depending on the value of '
Jul 13 14:47:10.510130 dv-cinder-788364-4-iscsi devstack@c-api.service[116913]: INFO cinder.volume.api [None req-872416d5-7718-495d-a756-11400f032d4a tempest-GroupSnapshotsTest-1504687537 tempest-GroupSnapshotsTest-1504687537-project] Get all snapshots completed successfully.
Jul 13 14:47:10.514355 dv-cinder-788364-4-iscsi devstack@c-api.service[116913]: /usr/local/lib/python3.8/dist-packages/oslo_context/context.py:105: DeprecationWarning: Policy enforcement is depending on the value of is_admin. This key is deprecated. Please update your policy file to use the standard policy values.
Jul 13 14:47:10.514355 dv-cinder-788364-4-iscsi devstack@c-api.service[116913]: warnings.warn('Policy enforcement is depending on the value of '
Jul 13 14:47:10.516881 dv-cinder-788364-4-iscsi devstack@c-api.service[116913]: INFO cinder.api.openstack.wsgi [None req-872416d5-7718-495d-a756-11400f032d4a tempest-GroupSnapshotsTest-1504687537 tempest-GroupSnapshotsTest-1504687537-project] http://10.222.0.37/volume/v3/c2f3036b883744c6995f2bd72c932590/snapshots/detail returned with HTTP 200
Jul 13 14:47:10.531291 dv-cinder-788364-4-iscsi devstack@c-api.service[116913]: [pid: 116913|app: 0|req: 143/270] 10.222.0.37 () {58 vars in 1241 bytes} [Tue Jul 13 14:47:10 2021] GET /volume/v3/c2f3036b883744c6995f2bd72c932590/snapshots/detail => generated 452 bytes in 73 msecs (HTTP/1.1 200) 7 headers in 285 bytes (2 switches on core 0)
Jul 13 14:47:10.555949 dv-cinder-788364-4-iscsi devstack@c-api.service[116913]: INFO cinder.api.openstack.wsgi [None req-bd99476e-dd30-4b6c-b34e-681933d14452 tempest-GroupSnapshotsTest-1504687537 tempest-GroupSnapshotsTest-1504687537-project] GET http://10.222.0.37/volume/v3/c2f3036b883744c6995f2bd72c932590/snapshots/cfd152c6-24ca-4778-b11f-f008cbe7ecf2
Jul 13 14:47:10.557078 dv-cinder-788364-4-iscsi devstack@c-api.service[116913]: DEBUG cinder.api.openstack.wsgi [None req-bd99476e-dd30-4b6c-b34e-681933d14452 tempest-GroupSnapshotsTest-1504687537 tempest-GroupSnapshotsTest-1504687537-project] Empty body provided in request {{(pid=116913) get_body /opt/stack/cinder/cinder/api/openstack/wsgi.py:713}}
Jul 13 14:47:10.561362 dv-cinder-788364-4-iscsi devstack@c-api.service[116913]: /usr/local/lib/python3.8/dist-packages/webob/acceptparse.py:1047: DeprecationWarning: The behavior of AcceptValidHeader.best_match is currently being maintained for backward compatibility, but it will be deprecated in the future, as it does not conform to the RFC.
Jul 13 14:47:10.561362 dv-cinder-788364-4-iscsi devstack@c-api.service[116913]: warnings.warn(
Jul 13 14:47:10.562214 dv-cinder-788364-4-iscsi devstack@c-api.service[116913]: DEBUG cinder.api.openstack.wsgi [None req-bd99476e-dd30-4b6c-b34e-681933d14452 tempest-GroupSnapshotsTest-1504687537 tempest-GroupSnapshotsTest-1504687537-project] Calling method 'show' {{(pid=116913) _process_stack /opt/stack/cinder/cinder/api/openstack/wsgi.py:866}}
Jul 13 14:47:10.582317 dv-cinder-788364-4-iscsi devstack@c-api.service[116912]: INFO cinder.api.openstack.wsgi [None req-7079856e-5945-47be-bad5-146c614f70fc tempest-VolumesActionsTest-841494517 tempest-VolumesActionsTest-841494517-project-admin] http://10.222.0.37/volume/v3/8a37bff6702d41ffac1b0ab72771c866/volumes/0ecda40b-269b-4d0e-98ed-b89012786cdd/action returned with HTTP 202
Jul 13 14:47:10.584402 dv-cinder-788364-4-iscsi devstack@c-api.service[116912]: [pid: 116912|app: 0|req: 128/271] 10.222.0.37 () {60 vars in 1367 bytes} [Tue Jul 13 14:47:10 2021] POST /volume/v3/8a37bff6702d41ffac1b0ab72771c866/volumes/0ecda40b-269b-4d0e-98ed-b89012786cdd/action => generated 0 bytes in 183 msecs (HTTP/1.1 202) 7 headers in 289 bytes (1 switches on core 0)
Jul 13 14:47:10.592440 dv-cinder-788364-4-iscsi devstack@c-api.service[116913]: /usr/local/lib/python3.8/dist-packages/oslo_context/context.py:105: DeprecationWarning: Policy enforcement is depending on the value of is_admin. This key is deprecated. Please update your policy file to use the standard policy values.
Jul 13 14:47:10.592440 dv-cinder-788364-4-iscsi devstack@c-api.service[116913]: warnings.warn('Policy enforcement is depending on the value of '
Jul 13 14:47:10.596294 dv-cinder-788364-4-iscsi devstack@c-api.service[116913]: INFO cinder.volume.api [None req-bd99476e-dd30-4b6c-b34e-681933d14452 tempest-GroupSnapshotsTest-1504687537 tempest-GroupSnapshotsTest-1504687537-project] Snapshot retrieved successfully.
Jul 13 14:47:10.596410 dv-cinder-788364-4-iscsi devstack@c-api.service[116912]: INFO cinder.api.openstack.wsgi [None req-412f11f6-7b23-4ecc-a1a1-6cd45700242e tempest-VolumesActionsTest-97754105 tempest-VolumesActionsTest-97754105-project] GET http://10.222.0.37/volume/v3/b717b81f52684a07a4e290d7aeac6e88/volumes/0ecda40b-269b-4d0e-98ed-b89012786cdd
Jul 13 14:47:10.597486 dv-cinder-788364-4-iscsi devstack@c-api.service[116912]: DEBUG cinder.api.openstack.wsgi [None req-412f11f6-7b23-4ecc-a1a1-6cd45700242e tempest-VolumesActionsTest-97754105 tempest-VolumesActionsTest-97754105-project] Empty body provided in request {{(pid=116912) get_body /opt/stack/cinder/cinder/api/openstack/wsgi.py:713}}
Jul 13 14:47:10.597831 dv-cinder-788364-4-iscsi devstack@c-api.service[116912]: /usr/local/lib/python3.8/dist-packages/webob/acceptparse.py:1047: DeprecationWarning: The behavior of AcceptValidHeader.best_match is currently being maintained for backward compatibility, but it will be deprecated in the future, as it does not conform to the RFC.
Jul 13 14:47:10.597831 dv-cinder-788364-4-iscsi devstack@c-api.service[116912]: warnings.warn(
Jul 13 14:47:10.598502 dv-cinder-788364-4-iscsi devstack@c-api.service[116912]: DEBUG cinder.api.openstack.wsgi [None req-412f11f6-7b23-4ecc-a1a1-6cd45700242e tempest-VolumesActionsTest-97754105 tempest-VolumesActionsTest-97754105-project] Calling method 'show' {{(pid=116912) _process_stack /opt/stack/cinder/cinder/api/openstack/wsgi.py:866}}
Jul 13 14:47:10.612426 dv-cinder-788364-4-iscsi devstack@c-api.service[116913]: INFO cinder.api.openstack.wsgi [None req-bd99476e-dd30-4b6c-b34e-681933d14452 tempest-GroupSnapshotsTest-1504687537 tempest-GroupSnapshotsTest-1504687537-project] http://10.222.0.37/volume/v3/c2f3036b883744c6995f2bd72c932590/snapshots/cfd152c6-24ca-4778-b11f-f008cbe7ecf2 returned with HTTP 200
Jul 13 14:47:10.612426 dv-cinder-788364-4-iscsi devstack@c-api.service[116913]: [pid: 116913|app: 0|req: 144/272] 10.222.0.37 () {58 vars in 1331 bytes} [Tue Jul 13 14:47:10 2021] GET /volume/v3/c2f3036b883744c6995f2bd72c932590/snapshots/cfd152c6-24ca-4778-b11f-f008cbe7ecf2 => generated 449 bytes in 72 msecs (HTTP/1.1 200) 7 headers in 285 bytes (1 switches on core 0)
Jul 13 14:47:10.650292 dv-cinder-788364-4-iscsi devstack@c-api.service[116912]: /usr/local/lib/python3.8/dist-packages/oslo_context/context.py:105: DeprecationWarning: Policy enforcement is depending on the value of is_admin. This key is deprecated. Please update your policy file to use the standard policy values.
Jul 13 14:47:10.650292 dv-cinder-788364-4-iscsi devstack@c-api.service[116912]: warnings.warn('Policy enforcement is depending on the value of '
Jul 13 14:47:10.664563 dv-cinder-788364-4-iscsi devstack@c-api.service[116912]: INFO cinder.volume.api [None req-412f11f6-7b23-4ecc-a1a1-6cd45700242e tempest-VolumesActionsTest-97754105 tempest-VolumesActionsTest-97754105-project] Volume info retrieved successfully.
Jul 13 14:47:10.704724 dv-cinder-788364-4-iscsi devstack@c-api.service[116912]: INFO cinder.api.openstack.wsgi [None req-412f11f6-7b23-4ecc-a1a1-6cd45700242e tempest-VolumesActionsTest-97754105 tempest-VolumesActionsTest-97754105-project] http://10.222.0.37/volume/v3/b717b81f52684a07a4e290d7aeac6e88/volumes/0ecda40b-269b-4d0e-98ed-b89012786cdd returned with HTTP 200
Jul 13 14:47:10.706761 dv-cinder-788364-4-iscsi devstack@c-api.service[116912]: [pid: 116912|app: 0|req: 129/273] 10.222.0.37 () {58 vars in 1325 bytes} [Tue Jul 13 14:47:10 2021] GET /volume/v3/b717b81f52684a07a4e290d7aeac6e88/volumes/0ecda40b-269b-4d0e-98ed-b89012786cdd => generated 906 bytes in 118 msecs (HTTP/1.1 200) 7 headers in 285 bytes (2 switches on core 0)
Jul 13 14:47:10.724127 dv-cinder-788364-4-iscsi devstack@c-api.service[116913]: INFO cinder.api.openstack.wsgi [None req-4a0273b7-6898-4c2b-af0f-bdae4e2ffd73 tempest-VolumesActionsTest-841494517 tempest-VolumesActionsTest-841494517-project-admin] POST http://10.222.0.37/volume/v3/8a37bff6702d41ffac1b0ab72771c866/volumes/0ecda40b-269b-4d0e-98ed-b89012786cdd/action
Jul 13 14:47:10.724533 dv-cinder-788364-4-iscsi devstack@c-api.service[116913]: /usr/local/lib/python3.8/dist-packages/webob/acceptparse.py:1047: DeprecationWarning: The behavior of AcceptValidHeader.best_match is currently being maintained for backward compatibility, but it will be deprecated in the future, as it does not conform to the RFC.
Jul 13 14:47:10.724533 dv-cinder-788364-4-iscsi devstack@c-api.service[116913]: warnings.warn(
Jul 13 14:47:10.724926 dv-cinder-788364-4-iscsi devstack@c-api.service[116913]: DEBUG cinder.api.openstack.wsgi [None req-4a0273b7-6898-4c2b-af0f-bdae4e2ffd73 tempest-VolumesActionsTest-841494517 tempest-VolumesActionsTest-841494517-project-admin] Action body: b'{"os-force_delete": {}}' {{(pid=116913) get_method /opt/stack/cinder/cinder/api/openstack/wsgi.py:981}}
Jul 13 14:47:10.725262 dv-cinder-788364-4-iscsi devstack@c-api.service[116913]: DEBUG cinder.api.openstack.wsgi [None req-4a0273b7-6898-4c2b-af0f-bdae4e2ffd73 tempest-VolumesActionsTest-841494517 tempest-VolumesActionsTest-841494517-project-admin] Action: 'action', calling method: _force_delete, body: {"os-force_delete": {}} {{(pid=116913) _process_stack /opt/stack/cinder/cinder/api/openstack/wsgi.py:864}}
Jul 13 14:47:10.751170 dv-cinder-788364-4-iscsi devstack@c-api.service[116913]: /usr/local/lib/python3.8/dist-packages/oslo_context/context.py:105: DeprecationWarning: Policy enforcement is depending on the value of is_admin. This key is deprecated. Please update your policy file to use the standard policy values.
Jul 13 14:47:10.751170 dv-cinder-788364-4-iscsi devstack@c-api.service[116913]: warnings.warn('Policy enforcement is depending on the value of '
Jul 13 14:47:10.752372 dv-cinder-788364-4-iscsi devstack@c-api.service[116913]: INFO cinder.volume.api [None req-4a0273b7-6898-4c2b-af0f-bdae4e2ffd73 tempest-VolumesActionsTest-841494517 tempest-VolumesActionsTest-841494517-project-admin] Volume info retrieved successfully.
Jul 13 14:47:10.816777 dv-cinder-788364-4-iscsi devstack@c-api.service[116913]: INFO cinder.volume.api [None req-4a0273b7-6898-4c2b-af0f-bdae4e2ffd73 tempest-VolumesActionsTest-841494517 tempest-VolumesActionsTest-841494517-project-admin] Delete volume request issued successfully.
Jul 13 14:47:10.817545 dv-cinder-788364-4-iscsi devstack@c-api.service[116913]: INFO cinder.api.openstack.wsgi [None req-4a0273b7-6898-4c2b-af0f-bdae4e2ffd73 tempest-VolumesActionsTest-841494517 tempest-VolumesActionsTest-841494517-project-admin] http://10.222.0.37/volume/v3/8a37bff6702d41ffac1b0ab72771c866/volumes/0ecda40b-269b-4d0e-98ed-b89012786cdd/action returned with HTTP 202
Jul 13 14:47:10.823740 dv-cinder-788364-4-iscsi devstack@c-api.service[116913]: [pid: 116913|app: 0|req: 145/274] 10.222.0.37 () {60 vars in 1367 bytes} [Tue Jul 13 14:47:10 2021] POST /volume/v3/8a37bff6702d41ffac1b0ab72771c866/volumes/0ecda40b-269b-4d0e-98ed-b89012786cdd/action => generated 0 bytes in 98 msecs (HTTP/1.1 202) 7 headers in 289 bytes (2 switches on core 0)
Jul 13 14:47:10.830411 dv-cinder-788364-4-iscsi devstack@c-api.service[116912]: INFO cinder.api.openstack.wsgi [None req-c532eaf4-7d12-4f66-b05a-2cd5daa58e25 tempest-VolumesActionsTest-97754105 tempest-VolumesActionsTest-97754105-project] GET http://10.222.0.37/volume/v3/b717b81f52684a07a4e290d7aeac6e88/volumes/0ecda40b-269b-4d0e-98ed-b89012786cdd
Jul 13 14:47:10.831019 dv-cinder-788364-4-iscsi devstack@c-api.service[116912]: DEBUG cinder.api.openstack.wsgi [None req-c532eaf4-7d12-4f66-b05a-2cd5daa58e25 tempest-VolumesActionsTest-97754105 tempest-VolumesActionsTest-97754105-project] Empty body provided in request {{(pid=116912) get_body /opt/stack/cinder/cinder/api/openstack/wsgi.py:713}}
Jul 13 14:47:10.831203 dv-cinder-788364-4-iscsi devstack@c-api.service[116912]: /usr/local/lib/python3.8/dist-packages/webob/acceptparse.py:1047: DeprecationWarning: The behavior of AcceptValidHeader.best_match is currently being maintained for backward compatibility, but it will be deprecated in the future, as it does not conform to the RFC.
Jul 13 14:47:10.831203 dv-cinder-788364-4-iscsi devstack@c-api.service[116912]: warnings.warn(
Jul 13 14:47:10.831437 dv-cinder-788364-4-iscsi devstack@c-api.service[116912]: DEBUG cinder.api.openstack.wsgi [None req-c532eaf4-7d12-4f66-b05a-2cd5daa58e25 tempest-VolumesActionsTest-97754105 tempest-VolumesActionsTest-97754105-project] Calling method 'show' {{(pid=116912) _process_stack /opt/stack/cinder/cinder/api/openstack/wsgi.py:866}}
Jul 13 14:47:10.877327 dv-cinder-788364-4-iscsi devstack@c-api.service[116912]: /usr/local/lib/python3.8/dist-packages/oslo_context/context.py:105: DeprecationWarning: Policy enforcement is depending on the value of is_admin. This key is deprecated. Please update your policy file to use the standard policy values.
Jul 13 14:47:10.877327 dv-cinder-788364-4-iscsi devstack@c-api.service[116912]: warnings.warn('Policy enforcement is depending on the value of '
Jul 13 14:47:10.911188 dv-cinder-788364-4-iscsi devstack@c-api.service[116912]: INFO cinder.volume.api [None req-c532eaf4-7d12-4f66-b05a-2cd5daa58e25 tempest-VolumesActionsTest-97754105 tempest-VolumesActionsTest-97754105-project] Volume info retrieved successfully.
Jul 13 14:47:10.955439 dv-cinder-788364-4-iscsi devstack@c-api.service[116912]: INFO cinder.api.openstack.wsgi [None req-c532eaf4-7d12-4f66-b05a-2cd5daa58e25 tempest-VolumesActionsTest-97754105 tempest-VolumesActionsTest-97754105-project] http://10.222.0.37/volume/v3/b717b81f52684a07a4e290d7aeac6e88/volumes/0ecda40b-269b-4d0e-98ed-b89012786cdd returned with HTTP 200
Jul 13 14:47:10.980340 dv-cinder-788364-4-iscsi devstack@c-api.service[116912]: [pid: 116912|app: 0|req: 130/275] 10.222.0.37 () {58 vars in 1325 bytes} [Tue Jul 13 14:47:10 2021] GET /volume/v3/b717b81f52684a07a4e290d7aeac6e88/volumes/0ecda40b-269b-4d0e-98ed-b89012786cdd => generated 909 bytes in 156 msecs (HTTP/1.1 200) 7 headers in 285 bytes (1 switches on core 0)
Jul 13 14:47:11.233802 dv-cinder-788364-4-iscsi devstack@c-api.service[116913]: INFO cinder.api.openstack.wsgi [None req-8db25082-982f-4a34-83a0-1d5b72dab38d tempest-VolumesTransfersTest-1455252864 tempest-VolumesTransfersTest-1455252864-project] GET http://10.222.0.37/volume/v3/d54e775fcc464e6b927aa2d5ab2417e0/volumes/3b92ed46-883c-4990-9f5e-2bf3015fb43f
Jul 13 14:47:11.235202 dv-cinder-788364-4-iscsi devstack@c-api.service[116913]: DEBUG cinder.api.openstack.wsgi [None req-8db25082-982f-4a34-83a0-1d5b72dab38d tempest-VolumesTransfersTest-1455252864 tempest-VolumesTransfersTest-1455252864-project] Empty body provided in request {{(pid=116913) get_body /opt/stack/cinder/cinder/api/openstack/wsgi.py:713}}
Jul 13 14:47:11.235603 dv-cinder-788364-4-iscsi devstack@c-api.service[116913]: /usr/local/lib/python3.8/dist-packages/webob/acceptparse.py:1047: DeprecationWarning: The behavior of AcceptValidHeader.best_match is currently being maintained for backward compatibility, but it will be deprecated in the future, as it does not conform to the RFC.
Jul 13 14:47:11.235603 dv-cinder-788364-4-iscsi devstack@c-api.service[116913]: warnings.warn(
Jul 13 14:47:11.237999 dv-cinder-788364-4-iscsi devstack@c-api.service[116913]: DEBUG cinder.api.openstack.wsgi [None req-8db25082-982f-4a34-83a0-1d5b72dab38d tempest-VolumesTransfersTest-1455252864 tempest-VolumesTransfersTest-1455252864-project] Calling method 'show' {{(pid=116913) _process_stack /opt/stack/cinder/cinder/api/openstack/wsgi.py:866}}
Jul 13 14:47:11.254916 dv-cinder-788364-4-iscsi devstack@c-api.service[116913]: /usr/local/lib/python3.8/dist-packages/oslo_context/context.py:105: DeprecationWarning: Policy enforcement is depending on the value of is_admin. This key is deprecated. Please update your policy file to use the standard policy values.
Jul 13 14:47:11.254916 dv-cinder-788364-4-iscsi devstack@c-api.service[116913]: warnings.warn('Policy enforcement is depending on the value of '
Jul 13 14:47:11.267004 dv-cinder-788364-4-iscsi devstack@c-api.service[116913]: INFO cinder.volume.api [None req-8db25082-982f-4a34-83a0-1d5b72dab38d tempest-VolumesTransfersTest-1455252864 tempest-VolumesTransfersTest-1455252864-project] Volume info retrieved successfully.
Jul 13 14:47:11.301755 dv-cinder-788364-4-iscsi devstack@c-api.service[116913]: INFO cinder.api.openstack.wsgi [None req-8db25082-982f-4a34-83a0-1d5b72dab38d tempest-VolumesTransfersTest-1455252864 tempest-VolumesTransfersTest-1455252864-project] http://10.222.0.37/volume/v3/d54e775fcc464e6b927aa2d5ab2417e0/volumes/3b92ed46-883c-4990-9f5e-2bf3015fb43f returned with HTTP 200
Jul 13 14:47:11.305742 dv-cinder-788364-4-iscsi devstack@c-api.service[116913]: [pid: 116913|app: 0|req: 146/276] 10.222.0.37 () {58 vars in 1325 bytes} [Tue Jul 13 14:47:11 2021] GET /volume/v3/d54e775fcc464e6b927aa2d5ab2417e0/volumes/3b92ed46-883c-4990-9f5e-2bf3015fb43f => generated 913 bytes in 78 msecs (HTTP/1.1 200) 7 headers in 285 bytes (1 switches on core 0)
Jul 13 14:47:11.325410 dv-cinder-788364-4-iscsi devstack@c-api.service[116912]: INFO cinder.api.openstack.wsgi [None req-a6c0e1b3-db8f-49c6-9fb3-10b484fcd552 tempest-VolumesTransfersTest-1455252864 tempest-VolumesTransfersTest-1455252864-project] POST http://10.222.0.37/volume/v3/d54e775fcc464e6b927aa2d5ab2417e0/os-volume-transfer
Jul 13 14:47:11.326604 dv-cinder-788364-4-iscsi devstack@c-api.service[116912]: /usr/local/lib/python3.8/dist-packages/webob/acceptparse.py:1047: DeprecationWarning: The behavior of AcceptValidHeader.best_match is currently being maintained for backward compatibility, but it will be deprecated in the future, as it does not conform to the RFC.
Jul 13 14:47:11.326604 dv-cinder-788364-4-iscsi devstack@c-api.service[116912]: warnings.warn(
Jul 13 14:47:11.327332 dv-cinder-788364-4-iscsi devstack@c-api.service[116912]: DEBUG cinder.api.openstack.wsgi [None req-a6c0e1b3-db8f-49c6-9fb3-10b484fcd552 tempest-VolumesTransfersTest-1455252864 tempest-VolumesTransfersTest-1455252864-project] Action: 'create', calling method: create, body: {"transfer": {"volume_id": "3b92ed46-883c-4990-9f5e-2bf3015fb43f"}} {{(pid=116912) _process_stack /opt/stack/cinder/cinder/api/openstack/wsgi.py:864}}
Jul 13 14:47:11.328888 dv-cinder-788364-4-iscsi devstack@c-api.service[116912]: DEBUG cinder.api.contrib.volume_transfer [None req-a6c0e1b3-db8f-49c6-9fb3-10b484fcd552 tempest-VolumesTransfersTest-1455252864 tempest-VolumesTransfersTest-1455252864-project] Creating new volume transfer {'transfer': {'volume_id': '3b92ed46-883c-4990-9f5e-2bf3015fb43f'}} {{(pid=116912) create /opt/stack/cinder/cinder/api/contrib/volume_transfer.py:85}}
Jul 13 14:47:11.329469 dv-cinder-788364-4-iscsi devstack@c-api.service[116912]: INFO cinder.api.contrib.volume_transfer [None req-a6c0e1b3-db8f-49c6-9fb3-10b484fcd552 tempest-VolumesTransfersTest-1455252864 tempest-VolumesTransfersTest-1455252864-project] Creating transfer of volume 3b92ed46-883c-4990-9f5e-2bf3015fb43f
Jul 13 14:47:11.330142 dv-cinder-788364-4-iscsi devstack@c-api.service[116912]: INFO cinder.transfer.api [None req-a6c0e1b3-db8f-49c6-9fb3-10b484fcd552 tempest-VolumesTransfersTest-1455252864 tempest-VolumesTransfersTest-1455252864-project] Generating transfer record for volume 3b92ed46-883c-4990-9f5e-2bf3015fb43f
Jul 13 14:47:11.365795 dv-cinder-788364-4-iscsi devstack@c-api.service[116912]: /usr/local/lib/python3.8/dist-packages/oslo_context/context.py:105: DeprecationWarning: Policy enforcement is depending on the value of is_admin. This key is deprecated. Please update your policy file to use the standard policy values.
Jul 13 14:47:11.365795 dv-cinder-788364-4-iscsi devstack@c-api.service[116912]: warnings.warn('Policy enforcement is depending on the value of '
Jul 13 14:47:11.429146 dv-cinder-788364-4-iscsi devstack@c-api.service[116912]: INFO cinder.api.openstack.wsgi [None req-a6c0e1b3-db8f-49c6-9fb3-10b484fcd552 tempest-VolumesTransfersTest-1455252864 tempest-VolumesTransfersTest-1455252864-project] http://10.222.0.37/volume/v3/d54e775fcc464e6b927aa2d5ab2417e0/os-volume-transfer returned with HTTP 202
Jul 13 14:47:11.433937 dv-cinder-788364-4-iscsi devstack@c-api.service[116912]: [pid: 116912|app: 0|req: 131/277] 10.222.0.37 () {60 vars in 1268 bytes} [Tue Jul 13 14:47:11 2021] POST /volume/v3/d54e775fcc464e6b927aa2d5ab2417e0/os-volume-transfer => generated 507 bytes in 115 msecs (HTTP/1.1 202) 7 headers in 291 bytes (1 switches on core 0)
Jul 13 14:47:11.449193 dv-cinder-788364-4-iscsi devstack@c-api.service[116913]: INFO cinder.api.openstack.wsgi [None req-0b108f80-67a7-4d3f-8367-c5c24d6dc358 tempest-VolumesTransfersTest-1455252864 tempest-VolumesTransfersTest-1455252864-project] GET http://10.222.0.37/volume/v3/d54e775fcc464e6b927aa2d5ab2417e0/volumes/3b92ed46-883c-4990-9f5e-2bf3015fb43f
Jul 13 14:47:11.450729 dv-cinder-788364-4-iscsi devstack@c-api.service[116913]: DEBUG cinder.api.openstack.wsgi [None req-0b108f80-67a7-4d3f-8367-c5c24d6dc358 tempest-VolumesTransfersTest-1455252864 tempest-VolumesTransfersTest-1455252864-project] Empty body provided in request {{(pid=116913) get_body /opt/stack/cinder/cinder/api/openstack/wsgi.py:713}}
Jul 13 14:47:11.451172 dv-cinder-788364-4-iscsi devstack@c-api.service[116913]: /usr/local/lib/python3.8/dist-packages/webob/acceptparse.py:1047: DeprecationWarning: The behavior of AcceptValidHeader.best_match is currently being maintained for backward compatibility, but it will be deprecated in the future, as it does not conform to the RFC.
Jul 13 14:47:11.451172 dv-cinder-788364-4-iscsi devstack@c-api.service[116913]: warnings.warn(
Jul 13 14:47:11.451798 dv-cinder-788364-4-iscsi devstack@c-api.service[116913]: DEBUG cinder.api.openstack.wsgi [None req-0b108f80-67a7-4d3f-8367-c5c24d6dc358 tempest-VolumesTransfersTest-1455252864 tempest-VolumesTransfersTest-1455252864-project] Calling method 'show' {{(pid=116913) _process_stack /opt/stack/cinder/cinder/api/openstack/wsgi.py:866}}
Jul 13 14:47:11.479327 dv-cinder-788364-4-iscsi devstack@c-api.service[116913]: /usr/local/lib/python3.8/dist-packages/oslo_context/context.py:105: DeprecationWarning: Policy enforcement is depending on the value of is_admin. This key is deprecated. Please update your policy file to use the standard policy values.
Jul 13 14:47:11.479327 dv-cinder-788364-4-iscsi devstack@c-api.service[116913]: warnings.warn('Policy enforcement is depending on the value of '
Jul 13 14:47:11.492598 dv-cinder-788364-4-iscsi devstack@c-api.service[116913]: INFO cinder.volume.api [None req-0b108f80-67a7-4d3f-8367-c5c24d6dc358 tempest-VolumesTransfersTest-1455252864 tempest-VolumesTransfersTest-1455252864-project] Volume info retrieved successfully.
Jul 13 14:47:11.519865 dv-cinder-788364-4-iscsi devstack@c-api.service[116913]: INFO cinder.api.openstack.wsgi [None req-0b108f80-67a7-4d3f-8367-c5c24d6dc358 tempest-VolumesTransfersTest-1455252864 tempest-VolumesTransfersTest-1455252864-project] http://10.222.0.37/volume/v3/d54e775fcc464e6b927aa2d5ab2417e0/volumes/3b92ed46-883c-4990-9f5e-2bf3015fb43f returned with HTTP 200
Jul 13 14:47:11.521013 dv-cinder-788364-4-iscsi devstack@c-api.service[116913]: [pid: 116913|app: 0|req: 147/278] 10.222.0.37 () {58 vars in 1325 bytes} [Tue Jul 13 14:47:11 2021] GET /volume/v3/d54e775fcc464e6b927aa2d5ab2417e0/volumes/3b92ed46-883c-4990-9f5e-2bf3015fb43f => generated 921 bytes in 78 msecs (HTTP/1.1 200) 7 headers in 285 bytes (1 switches on core 0)
Jul 13 14:47:11.539177 dv-cinder-788364-4-iscsi devstack@c-api.service[116912]: INFO cinder.api.openstack.wsgi [None req-217db989-5064-4c26-ba44-f79e93c78b65 tempest-VolumesTransfersTest-1455252864 tempest-VolumesTransfersTest-1455252864-project] GET http://10.222.0.37/volume/v3/d54e775fcc464e6b927aa2d5ab2417e0/os-volume-transfer/90002952-db7c-409f-a2c5-28b2a3f52be9
Jul 13 14:47:11.540170 dv-cinder-788364-4-iscsi devstack@c-api.service[116912]: DEBUG cinder.api.openstack.wsgi [None req-217db989-5064-4c26-ba44-f79e93c78b65 tempest-VolumesTransfersTest-1455252864 tempest-VolumesTransfersTest-1455252864-project] Empty body provided in request {{(pid=116912) get_body /opt/stack/cinder/cinder/api/openstack/wsgi.py:713}}
Jul 13 14:47:11.540381 dv-cinder-788364-4-iscsi devstack@c-api.service[116912]: /usr/local/lib/python3.8/dist-packages/webob/acceptparse.py:1047: DeprecationWarning: The behavior of AcceptValidHeader.best_match is currently being maintained for backward compatibility, but it will be deprecated in the future, as it does not conform to the RFC.
Jul 13 14:47:11.540381 dv-cinder-788364-4-iscsi devstack@c-api.service[116912]: warnings.warn(
Jul 13 14:47:11.540665 dv-cinder-788364-4-iscsi devstack@c-api.service[116912]: DEBUG cinder.api.openstack.wsgi [None req-217db989-5064-4c26-ba44-f79e93c78b65 tempest-VolumesTransfersTest-1455252864 tempest-VolumesTransfersTest-1455252864-project] Calling method 'show' {{(pid=116912) _process_stack /opt/stack/cinder/cinder/api/openstack/wsgi.py:866}}
Jul 13 14:47:11.552305 dv-cinder-788364-4-iscsi devstack@c-api.service[116912]: INFO cinder.api.openstack.wsgi [None req-217db989-5064-4c26-ba44-f79e93c78b65 tempest-VolumesTransfersTest-1455252864 tempest-VolumesTransfersTest-1455252864-project] http://10.222.0.37/volume/v3/d54e775fcc464e6b927aa2d5ab2417e0/os-volume-transfer/90002952-db7c-409f-a2c5-28b2a3f52be9 returned with HTTP 200
Jul 13 14:47:11.561639 dv-cinder-788364-4-iscsi devstack@c-api.service[116912]: [pid: 116912|app: 0|req: 132/279] 10.222.0.37 () {58 vars in 1358 bytes} [Tue Jul 13 14:47:11 2021] GET /volume/v3/d54e775fcc464e6b927aa2d5ab2417e0/os-volume-transfer/90002952-db7c-409f-a2c5-28b2a3f52be9 => generated 475 bytes in 20 msecs (HTTP/1.1 200) 7 headers in 285 bytes (1 switches on core 0)
Jul 13 14:47:11.577589 dv-cinder-788364-4-iscsi devstack@c-api.service[116913]: INFO cinder.api.openstack.wsgi [None req-c4bcec48-5e95-46b2-8ecf-0413518d3647 tempest-VolumesTransfersTest-1455252864 tempest-VolumesTransfersTest-1455252864-project] GET http://10.222.0.37/volume/v3/d54e775fcc464e6b927aa2d5ab2417e0/os-volume-transfer
Jul 13 14:47:11.578201 dv-cinder-788364-4-iscsi devstack@c-api.service[116913]: DEBUG cinder.api.openstack.wsgi [None req-c4bcec48-5e95-46b2-8ecf-0413518d3647 tempest-VolumesTransfersTest-1455252864 tempest-VolumesTransfersTest-1455252864-project] Empty body provided in request {{(pid=116913) get_body /opt/stack/cinder/cinder/api/openstack/wsgi.py:713}}
Jul 13 14:47:11.578478 dv-cinder-788364-4-iscsi devstack@c-api.service[116913]: /usr/local/lib/python3.8/dist-packages/webob/acceptparse.py:1047: DeprecationWarning: The behavior of AcceptValidHeader.best_match is currently being maintained for backward compatibility, but it will be deprecated in the future, as it does not conform to the RFC.
Jul 13 14:47:11.578478 dv-cinder-788364-4-iscsi devstack@c-api.service[116913]: warnings.warn(
Jul 13 14:47:11.578875 dv-cinder-788364-4-iscsi devstack@c-api.service[116913]: DEBUG cinder.api.openstack.wsgi [None req-c4bcec48-5e95-46b2-8ecf-0413518d3647 tempest-VolumesTransfersTest-1455252864 tempest-VolumesTransfersTest-1455252864-project] Calling method 'index' {{(pid=116913) _process_stack /opt/stack/cinder/cinder/api/openstack/wsgi.py:866}}
Jul 13 14:47:11.579269 dv-cinder-788364-4-iscsi devstack@c-api.service[116913]: DEBUG cinder.api.contrib.volume_transfer [None req-c4bcec48-5e95-46b2-8ecf-0413518d3647 tempest-VolumesTransfersTest-1455252864 tempest-VolumesTransfersTest-1455252864-project] Listing volume transfers {{(pid=116913) _get_transfers /opt/stack/cinder/cinder/api/contrib/volume_transfer.py:63}}
Jul 13 14:47:11.592019 dv-cinder-788364-4-iscsi devstack@c-api.service[116913]: INFO cinder.api.openstack.wsgi [None req-c4bcec48-5e95-46b2-8ecf-0413518d3647 tempest-VolumesTransfersTest-1455252864 tempest-VolumesTransfersTest-1455252864-project] http://10.222.0.37/volume/v3/d54e775fcc464e6b927aa2d5ab2417e0/os-volume-transfer returned with HTTP 200
Jul 13 14:47:11.593219 dv-cinder-788364-4-iscsi devstack@c-api.service[116913]: [pid: 116913|app: 0|req: 148/280] 10.222.0.37 () {58 vars in 1247 bytes} [Tue Jul 13 14:47:11 2021] GET /volume/v3/d54e775fcc464e6b927aa2d5ab2417e0/os-volume-transfer => generated 434 bytes in 30 msecs (HTTP/1.1 200) 7 headers in 285 bytes (2 switches on core 0)
Jul 13 14:47:11.625513 dv-cinder-788364-4-iscsi devstack@c-api.service[116913]: INFO cinder.api.openstack.wsgi [None req-b24de53b-2440-46c8-999f-95691e88d970 tempest-GroupSnapshotsTest-1504687537 tempest-GroupSnapshotsTest-1504687537-project] GET http://10.222.0.37/volume/v3/c2f3036b883744c6995f2bd72c932590/snapshots/cfd152c6-24ca-4778-b11f-f008cbe7ecf2
Jul 13 14:47:11.625990 dv-cinder-788364-4-iscsi devstack@c-api.service[116913]: DEBUG cinder.api.openstack.wsgi [None req-b24de53b-2440-46c8-999f-95691e88d970 tempest-GroupSnapshotsTest-1504687537 tempest-GroupSnapshotsTest-1504687537-project] Empty body provided in request {{(pid=116913) get_body /opt/stack/cinder/cinder/api/openstack/wsgi.py:713}}
Jul 13 14:47:11.626419 dv-cinder-788364-4-iscsi devstack@c-api.service[116913]: DEBUG cinder.api.openstack.wsgi [None req-b24de53b-2440-46c8-999f-95691e88d970 tempest-GroupSnapshotsTest-1504687537 tempest-GroupSnapshotsTest-1504687537-project] Calling method 'show' {{(pid=116913) _process_stack /opt/stack/cinder/cinder/api/openstack/wsgi.py:866}}
Jul 13 14:47:11.635593 dv-cinder-788364-4-iscsi devstack@c-api.service[116913]: INFO cinder.api.openstack.wsgi [None req-b24de53b-2440-46c8-999f-95691e88d970 tempest-GroupSnapshotsTest-1504687537 tempest-GroupSnapshotsTest-1504687537-project] http://10.222.0.37/volume/v3/c2f3036b883744c6995f2bd72c932590/snapshots/cfd152c6-24ca-4778-b11f-f008cbe7ecf2 returned with HTTP 404
Jul 13 14:47:11.640629 dv-cinder-788364-4-iscsi devstack@c-api.service[116913]: [pid: 116913|app: 0|req: 149/281] 10.222.0.37 () {58 vars in 1331 bytes} [Tue Jul 13 14:47:11 2021] GET /volume/v3/c2f3036b883744c6995f2bd72c932590/snapshots/cfd152c6-24ca-4778-b11f-f008cbe7ecf2 => generated 111 bytes in 21 msecs (HTTP/1.1 404) 7 headers in 292 bytes (1 switches on core 0)
Jul 13 14:47:11.645770 dv-cinder-788364-4-iscsi devstack@c-api.service[116913]: INFO cinder.api.openstack.wsgi [None req-dba790bd-271e-4e82-9cd3-9c0b5661f40a tempest-GroupSnapshotsTest-1504687537 tempest-GroupSnapshotsTest-1504687537-project] GET http://10.222.0.37/volume/v3/c2f3036b883744c6995f2bd72c932590/group_snapshots/a898607b-7ea9-4f5e-9351-fbe95c3e84a0
Jul 13 14:47:11.646294 dv-cinder-788364-4-iscsi devstack@c-api.service[116913]: DEBUG cinder.api.openstack.wsgi [None req-dba790bd-271e-4e82-9cd3-9c0b5661f40a tempest-GroupSnapshotsTest-1504687537 tempest-GroupSnapshotsTest-1504687537-project] Empty body provided in request {{(pid=116913) get_body /opt/stack/cinder/cinder/api/openstack/wsgi.py:713}}
Jul 13 14:47:11.646723 dv-cinder-788364-4-iscsi devstack@c-api.service[116913]: DEBUG cinder.api.openstack.wsgi [None req-dba790bd-271e-4e82-9cd3-9c0b5661f40a tempest-GroupSnapshotsTest-1504687537 tempest-GroupSnapshotsTest-1504687537-project] Calling method 'version_select' {{(pid=116913) _process_stack /opt/stack/cinder/cinder/api/openstack/wsgi.py:866}}
Jul 13 14:47:11.647082 dv-cinder-788364-4-iscsi devstack@c-api.service[116913]: DEBUG cinder.api.v3.group_snapshots [None req-dba790bd-271e-4e82-9cd3-9c0b5661f40a tempest-GroupSnapshotsTest-1504687537 tempest-GroupSnapshotsTest-1504687537-project] show called for member a898607b-7ea9-4f5e-9351-fbe95c3e84a0 {{(pid=116913) show /opt/stack/cinder/cinder/api/v3/group_snapshots.py:58}}
Jul 13 14:47:11.652258 dv-cinder-788364-4-iscsi devstack@c-api.service[116913]: INFO cinder.api.openstack.wsgi [None req-dba790bd-271e-4e82-9cd3-9c0b5661f40a tempest-GroupSnapshotsTest-1504687537 tempest-GroupSnapshotsTest-1504687537-project] http://10.222.0.37/volume/v3/c2f3036b883744c6995f2bd72c932590/group_snapshots/a898607b-7ea9-4f5e-9351-fbe95c3e84a0 returned with HTTP 404
