Jul 13 14:47:18.470680 dv-cinder-788364-4-iscsi devstack@c-api.service[116913]: DEBUG cinder.api.openstack.wsgi [None req-4a7eb5fe-2ed1-4a7d-a652-9727afbb3bad tempest-VolumesActionsTest-97754105 tempest-VolumesActionsTest-97754105-project] Empty body provided in request {{(pid=116913) get_body /opt/stack/cinder/cinder/api/openstack/wsgi.py:713}}
Jul 13 14:47:18.470872 dv-cinder-788364-4-iscsi devstack@c-api.service[116913]: /usr/local/lib/python3.8/dist-packages/webob/acceptparse.py:1047: DeprecationWarning: The behavior of AcceptValidHeader.best_match is currently being maintained for backward compatibility, but it will be deprecated in the future, as it does not conform to the RFC.
Jul 13 14:47:18.470872 dv-cinder-788364-4-iscsi devstack@c-api.service[116913]: warnings.warn(
Jul 13 14:47:18.471185 dv-cinder-788364-4-iscsi devstack@c-api.service[116913]: DEBUG cinder.api.openstack.wsgi [None req-4a7eb5fe-2ed1-4a7d-a652-9727afbb3bad tempest-VolumesActionsTest-97754105 tempest-VolumesActionsTest-97754105-project] Calling method 'delete' {{(pid=116913) _process_stack /opt/stack/cinder/cinder/api/openstack/wsgi.py:866}}
Jul 13 14:47:18.471600 dv-cinder-788364-4-iscsi devstack@c-api.service[116913]: INFO cinder.api.v3.volumes [None req-4a7eb5fe-2ed1-4a7d-a652-9727afbb3bad tempest-VolumesActionsTest-97754105 tempest-VolumesActionsTest-97754105-project] Delete volume with id: a348fb52-b35b-436f-842c-9f48c5aab12f
Jul 13 14:47:18.490309 dv-cinder-788364-4-iscsi devstack@c-api.service[116912]: INFO cinder.api.openstack.wsgi [None req-7a236f8a-ca13-4d1d-ae6c-beae323ad5c7 tempest-VolumesServicesTestJSON-884364664 tempest-VolumesServicesTestJSON-884364664-project] GET http://10.222.0.37/volume/v3/dbfe089410364ceea8c6627789b930d0/volumes/43a9b2bd-ead7-48f8-be1e-f35c9f6aadd2
Jul 13 14:47:18.490799 dv-cinder-788364-4-iscsi devstack@c-api.service[116912]: DEBUG cinder.api.openstack.wsgi [None req-7a236f8a-ca13-4d1d-ae6c-beae323ad5c7 tempest-VolumesServicesTestJSON-884364664 tempest-VolumesServicesTestJSON-884364664-project] Empty body provided in request {{(pid=116912) get_body /opt/stack/cinder/cinder/api/openstack/wsgi.py:713}}
Jul 13 14:47:18.491103 dv-cinder-788364-4-iscsi devstack@c-api.service[116913]: /usr/local/lib/python3.8/dist-packages/oslo_context/context.py:105: DeprecationWarning: Policy enforcement is depending on the value of is_admin. This key is deprecated. Please update your policy file to use the standard policy values.
Jul 13 14:47:18.491103 dv-cinder-788364-4-iscsi devstack@c-api.service[116913]: warnings.warn('Policy enforcement is depending on the value of '
Jul 13 14:47:18.492457 dv-cinder-788364-4-iscsi devstack@c-api.service[116913]: INFO cinder.volume.api [None req-4a7eb5fe-2ed1-4a7d-a652-9727afbb3bad tempest-VolumesActionsTest-97754105 tempest-VolumesActionsTest-97754105-project] Volume info retrieved successfully.
Jul 13 14:47:18.492664 dv-cinder-788364-4-iscsi devstack@c-api.service[116912]: /usr/local/lib/python3.8/dist-packages/webob/acceptparse.py:1047: DeprecationWarning: The behavior of AcceptValidHeader.best_match is currently being maintained for backward compatibility, but it will be deprecated in the future, as it does not conform to the RFC.
Jul 13 14:47:18.492664 dv-cinder-788364-4-iscsi devstack@c-api.service[116912]: warnings.warn(
Jul 13 14:47:18.492969 dv-cinder-788364-4-iscsi devstack@c-api.service[116912]: DEBUG cinder.api.openstack.wsgi [None req-7a236f8a-ca13-4d1d-ae6c-beae323ad5c7 tempest-VolumesServicesTestJSON-884364664 tempest-VolumesServicesTestJSON-884364664-project] Calling method 'show' {{(pid=116912) _process_stack /opt/stack/cinder/cinder/api/openstack/wsgi.py:866}}
Jul 13 14:47:18.517397 dv-cinder-788364-4-iscsi devstack@c-api.service[116912]: /usr/local/lib/python3.8/dist-packages/oslo_context/context.py:105: DeprecationWarning: Policy enforcement is depending on the value of is_admin. This key is deprecated. Please update your policy file to use the standard policy values.
Jul 13 14:47:18.517397 dv-cinder-788364-4-iscsi devstack@c-api.service[116912]: warnings.warn('Policy enforcement is depending on the value of '
Jul 13 14:47:18.528807 dv-cinder-788364-4-iscsi devstack@c-api.service[116912]: INFO cinder.volume.api [None req-7a236f8a-ca13-4d1d-ae6c-beae323ad5c7 tempest-VolumesServicesTestJSON-884364664 tempest-VolumesServicesTestJSON-884364664-project] Volume info retrieved successfully.
Jul 13 14:47:18.544997 dv-cinder-788364-4-iscsi devstack@c-api.service[116912]: INFO cinder.api.openstack.wsgi [None req-7a236f8a-ca13-4d1d-ae6c-beae323ad5c7 tempest-VolumesServicesTestJSON-884364664 tempest-VolumesServicesTestJSON-884364664-project] http://10.222.0.37/volume/v3/dbfe089410364ceea8c6627789b930d0/volumes/43a9b2bd-ead7-48f8-be1e-f35c9f6aadd2 returned with HTTP 200
Jul 13 14:47:18.546461 dv-cinder-788364-4-iscsi devstack@c-api.service[116912]: [pid: 116912|app: 0|req: 174/367] 10.222.0.37 () {58 vars in 1325 bytes} [Tue Jul 13 14:47:18 2021] GET /volume/v3/dbfe089410364ceea8c6627789b930d0/volumes/43a9b2bd-ead7-48f8-be1e-f35c9f6aadd2 => generated 915 bytes in 65 msecs (HTTP/1.1 200) 7 headers in 285 bytes (1 switches on core 0)
Jul 13 14:47:18.567653 dv-cinder-788364-4-iscsi devstack@c-api.service[116913]: INFO cinder.volume.api [None req-4a7eb5fe-2ed1-4a7d-a652-9727afbb3bad tempest-VolumesActionsTest-97754105 tempest-VolumesActionsTest-97754105-project] Delete volume request issued successfully.
Jul 13 14:47:18.569584 dv-cinder-788364-4-iscsi devstack@c-api.service[116913]: INFO cinder.api.openstack.wsgi [None req-4a7eb5fe-2ed1-4a7d-a652-9727afbb3bad tempest-VolumesActionsTest-97754105 tempest-VolumesActionsTest-97754105-project] http://10.222.0.37/volume/v3/b717b81f52684a07a4e290d7aeac6e88/volumes/a348fb52-b35b-436f-842c-9f48c5aab12f returned with HTTP 202
Jul 13 14:47:18.572331 dv-cinder-788364-4-iscsi devstack@c-api.service[116912]: INFO cinder.api.openstack.wsgi [None req-7f5a0ffb-a1dd-48f1-805b-62701a8fe332 tempest-VolumesServicesTestJSON-1677629837 tempest-VolumesServicesTestJSON-1677629837-project-admin] GET http://10.222.0.37/volume/v3/1c5a90fca8434995bb6d331db5c5376f/volumes/43a9b2bd-ead7-48f8-be1e-f35c9f6aadd2
Jul 13 14:47:18.578066 dv-cinder-788364-4-iscsi devstack@c-api.service[116913]: [pid: 116913|app: 0|req: 194/368] 10.222.0.37 () {58 vars in 1328 bytes} [Tue Jul 13 14:47:18 2021] DELETE /volume/v3/b717b81f52684a07a4e290d7aeac6e88/volumes/a348fb52-b35b-436f-842c-9f48c5aab12f => generated 0 bytes in 107 msecs (HTTP/1.1 202) 6 headers in 233 bytes (1 switches on core 0)
Jul 13 14:47:18.578343 dv-cinder-788364-4-iscsi devstack@c-api.service[116912]: DEBUG cinder.api.openstack.wsgi [None req-7f5a0ffb-a1dd-48f1-805b-62701a8fe332 tempest-VolumesServicesTestJSON-1677629837 tempest-VolumesServicesTestJSON-1677629837-project-admin] Empty body provided in request {{(pid=116912) get_body /opt/stack/cinder/cinder/api/openstack/wsgi.py:713}}
Jul 13 14:47:18.578343 dv-cinder-788364-4-iscsi devstack@c-api.service[116912]: /usr/local/lib/python3.8/dist-packages/webob/acceptparse.py:1047: DeprecationWarning: The behavior of AcceptValidHeader.best_match is currently being maintained for backward compatibility, but it will be deprecated in the future, as it does not conform to the RFC.
Jul 13 14:47:18.578343 dv-cinder-788364-4-iscsi devstack@c-api.service[116912]: warnings.warn(
Jul 13 14:47:18.578343 dv-cinder-788364-4-iscsi devstack@c-api.service[116912]: DEBUG cinder.api.openstack.wsgi [None req-7f5a0ffb-a1dd-48f1-805b-62701a8fe332 tempest-VolumesServicesTestJSON-1677629837 tempest-VolumesServicesTestJSON-1677629837-project-admin] Calling method 'show' {{(pid=116912) _process_stack /opt/stack/cinder/cinder/api/openstack/wsgi.py:866}}
Jul 13 14:47:18.582545 dv-cinder-788364-4-iscsi devstack@c-api.service[116913]: INFO cinder.api.openstack.wsgi [None req-4394c763-bf58-487c-8ba8-a40ccef194b7 tempest-VolumesActionsTest-97754105 tempest-VolumesActionsTest-97754105-project] GET http://10.222.0.37/volume/v3/b717b81f52684a07a4e290d7aeac6e88/volumes/a348fb52-b35b-436f-842c-9f48c5aab12f
Jul 13 14:47:18.583104 dv-cinder-788364-4-iscsi devstack@c-api.service[116913]: DEBUG cinder.api.openstack.wsgi [None req-4394c763-bf58-487c-8ba8-a40ccef194b7 tempest-VolumesActionsTest-97754105 tempest-VolumesActionsTest-97754105-project] Empty body provided in request {{(pid=116913) get_body /opt/stack/cinder/cinder/api/openstack/wsgi.py:713}}
Jul 13 14:47:18.583895 dv-cinder-788364-4-iscsi devstack@c-api.service[116913]: /usr/local/lib/python3.8/dist-packages/webob/acceptparse.py:1047: DeprecationWarning: The behavior of AcceptValidHeader.best_match is currently being maintained for backward compatibility, but it will be deprecated in the future, as it does not conform to the RFC.
Jul 13 14:47:18.583895 dv-cinder-788364-4-iscsi devstack@c-api.service[116913]: warnings.warn(
Jul 13 14:47:18.585127 dv-cinder-788364-4-iscsi devstack@c-api.service[116913]: DEBUG cinder.api.openstack.wsgi [None req-4394c763-bf58-487c-8ba8-a40ccef194b7 tempest-VolumesActionsTest-97754105 tempest-VolumesActionsTest-97754105-project] Calling method 'show' {{(pid=116913) _process_stack /opt/stack/cinder/cinder/api/openstack/wsgi.py:866}}
Jul 13 14:47:18.600523 dv-cinder-788364-4-iscsi devstack@c-api.service[116912]: /usr/local/lib/python3.8/dist-packages/oslo_context/context.py:105: DeprecationWarning: Policy enforcement is depending on the value of is_admin. This key is deprecated. Please update your policy file to use the standard policy values.
Jul 13 14:47:18.600523 dv-cinder-788364-4-iscsi devstack@c-api.service[116912]: warnings.warn('Policy enforcement is depending on the value of '
Jul 13 14:47:18.609640 dv-cinder-788364-4-iscsi devstack@c-api.service[116913]: /usr/local/lib/python3.8/dist-packages/oslo_context/context.py:105: DeprecationWarning: Policy enforcement is depending on the value of is_admin. This key is deprecated. Please update your policy file to use the standard policy values.
Jul 13 14:47:18.609640 dv-cinder-788364-4-iscsi devstack@c-api.service[116913]: warnings.warn('Policy enforcement is depending on the value of '
Jul 13 14:47:18.617572 dv-cinder-788364-4-iscsi devstack@c-api.service[116912]: INFO cinder.volume.api [None req-7f5a0ffb-a1dd-48f1-805b-62701a8fe332 tempest-VolumesServicesTestJSON-1677629837 tempest-VolumesServicesTestJSON-1677629837-project-admin] Volume info retrieved successfully.
Jul 13 14:47:18.620697 dv-cinder-788364-4-iscsi devstack@c-api.service[116913]: INFO cinder.volume.api [None req-4394c763-bf58-487c-8ba8-a40ccef194b7 tempest-VolumesActionsTest-97754105 tempest-VolumesActionsTest-97754105-project] Volume info retrieved successfully.
Jul 13 14:47:18.639558 dv-cinder-788364-4-iscsi devstack@c-api.service[116913]: INFO cinder.api.openstack.wsgi [None req-4394c763-bf58-487c-8ba8-a40ccef194b7 tempest-VolumesActionsTest-97754105 tempest-VolumesActionsTest-97754105-project] http://10.222.0.37/volume/v3/b717b81f52684a07a4e290d7aeac6e88/volumes/a348fb52-b35b-436f-842c-9f48c5aab12f returned with HTTP 200
Jul 13 14:47:18.641351 dv-cinder-788364-4-iscsi devstack@c-api.service[116913]: [pid: 116913|app: 0|req: 195/369] 10.222.0.37 () {58 vars in 1325 bytes} [Tue Jul 13 14:47:18 2021] GET /volume/v3/b717b81f52684a07a4e290d7aeac6e88/volumes/a348fb52-b35b-436f-842c-9f48c5aab12f => generated 909 bytes in 63 msecs (HTTP/1.1 200) 7 headers in 285 bytes (2 switches on core 0)
Jul 13 14:47:18.646919 dv-cinder-788364-4-iscsi devstack@c-api.service[116912]: INFO cinder.api.openstack.wsgi [None req-7f5a0ffb-a1dd-48f1-805b-62701a8fe332 tempest-VolumesServicesTestJSON-1677629837 tempest-VolumesServicesTestJSON-1677629837-project-admin] http://10.222.0.37/volume/v3/1c5a90fca8434995bb6d331db5c5376f/volumes/43a9b2bd-ead7-48f8-be1e-f35c9f6aadd2 returned with HTTP 200
Jul 13 14:47:18.648473 dv-cinder-788364-4-iscsi devstack@c-api.service[116912]: [pid: 116912|app: 0|req: 175/370] 10.222.0.37 () {58 vars in 1325 bytes} [Tue Jul 13 14:47:18 2021] GET /volume/v3/1c5a90fca8434995bb6d331db5c5376f/volumes/43a9b2bd-ead7-48f8-be1e-f35c9f6aadd2 => generated 1091 bytes in 84 msecs (HTTP/1.1 200) 7 headers in 286 bytes (1 switches on core 0)
Jul 13 14:47:18.697746 dv-cinder-788364-4-iscsi devstack@c-api.service[116913]: INFO cinder.api.openstack.wsgi [None req-c5093414-e3d9-48c0-b58d-b7f26f5ddde1 tempest-VolumesServicesTestJSON-1677629837 tempest-VolumesServicesTestJSON-1677629837-project-admin] GET http://10.222.0.37/volume/v3/1c5a90fca8434995bb6d331db5c5376f/os-services?host=hv-cinder-78836&binary=cinder-volume
Jul 13 14:47:18.698563 dv-cinder-788364-4-iscsi devstack@c-api.service[116913]: DEBUG cinder.api.openstack.wsgi [None req-c5093414-e3d9-48c0-b58d-b7f26f5ddde1 tempest-VolumesServicesTestJSON-1677629837 tempest-VolumesServicesTestJSON-1677629837-project-admin] Empty body provided in request {{(pid=116913) get_body /opt/stack/cinder/cinder/api/openstack/wsgi.py:713}}
Jul 13 14:47:18.698851 dv-cinder-788364-4-iscsi devstack@c-api.service[116913]: /usr/local/lib/python3.8/dist-packages/webob/acceptparse.py:1047: DeprecationWarning: The behavior of AcceptValidHeader.best_match is currently being maintained for backward compatibility, but it will be deprecated in the future, as it does not conform to the RFC.
Jul 13 14:47:18.698851 dv-cinder-788364-4-iscsi devstack@c-api.service[116913]: warnings.warn(
Jul 13 14:47:18.700835 dv-cinder-788364-4-iscsi devstack@c-api.service[116913]: DEBUG cinder.api.openstack.wsgi [None req-c5093414-e3d9-48c0-b58d-b7f26f5ddde1 tempest-VolumesServicesTestJSON-1677629837 tempest-VolumesServicesTestJSON-1677629837-project-admin] Calling method 'index' {{(pid=116913) _process_stack /opt/stack/cinder/cinder/api/openstack/wsgi.py:866}}
Jul 13 14:47:18.732083 dv-cinder-788364-4-iscsi devstack@c-api.service[116913]: INFO cinder.api.openstack.wsgi [None req-c5093414-e3d9-48c0-b58d-b7f26f5ddde1 tempest-VolumesServicesTestJSON-1677629837 tempest-VolumesServicesTestJSON-1677629837-project-admin] http://10.222.0.37/volume/v3/1c5a90fca8434995bb6d331db5c5376f/os-services?host=hv-cinder-78836&binary=cinder-volume returned with HTTP 200
Jul 13 14:47:18.734249 dv-cinder-788364-4-iscsi devstack@c-api.service[116913]: [pid: 116913|app: 0|req: 196/371] 10.222.0.37 () {58 vars in 1309 bytes} [Tue Jul 13 14:47:18 2021] GET /volume/v3/1c5a90fca8434995bb6d331db5c5376f/os-services?host=hv-cinder-78836&binary=cinder-volume => generated 276 bytes in 59 msecs (HTTP/1.1 200) 7 headers in 285 bytes (2 switches on core 0)
Jul 13 14:47:18.757573 dv-cinder-788364-4-iscsi devstack@c-api.service[116912]: INFO cinder.api.openstack.wsgi [None req-83f5520b-fa8c-460a-a0c7-9ceed0eaef83 tempest-VolumesServicesTestJSON-1677629837 tempest-VolumesServicesTestJSON-1677629837-project-admin] GET http://10.222.0.37/volume/v3/1c5a90fca8434995bb6d331db5c5376f/os-services
Jul 13 14:47:18.758536 dv-cinder-788364-4-iscsi devstack@c-api.service[116912]: DEBUG cinder.api.openstack.wsgi [None req-83f5520b-fa8c-460a-a0c7-9ceed0eaef83 tempest-VolumesServicesTestJSON-1677629837 tempest-VolumesServicesTestJSON-1677629837-project-admin] Empty body provided in request {{(pid=116912) get_body /opt/stack/cinder/cinder/api/openstack/wsgi.py:713}}
Jul 13 14:47:18.758864 dv-cinder-788364-4-iscsi devstack@c-api.service[116912]: /usr/local/lib/python3.8/dist-packages/webob/acceptparse.py:1047: DeprecationWarning: The behavior of AcceptValidHeader.best_match is currently being maintained for backward compatibility, but it will be deprecated in the future, as it does not conform to the RFC.
Jul 13 14:47:18.758864 dv-cinder-788364-4-iscsi devstack@c-api.service[116912]: warnings.warn(
Jul 13 14:47:18.759263 dv-cinder-788364-4-iscsi devstack@c-api.service[116912]: DEBUG cinder.api.openstack.wsgi [None req-83f5520b-fa8c-460a-a0c7-9ceed0eaef83 tempest-VolumesServicesTestJSON-1677629837 tempest-VolumesServicesTestJSON-1677629837-project-admin] Calling method 'index' {{(pid=116912) _process_stack /opt/stack/cinder/cinder/api/openstack/wsgi.py:866}}
Jul 13 14:47:18.774468 dv-cinder-788364-4-iscsi devstack@c-api.service[116913]: INFO cinder.api.openstack.wsgi [None req-6f0a3143-fb16-4729-924d-2894cdc4f368 tempest-VolumesTransfersTest-621398624 tempest-VolumesTransfersTest-621398624-project-admin] GET http://10.222.0.37/volume/v3/0e9094745ff74aad9987074bfb74afd9/volumes/7468e620-1efc-4ee9-8cf5-26777d87d1c0
Jul 13 14:47:18.775287 dv-cinder-788364-4-iscsi devstack@c-api.service[116913]: DEBUG cinder.api.openstack.wsgi [None req-6f0a3143-fb16-4729-924d-2894cdc4f368 tempest-VolumesTransfersTest-621398624 tempest-VolumesTransfersTest-621398624-project-admin] Empty body provided in request {{(pid=116913) get_body /opt/stack/cinder/cinder/api/openstack/wsgi.py:713}}
Jul 13 14:47:18.778491 dv-cinder-788364-4-iscsi devstack@c-api.service[116913]: DEBUG cinder.api.openstack.wsgi [None req-6f0a3143-fb16-4729-924d-2894cdc4f368 tempest-VolumesTransfersTest-621398624 tempest-VolumesTransfersTest-621398624-project-admin] Calling method 'show' {{(pid=116913) _process_stack /opt/stack/cinder/cinder/api/openstack/wsgi.py:866}}
Jul 13 14:47:18.797980 dv-cinder-788364-4-iscsi devstack@c-api.service[116912]: INFO cinder.api.openstack.wsgi [None req-83f5520b-fa8c-460a-a0c7-9ceed0eaef83 tempest-VolumesServicesTestJSON-1677629837 tempest-VolumesServicesTestJSON-1677629837-project-admin] http://10.222.0.37/volume/v3/1c5a90fca8434995bb6d331db5c5376f/os-services returned with HTTP 200
Jul 13 14:47:18.814084 dv-cinder-788364-4-iscsi devstack@c-api.service[116912]: [pid: 116912|app: 0|req: 176/372] 10.222.0.37 () {58 vars in 1226 bytes} [Tue Jul 13 14:47:18 2021] GET /volume/v3/1c5a90fca8434995bb6d331db5c5376f/os-services => generated 642 bytes in 66 msecs (HTTP/1.1 200) 7 headers in 285 bytes (1 switches on core 0)
Jul 13 14:47:18.816719 dv-cinder-788364-4-iscsi devstack@c-api.service[116913]: INFO cinder.api.openstack.wsgi [None req-6f0a3143-fb16-4729-924d-2894cdc4f368 tempest-VolumesTransfersTest-621398624 tempest-VolumesTransfersTest-621398624-project-admin] http://10.222.0.37/volume/v3/0e9094745ff74aad9987074bfb74afd9/volumes/7468e620-1efc-4ee9-8cf5-26777d87d1c0 returned with HTTP 404
Jul 13 14:47:18.824215 dv-cinder-788364-4-iscsi devstack@c-api.service[116912]: INFO cinder.api.openstack.wsgi [None req-1c39e5d4-b0d1-4fc1-8df9-a2a4d8ddcbc6 tempest-VolumesServicesTestJSON-884364664 tempest-VolumesServicesTestJSON-884364664-project] DELETE http://10.222.0.37/volume/v3/dbfe089410364ceea8c6627789b930d0/volumes/43a9b2bd-ead7-48f8-be1e-f35c9f6aadd2
Jul 13 14:47:18.826444 dv-cinder-788364-4-iscsi devstack@c-api.service[116913]: [pid: 116913|app: 0|req: 197/373] 10.222.0.37 () {58 vars in 1325 bytes} [Tue Jul 13 14:47:18 2021] GET /volume/v3/0e9094745ff74aad9987074bfb74afd9/volumes/7468e620-1efc-4ee9-8cf5-26777d87d1c0 => generated 109 bytes in 59 msecs (HTTP/1.1 404) 7 headers in 292 bytes (1 switches on core 0)
Jul 13 14:47:18.826825 dv-cinder-788364-4-iscsi devstack@c-api.service[116912]: DEBUG cinder.api.openstack.wsgi [None req-1c39e5d4-b0d1-4fc1-8df9-a2a4d8ddcbc6 tempest-VolumesServicesTestJSON-884364664 tempest-VolumesServicesTestJSON-884364664-project] Empty body provided in request {{(pid=116912) get_body /opt/stack/cinder/cinder/api/openstack/wsgi.py:713}}
Jul 13 14:47:18.827773 dv-cinder-788364-4-iscsi devstack@c-api.service[116912]: DEBUG cinder.api.openstack.wsgi [None req-1c39e5d4-b0d1-4fc1-8df9-a2a4d8ddcbc6 tempest-VolumesServicesTestJSON-884364664 tempest-VolumesServicesTestJSON-884364664-project] Calling method 'delete' {{(pid=116912) _process_stack /opt/stack/cinder/cinder/api/openstack/wsgi.py:866}}
Jul 13 14:47:18.828606 dv-cinder-788364-4-iscsi devstack@c-api.service[116912]: INFO cinder.api.v3.volumes [None req-1c39e5d4-b0d1-4fc1-8df9-a2a4d8ddcbc6 tempest-VolumesServicesTestJSON-884364664 tempest-VolumesServicesTestJSON-884364664-project] Delete volume with id: 43a9b2bd-ead7-48f8-be1e-f35c9f6aadd2
Jul 13 14:47:18.831892 dv-cinder-788364-4-iscsi devstack@c-api.service[116913]: INFO cinder.api.openstack.wsgi [None req-540b8c56-fc01-4889-92a2-8ed900c2df7e tempest-VolumesTransfersTest-1455252864 tempest-VolumesTransfersTest-1455252864-project] DELETE http://10.222.0.37/volume/v3/d54e775fcc464e6b927aa2d5ab2417e0/volumes/7468e620-1efc-4ee9-8cf5-26777d87d1c0
Jul 13 14:47:18.832319 dv-cinder-788364-4-iscsi devstack@c-api.service[116913]: DEBUG cinder.api.openstack.wsgi [None req-540b8c56-fc01-4889-92a2-8ed900c2df7e tempest-VolumesTransfersTest-1455252864 tempest-VolumesTransfersTest-1455252864-project] Empty body provided in request {{(pid=116913) get_body /opt/stack/cinder/cinder/api/openstack/wsgi.py:713}}
Jul 13 14:47:18.832746 dv-cinder-788364-4-iscsi devstack@c-api.service[116913]: DEBUG cinder.api.openstack.wsgi [None req-540b8c56-fc01-4889-92a2-8ed900c2df7e tempest-VolumesTransfersTest-1455252864 tempest-VolumesTransfersTest-1455252864-project] Calling method 'delete' {{(pid=116913) _process_stack /opt/stack/cinder/cinder/api/openstack/wsgi.py:866}}
Jul 13 14:47:18.835254 dv-cinder-788364-4-iscsi devstack@c-api.service[116913]: INFO cinder.api.v3.volumes [None req-540b8c56-fc01-4889-92a2-8ed900c2df7e tempest-VolumesTransfersTest-1455252864 tempest-VolumesTransfersTest-1455252864-project] Delete volume with id: 7468e620-1efc-4ee9-8cf5-26777d87d1c0
Jul 13 14:47:18.861039 dv-cinder-788364-4-iscsi devstack@c-api.service[116913]: INFO cinder.api.openstack.wsgi [None req-540b8c56-fc01-4889-92a2-8ed900c2df7e tempest-VolumesTransfersTest-1455252864 tempest-VolumesTransfersTest-1455252864-project] http://10.222.0.37/volume/v3/d54e775fcc464e6b927aa2d5ab2417e0/volumes/7468e620-1efc-4ee9-8cf5-26777d87d1c0 returned with HTTP 404
Jul 13 14:47:18.867068 dv-cinder-788364-4-iscsi devstack@c-api.service[116913]: [pid: 116913|app: 0|req: 198/374] 10.222.0.37 () {58 vars in 1328 bytes} [Tue Jul 13 14:47:18 2021] DELETE /volume/v3/d54e775fcc464e6b927aa2d5ab2417e0/volumes/7468e620-1efc-4ee9-8cf5-26777d87d1c0 => generated 109 bytes in 40 msecs (HTTP/1.1 404) 7 headers in 292 bytes (1 switches on core 0)
Jul 13 14:47:18.870278 dv-cinder-788364-4-iscsi devstack@c-api.service[116912]: /usr/local/lib/python3.8/dist-packages/oslo_context/context.py:105: DeprecationWarning: Policy enforcement is depending on the value of is_admin. This key is deprecated. Please update your policy file to use the standard policy values.
Jul 13 14:47:18.870278 dv-cinder-788364-4-iscsi devstack@c-api.service[116912]: warnings.warn('Policy enforcement is depending on the value of '
Jul 13 14:47:18.875780 dv-cinder-788364-4-iscsi devstack@c-api.service[116912]: INFO cinder.volume.api [None req-1c39e5d4-b0d1-4fc1-8df9-a2a4d8ddcbc6 tempest-VolumesServicesTestJSON-884364664 tempest-VolumesServicesTestJSON-884364664-project] Volume info retrieved successfully.
Jul 13 14:47:18.876551 dv-cinder-788364-4-iscsi devstack@c-api.service[116913]: INFO cinder.api.openstack.wsgi [None req-48f49bec-ffbe-4641-aa48-73d44d52642f tempest-VolumesTransfersTest-1455252864 tempest-VolumesTransfersTest-1455252864-project] DELETE http://10.222.0.37/volume/v3/d54e775fcc464e6b927aa2d5ab2417e0/volumes/3b92ed46-883c-4990-9f5e-2bf3015fb43f
Jul 13 14:47:18.877834 dv-cinder-788364-4-iscsi devstack@c-api.service[116913]: DEBUG cinder.api.openstack.wsgi [None req-48f49bec-ffbe-4641-aa48-73d44d52642f tempest-VolumesTransfersTest-1455252864 tempest-VolumesTransfersTest-1455252864-project] Empty body provided in request {{(pid=116913) get_body /opt/stack/cinder/cinder/api/openstack/wsgi.py:713}}
Jul 13 14:47:18.877834 dv-cinder-788364-4-iscsi devstack@c-api.service[116913]: DEBUG cinder.api.openstack.wsgi [None req-48f49bec-ffbe-4641-aa48-73d44d52642f tempest-VolumesTransfersTest-1455252864 tempest-VolumesTransfersTest-1455252864-project] Calling method 'delete' {{(pid=116913) _process_stack /opt/stack/cinder/cinder/api/openstack/wsgi.py:866}}
Jul 13 14:47:18.886380 dv-cinder-788364-4-iscsi devstack@c-api.service[116913]: INFO cinder.api.v3.volumes [None req-48f49bec-ffbe-4641-aa48-73d44d52642f tempest-VolumesTransfersTest-1455252864 tempest-VolumesTransfersTest-1455252864-project] Delete volume with id: 3b92ed46-883c-4990-9f5e-2bf3015fb43f
Jul 13 14:47:18.907676 dv-cinder-788364-4-iscsi devstack@c-api.service[116913]: INFO cinder.api.openstack.wsgi [None req-48f49bec-ffbe-4641-aa48-73d44d52642f tempest-VolumesTransfersTest-1455252864 tempest-VolumesTransfersTest-1455252864-project] http://10.222.0.37/volume/v3/d54e775fcc464e6b927aa2d5ab2417e0/volumes/3b92ed46-883c-4990-9f5e-2bf3015fb43f returned with HTTP 404
Jul 13 14:47:18.912856 dv-cinder-788364-4-iscsi devstack@c-api.service[116913]: [pid: 116913|app: 0|req: 199/375] 10.222.0.37 () {58 vars in 1328 bytes} [Tue Jul 13 14:47:18 2021] DELETE /volume/v3/d54e775fcc464e6b927aa2d5ab2417e0/volumes/3b92ed46-883c-4990-9f5e-2bf3015fb43f => generated 109 bytes in 45 msecs (HTTP/1.1 404) 7 headers in 292 bytes (1 switches on core 0)
Jul 13 14:47:18.952420 dv-cinder-788364-4-iscsi devstack@c-api.service[116912]: INFO cinder.volume.api [None req-1c39e5d4-b0d1-4fc1-8df9-a2a4d8ddcbc6 tempest-VolumesServicesTestJSON-884364664 tempest-VolumesServicesTestJSON-884364664-project] Delete volume request issued successfully.
Jul 13 14:47:18.953399 dv-cinder-788364-4-iscsi devstack@c-api.service[116912]: INFO cinder.api.openstack.wsgi [None req-1c39e5d4-b0d1-4fc1-8df9-a2a4d8ddcbc6 tempest-VolumesServicesTestJSON-884364664 tempest-VolumesServicesTestJSON-884364664-project] http://10.222.0.37/volume/v3/dbfe089410364ceea8c6627789b930d0/volumes/43a9b2bd-ead7-48f8-be1e-f35c9f6aadd2 returned with HTTP 202
Jul 13 14:47:18.963682 dv-cinder-788364-4-iscsi devstack@c-api.service[116912]: [pid: 116912|app: 0|req: 177/376] 10.222.0.37 () {58 vars in 1328 bytes} [Tue Jul 13 14:47:18 2021] DELETE /volume/v3/dbfe089410364ceea8c6627789b930d0/volumes/43a9b2bd-ead7-48f8-be1e-f35c9f6aadd2 => generated 0 bytes in 148 msecs (HTTP/1.1 202) 6 headers in 233 bytes (2 switches on core 0)
Jul 13 14:47:18.967521 dv-cinder-788364-4-iscsi devstack@c-api.service[116913]: INFO cinder.api.openstack.wsgi [None req-42c05115-751a-48f7-9d5c-97c51e4c9546 tempest-VolumesServicesTestJSON-884364664 tempest-VolumesServicesTestJSON-884364664-project] GET http://10.222.0.37/volume/v3/dbfe089410364ceea8c6627789b930d0/volumes/43a9b2bd-ead7-48f8-be1e-f35c9f6aadd2
Jul 13 14:47:18.968473 dv-cinder-788364-4-iscsi devstack@c-api.service[116913]: DEBUG cinder.api.openstack.wsgi [None req-42c05115-751a-48f7-9d5c-97c51e4c9546 tempest-VolumesServicesTestJSON-884364664 tempest-VolumesServicesTestJSON-884364664-project] Empty body provided in request {{(pid=116913) get_body /opt/stack/cinder/cinder/api/openstack/wsgi.py:713}}
Jul 13 14:47:18.969755 dv-cinder-788364-4-iscsi devstack@c-api.service[116913]: DEBUG cinder.api.openstack.wsgi [None req-42c05115-751a-48f7-9d5c-97c51e4c9546 tempest-VolumesServicesTestJSON-884364664 tempest-VolumesServicesTestJSON-884364664-project] Calling method 'show' {{(pid=116913) _process_stack /opt/stack/cinder/cinder/api/openstack/wsgi.py:866}}
Jul 13 14:47:18.991454 dv-cinder-788364-4-iscsi devstack@c-api.service[116913]: /usr/local/lib/python3.8/dist-packages/oslo_context/context.py:105: DeprecationWarning: Policy enforcement is depending on the value of is_admin. This key is deprecated. Please update your policy file to use the standard policy values.
Jul 13 14:47:18.991454 dv-cinder-788364-4-iscsi devstack@c-api.service[116913]: warnings.warn('Policy enforcement is depending on the value of '
Jul 13 14:47:19.007961 dv-cinder-788364-4-iscsi devstack@c-api.service[116913]: INFO cinder.volume.api [None req-42c05115-751a-48f7-9d5c-97c51e4c9546 tempest-VolumesServicesTestJSON-884364664 tempest-VolumesServicesTestJSON-884364664-project] Volume info retrieved successfully.
Jul 13 14:47:19.034122 dv-cinder-788364-4-iscsi devstack@c-api.service[116913]: INFO cinder.api.openstack.wsgi [None req-42c05115-751a-48f7-9d5c-97c51e4c9546 tempest-VolumesServicesTestJSON-884364664 tempest-VolumesServicesTestJSON-884364664-project] http://10.222.0.37/volume/v3/dbfe089410364ceea8c6627789b930d0/volumes/43a9b2bd-ead7-48f8-be1e-f35c9f6aadd2 returned with HTTP 200
Jul 13 14:47:19.035714 dv-cinder-788364-4-iscsi devstack@c-api.service[116913]: [pid: 116913|app: 0|req: 200/377] 10.222.0.37 () {58 vars in 1325 bytes} [Tue Jul 13 14:47:18 2021] GET /volume/v3/dbfe089410364ceea8c6627789b930d0/volumes/43a9b2bd-ead7-48f8-be1e-f35c9f6aadd2 => generated 914 bytes in 73 msecs (HTTP/1.1 200) 7 headers in 285 bytes (1 switches on core 0)
Jul 13 14:47:19.234499 dv-cinder-788364-4-iscsi devstack@c-api.service[116912]: INFO cinder.api.openstack.wsgi [None req-83d98bf9-59db-4ba7-ac23-1c4c93bb30b8 tempest-AttachVolumeNegativeTest-1203293217 tempest-AttachVolumeNegativeTest-1203293217-project] GET http://10.222.0.37/volume/v3/92100d59e4a64cf594a522b6ed75049a/volumes/640963e9-8215-4018-838a-c8519bd98bb3
Jul 13 14:47:19.243308 dv-cinder-788364-4-iscsi devstack@c-api.service[116912]: DEBUG cinder.api.openstack.wsgi [None req-83d98bf9-59db-4ba7-ac23-1c4c93bb30b8 tempest-AttachVolumeNegativeTest-1203293217 tempest-AttachVolumeNegativeTest-1203293217-project] Empty body provided in request {{(pid=116912) get_body /opt/stack/cinder/cinder/api/openstack/wsgi.py:713}}
Jul 13 14:47:19.243771 dv-cinder-788364-4-iscsi devstack@c-api.service[116912]: /usr/local/lib/python3.8/dist-packages/webob/acceptparse.py:1047: DeprecationWarning: The behavior of AcceptValidHeader.best_match is currently being maintained for backward compatibility, but it will be deprecated in the future, as it does not conform to the RFC.
Jul 13 14:47:19.243771 dv-cinder-788364-4-iscsi devstack@c-api.service[116912]: warnings.warn(
Jul 13 14:47:19.244397 dv-cinder-788364-4-iscsi devstack@c-api.service[116912]: DEBUG cinder.api.openstack.wsgi [None req-83d98bf9-59db-4ba7-ac23-1c4c93bb30b8 tempest-AttachVolumeNegativeTest-1203293217 tempest-AttachVolumeNegativeTest-1203293217-project] Calling method 'show' {{(pid=116912) _process_stack /opt/stack/cinder/cinder/api/openstack/wsgi.py:866}}
Jul 13 14:47:19.274691 dv-cinder-788364-4-iscsi devstack@c-api.service[116912]: /usr/local/lib/python3.8/dist-packages/oslo_context/context.py:105: DeprecationWarning: Policy enforcement is depending on the value of is_admin. This key is deprecated. Please update your policy file to use the standard policy values.
Jul 13 14:47:19.274691 dv-cinder-788364-4-iscsi devstack@c-api.service[116912]: warnings.warn('Policy enforcement is depending on the value of '
Jul 13 14:47:19.290830 dv-cinder-788364-4-iscsi devstack@c-api.service[116912]: INFO cinder.volume.api [None req-83d98bf9-59db-4ba7-ac23-1c4c93bb30b8 tempest-AttachVolumeNegativeTest-1203293217 tempest-AttachVolumeNegativeTest-1203293217-project] Volume info retrieved successfully.
Jul 13 14:47:19.316516 dv-cinder-788364-4-iscsi devstack@c-api.service[116912]: /usr/local/lib/python3.8/dist-packages/oslo_context/context.py:105: DeprecationWarning: Policy enforcement is depending on the value of is_admin. This key is deprecated. Please update your policy file to use the standard policy values.
Jul 13 14:47:19.316516 dv-cinder-788364-4-iscsi devstack@c-api.service[116912]: warnings.warn('Policy enforcement is depending on the value of '
Jul 13 14:47:19.322658 dv-cinder-788364-4-iscsi devstack@c-api.service[116913]: INFO cinder.api.openstack.wsgi [None req-e2460160-8df2-4af0-a50d-0c95fe60758b tempest-DeleteServersTestJSON-887594583 tempest-DeleteServersTestJSON-887594583-project] GET http://10.222.0.37/volume/v3/a44c7bcfb8994ed68a56daa1448ced71/volumes/38fd1c47-f1c6-407d-a0e9-5dbf5079e2c6
Jul 13 14:47:19.323137 dv-cinder-788364-4-iscsi devstack@c-api.service[116913]: DEBUG cinder.api.openstack.wsgi [None req-e2460160-8df2-4af0-a50d-0c95fe60758b tempest-DeleteServersTestJSON-887594583 tempest-DeleteServersTestJSON-887594583-project] Empty body provided in request {{(pid=116913) get_body /opt/stack/cinder/cinder/api/openstack/wsgi.py:713}}
Jul 13 14:47:19.323360 dv-cinder-788364-4-iscsi devstack@c-api.service[116913]: /usr/local/lib/python3.8/dist-packages/webob/acceptparse.py:1047: DeprecationWarning: The behavior of AcceptValidHeader.best_match is currently being maintained for backward compatibility, but it will be deprecated in the future, as it does not conform to the RFC.
Jul 13 14:47:19.323360 dv-cinder-788364-4-iscsi devstack@c-api.service[116913]: warnings.warn(
Jul 13 14:47:19.323685 dv-cinder-788364-4-iscsi devstack@c-api.service[116913]: DEBUG cinder.api.openstack.wsgi [None req-e2460160-8df2-4af0-a50d-0c95fe60758b tempest-DeleteServersTestJSON-887594583 tempest-DeleteServersTestJSON-887594583-project] Calling method 'show' {{(pid=116913) _process_stack /opt/stack/cinder/cinder/api/openstack/wsgi.py:866}}
Jul 13 14:47:19.332418 dv-cinder-788364-4-iscsi devstack@c-api.service[116912]: INFO cinder.api.openstack.wsgi [None req-83d98bf9-59db-4ba7-ac23-1c4c93bb30b8 tempest-AttachVolumeNegativeTest-1203293217 tempest-AttachVolumeNegativeTest-1203293217-project] http://10.222.0.37/volume/v3/92100d59e4a64cf594a522b6ed75049a/volumes/640963e9-8215-4018-838a-c8519bd98bb3 returned with HTTP 200
Jul 13 14:47:19.334106 dv-cinder-788364-4-iscsi devstack@c-api.service[116912]: [pid: 116912|app: 0|req: 178/378] 10.222.0.37 () {58 vars in 1325 bytes} [Tue Jul 13 14:47:19 2021] GET /volume/v3/92100d59e4a64cf594a522b6ed75049a/volumes/640963e9-8215-4018-838a-c8519bd98bb3 => generated 917 bytes in 111 msecs (HTTP/1.1 200) 7 headers in 285 bytes (1 switches on core 0)
Jul 13 14:47:19.357151 dv-cinder-788364-4-iscsi devstack@c-api.service[116913]: /usr/local/lib/python3.8/dist-packages/oslo_context/context.py:105: DeprecationWarning: Policy enforcement is depending on the value of is_admin. This key is deprecated. Please update your policy file to use the standard policy values.
Jul 13 14:47:19.357151 dv-cinder-788364-4-iscsi devstack@c-api.service[116913]: warnings.warn('Policy enforcement is depending on the value of '
Jul 13 14:47:19.367914 dv-cinder-788364-4-iscsi devstack@c-api.service[116913]: INFO cinder.volume.api [None req-e2460160-8df2-4af0-a50d-0c95fe60758b tempest-DeleteServersTestJSON-887594583 tempest-DeleteServersTestJSON-887594583-project] Volume info retrieved successfully.
Jul 13 14:47:19.411845 dv-cinder-788364-4-iscsi devstack@c-api.service[116913]: /usr/local/lib/python3.8/dist-packages/oslo_context/context.py:105: DeprecationWarning: Policy enforcement is depending on the value of is_admin. This key is deprecated. Please update your policy file to use the standard policy values.
Jul 13 14:47:19.411845 dv-cinder-788364-4-iscsi devstack@c-api.service[116913]: warnings.warn('Policy enforcement is depending on the value of '
Jul 13 14:47:19.420712 dv-cinder-788364-4-iscsi devstack@c-api.service[116913]: INFO cinder.api.openstack.wsgi [None req-e2460160-8df2-4af0-a50d-0c95fe60758b tempest-DeleteServersTestJSON-887594583 tempest-DeleteServersTestJSON-887594583-project] http://10.222.0.37/volume/v3/a44c7bcfb8994ed68a56daa1448ced71/volumes/38fd1c47-f1c6-407d-a0e9-5dbf5079e2c6 returned with HTTP 200
Jul 13 14:47:19.429507 dv-cinder-788364-4-iscsi devstack@c-api.service[116913]: [pid: 116913|app: 0|req: 201/379] 10.222.0.37 () {58 vars in 1325 bytes} [Tue Jul 13 14:47:19 2021] GET /volume/v3/a44c7bcfb8994ed68a56daa1448ced71/volumes/38fd1c47-f1c6-407d-a0e9-5dbf5079e2c6 => generated 912 bytes in 102 msecs (HTTP/1.1 200) 7 headers in 285 bytes (2 switches on core 0)
Jul 13 14:47:19.665909 dv-cinder-788364-4-iscsi devstack@c-api.service[116912]: INFO cinder.api.openstack.wsgi [None req-11d1efa2-2f6f-418e-8a37-39d191147301 tempest-VolumesActionsTest-97754105 tempest-VolumesActionsTest-97754105-project] GET http://10.222.0.37/volume/v3/b717b81f52684a07a4e290d7aeac6e88/volumes/a348fb52-b35b-436f-842c-9f48c5aab12f
Jul 13 14:47:19.666980 dv-cinder-788364-4-iscsi devstack@c-api.service[116912]: DEBUG cinder.api.openstack.wsgi [None req-11d1efa2-2f6f-418e-8a37-39d191147301 tempest-VolumesActionsTest-97754105 tempest-VolumesActionsTest-97754105-project] Empty body provided in request {{(pid=116912) get_body /opt/stack/cinder/cinder/api/openstack/wsgi.py:713}}
Jul 13 14:47:19.667307 dv-cinder-788364-4-iscsi devstack@c-api.service[116912]: /usr/local/lib/python3.8/dist-packages/webob/acceptparse.py:1047: DeprecationWarning: The behavior of AcceptValidHeader.best_match is currently being maintained for backward compatibility, but it will be deprecated in the future, as it does not conform to the RFC.
Jul 13 14:47:19.667307 dv-cinder-788364-4-iscsi devstack@c-api.service[116912]: warnings.warn(
Jul 13 14:47:19.667922 dv-cinder-788364-4-iscsi devstack@c-api.service[116912]: DEBUG cinder.api.openstack.wsgi [None req-11d1efa2-2f6f-418e-8a37-39d191147301 tempest-VolumesActionsTest-97754105 tempest-VolumesActionsTest-97754105-project] Calling method 'show' {{(pid=116912) _process_stack /opt/stack/cinder/cinder/api/openstack/wsgi.py:866}}
Jul 13 14:47:19.702894 dv-cinder-788364-4-iscsi devstack@c-api.service[116912]: INFO cinder.api.openstack.wsgi [None req-11d1efa2-2f6f-418e-8a37-39d191147301 tempest-VolumesActionsTest-97754105 tempest-VolumesActionsTest-97754105-project] http://10.222.0.37/volume/v3/b717b81f52684a07a4e290d7aeac6e88/volumes/a348fb52-b35b-436f-842c-9f48c5aab12f returned with HTTP 404
Jul 13 14:47:19.707247 dv-cinder-788364-4-iscsi devstack@c-api.service[116912]: [pid: 116912|app: 0|req: 179/380] 10.222.0.37 () {58 vars in 1325 bytes} [Tue Jul 13 14:47:19 2021] GET /volume/v3/b717b81f52684a07a4e290d7aeac6e88/volumes/a348fb52-b35b-436f-842c-9f48c5aab12f => generated 109 bytes in 45 msecs (HTTP/1.1 404) 7 headers in 292 bytes (1 switches on core 0)
Jul 13 14:47:19.714276 dv-cinder-788364-4-iscsi devstack@c-api.service[116913]: INFO cinder.api.openstack.wsgi [None req-a5a947f2-2793-452f-b6bc-23a488d39402 tempest-VolumesActionsTest-97754105 tempest-VolumesActionsTest-97754105-project] DELETE http://10.222.0.37/volume/v3/b717b81f52684a07a4e290d7aeac6e88/volumes/317ff6b7-62d4-4b01-b5e3-116747e0f292
Jul 13 14:47:19.715098 dv-cinder-788364-4-iscsi devstack@c-api.service[116913]: DEBUG cinder.api.openstack.wsgi [None req-a5a947f2-2793-452f-b6bc-23a488d39402 tempest-VolumesActionsTest-97754105 tempest-VolumesActionsTest-97754105-project] Empty body provided in request {{(pid=116913) get_body /opt/stack/cinder/cinder/api/openstack/wsgi.py:713}}
Jul 13 14:47:19.716004 dv-cinder-788364-4-iscsi devstack@c-api.service[116913]: /usr/local/lib/python3.8/dist-packages/webob/acceptparse.py:1047: DeprecationWarning: The behavior of AcceptValidHeader.best_match is currently being maintained for backward compatibility, but it will be deprecated in the future, as it does not conform to the RFC.
Jul 13 14:47:19.716004 dv-cinder-788364-4-iscsi devstack@c-api.service[116913]: warnings.warn(
Jul 13 14:47:19.716879 dv-cinder-788364-4-iscsi devstack@c-api.service[116913]: DEBUG cinder.api.openstack.wsgi [None req-a5a947f2-2793-452f-b6bc-23a488d39402 tempest-VolumesActionsTest-97754105 tempest-VolumesActionsTest-97754105-project] Calling method 'delete' {{(pid=116913) _process_stack /opt/stack/cinder/cinder/api/openstack/wsgi.py:866}}
Jul 13 14:47:19.717820 dv-cinder-788364-4-iscsi devstack@c-api.service[116913]: INFO cinder.api.v3.volumes [None req-a5a947f2-2793-452f-b6bc-23a488d39402 tempest-VolumesActionsTest-97754105 tempest-VolumesActionsTest-97754105-project] Delete volume with id: 317ff6b7-62d4-4b01-b5e3-116747e0f292
Jul 13 14:47:19.757521 dv-cinder-788364-4-iscsi devstack@c-api.service[116913]: INFO cinder.api.openstack.wsgi [None req-a5a947f2-2793-452f-b6bc-23a488d39402 tempest-VolumesActionsTest-97754105 tempest-VolumesActionsTest-97754105-project] http://10.222.0.37/volume/v3/b717b81f52684a07a4e290d7aeac6e88/volumes/317ff6b7-62d4-4b01-b5e3-116747e0f292 returned with HTTP 404
Jul 13 14:47:19.759293 dv-cinder-788364-4-iscsi devstack@c-api.service[116913]: [pid: 116913|app: 0|req: 202/381] 10.222.0.37 () {58 vars in 1328 bytes} [Tue Jul 13 14:47:19 2021] DELETE /volume/v3/b717b81f52684a07a4e290d7aeac6e88/volumes/317ff6b7-62d4-4b01-b5e3-116747e0f292 => generated 109 bytes in 52 msecs (HTTP/1.1 404) 7 headers in 292 bytes (1 switches on core 0)
Jul 13 14:47:19.771066 dv-cinder-788364-4-iscsi devstack@c-api.service[116912]: INFO cinder.api.openstack.wsgi [None req-2a8c6e15-ca8c-48e0-812e-268feffc96e9 tempest-VolumesActionsTest-97754105 tempest-VolumesActionsTest-97754105-project] DELETE http://10.222.0.37/volume/v3/b717b81f52684a07a4e290d7aeac6e88/volumes/0ecda40b-269b-4d0e-98ed-b89012786cdd
Jul 13 14:47:19.772247 dv-cinder-788364-4-iscsi devstack@c-api.service[116912]: DEBUG cinder.api.openstack.wsgi [None req-2a8c6e15-ca8c-48e0-812e-268feffc96e9 tempest-VolumesActionsTest-97754105 tempest-VolumesActionsTest-97754105-project] Empty body provided in request {{(pid=116912) get_body /opt/stack/cinder/cinder/api/openstack/wsgi.py:713}}
Jul 13 14:47:19.774608 dv-cinder-788364-4-iscsi devstack@c-api.service[116912]: DEBUG cinder.api.openstack.wsgi [None req-2a8c6e15-ca8c-48e0-812e-268feffc96e9 tempest-VolumesActionsTest-97754105 tempest-VolumesActionsTest-97754105-project] Calling method 'delete' {{(pid=116912) _process_stack /opt/stack/cinder/cinder/api/openstack/wsgi.py:866}}
Jul 13 14:47:19.775354 dv-cinder-788364-4-iscsi devstack@c-api.service[116912]: INFO cinder.api.v3.volumes [None req-2a8c6e15-ca8c-48e0-812e-268feffc96e9 tempest-VolumesActionsTest-97754105 tempest-VolumesActionsTest-97754105-project] Delete volume with id: 0ecda40b-269b-4d0e-98ed-b89012786cdd
Jul 13 14:47:19.799305 dv-cinder-788364-4-iscsi devstack@c-api.service[116912]: INFO cinder.api.openstack.wsgi [None req-2a8c6e15-ca8c-48e0-812e-268feffc96e9 tempest-VolumesActionsTest-97754105 tempest-VolumesActionsTest-97754105-project] http://10.222.0.37/volume/v3/b717b81f52684a07a4e290d7aeac6e88/volumes/0ecda40b-269b-4d0e-98ed-b89012786cdd returned with HTTP 404
Jul 13 14:47:19.805723 dv-cinder-788364-4-iscsi devstack@c-api.service[116912]: [pid: 116912|app: 0|req: 180/382] 10.222.0.37 () {58 vars in 1328 bytes} [Tue Jul 13 14:47:19 2021] DELETE /volume/v3/b717b81f52684a07a4e290d7aeac6e88/volumes/0ecda40b-269b-4d0e-98ed-b89012786cdd => generated 109 bytes in 39 msecs (HTTP/1.1 404) 7 headers in 292 bytes (1 switches on core 0)
Jul 13 14:47:19.813654 dv-cinder-788364-4-iscsi devstack@c-api.service[116913]: INFO cinder.api.openstack.wsgi [None req-74090d78-a2fb-4fd0-a5c7-da7ba146c560 tempest-VolumesActionsTest-97754105 tempest-VolumesActionsTest-97754105-project] DELETE http://10.222.0.37/volume/v3/b717b81f52684a07a4e290d7aeac6e88/volumes/a61bb7d2-d6b7-422b-be9d-f2b444130cf7
Jul 13 14:47:19.814720 dv-cinder-788364-4-iscsi devstack@c-api.service[116913]: DEBUG cinder.api.openstack.wsgi [None req-74090d78-a2fb-4fd0-a5c7-da7ba146c560 tempest-VolumesActionsTest-97754105 tempest-VolumesActionsTest-97754105-project] Empty body provided in request {{(pid=116913) get_body /opt/stack/cinder/cinder/api/openstack/wsgi.py:713}}
Jul 13 14:47:19.816853 dv-cinder-788364-4-iscsi devstack@c-api.service[116913]: DEBUG cinder.api.openstack.wsgi [None req-74090d78-a2fb-4fd0-a5c7-da7ba146c560 tempest-VolumesActionsTest-97754105 tempest-VolumesActionsTest-97754105-project] Calling method 'delete' {{(pid=116913) _process_stack /opt/stack/cinder/cinder/api/openstack/wsgi.py:866}}
Jul 13 14:47:19.818018 dv-cinder-788364-4-iscsi devstack@c-api.service[116913]: INFO cinder.api.v3.volumes [None req-74090d78-a2fb-4fd0-a5c7-da7ba146c560 tempest-VolumesActionsTest-97754105 tempest-VolumesActionsTest-97754105-project] Delete volume with id: a61bb7d2-d6b7-422b-be9d-f2b444130cf7
Jul 13 14:47:19.835804 dv-cinder-788364-4-iscsi devstack@c-api.service[116913]: INFO cinder.api.openstack.wsgi [None req-74090d78-a2fb-4fd0-a5c7-da7ba146c560 tempest-VolumesActionsTest-97754105 tempest-VolumesActionsTest-97754105-project] http://10.222.0.37/volume/v3/b717b81f52684a07a4e290d7aeac6e88/volumes/a61bb7d2-d6b7-422b-be9d-f2b444130cf7 returned with HTTP 404
Jul 13 14:47:19.844990 dv-cinder-788364-4-iscsi devstack@c-api.service[116913]: [pid: 116913|app: 0|req: 203/383] 10.222.0.37 () {58 vars in 1328 bytes} [Tue Jul 13 14:47:19 2021] DELETE /volume/v3/b717b81f52684a07a4e290d7aeac6e88/volumes/a61bb7d2-d6b7-422b-be9d-f2b444130cf7 => generated 109 bytes in 38 msecs (HTTP/1.1 404) 7 headers in 292 bytes (1 switches on core 0)
Jul 13 14:47:19.850466 dv-cinder-788364-4-iscsi devstack@c-api.service[116912]: INFO cinder.api.openstack.wsgi [None req-f2e17731-3de3-403e-ae21-27ef3dffebf1 tempest-VolumesActionsTest-97754105 tempest-VolumesActionsTest-97754105-project] DELETE http://10.222.0.37/volume/v3/b717b81f52684a07a4e290d7aeac6e88/volumes/ea1fe94f-affc-49b5-a0a5-10930e2d27bc
Jul 13 14:47:19.851538 dv-cinder-788364-4-iscsi devstack@c-api.service[116912]: DEBUG cinder.api.openstack.wsgi [None req-f2e17731-3de3-403e-ae21-27ef3dffebf1 tempest-VolumesActionsTest-97754105 tempest-VolumesActionsTest-97754105-project] Empty body provided in request {{(pid=116912) get_body /opt/stack/cinder/cinder/api/openstack/wsgi.py:713}}
Jul 13 14:47:19.852469 dv-cinder-788364-4-iscsi devstack@c-api.service[116912]: DEBUG cinder.api.openstack.wsgi [None req-f2e17731-3de3-403e-ae21-27ef3dffebf1 tempest-VolumesActionsTest-97754105 tempest-VolumesActionsTest-97754105-project] Calling method 'delete' {{(pid=116912) _process_stack /opt/stack/cinder/cinder/api/openstack/wsgi.py:866}}
Jul 13 14:47:19.853097 dv-cinder-788364-4-iscsi devstack@c-api.service[116912]: INFO cinder.api.v3.volumes [None req-f2e17731-3de3-403e-ae21-27ef3dffebf1 tempest-VolumesActionsTest-97754105 tempest-VolumesActionsTest-97754105-project] Delete volume with id: ea1fe94f-affc-49b5-a0a5-10930e2d27bc
Jul 13 14:47:19.872706 dv-cinder-788364-4-iscsi devstack@c-api.service[116912]: INFO cinder.api.openstack.wsgi [None req-f2e17731-3de3-403e-ae21-27ef3dffebf1 tempest-VolumesActionsTest-97754105 tempest-VolumesActionsTest-97754105-project] http://10.222.0.37/volume/v3/b717b81f52684a07a4e290d7aeac6e88/volumes/ea1fe94f-affc-49b5-a0a5-10930e2d27bc returned with HTTP 404
Jul 13 14:47:19.874314 dv-cinder-788364-4-iscsi devstack@c-api.service[116912]: [pid: 116912|app: 0|req: 181/384] 10.222.0.37 () {58 vars in 1328 bytes} [Tue Jul 13 14:47:19 2021] DELETE /volume/v3/b717b81f52684a07a4e290d7aeac6e88/volumes/ea1fe94f-affc-49b5-a0a5-10930e2d27bc => generated 109 bytes in 30 msecs (HTTP/1.1 404) 7 headers in 292 bytes (1 switches on core 0)
Jul 13 14:47:20.060639 dv-cinder-788364-4-iscsi devstack@c-api.service[116912]: INFO cinder.api.openstack.wsgi [None req-9326ff1b-3cb6-41e8-96a6-a7eb0d2f0b28 tempest-VolumesServicesTestJSON-884364664 tempest-VolumesServicesTestJSON-884364664-project] GET http://10.222.0.37/volume/v3/dbfe089410364ceea8c6627789b930d0/volumes/43a9b2bd-ead7-48f8-be1e-f35c9f6aadd2
Jul 13 14:47:20.061324 dv-cinder-788364-4-iscsi devstack@c-api.service[116912]: DEBUG cinder.api.openstack.wsgi [None req-9326ff1b-3cb6-41e8-96a6-a7eb0d2f0b28 tempest-VolumesServicesTestJSON-884364664 tempest-VolumesServicesTestJSON-884364664-project] Empty body provided in request {{(pid=116912) get_body /opt/stack/cinder/cinder/api/openstack/wsgi.py:713}}
Jul 13 14:47:20.061756 dv-cinder-788364-4-iscsi devstack@c-api.service[116912]: DEBUG cinder.api.openstack.wsgi [None req-9326ff1b-3cb6-41e8-96a6-a7eb0d2f0b28 tempest-VolumesServicesTestJSON-884364664 tempest-VolumesServicesTestJSON-884364664-project] Calling method 'show' {{(pid=116912) _process_stack /opt/stack/cinder/cinder/api/openstack/wsgi.py:866}}
Jul 13 14:47:20.075826 dv-cinder-788364-4-iscsi devstack@c-api.service[116912]: INFO cinder.api.openstack.wsgi [None req-9326ff1b-3cb6-41e8-96a6-a7eb0d2f0b28 tempest-VolumesServicesTestJSON-884364664 tempest-VolumesServicesTestJSON-884364664-project] http://10.222.0.37/volume/v3/dbfe089410364ceea8c6627789b930d0/volumes/43a9b2bd-ead7-48f8-be1e-f35c9f6aadd2 returned with HTTP 404
Jul 13 14:47:20.077350 dv-cinder-788364-4-iscsi devstack@c-api.service[116912]: [pid: 116912|app: 0|req: 182/385] 10.222.0.37 () {58 vars in 1325 bytes} [Tue Jul 13 14:47:20 2021] GET /volume/v3/dbfe089410364ceea8c6627789b930d0/volumes/43a9b2bd-ead7-48f8-be1e-f35c9f6aadd2 => generated 109 bytes in 22 msecs (HTTP/1.1 404) 7 headers in 292 bytes (2 switches on core 0)
Jul 13 14:47:20.258177 dv-cinder-788364-4-iscsi devstack@c-api.service[116913]: INFO cinder.api.openstack.wsgi [None req-c41a6c45-3592-47ca-a316-31bfcc42d829 tempest-GroupTypeSpecsTest-507072407 tempest-GroupTypeSpecsTest-507072407-project-admin] POST http://10.222.0.37/volume/v3/742bab62b6804b63a4b8b9971638ac51/group_types
Jul 13 14:47:20.261951 dv-cinder-788364-4-iscsi devstack@c-api.service[116913]: DEBUG cinder.api.openstack.wsgi [None req-c41a6c45-3592-47ca-a316-31bfcc42d829 tempest-GroupTypeSpecsTest-507072407 tempest-GroupTypeSpecsTest-507072407-project-admin] Action: 'create', calling method: version_select, body: {"group_type": {"name": "tempest-GroupTypeSpecsTest-group-type-1176020312"}} {{(pid=116913) _process_stack /opt/stack/cinder/cinder/api/openstack/wsgi.py:864}}
Jul 13 14:47:20.328601 dv-cinder-788364-4-iscsi devstack@c-api.service[116913]: INFO cinder.api.openstack.wsgi [None req-c41a6c45-3592-47ca-a316-31bfcc42d829 tempest-GroupTypeSpecsTest-507072407 tempest-GroupTypeSpecsTest-507072407-project-admin] http://10.222.0.37/volume/v3/742bab62b6804b63a4b8b9971638ac51/group_types returned with HTTP 202
Jul 13 14:47:20.333612 dv-cinder-788364-4-iscsi devstack@c-api.service[116913]: [pid: 116913|app: 0|req: 204/386] 10.222.0.37 () {62 vars in 1288 bytes} [Tue Jul 13 14:47:20 2021] POST /volume/v3/742bab62b6804b63a4b8b9971638ac51/group_types => generated 181 bytes in 306 msecs (HTTP/1.1 202) 7 headers in 292 bytes (1 switches on core 0)
