Jul 13 14:47:16.349069 dv-cinder-788364-4-iscsi devstack@c-api.service[116913]: [pid: 116913|app: 0|req: 182/336] 10.222.0.37 () {60 vars in 1235 bytes} [Tue Jul 13 14:47:15 2021] POST /volume/v3/b717b81f52684a07a4e290d7aeac6e88/volumes => generated 817 bytes in 367 msecs (HTTP/1.1 202) 7 headers in 291 bytes (1 switches on core 0)
Jul 13 14:47:16.495474 dv-cinder-788364-4-iscsi devstack@c-api.service[116912]: DEBUG cinder.coordination [req-6fb4bf39-4f93-49af-b0bc-a848355b3477 req-47bbf6c5-11a0-45a1-a843-d699db9bed8c tempest-AttachVolumeNegativeTest-1203293217 tempest-AttachVolumeNegativeTest-1203293217-project] Lock "b'cinder-attachment_update-640963e9-8215-4018-838a-c8519bd98bb3-hv-cinder-78836'" released by "attachment_update" :: held 0.377s {{(pid=116912) _synchronized /opt/stack/cinder/cinder/coordination.py:163}}
Jul 13 14:47:16.496269 dv-cinder-788364-4-iscsi devstack@c-api.service[116912]: INFO cinder.api.openstack.wsgi [req-6fb4bf39-4f93-49af-b0bc-a848355b3477 req-47bbf6c5-11a0-45a1-a843-d699db9bed8c tempest-AttachVolumeNegativeTest-1203293217 tempest-AttachVolumeNegativeTest-1203293217-project] http://10.222.0.37/volume/v3/92100d59e4a64cf594a522b6ed75049a/attachments/a60c6fdd-8bf0-40e2-b5e8-0d5f413d0d40 returned with HTTP 200
Jul 13 14:47:16.498085 dv-cinder-788364-4-iscsi devstack@c-api.service[116912]: [pid: 116912|app: 0|req: 155/337] 10.222.0.61 () {64 vars in 1478 bytes} [Tue Jul 13 14:47:16 2021] PUT /volume/v3/92100d59e4a64cf594a522b6ed75049a/attachments/a60c6fdd-8bf0-40e2-b5e8-0d5f413d0d40 => generated 747 bytes in 445 msecs (HTTP/1.1 200) 7 headers in 286 bytes (1 switches on core 0)
Jul 13 14:47:16.499145 dv-cinder-788364-4-iscsi devstack@c-api.service[116912]: INFO cinder.api.openstack.wsgi [req-6fb4bf39-4f93-49af-b0bc-a848355b3477 req-47bbf6c5-11a0-45a1-a843-d699db9bed8c tempest-AttachVolumeNegativeTest-1203293217 tempest-AttachVolumeNegativeTest-1203293217-project] GET http://10.222.0.37/volume//
Jul 13 14:47:16.499653 dv-cinder-788364-4-iscsi devstack@c-api.service[116912]: DEBUG cinder.api.openstack.wsgi [req-6fb4bf39-4f93-49af-b0bc-a848355b3477 req-47bbf6c5-11a0-45a1-a843-d699db9bed8c tempest-AttachVolumeNegativeTest-1203293217 tempest-AttachVolumeNegativeTest-1203293217-project] Empty body provided in request {{(pid=116912) get_body /opt/stack/cinder/cinder/api/openstack/wsgi.py:713}}
Jul 13 14:47:16.499850 dv-cinder-788364-4-iscsi devstack@c-api.service[116912]: /usr/local/lib/python3.8/dist-packages/webob/acceptparse.py:1047: DeprecationWarning: The behavior of AcceptValidHeader.best_match is currently being maintained for backward compatibility, but it will be deprecated in the future, as it does not conform to the RFC.
Jul 13 14:47:16.499850 dv-cinder-788364-4-iscsi devstack@c-api.service[116912]: warnings.warn(
Jul 13 14:47:16.500367 dv-cinder-788364-4-iscsi devstack@c-api.service[116912]: DEBUG cinder.api.openstack.wsgi [req-6fb4bf39-4f93-49af-b0bc-a848355b3477 req-47bbf6c5-11a0-45a1-a843-d699db9bed8c tempest-AttachVolumeNegativeTest-1203293217 tempest-AttachVolumeNegativeTest-1203293217-project] Calling method 'all' {{(pid=116912) _process_stack /opt/stack/cinder/cinder/api/openstack/wsgi.py:866}}
Jul 13 14:47:16.501311 dv-cinder-788364-4-iscsi devstack@c-api.service[116912]: INFO cinder.api.openstack.wsgi [req-6fb4bf39-4f93-49af-b0bc-a848355b3477 req-47bbf6c5-11a0-45a1-a843-d699db9bed8c tempest-AttachVolumeNegativeTest-1203293217 tempest-AttachVolumeNegativeTest-1203293217-project] http://10.222.0.37/volume// returned with HTTP 300
Jul 13 14:47:16.504564 dv-cinder-788364-4-iscsi devstack@c-api.service[116912]: [pid: 116912|app: 0|req: 156/338] 10.222.0.37 () {58 vars in 1300 bytes} [Tue Jul 13 14:47:16 2021] GET /volume/ => generated 754 bytes in 6 msecs (HTTP/1.1 300) 5 headers in 169 bytes (1 switches on core 0)
Jul 13 14:47:16.518811 dv-cinder-788364-4-iscsi devstack@c-api.service[116912]: INFO cinder.api.openstack.wsgi [None req-99099992-71b9-4f2f-8ff4-80d4e9eaff36 tempest-VolumesActionsTest-97754105 tempest-VolumesActionsTest-97754105-project] GET http://10.222.0.37/volume/v3/b717b81f52684a07a4e290d7aeac6e88/volumes/a348fb52-b35b-436f-842c-9f48c5aab12f
Jul 13 14:47:16.519582 dv-cinder-788364-4-iscsi devstack@c-api.service[116912]: DEBUG cinder.api.openstack.wsgi [None req-99099992-71b9-4f2f-8ff4-80d4e9eaff36 tempest-VolumesActionsTest-97754105 tempest-VolumesActionsTest-97754105-project] Empty body provided in request {{(pid=116912) get_body /opt/stack/cinder/cinder/api/openstack/wsgi.py:713}}
Jul 13 14:47:16.522528 dv-cinder-788364-4-iscsi devstack@c-api.service[116912]: DEBUG cinder.api.openstack.wsgi [None req-99099992-71b9-4f2f-8ff4-80d4e9eaff36 tempest-VolumesActionsTest-97754105 tempest-VolumesActionsTest-97754105-project] Calling method 'show' {{(pid=116912) _process_stack /opt/stack/cinder/cinder/api/openstack/wsgi.py:866}}
Jul 13 14:47:16.584944 dv-cinder-788364-4-iscsi devstack@c-api.service[116912]: /usr/local/lib/python3.8/dist-packages/oslo_context/context.py:105: DeprecationWarning: Policy enforcement is depending on the value of is_admin. This key is deprecated. Please update your policy file to use the standard policy values.
Jul 13 14:47:16.584944 dv-cinder-788364-4-iscsi devstack@c-api.service[116912]: warnings.warn('Policy enforcement is depending on the value of '
Jul 13 14:47:16.625131 dv-cinder-788364-4-iscsi devstack@c-api.service[116912]: INFO cinder.volume.api [None req-99099992-71b9-4f2f-8ff4-80d4e9eaff36 tempest-VolumesActionsTest-97754105 tempest-VolumesActionsTest-97754105-project] Volume info retrieved successfully.
Jul 13 14:47:16.696881 dv-cinder-788364-4-iscsi devstack@c-api.service[116912]: INFO cinder.api.openstack.wsgi [None req-99099992-71b9-4f2f-8ff4-80d4e9eaff36 tempest-VolumesActionsTest-97754105 tempest-VolumesActionsTest-97754105-project] http://10.222.0.37/volume/v3/b717b81f52684a07a4e290d7aeac6e88/volumes/a348fb52-b35b-436f-842c-9f48c5aab12f returned with HTTP 200
Jul 13 14:47:16.701467 dv-cinder-788364-4-iscsi devstack@c-api.service[116912]: [pid: 116912|app: 0|req: 157/339] 10.222.0.37 () {58 vars in 1325 bytes} [Tue Jul 13 14:47:16 2021] GET /volume/v3/b717b81f52684a07a4e290d7aeac6e88/volumes/a348fb52-b35b-436f-842c-9f48c5aab12f => generated 909 bytes in 196 msecs (HTTP/1.1 200) 7 headers in 285 bytes (1 switches on core 0)
Jul 13 14:47:16.739955 dv-cinder-788364-4-iscsi devstack@c-api.service[116912]: INFO cinder.api.openstack.wsgi [req-56dbe729-750f-4deb-b0d0-5350ae57bfa0 req-e320a260-647f-420b-bdc6-56532898ce46 tempest-DeleteServersTestJSON-887594583 tempest-DeleteServersTestJSON-887594583-project] POST http://10.222.0.37/volume/v3/a44c7bcfb8994ed68a56daa1448ced71/attachments
Jul 13 14:47:16.741162 dv-cinder-788364-4-iscsi devstack@c-api.service[116912]: /usr/local/lib/python3.8/dist-packages/webob/acceptparse.py:1047: DeprecationWarning: The behavior of AcceptValidHeader.best_match is currently being maintained for backward compatibility, but it will be deprecated in the future, as it does not conform to the RFC.
Jul 13 14:47:16.741162 dv-cinder-788364-4-iscsi devstack@c-api.service[116912]: warnings.warn(
Jul 13 14:47:16.742095 dv-cinder-788364-4-iscsi devstack@c-api.service[116912]: DEBUG cinder.api.openstack.wsgi [req-56dbe729-750f-4deb-b0d0-5350ae57bfa0 req-e320a260-647f-420b-bdc6-56532898ce46 tempest-DeleteServersTestJSON-887594583 tempest-DeleteServersTestJSON-887594583-project] Action: 'create', calling method: version_select, body: {"attachment": {"volume_uuid": "38fd1c47-f1c6-407d-a0e9-5dbf5079e2c6", "instance_uuid": "4c2146d6-08cc-44b5-a0b4-e6eb755bc26b", "connector": null}} {{(pid=116912) _process_stack /opt/stack/cinder/cinder/api/openstack/wsgi.py:864}}
Jul 13 14:47:16.796751 dv-cinder-788364-4-iscsi devstack@c-api.service[116912]: /usr/local/lib/python3.8/dist-packages/oslo_context/context.py:105: DeprecationWarning: Policy enforcement is depending on the value of is_admin. This key is deprecated. Please update your policy file to use the standard policy values.
Jul 13 14:47:16.796751 dv-cinder-788364-4-iscsi devstack@c-api.service[116912]: warnings.warn('Policy enforcement is depending on the value of '
Jul 13 14:47:16.803036 dv-cinder-788364-4-iscsi devstack@c-api.service[116913]: INFO cinder.api.openstack.wsgi [None req-12ad224b-fb37-4691-af87-dabf3756e181 tempest-VolumesServicesTestJSON-884364664 tempest-VolumesServicesTestJSON-884364664-project] POST http://10.222.0.37/volume/v3/dbfe089410364ceea8c6627789b930d0/volumes
Jul 13 14:47:16.804195 dv-cinder-788364-4-iscsi devstack@c-api.service[116913]: /usr/local/lib/python3.8/dist-packages/webob/acceptparse.py:1047: DeprecationWarning: The behavior of AcceptValidHeader.best_match is currently being maintained for backward compatibility, but it will be deprecated in the future, as it does not conform to the RFC.
Jul 13 14:47:16.804195 dv-cinder-788364-4-iscsi devstack@c-api.service[116913]: warnings.warn(
Jul 13 14:47:16.805315 dv-cinder-788364-4-iscsi devstack@c-api.service[116913]: DEBUG cinder.api.openstack.wsgi [None req-12ad224b-fb37-4691-af87-dabf3756e181 tempest-VolumesServicesTestJSON-884364664 tempest-VolumesServicesTestJSON-884364664-project] Action: 'create', calling method: create, body: {"volume": {"size": 1, "name": "tempest-VolumesServicesTestJSON-Volume-701546429"}} {{(pid=116913) _process_stack /opt/stack/cinder/cinder/api/openstack/wsgi.py:864}}
Jul 13 14:47:16.811205 dv-cinder-788364-4-iscsi devstack@c-api.service[116913]: DEBUG cinder.api.v3.volumes [None req-12ad224b-fb37-4691-af87-dabf3756e181 tempest-VolumesServicesTestJSON-884364664 tempest-VolumesServicesTestJSON-884364664-project] Create volume request body: {'volume': {'size': 1, 'name': 'tempest-VolumesServicesTestJSON-Volume-701546429'}} {{(pid=116913) create /opt/stack/cinder/cinder/api/v3/volumes.py:289}}
Jul 13 14:47:16.812837 dv-cinder-788364-4-iscsi devstack@c-api.service[116913]: INFO cinder.api.v3.volumes [None req-12ad224b-fb37-4691-af87-dabf3756e181 tempest-VolumesServicesTestJSON-884364664 tempest-VolumesServicesTestJSON-884364664-project] Create volume of 1 GB
Jul 13 14:47:16.815146 dv-cinder-788364-4-iscsi devstack@c-api.service[116913]: /usr/local/lib/python3.8/dist-packages/oslo_context/context.py:105: DeprecationWarning: Policy enforcement is depending on the value of is_admin. This key is deprecated. Please update your policy file to use the standard policy values.
Jul 13 14:47:16.815146 dv-cinder-788364-4-iscsi devstack@c-api.service[116913]: warnings.warn('Policy enforcement is depending on the value of '
Jul 13 14:47:16.842449 dv-cinder-788364-4-iscsi devstack@c-api.service[116913]: INFO cinder.volume.api [None req-12ad224b-fb37-4691-af87-dabf3756e181 tempest-VolumesServicesTestJSON-884364664 tempest-VolumesServicesTestJSON-884364664-project] Availability Zones retrieved successfully.
Jul 13 14:47:16.865700 dv-cinder-788364-4-iscsi devstack@c-api.service[116912]: INFO cinder.api.openstack.wsgi [req-56dbe729-750f-4deb-b0d0-5350ae57bfa0 req-e320a260-647f-420b-bdc6-56532898ce46 tempest-DeleteServersTestJSON-887594583 tempest-DeleteServersTestJSON-887594583-project] http://10.222.0.37/volume/v3/a44c7bcfb8994ed68a56daa1448ced71/attachments returned with HTTP 200
Jul 13 14:47:16.868601 dv-cinder-788364-4-iscsi devstack@c-api.service[116912]: [pid: 116912|app: 0|req: 158/340] 10.222.0.37 () {66 vars in 1575 bytes} [Tue Jul 13 14:47:16 2021] POST /volume/v3/a44c7bcfb8994ed68a56daa1448ced71/attachments => generated 273 bytes in 167 msecs (HTTP/1.1 200) 7 headers in 286 bytes (1 switches on core 0)
Jul 13 14:47:16.879123 dv-cinder-788364-4-iscsi devstack@c-api.service[116912]: INFO cinder.api.openstack.wsgi [None req-918de62a-22ab-4931-a594-80460a4ee641 tempest-VolumesTransfersTest-1455252864 tempest-VolumesTransfersTest-1455252864-project] GET http://10.222.0.37/volume/v3/d54e775fcc464e6b927aa2d5ab2417e0/volumes/7468e620-1efc-4ee9-8cf5-26777d87d1c0
Jul 13 14:47:16.881323 dv-cinder-788364-4-iscsi devstack@c-api.service[116912]: DEBUG cinder.api.openstack.wsgi [None req-918de62a-22ab-4931-a594-80460a4ee641 tempest-VolumesTransfersTest-1455252864 tempest-VolumesTransfersTest-1455252864-project] Empty body provided in request {{(pid=116912) get_body /opt/stack/cinder/cinder/api/openstack/wsgi.py:713}}
Jul 13 14:47:16.881839 dv-cinder-788364-4-iscsi devstack@c-api.service[116912]: /usr/local/lib/python3.8/dist-packages/webob/acceptparse.py:1047: DeprecationWarning: The behavior of AcceptValidHeader.best_match is currently being maintained for backward compatibility, but it will be deprecated in the future, as it does not conform to the RFC.
Jul 13 14:47:16.881839 dv-cinder-788364-4-iscsi devstack@c-api.service[116912]: warnings.warn(
Jul 13 14:47:16.882518 dv-cinder-788364-4-iscsi devstack@c-api.service[116912]: DEBUG cinder.api.openstack.wsgi [None req-918de62a-22ab-4931-a594-80460a4ee641 tempest-VolumesTransfersTest-1455252864 tempest-VolumesTransfersTest-1455252864-project] Calling method 'show' {{(pid=116912) _process_stack /opt/stack/cinder/cinder/api/openstack/wsgi.py:866}}
Jul 13 14:47:16.905693 dv-cinder-788364-4-iscsi devstack@c-api.service[116913]: DEBUG cinder.volume.api [None req-12ad224b-fb37-4691-af87-dabf3756e181 tempest-VolumesServicesTestJSON-884364664 tempest-VolumesServicesTestJSON-884364664-project] Flow 'volume_create_api' (056272ba-fe6f-465a-8ff0-bc9f4f137b7c) transitioned into state 'RUNNING' from state 'PENDING' {{(pid=116913) _flow_receiver /usr/local/lib/python3.8/dist-packages/taskflow/listeners/logging.py:141}}
Jul 13 14:47:16.910693 dv-cinder-788364-4-iscsi devstack@c-api.service[116913]: DEBUG cinder.volume.api [None req-12ad224b-fb37-4691-af87-dabf3756e181 tempest-VolumesServicesTestJSON-884364664 tempest-VolumesServicesTestJSON-884364664-project] Task 'cinder.volume.flows.api.create_volume.ExtractVolumeRequestTask;volume:create' (62ab44f1-a0d7-4576-951f-1c75d320b4bd) transitioned into state 'RUNNING' from state 'PENDING' {{(pid=116913) _task_receiver /usr/local/lib/python3.8/dist-packages/taskflow/listeners/logging.py:190}}
Jul 13 14:47:16.919461 dv-cinder-788364-4-iscsi devstack@c-api.service[116912]: /usr/local/lib/python3.8/dist-packages/oslo_context/context.py:105: DeprecationWarning: Policy enforcement is depending on the value of is_admin. This key is deprecated. Please update your policy file to use the standard policy values.
Jul 13 14:47:16.919461 dv-cinder-788364-4-iscsi devstack@c-api.service[116912]: warnings.warn('Policy enforcement is depending on the value of '
Jul 13 14:47:16.923332 dv-cinder-788364-4-iscsi devstack@c-api.service[116913]: DEBUG cinder.volume.flows.api.create_volume [None req-12ad224b-fb37-4691-af87-dabf3756e181 tempest-VolumesServicesTestJSON-884364664 tempest-VolumesServicesTestJSON-884364664-project] Validating volume size '1' using validate_int {{(pid=116913) _extract_size /opt/stack/cinder/cinder/volume/flows/api/create_volume.py:225}}
Jul 13 14:47:16.939665 dv-cinder-788364-4-iscsi devstack@c-api.service[116912]: INFO cinder.volume.api [None req-918de62a-22ab-4931-a594-80460a4ee641 tempest-VolumesTransfersTest-1455252864 tempest-VolumesTransfersTest-1455252864-project] Volume info retrieved successfully.
Jul 13 14:47:16.985725 dv-cinder-788364-4-iscsi devstack@c-api.service[116912]: INFO cinder.api.openstack.wsgi [None req-918de62a-22ab-4931-a594-80460a4ee641 tempest-VolumesTransfersTest-1455252864 tempest-VolumesTransfersTest-1455252864-project] http://10.222.0.37/volume/v3/d54e775fcc464e6b927aa2d5ab2417e0/volumes/7468e620-1efc-4ee9-8cf5-26777d87d1c0 returned with HTTP 200
Jul 13 14:47:16.989497 dv-cinder-788364-4-iscsi devstack@c-api.service[116912]: [pid: 116912|app: 0|req: 159/341] 10.222.0.37 () {58 vars in 1325 bytes} [Tue Jul 13 14:47:16 2021] GET /volume/v3/d54e775fcc464e6b927aa2d5ab2417e0/volumes/7468e620-1efc-4ee9-8cf5-26777d87d1c0 => generated 912 bytes in 120 msecs (HTTP/1.1 200) 7 headers in 285 bytes (1 switches on core 0)
Jul 13 14:47:17.002262 dv-cinder-788364-4-iscsi devstack@c-api.service[116912]: INFO cinder.api.openstack.wsgi [None req-c93d1ded-df89-44fa-bdb6-f2b5c07b0f26 tempest-AttachVolumeNegativeTest-1203293217 tempest-AttachVolumeNegativeTest-1203293217-project] GET http://10.222.0.37/volume/v3/92100d59e4a64cf594a522b6ed75049a/volumes/640963e9-8215-4018-838a-c8519bd98bb3
Jul 13 14:47:17.002527 dv-cinder-788364-4-iscsi devstack@c-api.service[116912]: DEBUG cinder.api.openstack.wsgi [None req-c93d1ded-df89-44fa-bdb6-f2b5c07b0f26 tempest-AttachVolumeNegativeTest-1203293217 tempest-AttachVolumeNegativeTest-1203293217-project] Empty body provided in request {{(pid=116912) get_body /opt/stack/cinder/cinder/api/openstack/wsgi.py:713}}
Jul 13 14:47:17.002708 dv-cinder-788364-4-iscsi devstack@c-api.service[116912]: /usr/local/lib/python3.8/dist-packages/webob/acceptparse.py:1047: DeprecationWarning: The behavior of AcceptValidHeader.best_match is currently being maintained for backward compatibility, but it will be deprecated in the future, as it does not conform to the RFC.
Jul 13 14:47:17.002708 dv-cinder-788364-4-iscsi devstack@c-api.service[116912]: warnings.warn(
Jul 13 14:47:17.002986 dv-cinder-788364-4-iscsi devstack@c-api.service[116912]: DEBUG cinder.api.openstack.wsgi [None req-c93d1ded-df89-44fa-bdb6-f2b5c07b0f26 tempest-AttachVolumeNegativeTest-1203293217 tempest-AttachVolumeNegativeTest-1203293217-project] Calling method 'show' {{(pid=116912) _process_stack /opt/stack/cinder/cinder/api/openstack/wsgi.py:866}}
Jul 13 14:47:17.031363 dv-cinder-788364-4-iscsi devstack@c-api.service[116912]: /usr/local/lib/python3.8/dist-packages/oslo_context/context.py:105: DeprecationWarning: Policy enforcement is depending on the value of is_admin. This key is deprecated. Please update your policy file to use the standard policy values.
Jul 13 14:47:17.031363 dv-cinder-788364-4-iscsi devstack@c-api.service[116912]: warnings.warn('Policy enforcement is depending on the value of '
Jul 13 14:47:17.042915 dv-cinder-788364-4-iscsi devstack@c-api.service[116913]: DEBUG cinder.volume.api [None req-12ad224b-fb37-4691-af87-dabf3756e181 tempest-VolumesServicesTestJSON-884364664 tempest-VolumesServicesTestJSON-884364664-project] Task 'cinder.volume.flows.api.create_volume.ExtractVolumeRequestTask;volume:create' (62ab44f1-a0d7-4576-951f-1c75d320b4bd) transitioned into state 'SUCCESS' from state 'RUNNING' with result '{'size': 1, 'snapshot_id': None, 'source_volid': None, 'volume_type': VolumeType(created_at=2021-07-13T14:36:56Z,deleted=False,deleted_at=None,description='Default Volume Type',extra_specs={},id=38a25e9c-000c-4f7a-b41f-ff9afbfdb657,is_public=True,name='__DEFAULT__',projects=[],qos_specs=,qos_specs_id=None,updated_at=2021-07-13T14:36:56Z), 'volume_type_id': '38a25e9c-000c-4f7a-b41f-ff9afbfdb657', 'encryption_key_id': None, 'qos_specs': None, 'consistencygroup_id': None, 'cgsnapshot_id': None, 'group_id': None, 'replication_status': 'disabled', 'refresh_az': False, 'backup_id': None, 'multiattach': False, 'availability_zones': ['nova']}' {{(pid=116913) _task_receiver /usr/local/lib/python3.8/dist-packages/taskflow/listeners/logging.py:178}}
Jul 13 14:47:17.047218 dv-cinder-788364-4-iscsi devstack@c-api.service[116912]: INFO cinder.volume.api [None req-c93d1ded-df89-44fa-bdb6-f2b5c07b0f26 tempest-AttachVolumeNegativeTest-1203293217 tempest-AttachVolumeNegativeTest-1203293217-project] Volume info retrieved successfully.
Jul 13 14:47:17.050773 dv-cinder-788364-4-iscsi devstack@c-api.service[116913]: DEBUG cinder.volume.api [None req-12ad224b-fb37-4691-af87-dabf3756e181 tempest-VolumesServicesTestJSON-884364664 tempest-VolumesServicesTestJSON-884364664-project] Task 'cinder.volume.flows.api.create_volume.QuotaReserveTask;volume:create' (e6626318-fc7e-47d6-8fc5-81e8d5cf8381) transitioned into state 'RUNNING' from state 'PENDING' {{(pid=116913) _task_receiver /usr/local/lib/python3.8/dist-packages/taskflow/listeners/logging.py:190}}
Jul 13 14:47:17.075749 dv-cinder-788364-4-iscsi devstack@c-api.service[116912]: /usr/local/lib/python3.8/dist-packages/oslo_context/context.py:105: DeprecationWarning: Policy enforcement is depending on the value of is_admin. This key is deprecated. Please update your policy file to use the standard policy values.
Jul 13 14:47:17.075749 dv-cinder-788364-4-iscsi devstack@c-api.service[116912]: warnings.warn('Policy enforcement is depending on the value of '
Jul 13 14:47:17.094041 dv-cinder-788364-4-iscsi devstack@c-api.service[116912]: INFO cinder.api.openstack.wsgi [None req-c93d1ded-df89-44fa-bdb6-f2b5c07b0f26 tempest-AttachVolumeNegativeTest-1203293217 tempest-AttachVolumeNegativeTest-1203293217-project] http://10.222.0.37/volume/v3/92100d59e4a64cf594a522b6ed75049a/volumes/640963e9-8215-4018-838a-c8519bd98bb3 returned with HTTP 200
Jul 13 14:47:17.095669 dv-cinder-788364-4-iscsi devstack@c-api.service[116912]: [pid: 116912|app: 0|req: 160/342] 10.222.0.37 () {58 vars in 1325 bytes} [Tue Jul 13 14:47:16 2021] GET /volume/v3/92100d59e4a64cf594a522b6ed75049a/volumes/640963e9-8215-4018-838a-c8519bd98bb3 => generated 917 bytes in 105 msecs (HTTP/1.1 200) 7 headers in 285 bytes (1 switches on core 0)
Jul 13 14:47:17.109411 dv-cinder-788364-4-iscsi devstack@c-api.service[116912]: INFO cinder.api.openstack.wsgi [None req-785caac6-63a9-4c9a-b801-f93f2bf003b7 tempest-DeleteServersTestJSON-887594583 tempest-DeleteServersTestJSON-887594583-project] GET http://10.222.0.37/volume/v3/a44c7bcfb8994ed68a56daa1448ced71/volumes/38fd1c47-f1c6-407d-a0e9-5dbf5079e2c6
Jul 13 14:47:17.110346 dv-cinder-788364-4-iscsi devstack@c-api.service[116912]: DEBUG cinder.api.openstack.wsgi [None req-785caac6-63a9-4c9a-b801-f93f2bf003b7 tempest-DeleteServersTestJSON-887594583 tempest-DeleteServersTestJSON-887594583-project] Empty body provided in request {{(pid=116912) get_body /opt/stack/cinder/cinder/api/openstack/wsgi.py:713}}
Jul 13 14:47:17.110743 dv-cinder-788364-4-iscsi devstack@c-api.service[116912]: /usr/local/lib/python3.8/dist-packages/webob/acceptparse.py:1047: DeprecationWarning: The behavior of AcceptValidHeader.best_match is currently being maintained for backward compatibility, but it will be deprecated in the future, as it does not conform to the RFC.
Jul 13 14:47:17.110743 dv-cinder-788364-4-iscsi devstack@c-api.service[116912]: warnings.warn(
Jul 13 14:47:17.111365 dv-cinder-788364-4-iscsi devstack@c-api.service[116912]: DEBUG cinder.api.openstack.wsgi [None req-785caac6-63a9-4c9a-b801-f93f2bf003b7 tempest-DeleteServersTestJSON-887594583 tempest-DeleteServersTestJSON-887594583-project] Calling method 'show' {{(pid=116912) _process_stack /opt/stack/cinder/cinder/api/openstack/wsgi.py:866}}
Jul 13 14:47:17.132245 dv-cinder-788364-4-iscsi devstack@c-api.service[116912]: /usr/local/lib/python3.8/dist-packages/oslo_context/context.py:105: DeprecationWarning: Policy enforcement is depending on the value of is_admin. This key is deprecated. Please update your policy file to use the standard policy values.
Jul 13 14:47:17.132245 dv-cinder-788364-4-iscsi devstack@c-api.service[116912]: warnings.warn('Policy enforcement is depending on the value of '
Jul 13 14:47:17.144124 dv-cinder-788364-4-iscsi devstack@c-api.service[116912]: INFO cinder.volume.api [None req-785caac6-63a9-4c9a-b801-f93f2bf003b7 tempest-DeleteServersTestJSON-887594583 tempest-DeleteServersTestJSON-887594583-project] Volume info retrieved successfully.
Jul 13 14:47:17.165525 dv-cinder-788364-4-iscsi devstack@c-api.service[116912]: /usr/local/lib/python3.8/dist-packages/oslo_context/context.py:105: DeprecationWarning: Policy enforcement is depending on the value of is_admin. This key is deprecated. Please update your policy file to use the standard policy values.
Jul 13 14:47:17.165525 dv-cinder-788364-4-iscsi devstack@c-api.service[116912]: warnings.warn('Policy enforcement is depending on the value of '
Jul 13 14:47:17.183034 dv-cinder-788364-4-iscsi devstack@c-api.service[116912]: INFO cinder.api.openstack.wsgi [None req-785caac6-63a9-4c9a-b801-f93f2bf003b7 tempest-DeleteServersTestJSON-887594583 tempest-DeleteServersTestJSON-887594583-project] http://10.222.0.37/volume/v3/a44c7bcfb8994ed68a56daa1448ced71/volumes/38fd1c47-f1c6-407d-a0e9-5dbf5079e2c6 returned with HTTP 200
Jul 13 14:47:17.192259 dv-cinder-788364-4-iscsi devstack@c-api.service[116912]: [pid: 116912|app: 0|req: 161/343] 10.222.0.37 () {58 vars in 1325 bytes} [Tue Jul 13 14:47:17 2021] GET /volume/v3/a44c7bcfb8994ed68a56daa1448ced71/volumes/38fd1c47-f1c6-407d-a0e9-5dbf5079e2c6 => generated 912 bytes in 96 msecs (HTTP/1.1 200) 7 headers in 285 bytes (1 switches on core 0)
Jul 13 14:47:17.195136 dv-cinder-788364-4-iscsi devstack@c-api.service[116912]: INFO cinder.api.openstack.wsgi [None req-785caac6-63a9-4c9a-b801-f93f2bf003b7 tempest-DeleteServersTestJSON-887594583 tempest-DeleteServersTestJSON-887594583-project] GET http://10.222.0.37/volume//
Jul 13 14:47:17.196097 dv-cinder-788364-4-iscsi devstack@c-api.service[116912]: DEBUG cinder.api.openstack.wsgi [None req-785caac6-63a9-4c9a-b801-f93f2bf003b7 tempest-DeleteServersTestJSON-887594583 tempest-DeleteServersTestJSON-887594583-project] Empty body provided in request {{(pid=116912) get_body /opt/stack/cinder/cinder/api/openstack/wsgi.py:713}}
Jul 13 14:47:17.197112 dv-cinder-788364-4-iscsi devstack@c-api.service[116912]: /usr/local/lib/python3.8/dist-packages/webob/acceptparse.py:1047: DeprecationWarning: The behavior of AcceptValidHeader.best_match is currently being maintained for backward compatibility, but it will be deprecated in the future, as it does not conform to the RFC.
Jul 13 14:47:17.197112 dv-cinder-788364-4-iscsi devstack@c-api.service[116912]: warnings.warn(
Jul 13 14:47:17.199092 dv-cinder-788364-4-iscsi devstack@c-api.service[116912]: DEBUG cinder.api.openstack.wsgi [None req-785caac6-63a9-4c9a-b801-f93f2bf003b7 tempest-DeleteServersTestJSON-887594583 tempest-DeleteServersTestJSON-887594583-project] Calling method 'all' {{(pid=116912) _process_stack /opt/stack/cinder/cinder/api/openstack/wsgi.py:866}}
Jul 13 14:47:17.201951 dv-cinder-788364-4-iscsi devstack@c-api.service[116912]: INFO cinder.api.openstack.wsgi [None req-785caac6-63a9-4c9a-b801-f93f2bf003b7 tempest-DeleteServersTestJSON-887594583 tempest-DeleteServersTestJSON-887594583-project] http://10.222.0.37/volume// returned with HTTP 300
Jul 13 14:47:17.203108 dv-cinder-788364-4-iscsi devstack@c-api.service[116912]: [pid: 116912|app: 0|req: 162/344] 10.222.0.61 () {56 vars in 1099 bytes} [Tue Jul 13 14:47:17 2021] GET /volume/ => generated 754 bytes in 10 msecs (HTTP/1.1 300) 5 headers in 169 bytes (1 switches on core 0)
Jul 13 14:47:17.210909 dv-cinder-788364-4-iscsi devstack@c-api.service[116913]: DEBUG cinder.quota [None req-12ad224b-fb37-4691-af87-dabf3756e181 tempest-VolumesServicesTestJSON-884364664 tempest-VolumesServicesTestJSON-884364664-project] Created reservations ['4cefb141-35ab-4798-b4f0-aa0559addf45', 'cf36f58e-20a6-4b44-ad32-9298dbea3022', 'ea971776-17fd-4231-b8a4-1e83e29bff41', 'bc992691-821d-40df-9f04-462f59044678'] {{(pid=116913) reserve /opt/stack/cinder/cinder/quota.py:755}}
Jul 13 14:47:17.211230 dv-cinder-788364-4-iscsi devstack@c-api.service[116912]: INFO cinder.api.openstack.wsgi [None req-2bd875eb-d331-4669-bc0b-89a68b3509a5 tempest-VolumesTransfersTest-1455252864 tempest-VolumesTransfersTest-1455252864-project] POST http://10.222.0.37/volume/v3/d54e775fcc464e6b927aa2d5ab2417e0/os-volume-transfer
Jul 13 14:47:17.212437 dv-cinder-788364-4-iscsi devstack@c-api.service[116912]: DEBUG cinder.api.openstack.wsgi [None req-2bd875eb-d331-4669-bc0b-89a68b3509a5 tempest-VolumesTransfersTest-1455252864 tempest-VolumesTransfersTest-1455252864-project] Action: 'create', calling method: create, body: {"transfer": {"volume_id": "7468e620-1efc-4ee9-8cf5-26777d87d1c0"}} {{(pid=116912) _process_stack /opt/stack/cinder/cinder/api/openstack/wsgi.py:864}}
Jul 13 14:47:17.213420 dv-cinder-788364-4-iscsi devstack@c-api.service[116912]: DEBUG cinder.api.contrib.volume_transfer [None req-2bd875eb-d331-4669-bc0b-89a68b3509a5 tempest-VolumesTransfersTest-1455252864 tempest-VolumesTransfersTest-1455252864-project] Creating new volume transfer {'transfer': {'volume_id': '7468e620-1efc-4ee9-8cf5-26777d87d1c0'}} {{(pid=116912) create /opt/stack/cinder/cinder/api/contrib/volume_transfer.py:85}}
Jul 13 14:47:17.213776 dv-cinder-788364-4-iscsi devstack@c-api.service[116913]: DEBUG cinder.volume.api [None req-12ad224b-fb37-4691-af87-dabf3756e181 tempest-VolumesServicesTestJSON-884364664 tempest-VolumesServicesTestJSON-884364664-project] Task 'cinder.volume.flows.api.create_volume.QuotaReserveTask;volume:create' (e6626318-fc7e-47d6-8fc5-81e8d5cf8381) transitioned into state 'SUCCESS' from state 'RUNNING' with result '{'reservations': ['4cefb141-35ab-4798-b4f0-aa0559addf45', 'cf36f58e-20a6-4b44-ad32-9298dbea3022', 'ea971776-17fd-4231-b8a4-1e83e29bff41', 'bc992691-821d-40df-9f04-462f59044678']}' {{(pid=116913) _task_receiver /usr/local/lib/python3.8/dist-packages/taskflow/listeners/logging.py:178}}
Jul 13 14:47:17.213959 dv-cinder-788364-4-iscsi devstack@c-api.service[116912]: INFO cinder.api.contrib.volume_transfer [None req-2bd875eb-d331-4669-bc0b-89a68b3509a5 tempest-VolumesTransfersTest-1455252864 tempest-VolumesTransfersTest-1455252864-project] Creating transfer of volume 7468e620-1efc-4ee9-8cf5-26777d87d1c0
Jul 13 14:47:17.214296 dv-cinder-788364-4-iscsi devstack@c-api.service[116912]: INFO cinder.transfer.api [None req-2bd875eb-d331-4669-bc0b-89a68b3509a5 tempest-VolumesTransfersTest-1455252864 tempest-VolumesTransfersTest-1455252864-project] Generating transfer record for volume 7468e620-1efc-4ee9-8cf5-26777d87d1c0
Jul 13 14:47:17.219051 dv-cinder-788364-4-iscsi devstack@c-api.service[116913]: DEBUG cinder.volume.api [None req-12ad224b-fb37-4691-af87-dabf3756e181 tempest-VolumesServicesTestJSON-884364664 tempest-VolumesServicesTestJSON-884364664-project] Task 'cinder.volume.flows.api.create_volume.EntryCreateTask;volume:create' (20a2df2e-dbf5-4d1c-8c4b-b7ba2d261174) transitioned into state 'RUNNING' from state 'PENDING' {{(pid=116913) _task_receiver /usr/local/lib/python3.8/dist-packages/taskflow/listeners/logging.py:190}}
Jul 13 14:47:17.233125 dv-cinder-788364-4-iscsi devstack@c-api.service[116912]: /usr/local/lib/python3.8/dist-packages/oslo_context/context.py:105: DeprecationWarning: Policy enforcement is depending on the value of is_admin. This key is deprecated. Please update your policy file to use the standard policy values.
Jul 13 14:47:17.233125 dv-cinder-788364-4-iscsi devstack@c-api.service[116912]: warnings.warn('Policy enforcement is depending on the value of '
Jul 13 14:47:17.253833 dv-cinder-788364-4-iscsi devstack@c-api.service[116913]: DEBUG cinder.volume.api [None req-12ad224b-fb37-4691-af87-dabf3756e181 tempest-VolumesServicesTestJSON-884364664 tempest-VolumesServicesTestJSON-884364664-project] Task 'cinder.volume.flows.api.create_volume.EntryCreateTask;volume:create' (20a2df2e-dbf5-4d1c-8c4b-b7ba2d261174) transitioned into state 'SUCCESS' from state 'RUNNING' with result '{'volume_id': '43a9b2bd-ead7-48f8-be1e-f35c9f6aadd2', 'volume_properties': VolumeProperties(attach_status='detached',availability_zone='nova',cgsnapshot_id=None,consistencygroup_id=None,display_description=None,display_name='tempest-VolumesServicesTestJSON-Volume-701546429',encryption_key_id=None,group_id=None,group_type_id=,metadata={},multiattach=False,project_id='dbfe089410364ceea8c6627789b930d0',qos_specs=None,replication_status=,reservations=['4cefb141-35ab-4798-b4f0-aa0559addf45','cf36f58e-20a6-4b44-ad32-9298dbea3022','ea971776-17fd-4231-b8a4-1e83e29bff41','bc992691-821d-40df-9f04-462f59044678'],size=1,snapshot_id=None,source_replicaid=,source_volid=None,status='creating',user_id='b887e4e882e6400ba67a151944c49536',volume_type_id=38a25e9c-000c-4f7a-b41f-ff9afbfdb657), 'volume': Volume(_name_id=None,admin_metadata=,attach_status='detached',availability_zone='nova',bootable=False,cluster=,cluster_name=None,consistencygroup=,consistencygroup_id=None,created_at=2021-07-13T14:47:17Z,deleted=False,deleted_at=None,display_description=None,display_name='tempest-VolumesServicesTestJSON-Volume-701546429',ec2_id=None,encryption_key_id=None,glance_metadata=,group=,group_id=None,host=None,id=43a9b2bd-ead7-48f8-be1e-f35c9f6aadd2,launched_at=None,metadata={},migration_status=None,multiattach=False,previous_status=None,project_id='dbfe089410364ceea8c6627789b930d0',provider_auth=None,provider_geometry=None,provider_id=None,provider_location=None,replication_driver_data=None,replication_extended_status=None,replication_status=None,scheduled_at=None,service_uuid=None,shared_targets=True,size=1,snapshot_id=None,snapshots=,source_volid=None,status='creating',terminated_at=None,updated_at=None,user_id='b887e4e882e6400ba67a151944c49536',volume_attachment=,volume_type=VolumeType(38a25e9c-000c-4f7a-b41f-ff9afbfdb657),volume_type_id=38a25e9c-000c-4f7a-b41f-ff9afbfdb657)}' {{(pid=116913) _task_receiver /usr/local/lib/python3.8/dist-packages/taskflow/listeners/logging.py:178}}
Jul 13 14:47:17.256358 dv-cinder-788364-4-iscsi devstack@c-api.service[116913]: DEBUG cinder.volume.api [None req-12ad224b-fb37-4691-af87-dabf3756e181 tempest-VolumesServicesTestJSON-884364664 tempest-VolumesServicesTestJSON-884364664-project] Task 'cinder.volume.flows.api.create_volume.QuotaCommitTask;volume:create' (3a0a4f23-7884-4f02-b996-5536b954e441) transitioned into state 'RUNNING' from state 'PENDING' {{(pid=116913) _task_receiver /usr/local/lib/python3.8/dist-packages/taskflow/listeners/logging.py:190}}
Jul 13 14:47:17.259381 dv-cinder-788364-4-iscsi devstack@c-api.service[116912]: INFO cinder.api.openstack.wsgi [None req-2bd875eb-d331-4669-bc0b-89a68b3509a5 tempest-VolumesTransfersTest-1455252864 tempest-VolumesTransfersTest-1455252864-project] http://10.222.0.37/volume/v3/d54e775fcc464e6b927aa2d5ab2417e0/os-volume-transfer returned with HTTP 202
Jul 13 14:47:17.260961 dv-cinder-788364-4-iscsi devstack@c-api.service[116912]: [pid: 116912|app: 0|req: 163/345] 10.222.0.37 () {60 vars in 1268 bytes} [Tue Jul 13 14:47:17 2021] POST /volume/v3/d54e775fcc464e6b927aa2d5ab2417e0/os-volume-transfer => generated 507 bytes in 57 msecs (HTTP/1.1 202) 7 headers in 291 bytes (1 switches on core 0)
Jul 13 14:47:17.268241 dv-cinder-788364-4-iscsi devstack@c-api.service[116912]: INFO cinder.api.openstack.wsgi [req-56dbe729-750f-4deb-b0d0-5350ae57bfa0 req-dfd00d34-dc46-4513-a530-6aa844707bd2 tempest-DeleteServersTestJSON-887594583 tempest-DeleteServersTestJSON-887594583-project] GET http://10.222.0.37/volume/v3/a44c7bcfb8994ed68a56daa1448ced71/volumes/38fd1c47-f1c6-407d-a0e9-5dbf5079e2c6
Jul 13 14:47:17.269146 dv-cinder-788364-4-iscsi devstack@c-api.service[116912]: DEBUG cinder.api.openstack.wsgi [req-56dbe729-750f-4deb-b0d0-5350ae57bfa0 req-dfd00d34-dc46-4513-a530-6aa844707bd2 tempest-DeleteServersTestJSON-887594583 tempest-DeleteServersTestJSON-887594583-project] Empty body provided in request {{(pid=116912) get_body /opt/stack/cinder/cinder/api/openstack/wsgi.py:713}}
Jul 13 14:47:17.269425 dv-cinder-788364-4-iscsi devstack@c-api.service[116912]: /usr/local/lib/python3.8/dist-packages/webob/acceptparse.py:1047: DeprecationWarning: The behavior of AcceptValidHeader.best_match is currently being maintained for backward compatibility, but it will be deprecated in the future, as it does not conform to the RFC.
Jul 13 14:47:17.269425 dv-cinder-788364-4-iscsi devstack@c-api.service[116912]: warnings.warn(
Jul 13 14:47:17.269976 dv-cinder-788364-4-iscsi devstack@c-api.service[116912]: DEBUG cinder.api.openstack.wsgi [req-56dbe729-750f-4deb-b0d0-5350ae57bfa0 req-dfd00d34-dc46-4513-a530-6aa844707bd2 tempest-DeleteServersTestJSON-887594583 tempest-DeleteServersTestJSON-887594583-project] Calling method 'show' {{(pid=116912) _process_stack /opt/stack/cinder/cinder/api/openstack/wsgi.py:866}}
Jul 13 14:47:17.286922 dv-cinder-788364-4-iscsi devstack@c-api.service[116913]: DEBUG cinder.volume.api [None req-12ad224b-fb37-4691-af87-dabf3756e181 tempest-VolumesServicesTestJSON-884364664 tempest-VolumesServicesTestJSON-884364664-project] Task 'cinder.volume.flows.api.create_volume.QuotaCommitTask;volume:create' (3a0a4f23-7884-4f02-b996-5536b954e441) transitioned into state 'SUCCESS' from state 'RUNNING' with result '{'volume_properties': VolumeProperties(attach_status='detached',availability_zone='nova',cgsnapshot_id=None,consistencygroup_id=None,display_description=None,display_name='tempest-VolumesServicesTestJSON-Volume-701546429',encryption_key_id=None,group_id=None,group_type_id=,metadata={},multiattach=False,project_id='dbfe089410364ceea8c6627789b930d0',qos_specs=None,replication_status=,reservations=['4cefb141-35ab-4798-b4f0-aa0559addf45','cf36f58e-20a6-4b44-ad32-9298dbea3022','ea971776-17fd-4231-b8a4-1e83e29bff41','bc992691-821d-40df-9f04-462f59044678'],size=1,snapshot_id=None,source_replicaid=,source_volid=None,status='creating',user_id='b887e4e882e6400ba67a151944c49536',volume_type_id=38a25e9c-000c-4f7a-b41f-ff9afbfdb657)}' {{(pid=116913) _task_receiver /usr/local/lib/python3.8/dist-packages/taskflow/listeners/logging.py:178}}
Jul 13 14:47:17.289023 dv-cinder-788364-4-iscsi devstack@c-api.service[116913]: DEBUG cinder.volume.api [None req-12ad224b-fb37-4691-af87-dabf3756e181 tempest-VolumesServicesTestJSON-884364664 tempest-VolumesServicesTestJSON-884364664-project] Task 'cinder.volume.flows.api.create_volume.VolumeCastTask;volume:create' (30f80238-59ef-44bd-bfb1-8fc0259212e3) transitioned into state 'RUNNING' from state 'PENDING' {{(pid=116913) _task_receiver /usr/local/lib/python3.8/dist-packages/taskflow/listeners/logging.py:190}}
Jul 13 14:47:17.298192 dv-cinder-788364-4-iscsi devstack@c-api.service[116912]: /usr/local/lib/python3.8/dist-packages/oslo_context/context.py:105: DeprecationWarning: Policy enforcement is depending on the value of is_admin. This key is deprecated. Please update your policy file to use the standard policy values.
Jul 13 14:47:17.298192 dv-cinder-788364-4-iscsi devstack@c-api.service[116912]: warnings.warn('Policy enforcement is depending on the value of '
Jul 13 14:47:17.306663 dv-cinder-788364-4-iscsi devstack@c-api.service[116913]: DEBUG cinder.volume.api [None req-12ad224b-fb37-4691-af87-dabf3756e181 tempest-VolumesServicesTestJSON-884364664 tempest-VolumesServicesTestJSON-884364664-project] Task 'cinder.volume.flows.api.create_volume.VolumeCastTask;volume:create' (30f80238-59ef-44bd-bfb1-8fc0259212e3) transitioned into state 'SUCCESS' from state 'RUNNING' with result 'None' {{(pid=116913) _task_receiver /usr/local/lib/python3.8/dist-packages/taskflow/listeners/logging.py:178}}
Jul 13 14:47:17.310936 dv-cinder-788364-4-iscsi devstack@c-api.service[116913]: DEBUG cinder.volume.api [None req-12ad224b-fb37-4691-af87-dabf3756e181 tempest-VolumesServicesTestJSON-884364664 tempest-VolumesServicesTestJSON-884364664-project] Flow 'volume_create_api' (056272ba-fe6f-465a-8ff0-bc9f4f137b7c) transitioned into state 'SUCCESS' from state 'RUNNING' {{(pid=116913) _flow_receiver /usr/local/lib/python3.8/dist-packages/taskflow/listeners/logging.py:141}}
Jul 13 14:47:17.311894 dv-cinder-788364-4-iscsi devstack@c-api.service[116913]: INFO cinder.volume.api [None req-12ad224b-fb37-4691-af87-dabf3756e181 tempest-VolumesServicesTestJSON-884364664 tempest-VolumesServicesTestJSON-884364664-project] Create volume request issued successfully.
Jul 13 14:47:17.314345 dv-cinder-788364-4-iscsi devstack@c-api.service[116912]: INFO cinder.volume.api [req-56dbe729-750f-4deb-b0d0-5350ae57bfa0 req-dfd00d34-dc46-4513-a530-6aa844707bd2 tempest-DeleteServersTestJSON-887594583 tempest-DeleteServersTestJSON-887594583-project] Volume info retrieved successfully.
Jul 13 14:47:17.320808 dv-cinder-788364-4-iscsi devstack@c-api.service[116913]: INFO cinder.api.openstack.wsgi [None req-12ad224b-fb37-4691-af87-dabf3756e181 tempest-VolumesServicesTestJSON-884364664 tempest-VolumesServicesTestJSON-884364664-project] http://10.222.0.37/volume/v3/dbfe089410364ceea8c6627789b930d0/volumes returned with HTTP 202
Jul 13 14:47:17.322136 dv-cinder-788364-4-iscsi devstack@c-api.service[116913]: [pid: 116913|app: 0|req: 183/346] 10.222.0.37 () {60 vars in 1235 bytes} [Tue Jul 13 14:47:16 2021] POST /volume/v3/dbfe089410364ceea8c6627789b930d0/volumes => generated 822 bytes in 984 msecs (HTTP/1.1 202) 7 headers in 291 bytes (1 switches on core 0)
Jul 13 14:47:17.328079 dv-cinder-788364-4-iscsi devstack@c-api.service[116913]: INFO cinder.api.openstack.wsgi [None req-7c8585af-187f-4b77-8494-e86cfb5134f7 tempest-VolumesTransfersTest-1455252864 tempest-VolumesTransfersTest-1455252864-project] GET http://10.222.0.37/volume/v3/d54e775fcc464e6b927aa2d5ab2417e0/volumes/7468e620-1efc-4ee9-8cf5-26777d87d1c0
Jul 13 14:47:17.328901 dv-cinder-788364-4-iscsi devstack@c-api.service[116913]: DEBUG cinder.api.openstack.wsgi [None req-7c8585af-187f-4b77-8494-e86cfb5134f7 tempest-VolumesTransfersTest-1455252864 tempest-VolumesTransfersTest-1455252864-project] Empty body provided in request {{(pid=116913) get_body /opt/stack/cinder/cinder/api/openstack/wsgi.py:713}}
Jul 13 14:47:17.329281 dv-cinder-788364-4-iscsi devstack@c-api.service[116913]: /usr/local/lib/python3.8/dist-packages/webob/acceptparse.py:1047: DeprecationWarning: The behavior of AcceptValidHeader.best_match is currently being maintained for backward compatibility, but it will be deprecated in the future, as it does not conform to the RFC.
Jul 13 14:47:17.329281 dv-cinder-788364-4-iscsi devstack@c-api.service[116913]: warnings.warn(
Jul 13 14:47:17.329879 dv-cinder-788364-4-iscsi devstack@c-api.service[116913]: DEBUG cinder.api.openstack.wsgi [None req-7c8585af-187f-4b77-8494-e86cfb5134f7 tempest-VolumesTransfersTest-1455252864 tempest-VolumesTransfersTest-1455252864-project] Calling method 'show' {{(pid=116913) _process_stack /opt/stack/cinder/cinder/api/openstack/wsgi.py:866}}
Jul 13 14:47:17.345304 dv-cinder-788364-4-iscsi devstack@c-api.service[116913]: /usr/local/lib/python3.8/dist-packages/oslo_context/context.py:105: DeprecationWarning: Policy enforcement is depending on the value of is_admin. This key is deprecated. Please update your policy file to use the standard policy values.
Jul 13 14:47:17.345304 dv-cinder-788364-4-iscsi devstack@c-api.service[116913]: warnings.warn('Policy enforcement is depending on the value of '
Jul 13 14:47:17.354580 dv-cinder-788364-4-iscsi devstack@c-api.service[116913]: INFO cinder.volume.api [None req-7c8585af-187f-4b77-8494-e86cfb5134f7 tempest-VolumesTransfersTest-1455252864 tempest-VolumesTransfersTest-1455252864-project] Volume info retrieved successfully.
Jul 13 14:47:17.357990 dv-cinder-788364-4-iscsi devstack@c-api.service[116912]: /usr/local/lib/python3.8/dist-packages/oslo_context/context.py:105: DeprecationWarning: Policy enforcement is depending on the value of is_admin. This key is deprecated. Please update your policy file to use the standard policy values.
Jul 13 14:47:17.357990 dv-cinder-788364-4-iscsi devstack@c-api.service[116912]: warnings.warn('Policy enforcement is depending on the value of '
Jul 13 14:47:17.373807 dv-cinder-788364-4-iscsi devstack@c-api.service[116913]: INFO cinder.api.openstack.wsgi [None req-7c8585af-187f-4b77-8494-e86cfb5134f7 tempest-VolumesTransfersTest-1455252864 tempest-VolumesTransfersTest-1455252864-project] http://10.222.0.37/volume/v3/d54e775fcc464e6b927aa2d5ab2417e0/volumes/7468e620-1efc-4ee9-8cf5-26777d87d1c0 returned with HTTP 200
Jul 13 14:47:17.375910 dv-cinder-788364-4-iscsi devstack@c-api.service[116912]: INFO cinder.api.openstack.wsgi [req-56dbe729-750f-4deb-b0d0-5350ae57bfa0 req-dfd00d34-dc46-4513-a530-6aa844707bd2 tempest-DeleteServersTestJSON-887594583 tempest-DeleteServersTestJSON-887594583-project] http://10.222.0.37/volume/v3/a44c7bcfb8994ed68a56daa1448ced71/volumes/38fd1c47-f1c6-407d-a0e9-5dbf5079e2c6 returned with HTTP 200
Jul 13 14:47:17.377783 dv-cinder-788364-4-iscsi devstack@c-api.service[116912]: [pid: 116912|app: 0|req: 164/347] 10.222.0.61 () {60 vars in 1413 bytes} [Tue Jul 13 14:47:17 2021] GET /volume/v3/a44c7bcfb8994ed68a56daa1448ced71/volumes/38fd1c47-f1c6-407d-a0e9-5dbf5079e2c6 => generated 1010 bytes in 116 msecs (HTTP/1.1 200) 7 headers in 287 bytes (1 switches on core 0)
Jul 13 14:47:17.384254 dv-cinder-788364-4-iscsi devstack@c-api.service[116913]: [pid: 116913|app: 0|req: 184/348] 10.222.0.37 () {58 vars in 1325 bytes} [Tue Jul 13 14:47:17 2021] GET /volume/v3/d54e775fcc464e6b927aa2d5ab2417e0/volumes/7468e620-1efc-4ee9-8cf5-26777d87d1c0 => generated 920 bytes in 61 msecs (HTTP/1.1 200) 7 headers in 285 bytes (1 switches on core 0)
Jul 13 14:47:17.385743 dv-cinder-788364-4-iscsi devstack@c-api.service[116912]: INFO cinder.api.openstack.wsgi [None req-ae997332-0f24-4cd5-aa24-fc91013c456d tempest-VolumesServicesTestJSON-884364664 tempest-VolumesServicesTestJSON-884364664-project] GET http://10.222.0.37/volume/v3/dbfe089410364ceea8c6627789b930d0/volumes/43a9b2bd-ead7-48f8-be1e-f35c9f6aadd2
Jul 13 14:47:17.386672 dv-cinder-788364-4-iscsi devstack@c-api.service[116912]: DEBUG cinder.api.openstack.wsgi [None req-ae997332-0f24-4cd5-aa24-fc91013c456d tempest-VolumesServicesTestJSON-884364664 tempest-VolumesServicesTestJSON-884364664-project] Empty body provided in request {{(pid=116912) get_body /opt/stack/cinder/cinder/api/openstack/wsgi.py:713}}
Jul 13 14:47:17.386968 dv-cinder-788364-4-iscsi devstack@c-api.service[116912]: /usr/local/lib/python3.8/dist-packages/webob/acceptparse.py:1047: DeprecationWarning: The behavior of AcceptValidHeader.best_match is currently being maintained for backward compatibility, but it will be deprecated in the future, as it does not conform to the RFC.
Jul 13 14:47:17.386968 dv-cinder-788364-4-iscsi devstack@c-api.service[116912]: warnings.warn(
Jul 13 14:47:17.388417 dv-cinder-788364-4-iscsi devstack@c-api.service[116912]: DEBUG cinder.api.openstack.wsgi [None req-ae997332-0f24-4cd5-aa24-fc91013c456d tempest-VolumesServicesTestJSON-884364664 tempest-VolumesServicesTestJSON-884364664-project] Calling method 'show' {{(pid=116912) _process_stack /opt/stack/cinder/cinder/api/openstack/wsgi.py:866}}
Jul 13 14:47:17.394773 dv-cinder-788364-4-iscsi devstack@c-api.service[116913]: INFO cinder.api.openstack.wsgi [None req-78483b52-4a04-4d45-b67e-2eb6d16a2b62 tempest-VolumesTransfersTest-1455252864 tempest-VolumesTransfersTest-1455252864-project] GET http://10.222.0.37/volume/v3/d54e775fcc464e6b927aa2d5ab2417e0/os-volume-transfer/detail
Jul 13 14:47:17.395311 dv-cinder-788364-4-iscsi devstack@c-api.service[116913]: DEBUG cinder.api.openstack.wsgi [None req-78483b52-4a04-4d45-b67e-2eb6d16a2b62 tempest-VolumesTransfersTest-1455252864 tempest-VolumesTransfersTest-1455252864-project] Empty body provided in request {{(pid=116913) get_body /opt/stack/cinder/cinder/api/openstack/wsgi.py:713}}
Jul 13 14:47:17.395854 dv-cinder-788364-4-iscsi devstack@c-api.service[116913]: /usr/local/lib/python3.8/dist-packages/webob/acceptparse.py:1047: DeprecationWarning: The behavior of AcceptValidHeader.best_match is currently being maintained for backward compatibility, but it will be deprecated in the future, as it does not conform to the RFC.
Jul 13 14:47:17.395854 dv-cinder-788364-4-iscsi devstack@c-api.service[116913]: warnings.warn(
Jul 13 14:47:17.396473 dv-cinder-788364-4-iscsi devstack@c-api.service[116913]: DEBUG cinder.api.openstack.wsgi [None req-78483b52-4a04-4d45-b67e-2eb6d16a2b62 tempest-VolumesTransfersTest-1455252864 tempest-VolumesTransfersTest-1455252864-project] Calling method 'detail' {{(pid=116913) _process_stack /opt/stack/cinder/cinder/api/openstack/wsgi.py:866}}
Jul 13 14:47:17.397236 dv-cinder-788364-4-iscsi devstack@c-api.service[116913]: DEBUG cinder.api.contrib.volume_transfer [None req-78483b52-4a04-4d45-b67e-2eb6d16a2b62 tempest-VolumesTransfersTest-1455252864 tempest-VolumesTransfersTest-1455252864-project] Listing volume transfers {{(pid=116913) _get_transfers /opt/stack/cinder/cinder/api/contrib/volume_transfer.py:63}}
Jul 13 14:47:17.406279 dv-cinder-788364-4-iscsi devstack@c-api.service[116913]: INFO cinder.api.openstack.wsgi [None req-78483b52-4a04-4d45-b67e-2eb6d16a2b62 tempest-VolumesTransfersTest-1455252864 tempest-VolumesTransfersTest-1455252864-project] http://10.222.0.37/volume/v3/d54e775fcc464e6b927aa2d5ab2417e0/os-volume-transfer/detail returned with HTTP 200
Jul 13 14:47:17.412960 dv-cinder-788364-4-iscsi devstack@c-api.service[116913]: [pid: 116913|app: 0|req: 185/349] 10.222.0.37 () {58 vars in 1268 bytes} [Tue Jul 13 14:47:17 2021] GET /volume/v3/d54e775fcc464e6b927aa2d5ab2417e0/os-volume-transfer/detail => generated 478 bytes in 26 msecs (HTTP/1.1 200) 7 headers in 285 bytes (1 switches on core 0)
Jul 13 14:47:17.417648 dv-cinder-788364-4-iscsi devstack@c-api.service[116912]: /usr/local/lib/python3.8/dist-packages/oslo_context/context.py:105: DeprecationWarning: Policy enforcement is depending on the value of is_admin. This key is deprecated. Please update your policy file to use the standard policy values.
Jul 13 14:47:17.417648 dv-cinder-788364-4-iscsi devstack@c-api.service[116912]: warnings.warn('Policy enforcement is depending on the value of '
Jul 13 14:47:17.420843 dv-cinder-788364-4-iscsi devstack@c-api.service[116913]: INFO cinder.api.openstack.wsgi [None req-9acc4136-5b4d-4e3e-ba5e-cf96d31f8d32 tempest-VolumesTransfersTest-1455252864 tempest-VolumesTransfersTest-1455252864-project] DELETE http://10.222.0.37/volume/v3/d54e775fcc464e6b927aa2d5ab2417e0/os-volume-transfer/c14626ff-40a4-4ca8-91cd-aec0d0d667d8
Jul 13 14:47:17.421448 dv-cinder-788364-4-iscsi devstack@c-api.service[116913]: DEBUG cinder.api.openstack.wsgi [None req-9acc4136-5b4d-4e3e-ba5e-cf96d31f8d32 tempest-VolumesTransfersTest-1455252864 tempest-VolumesTransfersTest-1455252864-project] Empty body provided in request {{(pid=116913) get_body /opt/stack/cinder/cinder/api/openstack/wsgi.py:713}}
