Aug 09 14:26:08.159476 dv-cinder-788363-9-smb neutron-server[93240]: INFO neutron.wsgi [req-d078f667-65a5-4a7e-b729-ea4695bb1712 req-4efeeb34-0360-49f2-aadb-fe0c5cff3fdb service neutron] 10.222.0.35 "GET /v2.0/networks/a3b27a2c-69f5-4c1e-91d5-8b02091e3620?fields=provider%3Aphysical_network&fields=provider%3Anetwork_type HTTP/1.1" status: 200 len: 281 time: 0.1649861
Aug 09 14:26:08.197782 dv-cinder-788363-9-smb neutron-server[93242]: DEBUG neutron.plugins.ml2.db [None req-ff82a0a0-065b-4d37-9ff6-fc4c0128a2d3 None None] For port 6f163e84-d90a-4461-a5c6-e017dd4a1a79, host hv-cinder-78836, got binding levels [PortBindingLevel(driver='hyperv',host='hv-cinder-78836',level=0,port_id=6f163e84-d90a-4461-a5c6-e017dd4a1a79,segment=NetworkSegment(f959f0c1-f7a9-4731-be84-793660f4fb49),segment_id=f959f0c1-f7a9-4731-be84-793660f4fb49)] {{(pid=93242) get_binding_level_objs /opt/stack/neutron/neutron/plugins/ml2/db.py:74}}
Aug 09 14:26:08.203639 dv-cinder-788363-9-smb neutron-server[93241]: INFO neutron.wsgi [req-47599c88-d430-4e87-abc2-568987794b8c req-e4606a9f-9eee-40f9-809f-c20dd311e6e9 service neutron] 10.222.0.35 "GET /v2.0/networks/efd5b1d8-0aea-4f47-93d1-2d7840bdefd0?fields=provider%3Aphysical_network&fields=provider%3Anetwork_type HTTP/1.1" status: 200 len: 281 time: 0.1244836
Aug 09 14:26:08.216706 dv-cinder-788363-9-smb neutron-server[93242]: DEBUG neutron_lib.callbacks.manager [None req-ff82a0a0-065b-4d37-9ff6-fc4c0128a2d3 None None] Notify callbacks ['neutron.plugins.ml2.plugin.SecurityGroupServerNotifierRpcMixin._notify_sg_on_port_change-1971279', 'neutron.plugins.ml2.ovo_rpc._ObjectChangeHandler.handle_event-124889', 'neutron.api.rpc.agentnotifiers.dhcp_rpc_agent_api.DhcpAgentNotifyAPI._native_event_send_dhcp_notification-629766', 'neutron.db.l3_db.L3RpcNotifierMixin._notify_gateway_port_ip_changed-8774318968477', 'neutron.db.l3_dvrscheduler_db._notify_l3_agent_port_update-8774318580215', 'neutron.db.l3_hascheduler_db._notify_l3_agent_ha_port_update-8774318577677'] for port, after_update {{(pid=93242) _notify_loop /usr/local/lib/python3.8/dist-packages/neutron_lib/callbacks/manager.py:192}}
Aug 09 14:26:08.273406 dv-cinder-788363-9-smb neutron-server[93241]: DEBUG neutron.pecan_wsgi.hooks.policy_enforcement [req-c9d98e55-6889-41fa-9388-be5d9461f655 req-0f62bcb3-1185-40d1-bc36-f4fb32f62e8a tempest-ServerRescueNegativeTestJSON-598194759 tempest-ServerRescueNegativeTestJSON-598194759-project] Attributes excluded by policy engine: ['standard_attr_id', 'binding:profile', 'binding:host_id', 'binding:vif_type', 'binding:vif_details'] {{(pid=93241) _exclude_attributes_by_policy /opt/stack/neutron/neutron/pecan_wsgi/hooks/policy_enforcement.py:255}}
Aug 09 14:26:08.275516 dv-cinder-788363-9-smb neutron-server[93241]: INFO neutron.wsgi [req-c9d98e55-6889-41fa-9388-be5d9461f655 req-0f62bcb3-1185-40d1-bc36-f4fb32f62e8a tempest-ServerRescueNegativeTestJSON-598194759 tempest-ServerRescueNegativeTestJSON-598194759-project] 10.222.0.21 "GET /v2.0/ports?device_id=dd1ff645-d41c-4990-946a-7e400da2d3f8 HTTP/1.1" status: 200 len: 943 time: 0.2073834
Aug 09 14:26:08.333179 dv-cinder-788363-9-smb neutron-server[93242]: DEBUG neutron.api.rpc.handlers.resources_rpc [None req-ff82a0a0-065b-4d37-9ff6-fc4c0128a2d3 None None] Pushing event updated for resources: {'Port': ['ID=6f163e84-d90a-4461-a5c6-e017dd4a1a79,revision_number=5']} {{(pid=93242) push /opt/stack/neutron/neutron/api/rpc/handlers/resources_rpc.py:237}}
Aug 09 14:26:08.349467 dv-cinder-788363-9-smb neutron-server[93242]: DEBUG novaclient.v2.client [-] REQ: curl -g -i --cacert "/opt/stack/data/ca-bundle.pem" -X POST http://10.222.0.21/compute/v2.1/os-server-external-events -H "Accept: application/json" -H "Content-Type: application/json" -H "User-Agent: python-novaclient" -H "X-Auth-Token: {SHA256}7ebafaf604790dac6627ea95bffbeb7a3211d98d42edad8f68bd4854960b358c" -H "X-OpenStack-Nova-API-Version: 2.1" -H "X-OpenStack-Request-ID: req-59cda6e2-349d-4e86-9913-90051ab0b03c" -d '{"events": [{"server_uuid": "ee015baa-8795-4024-b2d2-304204370664", "name": "network-vif-plugged", "status": "completed", "tag": "6f163e84-d90a-4461-a5c6-e017dd4a1a79"}]}' {{(pid=93242) _http_log_request /usr/local/lib/python3.8/dist-packages/keystoneauth1/session.py:519}}
Aug 09 14:26:08.420571 dv-cinder-788363-9-smb neutron-server[93241]: INFO neutron.wsgi [req-c9d98e55-6889-41fa-9388-be5d9461f655 req-1072eba5-ebdf-4e3c-8be5-b817249c6014 tempest-ServerRescueNegativeTestJSON-598194759 tempest-ServerRescueNegativeTestJSON-598194759-project] 10.222.0.21 "GET /v2.0/security-groups?id=d207b590-6e21-40aa-9164-66e9a9fad65e&fields=id&fields=name HTTP/1.1" status: 200 len: 286 time: 0.1265514
Aug 09 14:26:08.508285 dv-cinder-788363-9-smb neutron-server[93242]: DEBUG novaclient.v2.client [-] RESP: [200] Connection: close Content-Length: 183 Content-Type: application/json Date: Mon, 09 Aug 2021 14:26:08 GMT OpenStack-API-Version: compute 2.1 Server: Apache/2.4.41 (Ubuntu) Vary: OpenStack-API-Version,X-OpenStack-Nova-API-Version X-OpenStack-Nova-API-Version: 2.1 x-compute-request-id: req-31d26542-5bff-4226-99b1-e77a46785c3b x-openstack-request-id: req-31d26542-5bff-4226-99b1-e77a46785c3b {{(pid=93242) _http_log_response /usr/local/lib/python3.8/dist-packages/keystoneauth1/session.py:550}}
Aug 09 14:26:08.508573 dv-cinder-788363-9-smb neutron-server[93242]: DEBUG novaclient.v2.client [-] RESP BODY: {"events": [{"server_uuid": "ee015baa-8795-4024-b2d2-304204370664", "name": "network-vif-plugged", "status": "completed", "tag": "6f163e84-d90a-4461-a5c6-e017dd4a1a79", "code": 200}]} {{(pid=93242) _http_log_response /usr/local/lib/python3.8/dist-packages/keystoneauth1/session.py:582}}
Aug 09 14:26:08.508871 dv-cinder-788363-9-smb neutron-server[93242]: DEBUG novaclient.v2.client [-] POST call to compute for http://10.222.0.21/compute/v2.1/os-server-external-events used request id req-31d26542-5bff-4226-99b1-e77a46785c3b {{(pid=93242) request /usr/local/lib/python3.8/dist-packages/keystoneauth1/session.py:954}}
Aug 09 14:26:08.509407 dv-cinder-788363-9-smb neutron-server[93242]: INFO neutron.notifiers.nova [-] Nova event response: {'server_uuid': 'ee015baa-8795-4024-b2d2-304204370664', 'name': 'network-vif-plugged', 'status': 'completed', 'tag': '6f163e84-d90a-4461-a5c6-e017dd4a1a79', 'code': 200}
Aug 09 14:26:08.782740 dv-cinder-788363-9-smb neutron-server[93241]: DEBUG neutron.pecan_wsgi.hooks.policy_enforcement [req-f3a48f90-4ef3-463b-b50c-9b3b504b5b0a req-1b7e7eb5-26a9-49fa-81f5-04ed3e80c4bb service neutron] Attributes excluded by policy engine: ['standard_attr_id'] {{(pid=93241) _exclude_attributes_by_policy /opt/stack/neutron/neutron/pecan_wsgi/hooks/policy_enforcement.py:255}}
Aug 09 14:26:08.787690 dv-cinder-788363-9-smb neutron-server[93241]: INFO neutron.wsgi [req-f3a48f90-4ef3-463b-b50c-9b3b504b5b0a req-1b7e7eb5-26a9-49fa-81f5-04ed3e80c4bb service neutron] 10.222.0.35 "GET /v2.0/ports?device_id=ee015baa-8795-4024-b2d2-304204370664 HTTP/1.1" status: 200 len: 1099 time: 0.1055918
Aug 09 14:26:08.811442 dv-cinder-788363-9-smb neutron-server[93241]: DEBUG neutron_lib.callbacks.manager [req-f3a48f90-4ef3-463b-b50c-9b3b504b5b0a req-8893b5e7-057a-4947-b64f-5b02e17d2d13 service neutron] Notify callbacks [] for security_group, before_create {{(pid=93241) _notify_loop /usr/local/lib/python3.8/dist-packages/neutron_lib/callbacks/manager.py:192}}
Aug 09 14:26:08.945181 dv-cinder-788363-9-smb neutron-server[93241]: DEBUG neutron_lib.callbacks.manager [req-f3a48f90-4ef3-463b-b50c-9b3b504b5b0a req-8893b5e7-057a-4947-b64f-5b02e17d2d13 service neutron] Notify callbacks [] for security_group, precommit_create {{(pid=93241) _notify_loop /usr/local/lib/python3.8/dist-packages/neutron_lib/callbacks/manager.py:192}}
Aug 09 14:26:08.950867 dv-cinder-788363-9-smb neutron-server[93241]: DEBUG neutron_lib.callbacks.manager [req-f3a48f90-4ef3-463b-b50c-9b3b504b5b0a req-8893b5e7-057a-4947-b64f-5b02e17d2d13 service neutron] Notify callbacks ['neutron.plugins.ml2.ovo_rpc._ObjectChangeHandler.handle_event-986549'] for security_group, after_create {{(pid=93241) _notify_loop /usr/local/lib/python3.8/dist-packages/neutron_lib/callbacks/manager.py:192}}
Aug 09 14:26:08.987181 dv-cinder-788363-9-smb neutron-server[93241]: INFO neutron.wsgi [req-f3a48f90-4ef3-463b-b50c-9b3b504b5b0a req-8893b5e7-057a-4947-b64f-5b02e17d2d13 service neutron] 10.222.0.35 "GET /v2.0/security-groups?id=d2ac9665-967c-4758-83de-0f7e5576a633&fields=id&fields=name HTTP/1.1" status: 200 len: 286 time: 0.1915085
Aug 09 14:26:09.036049 dv-cinder-788363-9-smb neutron-server[93241]: DEBUG neutron.api.rpc.handlers.resources_rpc [None req-8893b5e7-057a-4947-b64f-5b02e17d2d13 service neutron] Pushing event updated for resources: {'SecurityGroup': ['ID=d7f35f14-75f3-43a7-a949-3df937ddd307,revision_number=1']} {{(pid=93241) push /opt/stack/neutron/neutron/api/rpc/handlers/resources_rpc.py:237}}
Aug 09 14:26:09.068838 dv-cinder-788363-9-smb neutron-server[93241]: DEBUG neutron.pecan_wsgi.hooks.policy_enforcement [req-21d0d4bf-b166-4b89-baf5-ee38a6a74726 req-c6c400b1-42af-406d-8c61-a8179f490cc7 tempest-DeleteServersTestJSON-1505321356 tempest-DeleteServersTestJSON-1505321356-project] Attributes excluded by policy engine: ['standard_attr_id', 'binding:profile', 'binding:host_id', 'binding:vif_type', 'binding:vif_details'] {{(pid=93241) _exclude_attributes_by_policy /opt/stack/neutron/neutron/pecan_wsgi/hooks/policy_enforcement.py:255}}
Aug 09 14:26:09.071062 dv-cinder-788363-9-smb neutron-server[93241]: INFO neutron.wsgi [req-21d0d4bf-b166-4b89-baf5-ee38a6a74726 req-c6c400b1-42af-406d-8c61-a8179f490cc7 tempest-DeleteServersTestJSON-1505321356 tempest-DeleteServersTestJSON-1505321356-project] 10.222.0.21 "GET /v2.0/ports?device_id=ee015baa-8795-4024-b2d2-304204370664 HTTP/1.1" status: 200 len: 946 time: 0.0799727
Aug 09 14:26:09.180541 dv-cinder-788363-9-smb neutron-server[93242]: DEBUG neutron.plugins.ml2.rpc [None req-ff82a0a0-065b-4d37-9ff6-fc4c0128a2d3 None None] Device 2c91baf4-ed58-4848-94da-340981495d7b details requested by agent hyperv_hv-cinder-78836 with host hv-cinder-78836 {{(pid=93242) get_device_details /opt/stack/neutron/neutron/plugins/ml2/rpc.py:102}}
Aug 09 14:26:09.184138 dv-cinder-788363-9-smb neutron-server[93242]: DEBUG neutron.plugins.ml2.rpc [None req-ff82a0a0-065b-4d37-9ff6-fc4c0128a2d3 None None] Device fed0743d-8735-4c5d-bcf3-543dd779adce up at agent hyperv_hv-cinder-78836 {{(pid=93242) update_device_up /opt/stack/neutron/neutron/plugins/ml2/rpc.py:296}}
Aug 09 14:26:09.195094 dv-cinder-788363-9-smb neutron-server[93241]: INFO neutron.wsgi [req-21d0d4bf-b166-4b89-baf5-ee38a6a74726 req-8bde51bf-13a1-4c0d-8d34-ad0cf8e3b093 tempest-DeleteServersTestJSON-1505321356 tempest-DeleteServersTestJSON-1505321356-project] 10.222.0.21 "GET /v2.0/security-groups?id=d2ac9665-967c-4758-83de-0f7e5576a633&fields=id&fields=name HTTP/1.1" status: 200 len: 286 time: 0.1132779
Aug 09 14:26:09.242785 dv-cinder-788363-9-smb neutron-server[93241]: DEBUG neutron.pecan_wsgi.hooks.policy_enforcement [req-18ad87d5-7f1a-492e-b8c7-a851ee1b7ea4 req-18529993-091c-4743-8590-6df620222e0f tempest-AttachVolumeTestJSON-675064797 tempest-AttachVolumeTestJSON-675064797-project] Attributes excluded by policy engine: ['standard_attr_id', 'binding:profile', 'binding:host_id', 'binding:vif_type', 'binding:vif_details'] {{(pid=93241) _exclude_attributes_by_policy /opt/stack/neutron/neutron/pecan_wsgi/hooks/policy_enforcement.py:255}}
Aug 09 14:26:09.244857 dv-cinder-788363-9-smb neutron-server[93241]: INFO neutron.wsgi [req-18ad87d5-7f1a-492e-b8c7-a851ee1b7ea4 req-18529993-091c-4743-8590-6df620222e0f tempest-AttachVolumeTestJSON-675064797 tempest-AttachVolumeTestJSON-675064797-project] 10.222.0.21 "GET /v2.0/ports?device_id=34ee9fa4-66e3-411e-85cf-6ff5837a7694 HTTP/1.1" status: 200 len: 943 time: 0.1250956
Aug 09 14:26:09.285868 dv-cinder-788363-9-smb neutron-server[93241]: INFO neutron.wsgi [req-18ad87d5-7f1a-492e-b8c7-a851ee1b7ea4 req-226e1fd1-4a41-4394-8d8b-cfa337f23f34 tempest-AttachVolumeTestJSON-675064797 tempest-AttachVolumeTestJSON-675064797-project] 10.222.0.21 "GET /v2.0/security-groups?id=d8b7f6d8-0712-4a9f-b87e-ff38d66923b2&fields=id&fields=name HTTP/1.1" status: 200 len: 312 time: 0.0335069
Aug 09 14:26:09.334427 dv-cinder-788363-9-smb neutron-server[93242]: DEBUG neutron.db.provisioning_blocks [None req-ff82a0a0-065b-4d37-9ff6-fc4c0128a2d3 None None] Provisioning for port fed0743d-8735-4c5d-bcf3-543dd779adce completed by entity L2. {{(pid=93242) provisioning_complete /opt/stack/neutron/neutron/db/provisioning_blocks.py:133}}
Aug 09 14:26:09.341919 dv-cinder-788363-9-smb neutron-server[93242]: DEBUG neutron.db.provisioning_blocks [None req-ff82a0a0-065b-4d37-9ff6-fc4c0128a2d3 None None] Provisioning complete for port fed0743d-8735-4c5d-bcf3-543dd779adce triggered by entity L2. {{(pid=93242) provisioning_complete /opt/stack/neutron/neutron/db/provisioning_blocks.py:139}}
Aug 09 14:26:09.342594 dv-cinder-788363-9-smb neutron-server[93242]: DEBUG neutron_lib.callbacks.manager [None req-ff82a0a0-065b-4d37-9ff6-fc4c0128a2d3 None None] Notify callbacks ['neutron.plugins.ml2.plugin.Ml2Plugin._port_provisioned-1894818'] for port, provisioning_complete {{(pid=93242) _notify_loop /usr/local/lib/python3.8/dist-packages/neutron_lib/callbacks/manager.py:192}}
Aug 09 14:26:09.385698 dv-cinder-788363-9-smb neutron-server[93242]: DEBUG neutron.plugins.ml2.db [None req-ff82a0a0-065b-4d37-9ff6-fc4c0128a2d3 None None] For port 2c91baf4-ed58-4848-94da-340981495d7b, host hv-cinder-78836, got binding levels [PortBindingLevel(driver='hyperv',host='hv-cinder-78836',level=0,port_id=2c91baf4-ed58-4848-94da-340981495d7b,segment=NetworkSegment(5df82f78-77a4-48da-b19c-b45dc2f38320),segment_id=5df82f78-77a4-48da-b19c-b45dc2f38320)] {{(pid=93242) get_binding_level_objs /opt/stack/neutron/neutron/plugins/ml2/db.py:74}}
Aug 09 14:26:09.402731 dv-cinder-788363-9-smb neutron-server[93242]: DEBUG neutron.plugins.ml2.rpc [None req-ff82a0a0-065b-4d37-9ff6-fc4c0128a2d3 None None] Returning: {'device': '2c91baf4-ed58-4848-94da-340981495d7b', 'network_id': 'efd5b1d8-0aea-4f47-93d1-2d7840bdefd0', 'port_id': '2c91baf4-ed58-4848-94da-340981495d7b', 'mac_address': 'fa:16:3e:e6:3b:e3', 'admin_state_up': True, 'network_type': 'vlan', 'segmentation_id': 665, 'physical_network': 'physnet1', 'mtu': 1500, 'fixed_ips': [{'subnet_id': 'f301afc3-4f70-4d7b-81fd-ceddca7aab38', 'ip_address': '172.20.0.9'}], 'device_owner': 'compute:nova', 'allowed_address_pairs': [], 'port_security_enabled': True, 'qos_policy_id': None, 'network_qos_policy_id': None, 'profile': {}, 'propagate_uplink_status': False} {{(pid=93242) _get_device_details /opt/stack/neutron/neutron/plugins/ml2/rpc.py:184}}
Aug 09 14:26:09.470509 dv-cinder-788363-9-smb neutron-server[93242]: DEBUG neutron_lib.callbacks.manager [None req-ff82a0a0-065b-4d37-9ff6-fc4c0128a2d3 None None] Notify callbacks ['neutron.plugins.ml2.plugin.SecurityGroupDbMixin._ensure_default_security_group_handler-1971937'] for port, before_update {{(pid=93242) _notify_loop /usr/local/lib/python3.8/dist-packages/neutron_lib/callbacks/manager.py:192}}
Aug 09 14:26:09.493525 dv-cinder-788363-9-smb neutron-server[93242]: DEBUG neutron.notifiers.nova [None req-ff82a0a0-065b-4d37-9ff6-fc4c0128a2d3 None None] Ignoring state change previous_port_status: DOWN current_port_status: BUILD port_id 2c91baf4-ed58-4848-94da-340981495d7b {{(pid=93242) record_port_status_changed /opt/stack/neutron/neutron/notifiers/nova.py:224}}
Aug 09 14:26:09.535904 dv-cinder-788363-9-smb neutron-server[93242]: DEBUG neutron.plugins.ml2.db [None req-ff82a0a0-065b-4d37-9ff6-fc4c0128a2d3 None None] For port 2c91baf4-ed58-4848-94da-340981495d7b, host hv-cinder-78836, got binding levels [PortBindingLevel(driver='hyperv',host='hv-cinder-78836',level=0,port_id=2c91baf4-ed58-4848-94da-340981495d7b,segment=NetworkSegment(5df82f78-77a4-48da-b19c-b45dc2f38320),segment_id=5df82f78-77a4-48da-b19c-b45dc2f38320)] {{(pid=93242) get_binding_level_objs /opt/stack/neutron/neutron/plugins/ml2/db.py:74}}
Aug 09 14:26:09.537095 dv-cinder-788363-9-smb neutron-server[93242]: DEBUG neutron_lib.callbacks.manager [None req-ff82a0a0-065b-4d37-9ff6-fc4c0128a2d3 None None] Notify callbacks ['neutron.plugins.ml2.plugin.SecurityGroupDbMixin._ensure_default_security_group_handler-1971937'] for port, before_update {{(pid=93242) _notify_loop /usr/local/lib/python3.8/dist-packages/neutron_lib/callbacks/manager.py:192}}
Aug 09 14:26:09.539759 dv-cinder-788363-9-smb neutron-server[93241]: DEBUG neutron.pecan_wsgi.hooks.policy_enforcement [req-d9fae43b-7a95-4ede-b3b7-c5d46ebea375 req-87ff63f9-0be1-4e7e-a3b5-a7e0f19fa45e tempest-ServerRescueNegativeTestJSON-598194759 tempest-ServerRescueNegativeTestJSON-598194759-project] Attributes excluded by policy engine: ['standard_attr_id', 'binding:profile', 'binding:host_id', 'binding:vif_type', 'binding:vif_details'] {{(pid=93241) _exclude_attributes_by_policy /opt/stack/neutron/neutron/pecan_wsgi/hooks/policy_enforcement.py:255}}
Aug 09 14:26:09.541713 dv-cinder-788363-9-smb neutron-server[93241]: INFO neutron.wsgi [req-d9fae43b-7a95-4ede-b3b7-c5d46ebea375 req-87ff63f9-0be1-4e7e-a3b5-a7e0f19fa45e tempest-ServerRescueNegativeTestJSON-598194759 tempest-ServerRescueNegativeTestJSON-598194759-project] 10.222.0.21 "GET /v2.0/ports?device_id=dd1ff645-d41c-4990-946a-7e400da2d3f8 HTTP/1.1" status: 200 len: 943 time: 0.0544248
Aug 09 14:26:09.554841 dv-cinder-788363-9-smb neutron-server[93242]: DEBUG neutron_lib.callbacks.manager [None req-ff82a0a0-065b-4d37-9ff6-fc4c0128a2d3 None None] Notify callbacks ['neutron.plugins.ml2.plugin.SecurityGroupServerNotifierRpcMixin._notify_sg_on_port_change-1971279', 'neutron.plugins.ml2.ovo_rpc._ObjectChangeHandler.handle_event-124889', 'neutron.api.rpc.agentnotifiers.dhcp_rpc_agent_api.DhcpAgentNotifyAPI._native_event_send_dhcp_notification-629766', 'neutron.db.l3_db.L3RpcNotifierMixin._notify_gateway_port_ip_changed-8774318968477', 'neutron.db.l3_dvrscheduler_db._notify_l3_agent_port_update-8774318580215', 'neutron.db.l3_hascheduler_db._notify_l3_agent_ha_port_update-8774318577677'] for port, after_update {{(pid=93242) _notify_loop /usr/local/lib/python3.8/dist-packages/neutron_lib/callbacks/manager.py:192}}
Aug 09 14:26:09.592994 dv-cinder-788363-9-smb neutron-server[93241]: INFO neutron.wsgi [req-d9fae43b-7a95-4ede-b3b7-c5d46ebea375 req-dc1027eb-38c2-4373-844f-4e82ae36364f tempest-ServerRescueNegativeTestJSON-598194759 tempest-ServerRescueNegativeTestJSON-598194759-project] 10.222.0.21 "GET /v2.0/security-groups?id=d207b590-6e21-40aa-9164-66e9a9fad65e&fields=id&fields=name HTTP/1.1" status: 200 len: 286 time: 0.0430129
Aug 09 14:26:09.635441 dv-cinder-788363-9-smb neutron-server[93242]: DEBUG neutron.plugins.ml2.db [None req-ff82a0a0-065b-4d37-9ff6-fc4c0128a2d3 None None] For port fed0743d-8735-4c5d-bcf3-543dd779adce, host hv-cinder-78836, got binding levels [PortBindingLevel(driver='hyperv',host='hv-cinder-78836',level=0,port_id=fed0743d-8735-4c5d-bcf3-543dd779adce,segment=NetworkSegment(5df82f78-77a4-48da-b19c-b45dc2f38320),segment_id=5df82f78-77a4-48da-b19c-b45dc2f38320)] {{(pid=93242) get_binding_level_objs /opt/stack/neutron/neutron/plugins/ml2/db.py:74}}
Aug 09 14:26:09.653265 dv-cinder-788363-9-smb neutron-server[93242]: DEBUG neutron.api.rpc.handlers.resources_rpc [None req-ff82a0a0-065b-4d37-9ff6-fc4c0128a2d3 None None] Pushing event updated for resources: {'Port': ['ID=2c91baf4-ed58-4848-94da-340981495d7b,revision_number=4']} {{(pid=93242) push /opt/stack/neutron/neutron/api/rpc/handlers/resources_rpc.py:237}}
Aug 09 14:26:09.657359 dv-cinder-788363-9-smb neutron-server[93242]: DEBUG neutron_lib.callbacks.manager [None req-ff82a0a0-065b-4d37-9ff6-fc4c0128a2d3 None None] Notify callbacks ['neutron.plugins.ml2.plugin.SecurityGroupServerNotifierRpcMixin._notify_sg_on_port_change-1971279', 'neutron.plugins.ml2.ovo_rpc._ObjectChangeHandler.handle_event-124889', 'neutron.api.rpc.agentnotifiers.dhcp_rpc_agent_api.DhcpAgentNotifyAPI._native_event_send_dhcp_notification-629766', 'neutron.db.l3_db.L3RpcNotifierMixin._notify_gateway_port_ip_changed-8774318968477', 'neutron.db.l3_dvrscheduler_db._notify_l3_agent_port_update-8774318580215', 'neutron.db.l3_hascheduler_db._notify_l3_agent_ha_port_update-8774318577677'] for port, after_update {{(pid=93242) _notify_loop /usr/local/lib/python3.8/dist-packages/neutron_lib/callbacks/manager.py:192}}
Aug 09 14:26:09.717675 dv-cinder-788363-9-smb neutron-server[93242]: DEBUG neutron.api.rpc.handlers.resources_rpc [None req-ff82a0a0-065b-4d37-9ff6-fc4c0128a2d3 None None] Pushing event updated for resources: {'Port': ['ID=fed0743d-8735-4c5d-bcf3-543dd779adce,revision_number=5']} {{(pid=93242) push /opt/stack/neutron/neutron/api/rpc/handlers/resources_rpc.py:237}}
Aug 09 14:26:09.782820 dv-cinder-788363-9-smb neutron-server[93242]: DEBUG neutron.plugins.ml2.db [None req-ff82a0a0-065b-4d37-9ff6-fc4c0128a2d3 None None] get_ports_and_sgs() called for port_ids ['2c91baf4-ed58-4848-94da-340981495d7b'] {{(pid=93242) get_ports_and_sgs /opt/stack/neutron/neutron/plugins/ml2/db.py:156}}
Aug 09 14:26:10.406604 dv-cinder-788363-9-smb neutron-server[93241]: DEBUG neutron.pecan_wsgi.hooks.policy_enforcement [req-cc8aaad3-f85d-4acd-bf06-af4fdb24522e req-fc485bfb-d149-4410-aa49-05a1ad3c1020 tempest-DeleteServersTestJSON-1505321356 tempest-DeleteServersTestJSON-1505321356-project] Attributes excluded by policy engine: ['standard_attr_id', 'binding:profile', 'binding:host_id', 'binding:vif_type', 'binding:vif_details'] {{(pid=93241) _exclude_attributes_by_policy /opt/stack/neutron/neutron/pecan_wsgi/hooks/policy_enforcement.py:255}}
Aug 09 14:26:10.408825 dv-cinder-788363-9-smb neutron-server[93241]: INFO neutron.wsgi [req-cc8aaad3-f85d-4acd-bf06-af4fdb24522e req-fc485bfb-d149-4410-aa49-05a1ad3c1020 tempest-DeleteServersTestJSON-1505321356 tempest-DeleteServersTestJSON-1505321356-project] 10.222.0.21 "GET /v2.0/ports?device_id=ee015baa-8795-4024-b2d2-304204370664 HTTP/1.1" status: 200 len: 946 time: 0.1156428
Aug 09 14:26:10.503479 dv-cinder-788363-9-smb neutron-server[93241]: DEBUG neutron.pecan_wsgi.hooks.policy_enforcement [req-d51a29d7-a8d7-413a-b37b-b430148dd8c5 req-4f29ef46-e3e8-43eb-82ba-3e3b0e7a08ee tempest-AttachVolumeTestJSON-675064797 tempest-AttachVolumeTestJSON-675064797-project] Attributes excluded by policy engine: ['standard_attr_id', 'binding:profile', 'binding:host_id', 'binding:vif_type', 'binding:vif_details'] {{(pid=93241) _exclude_attributes_by_policy /opt/stack/neutron/neutron/pecan_wsgi/hooks/policy_enforcement.py:255}}
Aug 09 14:26:10.505753 dv-cinder-788363-9-smb neutron-server[93241]: INFO neutron.wsgi [req-d51a29d7-a8d7-413a-b37b-b430148dd8c5 req-4f29ef46-e3e8-43eb-82ba-3e3b0e7a08ee tempest-AttachVolumeTestJSON-675064797 tempest-AttachVolumeTestJSON-675064797-project] 10.222.0.21 "GET /v2.0/ports?device_id=34ee9fa4-66e3-411e-85cf-6ff5837a7694 HTTP/1.1" status: 200 len: 943 time: 0.1154819
Aug 09 14:26:10.510775 dv-cinder-788363-9-smb neutron-server[93242]: DEBUG neutron.notifiers.nova [-] Sending events: [{'server_uuid': '659b5caf-8f4d-4cd4-b69e-fafb58811ab0', 'name': 'network-vif-plugged', 'status': 'completed', 'tag': 'fed0743d-8735-4c5d-bcf3-543dd779adce'}] {{(pid=93242) send_events /opt/stack/neutron/neutron/notifiers/nova.py:262}}
Aug 09 14:26:10.513514 dv-cinder-788363-9-smb neutron-server[93242]: DEBUG novaclient.v2.client [-] REQ: curl -g -i --cacert "/opt/stack/data/ca-bundle.pem" -X POST http://10.222.0.21/compute/v2.1/os-server-external-events -H "Accept: application/json" -H "Content-Type: application/json" -H "User-Agent: python-novaclient" -H "X-Auth-Token: {SHA256}7ebafaf604790dac6627ea95bffbeb7a3211d98d42edad8f68bd4854960b358c" -H "X-OpenStack-Nova-API-Version: 2.1" -H "X-OpenStack-Request-ID: req-3af46824-9a52-4179-b108-d53ac477ab54" -d '{"events": [{"server_uuid": "659b5caf-8f4d-4cd4-b69e-fafb58811ab0", "name": "network-vif-plugged", "status": "completed", "tag": "fed0743d-8735-4c5d-bcf3-543dd779adce"}]}' {{(pid=93242) _http_log_request /usr/local/lib/python3.8/dist-packages/keystoneauth1/session.py:519}}
Aug 09 14:26:10.517671 dv-cinder-788363-9-smb neutron-server[93241]: INFO neutron.wsgi [req-cc8aaad3-f85d-4acd-bf06-af4fdb24522e req-296d4bea-d66b-4bb0-8a16-a2cfd8c00bda tempest-DeleteServersTestJSON-1505321356 tempest-DeleteServersTestJSON-1505321356-project] 10.222.0.21 "GET /v2.0/security-groups?id=d2ac9665-967c-4758-83de-0f7e5576a633&fields=id&fields=name HTTP/1.1" status: 200 len: 286 time: 0.0993927
Aug 09 14:26:10.558653 dv-cinder-788363-9-smb neutron-server[93241]: INFO neutron.wsgi [req-d51a29d7-a8d7-413a-b37b-b430148dd8c5 req-b54a761b-bd56-42ad-8a7f-51ac547e1065 tempest-AttachVolumeTestJSON-675064797 tempest-AttachVolumeTestJSON-675064797-project] 10.222.0.21 "GET /v2.0/security-groups?id=d8b7f6d8-0712-4a9f-b87e-ff38d66923b2&fields=id&fields=name HTTP/1.1" status: 200 len: 312 time: 0.0398159
Aug 09 14:26:10.606060 dv-cinder-788363-9-smb neutron-server[93242]: DEBUG novaclient.v2.client [-] RESP: [200] Connection: close Content-Length: 183 Content-Type: application/json Date: Mon, 09 Aug 2021 14:26:10 GMT OpenStack-API-Version: compute 2.1 Server: Apache/2.4.41 (Ubuntu) Vary: OpenStack-API-Version,X-OpenStack-Nova-API-Version X-OpenStack-Nova-API-Version: 2.1 x-compute-request-id: req-ad1b3a54-86c8-4907-ae49-d9882e3b7007 x-openstack-request-id: req-ad1b3a54-86c8-4907-ae49-d9882e3b7007 {{(pid=93242) _http_log_response /usr/local/lib/python3.8/dist-packages/keystoneauth1/session.py:550}}
Aug 09 14:26:10.606415 dv-cinder-788363-9-smb neutron-server[93242]: DEBUG novaclient.v2.client [-] RESP BODY: {"events": [{"server_uuid": "659b5caf-8f4d-4cd4-b69e-fafb58811ab0", "name": "network-vif-plugged", "status": "completed", "tag": "fed0743d-8735-4c5d-bcf3-543dd779adce", "code": 200}]} {{(pid=93242) _http_log_response /usr/local/lib/python3.8/dist-packages/keystoneauth1/session.py:582}}
Aug 09 14:26:10.606741 dv-cinder-788363-9-smb neutron-server[93242]: DEBUG novaclient.v2.client [-] POST call to compute for http://10.222.0.21/compute/v2.1/os-server-external-events used request id req-ad1b3a54-86c8-4907-ae49-d9882e3b7007 {{(pid=93242) request /usr/local/lib/python3.8/dist-packages/keystoneauth1/session.py:954}}
Aug 09 14:26:10.608438 dv-cinder-788363-9-smb neutron-server[93242]: INFO neutron.notifiers.nova [-] Nova event response: {'server_uuid': '659b5caf-8f4d-4cd4-b69e-fafb58811ab0', 'name': 'network-vif-plugged', 'status': 'completed', 'tag': 'fed0743d-8735-4c5d-bcf3-543dd779adce', 'code': 200}
Aug 09 14:26:10.731722 dv-cinder-788363-9-smb neutron-server[93241]: DEBUG neutron.pecan_wsgi.hooks.policy_enforcement [req-9edc63b0-f422-4046-905a-3aa4581bcf9e req-0d0d0c69-6e58-4467-af9d-418ca6fdb850 tempest-ServerRescueNegativeTestJSON-598194759 tempest-ServerRescueNegativeTestJSON-598194759-project] Attributes excluded by policy engine: ['standard_attr_id', 'binding:profile', 'binding:host_id', 'binding:vif_type', 'binding:vif_details'] {{(pid=93241) _exclude_attributes_by_policy /opt/stack/neutron/neutron/pecan_wsgi/hooks/policy_enforcement.py:255}}
Aug 09 14:26:10.733612 dv-cinder-788363-9-smb neutron-server[93241]: INFO neutron.wsgi [req-9edc63b0-f422-4046-905a-3aa4581bcf9e req-0d0d0c69-6e58-4467-af9d-418ca6fdb850 tempest-ServerRescueNegativeTestJSON-598194759 tempest-ServerRescueNegativeTestJSON-598194759-project] 10.222.0.21 "GET /v2.0/ports?device_id=dd1ff645-d41c-4990-946a-7e400da2d3f8 HTTP/1.1" status: 200 len: 944 time: 0.0542936
Aug 09 14:26:10.800686 dv-cinder-788363-9-smb neutron-server[93241]: INFO neutron.wsgi [req-9edc63b0-f422-4046-905a-3aa4581bcf9e req-56884003-4ee1-4f04-8ae1-24c6016bb8a9 tempest-ServerRescueNegativeTestJSON-598194759 tempest-ServerRescueNegativeTestJSON-598194759-project] 10.222.0.21 "GET /v2.0/security-groups?id=d207b590-6e21-40aa-9164-66e9a9fad65e&fields=id&fields=name HTTP/1.1" status: 200 len: 286 time: 0.0604610
Aug 09 14:26:10.810950 dv-cinder-788363-9-smb neutron-server[93241]: DEBUG neutron.pecan_wsgi.hooks.policy_enforcement [req-36220d29-bb8c-4534-bb5f-151d9720b403 req-670fb296-a256-47a6-ad0c-289bcc7dac30 service neutron] Attributes excluded by policy engine: ['standard_attr_id'] {{(pid=93241) _exclude_attributes_by_policy /opt/stack/neutron/neutron/pecan_wsgi/hooks/policy_enforcement.py:255}}
Aug 09 14:26:10.819227 dv-cinder-788363-9-smb neutron-server[93241]: INFO neutron.wsgi [req-36220d29-bb8c-4534-bb5f-151d9720b403 req-670fb296-a256-47a6-ad0c-289bcc7dac30 service neutron] 10.222.0.35 "GET /v2.0/ports?device_id=659b5caf-8f4d-4cd4-b69e-fafb58811ab0 HTTP/1.1" status: 200 len: 1099 time: 0.0719943
Aug 09 14:26:10.855252 dv-cinder-788363-9-smb neutron-server[93241]: INFO neutron.wsgi [req-36220d29-bb8c-4534-bb5f-151d9720b403 req-ea6b0b4b-4d47-496b-ba7f-9b55c43c4925 service neutron] 10.222.0.35 "GET /v2.0/security-groups?id=d207b590-6e21-40aa-9164-66e9a9fad65e&fields=id&fields=name HTTP/1.1" status: 200 len: 286 time: 0.0328443
Aug 09 14:26:10.953224 dv-cinder-788363-9-smb neutron-server[93240]: DEBUG neutron.wsgi [-] (93240) accepted ('10.222.0.21', 52260) {{(pid=93240) server /usr/local/lib/python3.8/dist-packages/eventlet/wsgi.py:982}}
Aug 09 14:26:11.057318 dv-cinder-788363-9-smb neutron-server[93240]: DEBUG neutron_lib.callbacks.manager [None req-4104c4af-679d-41ef-9be2-44541bacb9c2 admin admin] Notify callbacks [] for security_group, before_create {{(pid=93240) _notify_loop /usr/local/lib/python3.8/dist-packages/neutron_lib/callbacks/manager.py:192}}
Aug 09 14:26:11.181363 dv-cinder-788363-9-smb neutron-server[93242]: DEBUG neutron.plugins.ml2.rpc [None req-ff82a0a0-065b-4d37-9ff6-fc4c0128a2d3 None None] Device c582627a-84fa-4ee8-9c35-a13cced83958 details requested by agent hyperv_hv-cinder-78836 with host hv-cinder-78836 {{(pid=93242) get_device_details /opt/stack/neutron/neutron/plugins/ml2/rpc.py:102}}
Aug 09 14:26:11.183572 dv-cinder-788363-9-smb neutron-server[93242]: DEBUG neutron.plugins.ml2.rpc [None req-ff82a0a0-065b-4d37-9ff6-fc4c0128a2d3 None None] Device 2c91baf4-ed58-4848-94da-340981495d7b up at agent hyperv_hv-cinder-78836 {{(pid=93242) update_device_up /opt/stack/neutron/neutron/plugins/ml2/rpc.py:296}}
Aug 09 14:26:11.191225 dv-cinder-788363-9-smb neutron-server[93240]: DEBUG neutron_lib.callbacks.manager [None req-4104c4af-679d-41ef-9be2-44541bacb9c2 admin admin] Notify callbacks [] for security_group, precommit_create {{(pid=93240) _notify_loop /usr/local/lib/python3.8/dist-packages/neutron_lib/callbacks/manager.py:192}}
Aug 09 14:26:11.196987 dv-cinder-788363-9-smb neutron-server[93240]: DEBUG neutron_lib.callbacks.manager [None req-4104c4af-679d-41ef-9be2-44541bacb9c2 admin admin] Notify callbacks ['neutron.plugins.ml2.ovo_rpc._ObjectChangeHandler.handle_event-986549'] for security_group, after_create {{(pid=93240) _notify_loop /usr/local/lib/python3.8/dist-packages/neutron_lib/callbacks/manager.py:192}}
Aug 09 14:26:11.253988 dv-cinder-788363-9-smb neutron-server[93240]: INFO neutron.wsgi [None req-4104c4af-679d-41ef-9be2-44541bacb9c2 admin admin] 10.222.0.21 "GET /v2.0/security-groups?tenant_id=eb762d2a7ecb4b5c90a12675ee02689a&name=default HTTP/1.1" status: 200 len: 2979 time: 0.2995241
Aug 09 14:26:11.254867 dv-cinder-788363-9-smb neutron-server[93240]: DEBUG neutron.api.rpc.handlers.resources_rpc [None req-4104c4af-679d-41ef-9be2-44541bacb9c2 admin admin] Pushing event updated for resources: {'SecurityGroup': ['ID=d8a3db58-6b6e-4d16-b313-eee52ac9098e,revision_number=1']} {{(pid=93240) push /opt/stack/neutron/neutron/api/rpc/handlers/resources_rpc.py:237}}
Aug 09 14:26:11.256284 dv-cinder-788363-9-smb neutron-server[93241]: DEBUG neutron.wsgi [-] (93241) accepted ('10.222.0.21', 52280) {{(pid=93241) server /usr/local/lib/python3.8/dist-packages/eventlet/wsgi.py:982}}
Aug 09 14:26:11.297514 dv-cinder-788363-9-smb neutron-server[93242]: DEBUG neutron.db.provisioning_blocks [None req-ff82a0a0-065b-4d37-9ff6-fc4c0128a2d3 None None] Provisioning for port 2c91baf4-ed58-4848-94da-340981495d7b completed by entity L2. {{(pid=93242) provisioning_complete /opt/stack/neutron/neutron/db/provisioning_blocks.py:133}}
Aug 09 14:26:11.303637 dv-cinder-788363-9-smb neutron-server[93242]: DEBUG neutron.db.provisioning_blocks [None req-ff82a0a0-065b-4d37-9ff6-fc4c0128a2d3 None None] Provisioning complete for port 2c91baf4-ed58-4848-94da-340981495d7b triggered by entity L2. {{(pid=93242) provisioning_complete /opt/stack/neutron/neutron/db/provisioning_blocks.py:139}}
Aug 09 14:26:11.303984 dv-cinder-788363-9-smb neutron-server[93242]: DEBUG neutron_lib.callbacks.manager [None req-ff82a0a0-065b-4d37-9ff6-fc4c0128a2d3 None None] Notify callbacks ['neutron.plugins.ml2.plugin.Ml2Plugin._port_provisioned-1894818'] for port, provisioning_complete {{(pid=93242) _notify_loop /usr/local/lib/python3.8/dist-packages/neutron_lib/callbacks/manager.py:192}}
Aug 09 14:26:11.324934 dv-cinder-788363-9-smb neutron-server[93241]: DEBUG neutron_lib.callbacks.manager [None req-3032f214-f722-4fcf-806b-850b1ddc21a4 admin admin] Notify callbacks [] for security_group, before_delete {{(pid=93241) _notify_loop /usr/local/lib/python3.8/dist-packages/neutron_lib/callbacks/manager.py:192}}
Aug 09 14:26:11.355655 dv-cinder-788363-9-smb neutron-server[93241]: DEBUG neutron_lib.callbacks.manager [None req-3032f214-f722-4fcf-806b-850b1ddc21a4 admin admin] Notify callbacks [] for security_group, precommit_delete {{(pid=93241) _notify_loop /usr/local/lib/python3.8/dist-packages/neutron_lib/callbacks/manager.py:192}}
Aug 09 14:26:11.371225 dv-cinder-788363-9-smb neutron-server[93242]: DEBUG neutron.plugins.ml2.db [None req-ff82a0a0-065b-4d37-9ff6-fc4c0128a2d3 None None] For port c582627a-84fa-4ee8-9c35-a13cced83958, host hv-cinder-78836, got binding levels [PortBindingLevel(driver='hyperv',host='hv-cinder-78836',level=0,port_id=c582627a-84fa-4ee8-9c35-a13cced83958,segment=NetworkSegment(5642f28c-bf79-4f4b-a56e-74b4686b23c5),segment_id=5642f28c-bf79-4f4b-a56e-74b4686b23c5)] {{(pid=93242) get_binding_level_objs /opt/stack/neutron/neutron/plugins/ml2/db.py:74}}
Aug 09 14:26:11.384967 dv-cinder-788363-9-smb neutron-server[93242]: DEBUG neutron.plugins.ml2.rpc [None req-ff82a0a0-065b-4d37-9ff6-fc4c0128a2d3 None None] Returning: {'device': 'c582627a-84fa-4ee8-9c35-a13cced83958', 'network_id': 'a3b27a2c-69f5-4c1e-91d5-8b02091e3620', 'port_id': 'c582627a-84fa-4ee8-9c35-a13cced83958', 'mac_address': 'fa:16:3e:0d:b3:2e', 'admin_state_up': True, 'network_type': 'vlan', 'segmentation_id': 696, 'physical_network': 'physnet1', 'mtu': 1500, 'fixed_ips': [{'subnet_id': '4c5e5ed7-0dfb-4b28-ac68-aab3ad580609', 'ip_address': '172.20.0.8'}], 'device_owner': 'compute:nova', 'allowed_address_pairs': [], 'port_security_enabled': True, 'qos_policy_id': None, 'network_qos_policy_id': None, 'profile': {}, 'propagate_uplink_status': False} {{(pid=93242) _get_device_details /opt/stack/neutron/neutron/plugins/ml2/rpc.py:184}}
Aug 09 14:26:11.418250 dv-cinder-788363-9-smb neutron-server[93241]: DEBUG neutron_lib.callbacks.manager [None req-3032f214-f722-4fcf-806b-850b1ddc21a4 admin admin] Notify callbacks ['neutron.plugins.ml2.ovo_rpc._ObjectChangeHandler.handle_event-986549'] for security_group, after_delete {{(pid=93241) _notify_loop /usr/local/lib/python3.8/dist-packages/neutron_lib/callbacks/manager.py:192}}
Aug 09 14:26:11.423250 dv-cinder-788363-9-smb neutron-server[93241]: DEBUG neutron_lib.callbacks.manager [None req-3032f214-f722-4fcf-806b-850b1ddc21a4 admin admin] Notify callbacks [] for security_group, before_response {{(pid=93241) _notify_loop /usr/local/lib/python3.8/dist-packages/neutron_lib/callbacks/manager.py:192}}
Aug 09 14:26:11.425055 dv-cinder-788363-9-smb neutron-server[93241]: INFO neutron.wsgi [None req-3032f214-f722-4fcf-806b-850b1ddc21a4 admin admin] 10.222.0.21 "DELETE /v2.0/security-groups/d8a3db58-6b6e-4d16-b313-eee52ac9098e HTTP/1.1" status: 204 len: 168 time: 0.1671898
Aug 09 14:26:11.436634 dv-cinder-788363-9-smb neutron-server[93241]: DEBUG neutron.api.rpc.handlers.resources_rpc [None req-3032f214-f722-4fcf-806b-850b1ddc21a4 admin admin] Pushing event deleted for resources: {'SecurityGroup': ['ID=d8a3db58-6b6e-4d16-b313-eee52ac9098e,revision_number=None']} {{(pid=93241) push /opt/stack/neutron/neutron/api/rpc/handlers/resources_rpc.py:237}}
Aug 09 14:26:11.502286 dv-cinder-788363-9-smb neutron-server[93242]: DEBUG neutron_lib.callbacks.manager [None req-ff82a0a0-065b-4d37-9ff6-fc4c0128a2d3 None None] Notify callbacks ['neutron.plugins.ml2.plugin.SecurityGroupDbMixin._ensure_default_security_group_handler-1971937'] for port, before_update {{(pid=93242) _notify_loop /usr/local/lib/python3.8/dist-packages/neutron_lib/callbacks/manager.py:192}}
Aug 09 14:26:11.505136 dv-cinder-788363-9-smb neutron-server[93242]: DEBUG neutron_lib.callbacks.manager [None req-ff82a0a0-065b-4d37-9ff6-fc4c0128a2d3 None None] Notify callbacks ['neutron.plugins.ml2.plugin.SecurityGroupDbMixin._ensure_default_security_group_handler-1971937'] for port, before_update {{(pid=93242) _notify_loop /usr/local/lib/python3.8/dist-packages/neutron_lib/callbacks/manager.py:192}}
Aug 09 14:26:11.542902 dv-cinder-788363-9-smb neutron-server[93242]: DEBUG neutron.notifiers.nova [None req-ff82a0a0-065b-4d37-9ff6-fc4c0128a2d3 None None] Ignoring state change previous_port_status: DOWN current_port_status: BUILD port_id c582627a-84fa-4ee8-9c35-a13cced83958 {{(pid=93242) record_port_status_changed /opt/stack/neutron/neutron/notifiers/nova.py:224}}
Aug 09 14:26:11.566175 dv-cinder-788363-9-smb neutron-server[93242]: DEBUG neutron.plugins.ml2.db [None req-ff82a0a0-065b-4d37-9ff6-fc4c0128a2d3 None None] For port 2c91baf4-ed58-4848-94da-340981495d7b, host hv-cinder-78836, got binding levels [PortBindingLevel(driver='hyperv',host='hv-cinder-78836',level=0,port_id=2c91baf4-ed58-4848-94da-340981495d7b,segment=NetworkSegment(5df82f78-77a4-48da-b19c-b45dc2f38320),segment_id=5df82f78-77a4-48da-b19c-b45dc2f38320)] {{(pid=93242) get_binding_level_objs /opt/stack/neutron/neutron/plugins/ml2/db.py:74}}
Aug 09 14:26:11.576949 dv-cinder-788363-9-smb neutron-server[93242]: DEBUG neutron_lib.callbacks.manager [None req-ff82a0a0-065b-4d37-9ff6-fc4c0128a2d3 None None] Notify callbacks ['neutron.plugins.ml2.plugin.SecurityGroupServerNotifierRpcMixin._notify_sg_on_port_change-1971279', 'neutron.plugins.ml2.ovo_rpc._ObjectChangeHandler.handle_event-124889', 'neutron.api.rpc.agentnotifiers.dhcp_rpc_agent_api.DhcpAgentNotifyAPI._native_event_send_dhcp_notification-629766', 'neutron.db.l3_db.L3RpcNotifierMixin._notify_gateway_port_ip_changed-8774318968477', 'neutron.db.l3_dvrscheduler_db._notify_l3_agent_port_update-8774318580215', 'neutron.db.l3_hascheduler_db._notify_l3_agent_ha_port_update-8774318577677'] for port, after_update {{(pid=93242) _notify_loop /usr/local/lib/python3.8/dist-packages/neutron_lib/callbacks/manager.py:192}}
Aug 09 14:26:11.581020 dv-cinder-788363-9-smb neutron-server[93242]: DEBUG neutron.plugins.ml2.db [None req-ff82a0a0-065b-4d37-9ff6-fc4c0128a2d3 None None] For port c582627a-84fa-4ee8-9c35-a13cced83958, host hv-cinder-78836, got binding levels [PortBindingLevel(driver='hyperv',host='hv-cinder-78836',level=0,port_id=c582627a-84fa-4ee8-9c35-a13cced83958,segment=NetworkSegment(5642f28c-bf79-4f4b-a56e-74b4686b23c5),segment_id=5642f28c-bf79-4f4b-a56e-74b4686b23c5)] {{(pid=93242) get_binding_level_objs /opt/stack/neutron/neutron/plugins/ml2/db.py:74}}
Aug 09 14:26:11.620357 dv-cinder-788363-9-smb neutron-server[93242]: DEBUG neutron_lib.callbacks.manager [None req-ff82a0a0-065b-4d37-9ff6-fc4c0128a2d3 None None] Notify callbacks ['neutron.plugins.ml2.plugin.SecurityGroupServerNotifierRpcMixin._notify_sg_on_port_change-1971279', 'neutron.plugins.ml2.ovo_rpc._ObjectChangeHandler.handle_event-124889', 'neutron.api.rpc.agentnotifiers.dhcp_rpc_agent_api.DhcpAgentNotifyAPI._native_event_send_dhcp_notification-629766', 'neutron.db.l3_db.L3RpcNotifierMixin._notify_gateway_port_ip_changed-8774318968477', 'neutron.db.l3_dvrscheduler_db._notify_l3_agent_port_update-8774318580215', 'neutron.db.l3_hascheduler_db._notify_l3_agent_ha_port_update-8774318577677'] for port, after_update {{(pid=93242) _notify_loop /usr/local/lib/python3.8/dist-packages/neutron_lib/callbacks/manager.py:192}}
Aug 09 14:26:11.666685 dv-cinder-788363-9-smb neutron-server[93242]: DEBUG neutron.api.rpc.handlers.resources_rpc [None req-ff82a0a0-065b-4d37-9ff6-fc4c0128a2d3 None None] Pushing event updated for resources: {'Port': ['ID=2c91baf4-ed58-4848-94da-340981495d7b,revision_number=5']} {{(pid=93242) push /opt/stack/neutron/neutron/api/rpc/handlers/resources_rpc.py:237}}
Aug 09 14:26:11.767418 dv-cinder-788363-9-smb neutron-server[93242]: DEBUG neutron.api.rpc.handlers.resources_rpc [None req-ff82a0a0-065b-4d37-9ff6-fc4c0128a2d3 None None] Pushing event updated for resources: {'Port': ['ID=c582627a-84fa-4ee8-9c35-a13cced83958,revision_number=4']} {{(pid=93242) push /opt/stack/neutron/neutron/api/rpc/handlers/resources_rpc.py:237}}
Aug 09 14:26:11.801145 dv-cinder-788363-9-smb neutron-server[93241]: DEBUG neutron.pecan_wsgi.hooks.policy_enforcement [req-f8f402d1-d517-475f-a311-b68ebdf63eb7 req-a377dbe9-73c5-4141-9f45-308dcec80deb tempest-AttachVolumeTestJSON-675064797 tempest-AttachVolumeTestJSON-675064797-project] Attributes excluded by policy engine: ['standard_attr_id', 'binding:profile', 'binding:host_id', 'binding:vif_type', 'binding:vif_details'] {{(pid=93241) _exclude_attributes_by_policy /opt/stack/neutron/neutron/pecan_wsgi/hooks/policy_enforcement.py:255}}
Aug 09 14:26:11.803783 dv-cinder-788363-9-smb neutron-server[93241]: INFO neutron.wsgi [req-f8f402d1-d517-475f-a311-b68ebdf63eb7 req-a377dbe9-73c5-4141-9f45-308dcec80deb tempest-AttachVolumeTestJSON-675064797 tempest-AttachVolumeTestJSON-675064797-project] 10.222.0.21 "GET /v2.0/ports?device_id=34ee9fa4-66e3-411e-85cf-6ff5837a7694 HTTP/1.1" status: 200 len: 944 time: 0.1178482
Aug 09 14:26:11.815368 dv-cinder-788363-9-smb neutron-server[93241]: DEBUG neutron.pecan_wsgi.hooks.policy_enforcement [req-34a8dffd-ad28-475b-b8ef-a2d0e723b469 req-3bfb34ab-9029-46cb-8c84-4826545d94e2 tempest-DeleteServersTestJSON-1505321356 tempest-DeleteServersTestJSON-1505321356-project] Attributes excluded by policy engine: ['standard_attr_id', 'binding:profile', 'binding:host_id', 'binding:vif_type', 'binding:vif_details'] {{(pid=93241) _exclude_attributes_by_policy /opt/stack/neutron/neutron/pecan_wsgi/hooks/policy_enforcement.py:255}}
Aug 09 14:26:11.816983 dv-cinder-788363-9-smb neutron-server[93241]: INFO neutron.wsgi [req-34a8dffd-ad28-475b-b8ef-a2d0e723b469 req-3bfb34ab-9029-46cb-8c84-4826545d94e2 tempest-DeleteServersTestJSON-1505321356 tempest-DeleteServersTestJSON-1505321356-project] 10.222.0.21 "GET /v2.0/ports?device_id=ee015baa-8795-4024-b2d2-304204370664 HTTP/1.1" status: 200 len: 946 time: 0.1638227
Aug 09 14:26:11.883725 dv-cinder-788363-9-smb neutron-server[93241]: INFO neutron.wsgi [req-f8f402d1-d517-475f-a311-b68ebdf63eb7 req-d3573e49-ea7c-491a-895f-00b16293bef6 tempest-AttachVolumeTestJSON-675064797 tempest-AttachVolumeTestJSON-675064797-project] 10.222.0.21 "GET /v2.0/security-groups?id=d8b7f6d8-0712-4a9f-b87e-ff38d66923b2&fields=id&fields=name HTTP/1.1" status: 200 len: 312 time: 0.0652637
Aug 09 14:26:11.889902 dv-cinder-788363-9-smb neutron-server[93241]: INFO neutron.wsgi [req-34a8dffd-ad28-475b-b8ef-a2d0e723b469 req-03b70d53-93b4-4376-9e3b-165068e36130 tempest-DeleteServersTestJSON-1505321356 tempest-DeleteServersTestJSON-1505321356-project] 10.222.0.21 "GET /v2.0/security-groups?id=d2ac9665-967c-4758-83de-0f7e5576a633&fields=id&fields=name HTTP/1.1" status: 200 len: 286 time: 0.0628061
Aug 09 14:26:11.959321 dv-cinder-788363-9-smb neutron-server[93242]: DEBUG neutron.plugins.ml2.db [None req-ff82a0a0-065b-4d37-9ff6-fc4c0128a2d3 None None] get_ports_and_sgs() called for port_ids ['c582627a-84fa-4ee8-9c35-a13cced83958'] {{(pid=93242) get_ports_and_sgs /opt/stack/neutron/neutron/plugins/ml2/db.py:156}}
Aug 09 14:26:11.959610 dv-cinder-788363-9-smb neutron-server[93240]: DEBUG neutron.wsgi [-] (93240) accepted ('10.222.0.21', 52320) {{(pid=93240) server /usr/local/lib/python3.8/dist-packages/eventlet/wsgi.py:982}}
Aug 09 14:26:11.973916 dv-cinder-788363-9-smb neutron-server[93240]: DEBUG neutron_lib.callbacks.manager [None req-760e61a1-470b-453d-aaeb-1f71518f8f84 admin admin] Notify callbacks [] for security_group, before_create {{(pid=93240) _notify_loop /usr/local/lib/python3.8/dist-packages/neutron_lib/callbacks/manager.py:192}}
Aug 09 14:26:12.090109 dv-cinder-788363-9-smb neutron-server[93241]: DEBUG neutron.pecan_wsgi.hooks.policy_enforcement [req-96425e33-8f13-4fb1-a225-a5310127621b req-63949d6e-0088-4772-aa92-1e7b627153ce tempest-ServerRescueNegativeTestJSON-598194759 tempest-ServerRescueNegativeTestJSON-598194759-project] Attributes excluded by policy engine: ['standard_attr_id', 'binding:profile', 'binding:host_id', 'binding:vif_type', 'binding:vif_details'] {{(pid=93241) _exclude_attributes_by_policy /opt/stack/neutron/neutron/pecan_wsgi/hooks/policy_enforcement.py:255}}
Aug 09 14:26:12.092244 dv-cinder-788363-9-smb neutron-server[93241]: INFO neutron.wsgi [req-96425e33-8f13-4fb1-a225-a5310127621b req-63949d6e-0088-4772-aa92-1e7b627153ce tempest-ServerRescueNegativeTestJSON-598194759 tempest-ServerRescueNegativeTestJSON-598194759-project] 10.222.0.21 "GET /v2.0/ports?device_id=dd1ff645-d41c-4990-946a-7e400da2d3f8 HTTP/1.1" status: 200 len: 945 time: 0.0858355
Aug 09 14:26:12.161541 dv-cinder-788363-9-smb neutron-server[93241]: INFO neutron.wsgi [req-96425e33-8f13-4fb1-a225-a5310127621b req-775676fa-ad14-4d5b-be01-5bb37379e672 tempest-ServerRescueNegativeTestJSON-598194759 tempest-ServerRescueNegativeTestJSON-598194759-project] 10.222.0.21 "GET /v2.0/security-groups?id=d207b590-6e21-40aa-9164-66e9a9fad65e&fields=id&fields=name HTTP/1.1" status: 200 len: 286 time: 0.0580361
Aug 09 14:26:12.171416 dv-cinder-788363-9-smb neutron-server[93240]: DEBUG neutron_lib.callbacks.manager [None req-760e61a1-470b-453d-aaeb-1f71518f8f84 admin admin] Notify callbacks [] for security_group, precommit_create {{(pid=93240) _notify_loop /usr/local/lib/python3.8/dist-packages/neutron_lib/callbacks/manager.py:192}}
Aug 09 14:26:12.178025 dv-cinder-788363-9-smb neutron-server[93240]: DEBUG neutron_lib.callbacks.manager [None req-760e61a1-470b-453d-aaeb-1f71518f8f84 admin admin] Notify callbacks ['neutron.plugins.ml2.ovo_rpc._ObjectChangeHandler.handle_event-986549'] for security_group, after_create {{(pid=93240) _notify_loop /usr/local/lib/python3.8/dist-packages/neutron_lib/callbacks/manager.py:192}}
Aug 09 14:26:12.250749 dv-cinder-788363-9-smb neutron-server[93240]: INFO neutron.wsgi [None req-760e61a1-470b-453d-aaeb-1f71518f8f84 admin admin] 10.222.0.21 "GET /v2.0/security-groups?tenant_id=f17e113525284eeaa1b3900f87f1271d&name=default HTTP/1.1" status: 200 len: 2979 time: 0.2892075
Aug 09 14:26:12.253115 dv-cinder-788363-9-smb neutron-server[93241]: DEBUG neutron.wsgi [-] (93241) accepted ('10.222.0.21', 52332) {{(pid=93241) server /usr/local/lib/python3.8/dist-packages/eventlet/wsgi.py:982}}
Aug 09 14:26:12.253614 dv-cinder-788363-9-smb neutron-server[93240]: DEBUG neutron.api.rpc.handlers.resources_rpc [None req-760e61a1-470b-453d-aaeb-1f71518f8f84 admin admin] Pushing event updated for resources: {'SecurityGroup': ['ID=acab0b6c-707b-418f-9dda-21e1e54c5aa6,revision_number=1']} {{(pid=93240) push /opt/stack/neutron/neutron/api/rpc/handlers/resources_rpc.py:237}}
Aug 09 14:26:12.326851 dv-cinder-788363-9-smb neutron-server[93241]: DEBUG neutron_lib.callbacks.manager [None req-b8087b43-83ab-4ac2-be89-2df481fe9eae admin admin] Notify callbacks [] for security_group, before_delete {{(pid=93241) _notify_loop /usr/local/lib/python3.8/dist-packages/neutron_lib/callbacks/manager.py:192}}
Aug 09 14:26:12.361429 dv-cinder-788363-9-smb neutron-server[93241]: DEBUG neutron_lib.callbacks.manager [None req-b8087b43-83ab-4ac2-be89-2df481fe9eae admin admin] Notify callbacks [] for security_group, precommit_delete {{(pid=93241) _notify_loop /usr/local/lib/python3.8/dist-packages/neutron_lib/callbacks/manager.py:192}}
Aug 09 14:26:12.428887 dv-cinder-788363-9-smb neutron-server[93241]: DEBUG neutron_lib.callbacks.manager [None req-b8087b43-83ab-4ac2-be89-2df481fe9eae admin admin] Notify callbacks ['neutron.plugins.ml2.ovo_rpc._ObjectChangeHandler.handle_event-986549'] for security_group, after_delete {{(pid=93241) _notify_loop /usr/local/lib/python3.8/dist-packages/neutron_lib/callbacks/manager.py:192}}
Aug 09 14:26:12.432137 dv-cinder-788363-9-smb neutron-server[93241]: DEBUG neutron_lib.callbacks.manager [None req-b8087b43-83ab-4ac2-be89-2df481fe9eae admin admin] Notify callbacks [] for security_group, before_response {{(pid=93241) _notify_loop /usr/local/lib/python3.8/dist-packages/neutron_lib/callbacks/manager.py:192}}
Aug 09 14:26:12.434883 dv-cinder-788363-9-smb neutron-server[93241]: INFO neutron.wsgi [None req-b8087b43-83ab-4ac2-be89-2df481fe9eae admin admin] 10.222.0.21 "DELETE /v2.0/security-groups/acab0b6c-707b-418f-9dda-21e1e54c5aa6 HTTP/1.1" status: 204 len: 168 time: 0.1772447
Aug 09 14:26:12.441841 dv-cinder-788363-9-smb neutron-server[93241]: DEBUG neutron.api.rpc.handlers.resources_rpc [None req-b8087b43-83ab-4ac2-be89-2df481fe9eae admin admin] Pushing event deleted for resources: {'SecurityGroup': ['ID=acab0b6c-707b-418f-9dda-21e1e54c5aa6,revision_number=None']} {{(pid=93241) push /opt/stack/neutron/neutron/api/rpc/handlers/resources_rpc.py:237}}
Aug 09 14:26:12.609648 dv-cinder-788363-9-smb neutron-server[93242]: DEBUG neutron.notifiers.nova [-] Sending events: [{'server_uuid': 'dd1ff645-d41c-4990-946a-7e400da2d3f8', 'name': 'network-vif-plugged', 'status': 'completed', 'tag': '2c91baf4-ed58-4848-94da-340981495d7b'}] {{(pid=93242) send_events /opt/stack/neutron/neutron/notifiers/nova.py:262}}
