Aug 09 14:24:58.312167 dv-cinder-788363-9-smb devstack@n-api.service[107466]: DEBUG nova.api.openstack.wsgi_app [-] oslo_messaging_rabbit.ssl_cert_file = {{(pid=107466) log_opt_values /usr/local/lib/python3.8/dist-packages/oslo_config/cfg.py:2609}}
Aug 09 14:24:58.312167 dv-cinder-788363-9-smb devstack@n-api.service[107466]: DEBUG nova.api.openstack.wsgi_app [-] oslo_messaging_rabbit.ssl_key_file = {{(pid=107466) log_opt_values /usr/local/lib/python3.8/dist-packages/oslo_config/cfg.py:2609}}
Aug 09 14:24:58.312167 dv-cinder-788363-9-smb devstack@n-api.service[107466]: DEBUG nova.api.openstack.wsgi_app [-] oslo_messaging_rabbit.ssl_version = {{(pid=107466) log_opt_values /usr/local/lib/python3.8/dist-packages/oslo_config/cfg.py:2609}}
Aug 09 14:24:58.313748 dv-cinder-788363-9-smb devstack@n-api.service[107466]: DEBUG nova.api.openstack.wsgi_app [-] oslo_messaging_notifications.driver = ['messagingv2'] {{(pid=107466) log_opt_values /usr/local/lib/python3.8/dist-packages/oslo_config/cfg.py:2609}}
Aug 09 14:24:58.313748 dv-cinder-788363-9-smb devstack@n-api.service[107466]: DEBUG nova.api.openstack.wsgi_app [-] oslo_messaging_notifications.retry = -1 {{(pid=107466) log_opt_values /usr/local/lib/python3.8/dist-packages/oslo_config/cfg.py:2609}}
Aug 09 14:24:58.313748 dv-cinder-788363-9-smb devstack@n-api.service[107466]: DEBUG nova.api.openstack.wsgi_app [-] oslo_messaging_notifications.topics = ['notifications'] {{(pid=107466) log_opt_values /usr/local/lib/python3.8/dist-packages/oslo_config/cfg.py:2609}}
Aug 09 14:24:58.314298 dv-cinder-788363-9-smb devstack@n-api.service[107466]: DEBUG nova.api.openstack.wsgi_app [-] oslo_messaging_notifications.transport_url = **** {{(pid=107466) log_opt_values /usr/local/lib/python3.8/dist-packages/oslo_config/cfg.py:2609}}
Aug 09 14:24:58.314763 dv-cinder-788363-9-smb devstack@n-api.service[107466]: DEBUG nova.api.openstack.wsgi_app [-] ******************************************************************************** {{(pid=107466) log_opt_values /usr/local/lib/python3.8/dist-packages/oslo_config/cfg.py:2613}}
Aug 09 14:24:58.316287 dv-cinder-788363-9-smb devstack@n-api.service[107467]: DEBUG oslo_db.sqlalchemy.engines [None req-4d7f563f-f94c-4efa-a6c3-f70535dd5538 None None] MySQL server mode set to STRICT_TRANS_TABLES,STRICT_ALL_TABLES,NO_ZERO_IN_DATE,NO_ZERO_DATE,ERROR_FOR_DIVISION_BY_ZERO,TRADITIONAL,NO_ENGINE_SUBSTITUTION {{(pid=107467) _check_effective_sql_mode /usr/local/lib/python3.8/dist-packages/oslo_db/sqlalchemy/engines.py:314}}
Aug 09 14:24:58.339540 dv-cinder-788363-9-smb devstack@n-api.service[107466]: DEBUG oslo_db.sqlalchemy.engines [None req-4c2a10aa-4924-4ff0-b9b7-fd93f6e2b391 None None] MySQL server mode set to STRICT_TRANS_TABLES,STRICT_ALL_TABLES,NO_ZERO_IN_DATE,NO_ZERO_DATE,ERROR_FOR_DIVISION_BY_ZERO,TRADITIONAL,NO_ENGINE_SUBSTITUTION {{(pid=107466) _check_effective_sql_mode /usr/local/lib/python3.8/dist-packages/oslo_db/sqlalchemy/engines.py:314}}
Aug 09 14:24:58.488673 dv-cinder-788363-9-smb devstack@n-api.service[107467]: DEBUG nova.context [None req-4d7f563f-f94c-4efa-a6c3-f70535dd5538 None None] Found 2 cells: 00000000-0000-0000-0000-000000000000(cell0),8777b72a-c629-4b2f-b0f5-4c9006822da8(cell1) {{(pid=107467) load_cells /opt/stack/nova/nova/context.py:464}}
Aug 09 14:24:58.492881 dv-cinder-788363-9-smb devstack@n-api.service[107467]: DEBUG oslo_concurrency.lockutils [None req-4d7f563f-f94c-4efa-a6c3-f70535dd5538 None None] Lock "00000000-0000-0000-0000-000000000000" acquired by "nova.context.set_target_cell..get_or_set_cached_cell_and_set_connections" :: waited 0.000s {{(pid=107467) inner /usr/local/lib/python3.8/dist-packages/oslo_concurrency/lockutils.py:355}}
Aug 09 14:24:58.494431 dv-cinder-788363-9-smb devstack@n-api.service[107467]: DEBUG oslo_concurrency.lockutils [None req-4d7f563f-f94c-4efa-a6c3-f70535dd5538 None None] Lock "00000000-0000-0000-0000-000000000000" released by "nova.context.set_target_cell..get_or_set_cached_cell_and_set_connections" :: held 0.002s {{(pid=107467) inner /usr/local/lib/python3.8/dist-packages/oslo_concurrency/lockutils.py:367}}
Aug 09 14:24:58.495284 dv-cinder-788363-9-smb devstack@n-api.service[107467]: DEBUG oslo_concurrency.lockutils [None req-4d7f563f-f94c-4efa-a6c3-f70535dd5538 None None] Lock "8777b72a-c629-4b2f-b0f5-4c9006822da8" acquired by "nova.context.set_target_cell..get_or_set_cached_cell_and_set_connections" :: waited 0.000s {{(pid=107467) inner /usr/local/lib/python3.8/dist-packages/oslo_concurrency/lockutils.py:355}}
Aug 09 14:24:58.497542 dv-cinder-788363-9-smb devstack@n-api.service[107467]: DEBUG oslo_concurrency.lockutils [None req-4d7f563f-f94c-4efa-a6c3-f70535dd5538 None None] Lock "8777b72a-c629-4b2f-b0f5-4c9006822da8" released by "nova.context.set_target_cell..get_or_set_cached_cell_and_set_connections" :: held 0.002s {{(pid=107467) inner /usr/local/lib/python3.8/dist-packages/oslo_concurrency/lockutils.py:367}}
Aug 09 14:24:58.508023 dv-cinder-788363-9-smb devstack@n-api.service[107466]: DEBUG nova.context [None req-4c2a10aa-4924-4ff0-b9b7-fd93f6e2b391 None None] Found 2 cells: 00000000-0000-0000-0000-000000000000(cell0),8777b72a-c629-4b2f-b0f5-4c9006822da8(cell1) {{(pid=107466) load_cells /opt/stack/nova/nova/context.py:464}}
Aug 09 14:24:58.508589 dv-cinder-788363-9-smb devstack@n-api.service[107467]: DEBUG oslo_db.sqlalchemy.engines [None req-4d7f563f-f94c-4efa-a6c3-f70535dd5538 None None] MySQL server mode set to STRICT_TRANS_TABLES,STRICT_ALL_TABLES,NO_ZERO_IN_DATE,NO_ZERO_DATE,ERROR_FOR_DIVISION_BY_ZERO,TRADITIONAL,NO_ENGINE_SUBSTITUTION {{(pid=107467) _check_effective_sql_mode /usr/local/lib/python3.8/dist-packages/oslo_db/sqlalchemy/engines.py:314}}
Aug 09 14:24:58.509444 dv-cinder-788363-9-smb devstack@n-api.service[107467]: DEBUG oslo_db.sqlalchemy.engines [None req-4d7f563f-f94c-4efa-a6c3-f70535dd5538 None None] MySQL server mode set to STRICT_TRANS_TABLES,STRICT_ALL_TABLES,NO_ZERO_IN_DATE,NO_ZERO_DATE,ERROR_FOR_DIVISION_BY_ZERO,TRADITIONAL,NO_ENGINE_SUBSTITUTION {{(pid=107467) _check_effective_sql_mode /usr/local/lib/python3.8/dist-packages/oslo_db/sqlalchemy/engines.py:314}}
Aug 09 14:24:58.512409 dv-cinder-788363-9-smb devstack@n-api.service[107466]: DEBUG oslo_concurrency.lockutils [None req-4c2a10aa-4924-4ff0-b9b7-fd93f6e2b391 None None] Lock "00000000-0000-0000-0000-000000000000" acquired by "nova.context.set_target_cell..get_or_set_cached_cell_and_set_connections" :: waited 0.000s {{(pid=107466) inner /usr/local/lib/python3.8/dist-packages/oslo_concurrency/lockutils.py:355}}
Aug 09 14:24:58.514013 dv-cinder-788363-9-smb devstack@n-api.service[107466]: DEBUG oslo_concurrency.lockutils [None req-4c2a10aa-4924-4ff0-b9b7-fd93f6e2b391 None None] Lock "00000000-0000-0000-0000-000000000000" released by "nova.context.set_target_cell..get_or_set_cached_cell_and_set_connections" :: held 0.002s {{(pid=107466) inner /usr/local/lib/python3.8/dist-packages/oslo_concurrency/lockutils.py:367}}
Aug 09 14:24:58.514896 dv-cinder-788363-9-smb devstack@n-api.service[107466]: DEBUG oslo_concurrency.lockutils [None req-4c2a10aa-4924-4ff0-b9b7-fd93f6e2b391 None None] Lock "8777b72a-c629-4b2f-b0f5-4c9006822da8" acquired by "nova.context.set_target_cell..get_or_set_cached_cell_and_set_connections" :: waited 0.000s {{(pid=107466) inner /usr/local/lib/python3.8/dist-packages/oslo_concurrency/lockutils.py:355}}
Aug 09 14:24:58.516928 dv-cinder-788363-9-smb devstack@n-api.service[107466]: DEBUG oslo_concurrency.lockutils [None req-4c2a10aa-4924-4ff0-b9b7-fd93f6e2b391 None None] Lock "8777b72a-c629-4b2f-b0f5-4c9006822da8" released by "nova.context.set_target_cell..get_or_set_cached_cell_and_set_connections" :: held 0.002s {{(pid=107466) inner /usr/local/lib/python3.8/dist-packages/oslo_concurrency/lockutils.py:367}}
Aug 09 14:24:58.527536 dv-cinder-788363-9-smb devstack@n-api.service[107466]: DEBUG oslo_db.sqlalchemy.engines [None req-4c2a10aa-4924-4ff0-b9b7-fd93f6e2b391 None None] MySQL server mode set to STRICT_TRANS_TABLES,STRICT_ALL_TABLES,NO_ZERO_IN_DATE,NO_ZERO_DATE,ERROR_FOR_DIVISION_BY_ZERO,TRADITIONAL,NO_ENGINE_SUBSTITUTION {{(pid=107466) _check_effective_sql_mode /usr/local/lib/python3.8/dist-packages/oslo_db/sqlalchemy/engines.py:314}}
Aug 09 14:24:58.529090 dv-cinder-788363-9-smb devstack@n-api.service[107466]: DEBUG oslo_db.sqlalchemy.engines [None req-4c2a10aa-4924-4ff0-b9b7-fd93f6e2b391 None None] MySQL server mode set to STRICT_TRANS_TABLES,STRICT_ALL_TABLES,NO_ZERO_IN_DATE,NO_ZERO_DATE,ERROR_FOR_DIVISION_BY_ZERO,TRADITIONAL,NO_ENGINE_SUBSTITUTION {{(pid=107466) _check_effective_sql_mode /usr/local/lib/python3.8/dist-packages/oslo_db/sqlalchemy/engines.py:314}}
Aug 09 14:24:58.777817 dv-cinder-788363-9-smb devstack@n-api.service[107467]: DEBUG oslo_db.sqlalchemy.engines [None req-4d7f563f-f94c-4efa-a6c3-f70535dd5538 None None] MySQL server mode set to STRICT_TRANS_TABLES,STRICT_ALL_TABLES,NO_ZERO_IN_DATE,NO_ZERO_DATE,ERROR_FOR_DIVISION_BY_ZERO,TRADITIONAL,NO_ENGINE_SUBSTITUTION {{(pid=107467) _check_effective_sql_mode /usr/local/lib/python3.8/dist-packages/oslo_db/sqlalchemy/engines.py:314}}
Aug 09 14:24:58.806893 dv-cinder-788363-9-smb devstack@n-api.service[107466]: DEBUG oslo_db.sqlalchemy.engines [None req-4c2a10aa-4924-4ff0-b9b7-fd93f6e2b391 None None] MySQL server mode set to STRICT_TRANS_TABLES,STRICT_ALL_TABLES,NO_ZERO_IN_DATE,NO_ZERO_DATE,ERROR_FOR_DIVISION_BY_ZERO,TRADITIONAL,NO_ENGINE_SUBSTITUTION {{(pid=107466) _check_effective_sql_mode /usr/local/lib/python3.8/dist-packages/oslo_db/sqlalchemy/engines.py:314}}
Aug 09 14:24:59.117032 dv-cinder-788363-9-smb devstack@n-api.service[107467]: WARNING keystonemiddleware.auth_token [None req-4d7f563f-f94c-4efa-a6c3-f70535dd5538 None None] AuthToken middleware is set with keystone_authtoken.service_token_roles_required set to False. This is backwards compatible but deprecated behaviour. Please set this to True.
Aug 09 14:24:59.124820 dv-cinder-788363-9-smb devstack@n-api.service[107467]: WARNING keystonemiddleware.auth_token [None req-4d7f563f-f94c-4efa-a6c3-f70535dd5538 None None] Configuring www_authenticate_uri to point to the public identity endpoint is required; clients may not be able to authenticate against an admin endpoint
Aug 09 14:24:59.143076 dv-cinder-788363-9-smb devstack@n-api.service[107466]: WARNING keystonemiddleware.auth_token [None req-4c2a10aa-4924-4ff0-b9b7-fd93f6e2b391 None None] AuthToken middleware is set with keystone_authtoken.service_token_roles_required set to False. This is backwards compatible but deprecated behaviour. Please set this to True.
Aug 09 14:24:59.149637 dv-cinder-788363-9-smb devstack@n-api.service[107466]: WARNING keystonemiddleware.auth_token [None req-4c2a10aa-4924-4ff0-b9b7-fd93f6e2b391 None None] Configuring www_authenticate_uri to point to the public identity endpoint is required; clients may not be able to authenticate against an admin endpoint
Aug 09 14:24:59.474183 dv-cinder-788363-9-smb devstack@n-api.service[107467]: WARNING keystonemiddleware.auth_token [None req-4d7f563f-f94c-4efa-a6c3-f70535dd5538 None None] AuthToken middleware is set with keystone_authtoken.service_token_roles_required set to False. This is backwards compatible but deprecated behaviour. Please set this to True.
Aug 09 14:24:59.482146 dv-cinder-788363-9-smb devstack@n-api.service[107467]: WARNING keystonemiddleware.auth_token [None req-4d7f563f-f94c-4efa-a6c3-f70535dd5538 None None] Configuring www_authenticate_uri to point to the public identity endpoint is required; clients may not be able to authenticate against an admin endpoint
Aug 09 14:24:59.485447 dv-cinder-788363-9-smb devstack@n-api.service[107467]: WSGI app 0 (mountpoint='') ready in 6 seconds on interpreter 0x55d5758149c0 pid: 107467 (default app)
Aug 09 14:24:59.501322 dv-cinder-788363-9-smb devstack@n-api.service[107466]: WARNING keystonemiddleware.auth_token [None req-4c2a10aa-4924-4ff0-b9b7-fd93f6e2b391 None None] AuthToken middleware is set with keystone_authtoken.service_token_roles_required set to False. This is backwards compatible but deprecated behaviour. Please set this to True.
Aug 09 14:24:59.506535 dv-cinder-788363-9-smb devstack@n-api.service[107466]: WARNING keystonemiddleware.auth_token [None req-4c2a10aa-4924-4ff0-b9b7-fd93f6e2b391 None None] Configuring www_authenticate_uri to point to the public identity endpoint is required; clients may not be able to authenticate against an admin endpoint
Aug 09 14:24:59.511956 dv-cinder-788363-9-smb devstack@n-api.service[107466]: WSGI app 0 (mountpoint='') ready in 6 seconds on interpreter 0x55d5758149c0 pid: 107466 (default app)
Aug 09 14:25:34.698935 dv-cinder-788363-9-smb devstack@n-api.service[107467]: DEBUG nova.api.openstack.wsgi [None req-8aed9222-b53f-4606-8d94-533481c65602 tempest-VolumesGetTestJSON-945985478 tempest-VolumesGetTestJSON-945985478-project] Action: 'create', calling method: .version_select at 0x7feaae05f550>, body: {"volume": {"size": 1, "display_name": "tempest-VolumesGetTestJSON-Volume-458319587", "metadata": {"Type": "work"}}} {{(pid=107467) _process_stack /opt/stack/nova/nova/api/openstack/wsgi.py:511}}
Aug 09 14:25:34.705537 dv-cinder-788363-9-smb devstack@n-api.service[107466]: DEBUG nova.api.openstack.wsgi [None req-7d6e07f9-d0fc-489e-b377-8f55a1d40a9c tempest-VolumesSnapshotsTestJSON-841484335 tempest-VolumesSnapshotsTestJSON-841484335-project] Action: 'create', calling method: .version_select at 0x7feaae062550>, body: {"volume": {"size": 1, "display_name": "tempest-VolumesSnapshotsTestJSON-volume-1569806015"}} {{(pid=107466) _process_stack /opt/stack/nova/nova/api/openstack/wsgi.py:511}}
Aug 09 14:25:35.804737 dv-cinder-788363-9-smb devstack@n-api.service[107466]: INFO nova.api.openstack.requestlog [None req-7d6e07f9-d0fc-489e-b377-8f55a1d40a9c tempest-VolumesSnapshotsTestJSON-841484335 tempest-VolumesSnapshotsTestJSON-841484335-project] 10.222.0.21 "POST /compute/v2.1/os-volumes" status: 200 len: 345 microversion: 2.1 time: 2.523675
Aug 09 14:25:35.805989 dv-cinder-788363-9-smb devstack@n-api.service[107466]: [pid: 107466|app: 0|req: 1/1] 10.222.0.21 () {60 vars in 1155 bytes} [Mon Aug 9 14:25:33 2021] POST /compute/v2.1/os-volumes => generated 345 bytes in 2526 msecs (HTTP/1.1 200) 10 headers in 448 bytes (1 switches on core 0)
Aug 09 14:25:36.077414 dv-cinder-788363-9-smb devstack@n-api.service[107466]: DEBUG nova.api.openstack.wsgi [None req-d0d5fad1-041b-4848-aed6-f7a5ec0f9384 tempest-DeleteServersTestJSON-1505321356 tempest-DeleteServersTestJSON-1505321356-project] Action: 'create', calling method: >, body: {"server": {"name": "tempest-DeleteServersTestJSON-server-2036178238", "imageRef": "a1be7869-11bc-4edf-86e2-5bdd46117950", "flavorRef": "452", "networks": [{"uuid": "75fa0d4f-0229-47e6-8ee0-19c44b4ddd5c"}]}} {{(pid=107466) _process_stack /opt/stack/nova/nova/api/openstack/wsgi.py:511}}
Aug 09 14:25:36.337757 dv-cinder-788363-9-smb devstack@n-api.service[107466]: DEBUG nova.network.neutron [None req-d0d5fad1-041b-4848-aed6-f7a5ec0f9384 tempest-DeleteServersTestJSON-1505321356 tempest-DeleteServersTestJSON-1505321356-project] validate_networks() for [('75fa0d4f-0229-47e6-8ee0-19c44b4ddd5c', None, None, None)] {{(pid=107466) validate_networks /opt/stack/nova/nova/network/neutron.py:2255}}
Aug 09 14:25:36.618464 dv-cinder-788363-9-smb devstack@n-api.service[107467]: INFO nova.api.openstack.requestlog [None req-8aed9222-b53f-4606-8d94-533481c65602 tempest-VolumesGetTestJSON-945985478 tempest-VolumesGetTestJSON-945985478-project] 10.222.0.21 "POST /compute/v2.1/os-volumes" status: 200 len: 352 microversion: 2.1 time: 3.456481
Aug 09 14:25:36.619127 dv-cinder-788363-9-smb devstack@n-api.service[107467]: [pid: 107467|app: 0|req: 1/2] 10.222.0.21 () {60 vars in 1156 bytes} [Mon Aug 9 14:25:33 2021] POST /compute/v2.1/os-volumes => generated 352 bytes in 3459 msecs (HTTP/1.1 200) 10 headers in 448 bytes (1 switches on core 0)
Aug 09 14:25:36.631221 dv-cinder-788363-9-smb devstack@n-api.service[107467]: DEBUG nova.api.openstack.wsgi [None req-2ebc8792-baad-47fc-8579-f37b2c0b7935 tempest-VolumesSnapshotsTestJSON-841484335 tempest-VolumesSnapshotsTestJSON-841484335-project] Calling method '.version_select at 0x7feaadebc040>' {{(pid=107467) _process_stack /opt/stack/nova/nova/api/openstack/wsgi.py:513}}
Aug 09 14:25:36.736703 dv-cinder-788363-9-smb devstack@n-api.service[107467]: INFO nova.api.openstack.requestlog [None req-2ebc8792-baad-47fc-8579-f37b2c0b7935 tempest-VolumesSnapshotsTestJSON-841484335 tempest-VolumesSnapshotsTestJSON-841484335-project] 10.222.0.21 "GET /compute/v2.1/os-volumes/297fafb4-6e75-45e5-b7ab-87a044257261" status: 200 len: 346 microversion: 2.1 time: 0.115893
Aug 09 14:25:36.744560 dv-cinder-788363-9-smb devstack@n-api.service[107467]: [pid: 107467|app: 0|req: 2/3] 10.222.0.21 () {58 vars in 1245 bytes} [Mon Aug 9 14:25:36 2021] GET /compute/v2.1/os-volumes/297fafb4-6e75-45e5-b7ab-87a044257261 => generated 346 bytes in 118 msecs (HTTP/1.1 200) 9 headers in 357 bytes (1 switches on core 0)
Aug 09 14:25:36.744560 dv-cinder-788363-9-smb devstack@n-api.service[107467]: DEBUG nova.api.openstack.wsgi [None req-c16db5bf-9425-4721-9760-407c11f22930 tempest-VolumesGetTestJSON-945985478 tempest-VolumesGetTestJSON-945985478-project] Calling method '.version_select at 0x7feaadebc820>' {{(pid=107467) _process_stack /opt/stack/nova/nova/api/openstack/wsgi.py:513}}
Aug 09 14:25:36.867199 dv-cinder-788363-9-smb devstack@n-api.service[107467]: INFO nova.api.openstack.requestlog [None req-c16db5bf-9425-4721-9760-407c11f22930 tempest-VolumesGetTestJSON-945985478 tempest-VolumesGetTestJSON-945985478-project] 10.222.0.21 "GET /compute/v2.1/os-volumes/140505f7-c4b2-4e6d-b1ee-fb49342723f7" status: 200 len: 353 microversion: 2.1 time: 0.128046
Aug 09 14:25:36.867698 dv-cinder-788363-9-smb devstack@n-api.service[107467]: [pid: 107467|app: 0|req: 3/4] 10.222.0.21 () {58 vars in 1245 bytes} [Mon Aug 9 14:25:36 2021] GET /compute/v2.1/os-volumes/140505f7-c4b2-4e6d-b1ee-fb49342723f7 => generated 353 bytes in 129 msecs (HTTP/1.1 200) 9 headers in 357 bytes (1 switches on core 0)
Aug 09 14:25:36.873166 dv-cinder-788363-9-smb devstack@n-api.service[107467]: DEBUG nova.api.openstack.wsgi [None req-d580c628-8e53-4db0-8703-7f30135e851e tempest-VolumesSnapshotsTestJSON-841484335 tempest-VolumesSnapshotsTestJSON-841484335-project] Action: 'create', calling method: .version_select at 0x7feaadebca60>, body: {"snapshot": {"volume_id": "297fafb4-6e75-45e5-b7ab-87a044257261", "display_name": "tempest-VolumesSnapshotsTestJSON-Snapshot-1655821337"}} {{(pid=107467) _process_stack /opt/stack/nova/nova/api/openstack/wsgi.py:511}}
Aug 09 14:25:37.156473 dv-cinder-788363-9-smb devstack@n-api.service[107467]: INFO nova.api.openstack.requestlog [None req-d580c628-8e53-4db0-8703-7f30135e851e tempest-VolumesSnapshotsTestJSON-841484335 tempest-VolumesSnapshotsTestJSON-841484335-project] 10.222.0.21 "POST /compute/v2.1/os-snapshots" status: 200 len: 287 microversion: 2.1 time: 0.287678
Aug 09 14:25:37.157041 dv-cinder-788363-9-smb devstack@n-api.service[107467]: [pid: 107467|app: 0|req: 4/5] 10.222.0.21 () {60 vars in 1162 bytes} [Mon Aug 9 14:25:36 2021] POST /compute/v2.1/os-snapshots => generated 287 bytes in 289 msecs (HTTP/1.1 200) 9 headers in 357 bytes (1 switches on core 0)
Aug 09 14:25:37.174862 dv-cinder-788363-9-smb devstack@n-api.service[107467]: DEBUG nova.api.openstack.wsgi [None req-bdf542c1-5cf6-4b42-8ca6-bc6cd332151a tempest-VolumesGetTestJSON-945985478 tempest-VolumesGetTestJSON-945985478-project] Calling method '.version_select at 0x7feaadec2670>' {{(pid=107467) _process_stack /opt/stack/nova/nova/api/openstack/wsgi.py:513}}
Aug 09 14:25:37.314945 dv-cinder-788363-9-smb devstack@n-api.service[107467]: INFO nova.api.openstack.requestlog [None req-bdf542c1-5cf6-4b42-8ca6-bc6cd332151a tempest-VolumesGetTestJSON-945985478 tempest-VolumesGetTestJSON-945985478-project] 10.222.0.21 "GET /compute/v2.1/os-volumes/140505f7-c4b2-4e6d-b1ee-fb49342723f7" status: 200 len: 353 microversion: 2.1 time: 0.151688
Aug 09 14:25:37.316706 dv-cinder-788363-9-smb devstack@n-api.service[107467]: [pid: 107467|app: 0|req: 5/6] 10.222.0.21 () {58 vars in 1245 bytes} [Mon Aug 9 14:25:37 2021] GET /compute/v2.1/os-volumes/140505f7-c4b2-4e6d-b1ee-fb49342723f7 => generated 353 bytes in 159 msecs (HTTP/1.1 200) 9 headers in 357 bytes (1 switches on core 0)
Aug 09 14:25:37.321748 dv-cinder-788363-9-smb devstack@n-api.service[107467]: DEBUG nova.api.openstack.wsgi [None req-d5904686-421e-4f7f-8695-3d915c6204f8 tempest-VolumesSnapshotsTestJSON-841484335 tempest-VolumesSnapshotsTestJSON-841484335-project] Calling method '.version_select at 0x7feaadebcf70>' {{(pid=107467) _process_stack /opt/stack/nova/nova/api/openstack/wsgi.py:513}}
Aug 09 14:25:37.356096 dv-cinder-788363-9-smb devstack@n-api.service[107467]: INFO nova.api.openstack.requestlog [None req-d5904686-421e-4f7f-8695-3d915c6204f8 tempest-VolumesSnapshotsTestJSON-841484335 tempest-VolumesSnapshotsTestJSON-841484335-project] 10.222.0.21 "GET /compute/v2.1/os-snapshots/867262d4-364c-423a-b859-a4a8e34e4f15" status: 200 len: 288 microversion: 2.1 time: 0.038063
Aug 09 14:25:37.357050 dv-cinder-788363-9-smb devstack@n-api.service[107467]: [pid: 107467|app: 0|req: 6/7] 10.222.0.21 () {58 vars in 1251 bytes} [Mon Aug 9 14:25:37 2021] GET /compute/v2.1/os-snapshots/867262d4-364c-423a-b859-a4a8e34e4f15 => generated 288 bytes in 40 msecs (HTTP/1.1 200) 9 headers in 357 bytes (1 switches on core 0)
Aug 09 14:25:37.362207 dv-cinder-788363-9-smb devstack@n-api.service[107467]: DEBUG nova.api.openstack.wsgi [None req-4084e7f5-a925-4ab5-a549-1fa1f99b05a7 tempest-VolumesGetTestJSON-945985478 tempest-VolumesGetTestJSON-945985478-project] Calling method '.version_select at 0x7feaadebc430>' {{(pid=107467) _process_stack /opt/stack/nova/nova/api/openstack/wsgi.py:513}}
Aug 09 14:25:37.504861 dv-cinder-788363-9-smb devstack@n-api.service[107467]: INFO nova.api.openstack.requestlog [None req-4084e7f5-a925-4ab5-a549-1fa1f99b05a7 tempest-VolumesGetTestJSON-945985478 tempest-VolumesGetTestJSON-945985478-project] 10.222.0.21 "DELETE /compute/v2.1/os-volumes/140505f7-c4b2-4e6d-b1ee-fb49342723f7" status: 202 len: 0 microversion: 2.1 time: 0.146101
Aug 09 14:25:37.506430 dv-cinder-788363-9-smb devstack@n-api.service[107467]: [pid: 107467|app: 0|req: 7/8] 10.222.0.21 () {58 vars in 1248 bytes} [Mon Aug 9 14:25:37 2021] DELETE /compute/v2.1/os-volumes/140505f7-c4b2-4e6d-b1ee-fb49342723f7 => generated 0 bytes in 149 msecs (HTTP/1.1 202) 9 headers in 361 bytes (1 switches on core 0)
Aug 09 14:25:37.519481 dv-cinder-788363-9-smb devstack@n-api.service[107467]: DEBUG nova.api.openstack.wsgi [None req-e9634e30-205d-43ae-85ed-ff05db9c343c tempest-VolumesSnapshotsTestJSON-841484335 tempest-VolumesSnapshotsTestJSON-841484335-project] Calling method '.version_select at 0x7feaadec2ca0>' {{(pid=107467) _process_stack /opt/stack/nova/nova/api/openstack/wsgi.py:513}}
Aug 09 14:25:37.681223 dv-cinder-788363-9-smb devstack@n-api.service[107467]: INFO nova.api.openstack.requestlog [None req-e9634e30-205d-43ae-85ed-ff05db9c343c tempest-VolumesSnapshotsTestJSON-841484335 tempest-VolumesSnapshotsTestJSON-841484335-project] 10.222.0.21 "GET /compute/v2.1/os-snapshots" status: 200 len: 291 microversion: 2.1 time: 0.172771
Aug 09 14:25:37.682177 dv-cinder-788363-9-smb devstack@n-api.service[107467]: [pid: 107467|app: 0|req: 8/9] 10.222.0.21 () {58 vars in 1140 bytes} [Mon Aug 9 14:25:37 2021] GET /compute/v2.1/os-snapshots => generated 291 bytes in 175 msecs (HTTP/1.1 200) 9 headers in 357 bytes (1 switches on core 0)
Aug 09 14:25:37.693763 dv-cinder-788363-9-smb devstack@n-api.service[107467]: DEBUG nova.api.openstack.wsgi [None req-f51a9f5f-03cf-476f-aeff-6a12539ed00d tempest-VolumesGetTestJSON-945985478 tempest-VolumesGetTestJSON-945985478-project] Calling method '.version_select at 0x7feaadec2040>' {{(pid=107467) _process_stack /opt/stack/nova/nova/api/openstack/wsgi.py:513}}
Aug 09 14:25:37.825619 dv-cinder-788363-9-smb devstack@n-api.service[107467]: INFO nova.api.openstack.wsgi [None req-f51a9f5f-03cf-476f-aeff-6a12539ed00d tempest-VolumesGetTestJSON-945985478 tempest-VolumesGetTestJSON-945985478-project] HTTP exception thrown: Volume 140505f7-c4b2-4e6d-b1ee-fb49342723f7 could not be found.
Aug 09 14:25:37.826873 dv-cinder-788363-9-smb devstack@n-api.service[107467]: DEBUG nova.api.openstack.wsgi [None req-f51a9f5f-03cf-476f-aeff-6a12539ed00d tempest-VolumesGetTestJSON-945985478 tempest-VolumesGetTestJSON-945985478-project] Returning 404 to user: Volume 140505f7-c4b2-4e6d-b1ee-fb49342723f7 could not be found. {{(pid=107467) __call__ /opt/stack/nova/nova/api/openstack/wsgi.py:927}}
Aug 09 14:25:37.828620 dv-cinder-788363-9-smb devstack@n-api.service[107467]: INFO nova.api.openstack.requestlog [None req-f51a9f5f-03cf-476f-aeff-6a12539ed00d tempest-VolumesGetTestJSON-945985478 tempest-VolumesGetTestJSON-945985478-project] 10.222.0.21 "GET /compute/v2.1/os-volumes/140505f7-c4b2-4e6d-b1ee-fb49342723f7" status: 404 len: 109 microversion: 2.1 time: 0.144208
Aug 09 14:25:37.829658 dv-cinder-788363-9-smb devstack@n-api.service[107467]: [pid: 107467|app: 0|req: 9/10] 10.222.0.21 () {58 vars in 1245 bytes} [Mon Aug 9 14:25:37 2021] GET /compute/v2.1/os-volumes/140505f7-c4b2-4e6d-b1ee-fb49342723f7 => generated 109 bytes in 147 msecs (HTTP/1.1 404) 9 headers in 379 bytes (1 switches on core 0)
Aug 09 14:25:37.847884 dv-cinder-788363-9-smb devstack@n-api.service[107467]: DEBUG nova.api.openstack.wsgi [None req-2ffdc0e0-234a-4c25-b215-ede0b93c498d tempest-VolumesSnapshotsTestJSON-841484335 tempest-VolumesSnapshotsTestJSON-841484335-project] Calling method '.version_select at 0x7feaae880a60>' {{(pid=107467) _process_stack /opt/stack/nova/nova/api/openstack/wsgi.py:513}}
Aug 09 14:25:37.961901 dv-cinder-788363-9-smb devstack@n-api.service[107467]: INFO nova.api.openstack.requestlog [None req-2ffdc0e0-234a-4c25-b215-ede0b93c498d tempest-VolumesSnapshotsTestJSON-841484335 tempest-VolumesSnapshotsTestJSON-841484335-project] 10.222.0.21 "GET /compute/v2.1/os-snapshots/867262d4-364c-423a-b859-a4a8e34e4f15" status: 200 len: 288 microversion: 2.1 time: 0.130134
Aug 09 14:25:37.963220 dv-cinder-788363-9-smb devstack@n-api.service[107467]: [pid: 107467|app: 0|req: 10/11] 10.222.0.21 () {58 vars in 1251 bytes} [Mon Aug 9 14:25:37 2021] GET /compute/v2.1/os-snapshots/867262d4-364c-423a-b859-a4a8e34e4f15 => generated 288 bytes in 133 msecs (HTTP/1.1 200) 9 headers in 357 bytes (1 switches on core 0)
Aug 09 14:25:37.977864 dv-cinder-788363-9-smb devstack@n-api.service[107467]: DEBUG nova.api.openstack.wsgi [None req-f3ba5408-ccd6-4c75-86df-c2da457cf7fc tempest-VolumesSnapshotsTestJSON-841484335 tempest-VolumesSnapshotsTestJSON-841484335-project] Calling method '.version_select at 0x7feaadec2430>' {{(pid=107467) _process_stack /opt/stack/nova/nova/api/openstack/wsgi.py:513}}
Aug 09 14:25:38.163938 dv-cinder-788363-9-smb devstack@n-api.service[107467]: INFO nova.api.openstack.requestlog [None req-f3ba5408-ccd6-4c75-86df-c2da457cf7fc tempest-VolumesSnapshotsTestJSON-841484335 tempest-VolumesSnapshotsTestJSON-841484335-project] 10.222.0.21 "DELETE /compute/v2.1/os-snapshots/867262d4-364c-423a-b859-a4a8e34e4f15" status: 202 len: 0 microversion: 2.1 time: 0.194104
Aug 09 14:25:38.165005 dv-cinder-788363-9-smb devstack@n-api.service[107467]: [pid: 107467|app: 0|req: 11/12] 10.222.0.21 () {58 vars in 1254 bytes} [Mon Aug 9 14:25:37 2021] DELETE /compute/v2.1/os-snapshots/867262d4-364c-423a-b859-a4a8e34e4f15 => generated 0 bytes in 196 msecs (HTTP/1.1 202) 9 headers in 361 bytes (1 switches on core 0)
Aug 09 14:25:38.175788 dv-cinder-788363-9-smb devstack@n-api.service[107467]: DEBUG nova.api.openstack.wsgi [None req-933d70a6-c0f2-43e2-87e0-783f70168272 tempest-VolumesSnapshotsTestJSON-841484335 tempest-VolumesSnapshotsTestJSON-841484335-project] Calling method '.version_select at 0x7feaadebc820>' {{(pid=107467) _process_stack /opt/stack/nova/nova/api/openstack/wsgi.py:513}}
Aug 09 14:25:38.257095 dv-cinder-788363-9-smb devstack@n-api.service[107467]: INFO nova.api.openstack.requestlog [None req-933d70a6-c0f2-43e2-87e0-783f70168272 tempest-VolumesSnapshotsTestJSON-841484335 tempest-VolumesSnapshotsTestJSON-841484335-project] 10.222.0.21 "GET /compute/v2.1/os-snapshots/867262d4-364c-423a-b859-a4a8e34e4f15" status: 200 len: 287 microversion: 2.1 time: 0.087719
Aug 09 14:25:38.258423 dv-cinder-788363-9-smb devstack@n-api.service[107467]: [pid: 107467|app: 0|req: 12/13] 10.222.0.21 () {58 vars in 1251 bytes} [Mon Aug 9 14:25:38 2021] GET /compute/v2.1/os-snapshots/867262d4-364c-423a-b859-a4a8e34e4f15 => generated 287 bytes in 90 msecs (HTTP/1.1 200) 9 headers in 357 bytes (2 switches on core 0)
Aug 09 14:25:38.738727 dv-cinder-788363-9-smb devstack@n-api.service[107466]: DEBUG nova.virt.hardware [None req-d0d5fad1-041b-4848-aed6-f7a5ec0f9384 tempest-DeleteServersTestJSON-1505321356 tempest-DeleteServersTestJSON-1505321356-project] Flavor limits 0:0:0 {{(pid=107466) get_cpu_topology_constraints /opt/stack/nova/nova/virt/hardware.py:343}}
Aug 09 14:25:38.739385 dv-cinder-788363-9-smb devstack@n-api.service[107466]: DEBUG nova.virt.hardware [None req-d0d5fad1-041b-4848-aed6-f7a5ec0f9384 tempest-DeleteServersTestJSON-1505321356 tempest-DeleteServersTestJSON-1505321356-project] Image limits 0:0:0 {{(pid=107466) get_cpu_topology_constraints /opt/stack/nova/nova/virt/hardware.py:347}}
Aug 09 14:25:38.740587 dv-cinder-788363-9-smb devstack@n-api.service[107466]: DEBUG nova.virt.hardware [None req-d0d5fad1-041b-4848-aed6-f7a5ec0f9384 tempest-DeleteServersTestJSON-1505321356 tempest-DeleteServersTestJSON-1505321356-project] Flavor pref 0:0:0 {{(pid=107466) get_cpu_topology_constraints /opt/stack/nova/nova/virt/hardware.py:383}}
Aug 09 14:25:38.741469 dv-cinder-788363-9-smb devstack@n-api.service[107466]: DEBUG nova.virt.hardware [None req-d0d5fad1-041b-4848-aed6-f7a5ec0f9384 tempest-DeleteServersTestJSON-1505321356 tempest-DeleteServersTestJSON-1505321356-project] Image pref 0:0:0 {{(pid=107466) get_cpu_topology_constraints /opt/stack/nova/nova/virt/hardware.py:387}}
Aug 09 14:25:38.742497 dv-cinder-788363-9-smb devstack@n-api.service[107466]: DEBUG nova.virt.hardware [None req-d0d5fad1-041b-4848-aed6-f7a5ec0f9384 tempest-DeleteServersTestJSON-1505321356 tempest-DeleteServersTestJSON-1505321356-project] Chose sockets=0, cores=0, threads=0; limits were sockets=65536, cores=65536, threads=65536 {{(pid=107466) get_cpu_topology_constraints /opt/stack/nova/nova/virt/hardware.py:425}}
Aug 09 14:25:38.787232 dv-cinder-788363-9-smb devstack@n-api.service[107466]: DEBUG oslo_concurrency.lockutils [None req-d0d5fad1-041b-4848-aed6-f7a5ec0f9384 tempest-DeleteServersTestJSON-1505321356 tempest-DeleteServersTestJSON-1505321356-project] Lock "00000000-0000-0000-0000-000000000000" acquired by "nova.context.set_target_cell..get_or_set_cached_cell_and_set_connections" :: waited 0.000s {{(pid=107466) inner /usr/local/lib/python3.8/dist-packages/oslo_concurrency/lockutils.py:355}}
Aug 09 14:25:38.792165 dv-cinder-788363-9-smb devstack@n-api.service[107466]: DEBUG oslo_concurrency.lockutils [None req-d0d5fad1-041b-4848-aed6-f7a5ec0f9384 tempest-DeleteServersTestJSON-1505321356 tempest-DeleteServersTestJSON-1505321356-project] Lock "00000000-0000-0000-0000-000000000000" released by "nova.context.set_target_cell..get_or_set_cached_cell_and_set_connections" :: held 0.006s {{(pid=107466) inner /usr/local/lib/python3.8/dist-packages/oslo_concurrency/lockutils.py:367}}
Aug 09 14:25:38.793985 dv-cinder-788363-9-smb devstack@n-api.service[107466]: DEBUG oslo_concurrency.lockutils [None req-d0d5fad1-041b-4848-aed6-f7a5ec0f9384 tempest-DeleteServersTestJSON-1505321356 tempest-DeleteServersTestJSON-1505321356-project] Lock "8777b72a-c629-4b2f-b0f5-4c9006822da8" acquired by "nova.context.set_target_cell..get_or_set_cached_cell_and_set_connections" :: waited 0.000s {{(pid=107466) inner /usr/local/lib/python3.8/dist-packages/oslo_concurrency/lockutils.py:355}}
Aug 09 14:25:38.795034 dv-cinder-788363-9-smb devstack@n-api.service[107466]: DEBUG oslo_concurrency.lockutils [None req-d0d5fad1-041b-4848-aed6-f7a5ec0f9384 tempest-DeleteServersTestJSON-1505321356 tempest-DeleteServersTestJSON-1505321356-project] Lock "8777b72a-c629-4b2f-b0f5-4c9006822da8" released by "nova.context.set_target_cell..get_or_set_cached_cell_and_set_connections" :: held 0.001s {{(pid=107466) inner /usr/local/lib/python3.8/dist-packages/oslo_concurrency/lockutils.py:367}}
Aug 09 14:25:38.916590 dv-cinder-788363-9-smb devstack@n-api.service[107466]: DEBUG nova.quota [None req-d0d5fad1-041b-4848-aed6-f7a5ec0f9384 tempest-DeleteServersTestJSON-1505321356 tempest-DeleteServersTestJSON-1505321356-project] Getting quotas for project 7148ddf0c5b64c36857ad8cf09917e87. Resources: {'cores', 'instances', 'ram'} {{(pid=107466) _get_quotas /opt/stack/nova/nova/quota.py:384}}
Aug 09 14:25:38.936052 dv-cinder-788363-9-smb devstack@n-api.service[107466]: DEBUG nova.quota [None req-d0d5fad1-041b-4848-aed6-f7a5ec0f9384 tempest-DeleteServersTestJSON-1505321356 tempest-DeleteServersTestJSON-1505321356-project] Getting quotas for user f9ebd69411e74586a1bb8c6ed551f01f and project 7148ddf0c5b64c36857ad8cf09917e87. Resources: {'cores', 'instances', 'ram'} {{(pid=107466) _get_quotas /opt/stack/nova/nova/quota.py:374}}
Aug 09 14:25:38.956010 dv-cinder-788363-9-smb devstack@n-api.service[107466]: DEBUG nova.compute.api [None req-d0d5fad1-041b-4848-aed6-f7a5ec0f9384 tempest-DeleteServersTestJSON-1505321356 tempest-DeleteServersTestJSON-1505321356-project] Going to run 1 instances... {{(pid=107466) _provision_instances /opt/stack/nova/nova/compute/api.py:1280}}
Aug 09 14:25:38.962331 dv-cinder-788363-9-smb devstack@n-api.service[107466]: DEBUG nova.compute.api [None req-d0d5fad1-041b-4848-aed6-f7a5ec0f9384 tempest-DeleteServersTestJSON-1505321356 tempest-DeleteServersTestJSON-1505321356-project] [instance: ee015baa-8795-4024-b2d2-304204370664] block_device_mapping [BlockDeviceMapping(attachment_id=,boot_index=0,connection_info=None,created_at=,delete_on_termination=True,deleted=,deleted_at=,destination_type='local',device_name=None,device_type='disk',disk_bus=None,guest_format=None,id=,image_id='a1be7869-11bc-4edf-86e2-5bdd46117950',instance=,instance_uuid=,no_device=False,snapshot_id=None,source_type='image',tag=None,updated_at=,uuid=,volume_id=None,volume_size=None,volume_type=None)] {{(pid=107466) _bdm_validate_set_size_and_instance /opt/stack/nova/nova/compute/api.py:1685}}
Aug 09 14:25:39.240384 dv-cinder-788363-9-smb devstack@n-api.service[107466]: INFO nova.api.openstack.requestlog [None req-d0d5fad1-041b-4848-aed6-f7a5ec0f9384 tempest-DeleteServersTestJSON-1505321356 tempest-DeleteServersTestJSON-1505321356-project] 10.222.0.21 "POST /compute/v2.1/servers" status: 202 len: 380 microversion: 2.1 time: 3.433529
Aug 09 14:25:39.246495 dv-cinder-788363-9-smb devstack@n-api.service[107466]: [pid: 107466|app: 0|req: 2/14] 10.222.0.21 () {60 vars in 1147 bytes} [Mon Aug 9 14:25:35 2021] POST /compute/v2.1/servers => generated 380 bytes in 3440 msecs (HTTP/1.1 202) 10 headers in 451 bytes (1 switches on core 0)
Aug 09 14:25:39.252337 dv-cinder-788363-9-smb devstack@n-api.service[107467]: DEBUG nova.api.openstack.wsgi [None req-dfc73e3f-e290-4058-91cd-ed5ec5dfb042 tempest-DeleteServersTestJSON-1505321356 tempest-DeleteServersTestJSON-1505321356-project] Calling method '>' {{(pid=107467) _process_stack /opt/stack/nova/nova/api/openstack/wsgi.py:513}}
Aug 09 14:25:39.254898 dv-cinder-788363-9-smb devstack@n-api.service[107467]: DEBUG nova.compute.api [None req-dfc73e3f-e290-4058-91cd-ed5ec5dfb042 tempest-DeleteServersTestJSON-1505321356 tempest-DeleteServersTestJSON-1505321356-project] [instance: ee015baa-8795-4024-b2d2-304204370664] Fetching instance by UUID {{(pid=107467) get /opt/stack/nova/nova/compute/api.py:2791}}
Aug 09 14:25:39.271381 dv-cinder-788363-9-smb devstack@n-api.service[107466]: DEBUG nova.api.openstack.wsgi [None req-acf4241e-45eb-4011-858f-988710ff653a tempest-VolumesSnapshotsTestJSON-841484335 tempest-VolumesSnapshotsTestJSON-841484335-project] Calling method '.version_select at 0x7feaaddb8820>' {{(pid=107466) _process_stack /opt/stack/nova/nova/api/openstack/wsgi.py:513}}
Aug 09 14:25:39.324439 dv-cinder-788363-9-smb devstack@n-api.service[107466]: INFO nova.api.openstack.wsgi [None req-acf4241e-45eb-4011-858f-988710ff653a tempest-VolumesSnapshotsTestJSON-841484335 tempest-VolumesSnapshotsTestJSON-841484335-project] HTTP exception thrown: Snapshot 867262d4-364c-423a-b859-a4a8e34e4f15 could not be found.
Aug 09 14:25:39.325520 dv-cinder-788363-9-smb devstack@n-api.service[107466]: DEBUG nova.api.openstack.wsgi [None req-acf4241e-45eb-4011-858f-988710ff653a tempest-VolumesSnapshotsTestJSON-841484335 tempest-VolumesSnapshotsTestJSON-841484335-project] Returning 404 to user: Snapshot 867262d4-364c-423a-b859-a4a8e34e4f15 could not be found. {{(pid=107466) __call__ /opt/stack/nova/nova/api/openstack/wsgi.py:927}}
Aug 09 14:25:39.327313 dv-cinder-788363-9-smb devstack@n-api.service[107466]: INFO nova.api.openstack.requestlog [None req-acf4241e-45eb-4011-858f-988710ff653a tempest-VolumesSnapshotsTestJSON-841484335 tempest-VolumesSnapshotsTestJSON-841484335-project] 10.222.0.21 "GET /compute/v2.1/os-snapshots/867262d4-364c-423a-b859-a4a8e34e4f15" status: 404 len: 111 microversion: 2.1 time: 0.061666
Aug 09 14:25:39.328079 dv-cinder-788363-9-smb devstack@n-api.service[107466]: [pid: 107466|app: 0|req: 3/15] 10.222.0.21 () {58 vars in 1251 bytes} [Mon Aug 9 14:25:39 2021] GET /compute/v2.1/os-snapshots/867262d4-364c-423a-b859-a4a8e34e4f15 => generated 111 bytes in 63 msecs (HTTP/1.1 404) 9 headers in 379 bytes (2 switches on core 0)
Aug 09 14:25:39.349238 dv-cinder-788363-9-smb devstack@n-api.service[107466]: DEBUG nova.api.openstack.wsgi [None req-07f3a79f-4150-4acb-b8b2-8655ce085305 tempest-VolumesSnapshotsTestJSON-841484335 tempest-VolumesSnapshotsTestJSON-841484335-project] Calling method '.version_select at 0x7feaae880ca0>' {{(pid=107466) _process_stack /opt/stack/nova/nova/api/openstack/wsgi.py:513}}
Aug 09 14:25:39.521001 dv-cinder-788363-9-smb devstack@n-api.service[107466]: INFO nova.api.openstack.requestlog [None req-07f3a79f-4150-4acb-b8b2-8655ce085305 tempest-VolumesSnapshotsTestJSON-841484335 tempest-VolumesSnapshotsTestJSON-841484335-project] 10.222.0.21 "DELETE /compute/v2.1/os-volumes/297fafb4-6e75-45e5-b7ab-87a044257261" status: 202 len: 0 microversion: 2.1 time: 0.187695
Aug 09 14:25:39.527989 dv-cinder-788363-9-smb devstack@n-api.service[107466]: [pid: 107466|app: 0|req: 4/16] 10.222.0.21 () {58 vars in 1248 bytes} [Mon Aug 9 14:25:39 2021] DELETE /compute/v2.1/os-volumes/297fafb4-6e75-45e5-b7ab-87a044257261 => generated 0 bytes in 195 msecs (HTTP/1.1 202) 9 headers in 361 bytes (1 switches on core 0)
Aug 09 14:25:39.549610 dv-cinder-788363-9-smb devstack@n-api.service[107466]: DEBUG nova.api.openstack.wsgi [None req-610a30bd-5723-4e20-8d0e-e89ca029f657 tempest-VolumesSnapshotsTestJSON-841484335 tempest-VolumesSnapshotsTestJSON-841484335-project] Calling method '.version_select at 0x7feaaddb8a60>' {{(pid=107466) _process_stack /opt/stack/nova/nova/api/openstack/wsgi.py:513}}
Aug 09 14:25:39.686505 dv-cinder-788363-9-smb devstack@n-api.service[107466]: INFO nova.api.openstack.wsgi [None req-610a30bd-5723-4e20-8d0e-e89ca029f657 tempest-VolumesSnapshotsTestJSON-841484335 tempest-VolumesSnapshotsTestJSON-841484335-project] HTTP exception thrown: Volume 297fafb4-6e75-45e5-b7ab-87a044257261 could not be found.
Aug 09 14:25:39.687458 dv-cinder-788363-9-smb devstack@n-api.service[107466]: DEBUG nova.api.openstack.wsgi [None req-610a30bd-5723-4e20-8d0e-e89ca029f657 tempest-VolumesSnapshotsTestJSON-841484335 tempest-VolumesSnapshotsTestJSON-841484335-project] Returning 404 to user: Volume 297fafb4-6e75-45e5-b7ab-87a044257261 could not be found. {{(pid=107466) __call__ /opt/stack/nova/nova/api/openstack/wsgi.py:927}}
Aug 09 14:25:39.688626 dv-cinder-788363-9-smb devstack@n-api.service[107466]: INFO nova.api.openstack.requestlog [None req-610a30bd-5723-4e20-8d0e-e89ca029f657 tempest-VolumesSnapshotsTestJSON-841484335 tempest-VolumesSnapshotsTestJSON-841484335-project] 10.222.0.21 "GET /compute/v2.1/os-volumes/297fafb4-6e75-45e5-b7ab-87a044257261" status: 404 len: 109 microversion: 2.1 time: 0.159166
Aug 09 14:25:39.699685 dv-cinder-788363-9-smb devstack@n-api.service[107466]: [pid: 107466|app: 0|req: 5/17] 10.222.0.21 () {58 vars in 1245 bytes} [Mon Aug 9 14:25:39 2021] GET /compute/v2.1/os-volumes/297fafb4-6e75-45e5-b7ab-87a044257261 => generated 109 bytes in 171 msecs (HTTP/1.1 404) 9 headers in 379 bytes (1 switches on core 0)
Aug 09 14:25:39.705669 dv-cinder-788363-9-smb devstack@n-api.service[107466]: DEBUG nova.api.openstack.wsgi [None req-52abd3cc-da58-4286-9de3-069e0ef793c6 tempest-VolumesSnapshotsTestJSON-841484335 tempest-VolumesSnapshotsTestJSON-841484335-project] Calling method '.version_select at 0x7feaaddd0ee0>' {{(pid=107466) _process_stack /opt/stack/nova/nova/api/openstack/wsgi.py:513}}
Aug 09 14:25:39.759991 dv-cinder-788363-9-smb devstack@n-api.service[107467]: DEBUG nova.policy [None req-dfc73e3f-e290-4058-91cd-ed5ec5dfb042 tempest-DeleteServersTestJSON-1505321356 tempest-DeleteServersTestJSON-1505321356-project] Policy check for os_compute_api:os-extended-server-attributes failed with credentials {'is_admin': False, 'user_id': 'f9ebd69411e74586a1bb8c6ed551f01f', 'user_domain_id': 'default', 'system_scope': None, 'domain_id': None, 'project_id': '7148ddf0c5b64c36857ad8cf09917e87', 'project_domain_id': 'default', 'roles': ['member', 'reader'], 'is_admin_project': True, 'service_user_id': None, 'service_user_domain_id': None, 'service_project_id': None, 'service_project_domain_id': None, 'service_roles': []} {{(pid=107467) authorize /opt/stack/nova/nova/policy.py:199}}
Aug 09 14:25:39.775802 dv-cinder-788363-9-smb devstack@n-api.service[107467]: INFO nova.api.openstack.requestlog [None req-dfc73e3f-e290-4058-91cd-ed5ec5dfb042 tempest-DeleteServersTestJSON-1505321356 tempest-DeleteServersTestJSON-1505321356-project] 10.222.0.21 "GET /compute/v2.1/servers/ee015baa-8795-4024-b2d2-304204370664" status: 200 len: 1215 microversion: 2.1 time: 0.527698
Aug 09 14:25:39.786767 dv-cinder-788363-9-smb devstack@n-api.service[107466]: INFO nova.api.openstack.wsgi [None req-52abd3cc-da58-4286-9de3-069e0ef793c6 tempest-VolumesSnapshotsTestJSON-841484335 tempest-VolumesSnapshotsTestJSON-841484335-project] HTTP exception thrown: Volume 297fafb4-6e75-45e5-b7ab-87a044257261 could not be found.
Aug 09 14:25:39.786767 dv-cinder-788363-9-smb devstack@n-api.service[107466]: DEBUG nova.api.openstack.wsgi [None req-52abd3cc-da58-4286-9de3-069e0ef793c6 tempest-VolumesSnapshotsTestJSON-841484335 tempest-VolumesSnapshotsTestJSON-841484335-project] Returning 404 to user: Volume 297fafb4-6e75-45e5-b7ab-87a044257261 could not be found. {{(pid=107466) __call__ /opt/stack/nova/nova/api/openstack/wsgi.py:927}}
Aug 09 14:25:39.786767 dv-cinder-788363-9-smb devstack@n-api.service[107466]: INFO nova.api.openstack.requestlog [None req-52abd3cc-da58-4286-9de3-069e0ef793c6 tempest-VolumesSnapshotsTestJSON-841484335 tempest-VolumesSnapshotsTestJSON-841484335-project] 10.222.0.21 "DELETE /compute/v2.1/os-volumes/297fafb4-6e75-45e5-b7ab-87a044257261" status: 404 len: 109 microversion: 2.1 time: 0.079983
Aug 09 14:25:39.786767 dv-cinder-788363-9-smb devstack@n-api.service[107466]: [pid: 107466|app: 0|req: 6/18] 10.222.0.21 () {58 vars in 1248 bytes} [Mon Aug 9 14:25:39 2021] DELETE /compute/v2.1/os-volumes/297fafb4-6e75-45e5-b7ab-87a044257261 => generated 109 bytes in 82 msecs (HTTP/1.1 404) 9 headers in 379 bytes (1 switches on core 0)
Aug 09 14:25:39.788257 dv-cinder-788363-9-smb devstack@n-api.service[107467]: [pid: 107467|app: 0|req: 13/19] 10.222.0.21 () {58 vars in 1236 bytes} [Mon Aug 9 14:25:39 2021] GET /compute/v2.1/servers/ee015baa-8795-4024-b2d2-304204370664 => generated 1215 bytes in 541 msecs (HTTP/1.1 200) 9 headers in 358 bytes (2 switches on core 0)
Aug 09 14:25:39.790474 dv-cinder-788363-9-smb devstack@n-api.service[107466]: DEBUG nova.api.openstack.wsgi [None req-12430081-13a4-4789-b30e-c2e6c9caa4f1 tempest-VolumesSnapshotsTestJSON-841484335 tempest-VolumesSnapshotsTestJSON-841484335-project] Calling method '.version_select at 0x7feaaddb8700>' {{(pid=107466) _process_stack /opt/stack/nova/nova/api/openstack/wsgi.py:513}}
Aug 09 14:25:39.849476 dv-cinder-788363-9-smb devstack@n-api.service[107466]: INFO nova.api.openstack.wsgi [None req-12430081-13a4-4789-b30e-c2e6c9caa4f1 tempest-VolumesSnapshotsTestJSON-841484335 tempest-VolumesSnapshotsTestJSON-841484335-project] HTTP exception thrown: Volume 297fafb4-6e75-45e5-b7ab-87a044257261 could not be found.
Aug 09 14:25:39.851287 dv-cinder-788363-9-smb devstack@n-api.service[107466]: DEBUG nova.api.openstack.wsgi [None req-12430081-13a4-4789-b30e-c2e6c9caa4f1 tempest-VolumesSnapshotsTestJSON-841484335 tempest-VolumesSnapshotsTestJSON-841484335-project] Returning 404 to user: Volume 297fafb4-6e75-45e5-b7ab-87a044257261 could not be found. {{(pid=107466) __call__ /opt/stack/nova/nova/api/openstack/wsgi.py:927}}
Aug 09 14:25:39.852466 dv-cinder-788363-9-smb devstack@n-api.service[107466]: INFO nova.api.openstack.requestlog [None req-12430081-13a4-4789-b30e-c2e6c9caa4f1 tempest-VolumesSnapshotsTestJSON-841484335 tempest-VolumesSnapshotsTestJSON-841484335-project] 10.222.0.21 "GET /compute/v2.1/os-volumes/297fafb4-6e75-45e5-b7ab-87a044257261" status: 404 len: 109 microversion: 2.1 time: 0.065743
Aug 09 14:25:39.853225 dv-cinder-788363-9-smb devstack@n-api.service[107466]: [pid: 107466|app: 0|req: 7/20] 10.222.0.21 () {58 vars in 1245 bytes} [Mon Aug 9 14:25:39 2021] GET /compute/v2.1/os-volumes/297fafb4-6e75-45e5-b7ab-87a044257261 => generated 109 bytes in 67 msecs (HTTP/1.1 404) 9 headers in 379 bytes (2 switches on core 0)
Aug 09 14:25:40.796524 dv-cinder-788363-9-smb devstack@n-api.service[107467]: DEBUG nova.api.openstack.wsgi [None req-9442acbf-9565-4eee-8810-7acf63a1978f tempest-DeleteServersTestJSON-1505321356 tempest-DeleteServersTestJSON-1505321356-project] Calling method '>' {{(pid=107467) _process_stack /opt/stack/nova/nova/api/openstack/wsgi.py:513}}
Aug 09 14:25:40.798281 dv-cinder-788363-9-smb devstack@n-api.service[107467]: DEBUG nova.compute.api [None req-9442acbf-9565-4eee-8810-7acf63a1978f tempest-DeleteServersTestJSON-1505321356 tempest-DeleteServersTestJSON-1505321356-project] [instance: ee015baa-8795-4024-b2d2-304204370664] Fetching instance by UUID {{(pid=107467) get /opt/stack/nova/nova/compute/api.py:2791}}
Aug 09 14:25:40.930987 dv-cinder-788363-9-smb devstack@n-api.service[107467]: DEBUG nova.policy [None req-9442acbf-9565-4eee-8810-7acf63a1978f tempest-DeleteServersTestJSON-1505321356 tempest-DeleteServersTestJSON-1505321356-project] Policy check for os_compute_api:os-extended-server-attributes failed with credentials {'is_admin': False, 'user_id': 'f9ebd69411e74586a1bb8c6ed551f01f', 'user_domain_id': 'default', 'system_scope': None, 'domain_id': None, 'project_id': '7148ddf0c5b64c36857ad8cf09917e87', 'project_domain_id': 'default', 'roles': ['member', 'reader'], 'is_admin_project': True, 'service_user_id': None, 'service_user_domain_id': None, 'service_project_id': None, 'service_project_domain_id': None, 'service_roles': []} {{(pid=107467) authorize /opt/stack/nova/nova/policy.py:199}}
Aug 09 14:25:40.944492 dv-cinder-788363-9-smb devstack@n-api.service[107467]: INFO nova.api.openstack.requestlog [None req-9442acbf-9565-4eee-8810-7acf63a1978f tempest-DeleteServersTestJSON-1505321356 tempest-DeleteServersTestJSON-1505321356-project] 10.222.0.21 "GET /compute/v2.1/servers/ee015baa-8795-4024-b2d2-304204370664" status: 200 len: 1215 microversion: 2.1 time: 0.150441
Aug 09 14:25:40.947488 dv-cinder-788363-9-smb devstack@n-api.service[107467]: [pid: 107467|app: 0|req: 14/21] 10.222.0.21 () {58 vars in 1236 bytes} [Mon Aug 9 14:25:40 2021] GET /compute/v2.1/servers/ee015baa-8795-4024-b2d2-304204370664 => generated 1215 bytes in 158 msecs (HTTP/1.1 200) 9 headers in 358 bytes (1 switches on core 0)
Aug 09 14:25:41.964895 dv-cinder-788363-9-smb devstack@n-api.service[107466]: DEBUG nova.api.openstack.wsgi [None req-e0de3792-1ee1-4018-a4c2-7da19fb6ccc0 tempest-DeleteServersTestJSON-1505321356 tempest-DeleteServersTestJSON-1505321356-project] Calling method '>' {{(pid=107466) _process_stack /opt/stack/nova/nova/api/openstack/wsgi.py:513}}
Aug 09 14:25:41.966263 dv-cinder-788363-9-smb devstack@n-api.service[107466]: DEBUG nova.compute.api [None req-e0de3792-1ee1-4018-a4c2-7da19fb6ccc0 tempest-DeleteServersTestJSON-1505321356 tempest-DeleteServersTestJSON-1505321356-project] [instance: ee015baa-8795-4024-b2d2-304204370664] Fetching instance by UUID {{(pid=107466) get /opt/stack/nova/nova/compute/api.py:2791}}
Aug 09 14:25:42.030001 dv-cinder-788363-9-smb devstack@n-api.service[107466]: DEBUG oslo_concurrency.lockutils [None req-e0de3792-1ee1-4018-a4c2-7da19fb6ccc0 tempest-DeleteServersTestJSON-1505321356 tempest-DeleteServersTestJSON-1505321356-project] Lock "8777b72a-c629-4b2f-b0f5-4c9006822da8" acquired by "nova.context.set_target_cell..get_or_set_cached_cell_and_set_connections" :: waited 0.000s {{(pid=107466) inner /usr/local/lib/python3.8/dist-packages/oslo_concurrency/lockutils.py:355}}
Aug 09 14:25:42.035732 dv-cinder-788363-9-smb devstack@n-api.service[107466]: DEBUG oslo_concurrency.lockutils [None req-e0de3792-1ee1-4018-a4c2-7da19fb6ccc0 tempest-DeleteServersTestJSON-1505321356 tempest-DeleteServersTestJSON-1505321356-project] Lock "8777b72a-c629-4b2f-b0f5-4c9006822da8" released by "nova.context.set_target_cell..get_or_set_cached_cell_and_set_connections" :: held 0.004s {{(pid=107466) inner /usr/local/lib/python3.8/dist-packages/oslo_concurrency/lockutils.py:367}}
