Aug 09 14:50:01.396182 dv-cinder-788363-9-iscsi devstack@n-api.service[114640]: DEBUG nova.api.openstack.wsgi_app [-] profiler.es_scroll_size = 10000 {{(pid=114640) log_opt_values /usr/local/lib/python3.8/dist-packages/oslo_config/cfg.py:2609}}
Aug 09 14:50:01.396515 dv-cinder-788363-9-iscsi devstack@n-api.service[114640]: DEBUG nova.api.openstack.wsgi_app [-] profiler.es_scroll_time = 2m {{(pid=114640) log_opt_values /usr/local/lib/python3.8/dist-packages/oslo_config/cfg.py:2609}}
Aug 09 14:50:01.396837 dv-cinder-788363-9-iscsi devstack@n-api.service[114640]: DEBUG nova.api.openstack.wsgi_app [-] profiler.filter_error_trace = False {{(pid=114640) log_opt_values /usr/local/lib/python3.8/dist-packages/oslo_config/cfg.py:2609}}
Aug 09 14:50:01.397166 dv-cinder-788363-9-iscsi devstack@n-api.service[114640]: DEBUG nova.api.openstack.wsgi_app [-] profiler.hmac_keys = SECRET_KEY {{(pid=114640) log_opt_values /usr/local/lib/python3.8/dist-packages/oslo_config/cfg.py:2609}}
Aug 09 14:50:01.397495 dv-cinder-788363-9-iscsi devstack@n-api.service[114640]: DEBUG nova.api.openstack.wsgi_app [-] profiler.sentinel_service_name = mymaster {{(pid=114640) log_opt_values /usr/local/lib/python3.8/dist-packages/oslo_config/cfg.py:2609}}
Aug 09 14:50:01.397826 dv-cinder-788363-9-iscsi devstack@n-api.service[114640]: DEBUG nova.api.openstack.wsgi_app [-] profiler.socket_timeout = 0.1 {{(pid=114640) log_opt_values /usr/local/lib/python3.8/dist-packages/oslo_config/cfg.py:2609}}
Aug 09 14:50:01.398144 dv-cinder-788363-9-iscsi devstack@n-api.service[114640]: DEBUG nova.api.openstack.wsgi_app [-] profiler.trace_sqlalchemy = False {{(pid=114640) log_opt_values /usr/local/lib/python3.8/dist-packages/oslo_config/cfg.py:2609}}
Aug 09 14:50:01.398487 dv-cinder-788363-9-iscsi devstack@n-api.service[114640]: DEBUG nova.api.openstack.wsgi_app [-] oslo_messaging_rabbit.amqp_auto_delete = False {{(pid=114640) log_opt_values /usr/local/lib/python3.8/dist-packages/oslo_config/cfg.py:2609}}
Aug 09 14:50:01.398803 dv-cinder-788363-9-iscsi devstack@n-api.service[114640]: DEBUG nova.api.openstack.wsgi_app [-] oslo_messaging_rabbit.amqp_durable_queues = False {{(pid=114640) log_opt_values /usr/local/lib/python3.8/dist-packages/oslo_config/cfg.py:2609}}
Aug 09 14:50:01.399184 dv-cinder-788363-9-iscsi devstack@n-api.service[114640]: DEBUG nova.api.openstack.wsgi_app [-] oslo_messaging_rabbit.conn_pool_min_size = 2 {{(pid=114640) log_opt_values /usr/local/lib/python3.8/dist-packages/oslo_config/cfg.py:2609}}
Aug 09 14:50:01.399481 dv-cinder-788363-9-iscsi devstack@n-api.service[114640]: DEBUG nova.api.openstack.wsgi_app [-] oslo_messaging_rabbit.conn_pool_ttl = 1200 {{(pid=114640) log_opt_values /usr/local/lib/python3.8/dist-packages/oslo_config/cfg.py:2609}}
Aug 09 14:50:01.399801 dv-cinder-788363-9-iscsi devstack@n-api.service[114640]: DEBUG nova.api.openstack.wsgi_app [-] oslo_messaging_rabbit.direct_mandatory_flag = True {{(pid=114640) log_opt_values /usr/local/lib/python3.8/dist-packages/oslo_config/cfg.py:2609}}
Aug 09 14:50:01.400119 dv-cinder-788363-9-iscsi devstack@n-api.service[114640]: DEBUG nova.api.openstack.wsgi_app [-] oslo_messaging_rabbit.enable_cancel_on_failover = False {{(pid=114640) log_opt_values /usr/local/lib/python3.8/dist-packages/oslo_config/cfg.py:2609}}
Aug 09 14:50:01.400438 dv-cinder-788363-9-iscsi devstack@n-api.service[114640]: DEBUG nova.api.openstack.wsgi_app [-] oslo_messaging_rabbit.heartbeat_in_pthread = True {{(pid=114640) log_opt_values /usr/local/lib/python3.8/dist-packages/oslo_config/cfg.py:2609}}
Aug 09 14:50:01.400775 dv-cinder-788363-9-iscsi devstack@n-api.service[114640]: DEBUG nova.api.openstack.wsgi_app [-] oslo_messaging_rabbit.heartbeat_rate = 3 {{(pid=114640) log_opt_values /usr/local/lib/python3.8/dist-packages/oslo_config/cfg.py:2609}}
Aug 09 14:50:01.401111 dv-cinder-788363-9-iscsi devstack@n-api.service[114640]: DEBUG nova.api.openstack.wsgi_app [-] oslo_messaging_rabbit.heartbeat_timeout_threshold = 600 {{(pid=114640) log_opt_values /usr/local/lib/python3.8/dist-packages/oslo_config/cfg.py:2609}}
Aug 09 14:50:01.401427 dv-cinder-788363-9-iscsi devstack@n-api.service[114640]: DEBUG nova.api.openstack.wsgi_app [-] oslo_messaging_rabbit.kombu_compression = None {{(pid=114640) log_opt_values /usr/local/lib/python3.8/dist-packages/oslo_config/cfg.py:2609}}
Aug 09 14:50:01.401758 dv-cinder-788363-9-iscsi devstack@n-api.service[114640]: DEBUG nova.api.openstack.wsgi_app [-] oslo_messaging_rabbit.kombu_failover_strategy = round-robin {{(pid=114640) log_opt_values /usr/local/lib/python3.8/dist-packages/oslo_config/cfg.py:2609}}
Aug 09 14:50:01.402086 dv-cinder-788363-9-iscsi devstack@n-api.service[114640]: DEBUG nova.api.openstack.wsgi_app [-] oslo_messaging_rabbit.kombu_missing_consumer_retry_timeout = 60 {{(pid=114640) log_opt_values /usr/local/lib/python3.8/dist-packages/oslo_config/cfg.py:2609}}
Aug 09 14:50:01.402413 dv-cinder-788363-9-iscsi devstack@n-api.service[114640]: DEBUG nova.api.openstack.wsgi_app [-] oslo_messaging_rabbit.kombu_reconnect_delay = 1.0 {{(pid=114640) log_opt_values /usr/local/lib/python3.8/dist-packages/oslo_config/cfg.py:2609}}
Aug 09 14:50:01.402738 dv-cinder-788363-9-iscsi devstack@n-api.service[114640]: DEBUG nova.api.openstack.wsgi_app [-] oslo_messaging_rabbit.rabbit_ha_queues = False {{(pid=114640) log_opt_values /usr/local/lib/python3.8/dist-packages/oslo_config/cfg.py:2609}}
Aug 09 14:50:01.403059 dv-cinder-788363-9-iscsi devstack@n-api.service[114640]: DEBUG nova.api.openstack.wsgi_app [-] oslo_messaging_rabbit.rabbit_interval_max = 30 {{(pid=114640) log_opt_values /usr/local/lib/python3.8/dist-packages/oslo_config/cfg.py:2609}}
Aug 09 14:50:01.403431 dv-cinder-788363-9-iscsi devstack@n-api.service[114640]: DEBUG nova.api.openstack.wsgi_app [-] oslo_messaging_rabbit.rabbit_login_method = AMQPLAIN {{(pid=114640) log_opt_values /usr/local/lib/python3.8/dist-packages/oslo_config/cfg.py:2609}}
Aug 09 14:50:01.403753 dv-cinder-788363-9-iscsi devstack@n-api.service[114640]: DEBUG nova.api.openstack.wsgi_app [-] oslo_messaging_rabbit.rabbit_qos_prefetch_count = 0 {{(pid=114640) log_opt_values /usr/local/lib/python3.8/dist-packages/oslo_config/cfg.py:2609}}
Aug 09 14:50:01.404078 dv-cinder-788363-9-iscsi devstack@n-api.service[114640]: DEBUG nova.api.openstack.wsgi_app [-] oslo_messaging_rabbit.rabbit_retry_backoff = 2 {{(pid=114640) log_opt_values /usr/local/lib/python3.8/dist-packages/oslo_config/cfg.py:2609}}
Aug 09 14:50:01.404400 dv-cinder-788363-9-iscsi devstack@n-api.service[114640]: DEBUG nova.api.openstack.wsgi_app [-] oslo_messaging_rabbit.rabbit_retry_interval = 1 {{(pid=114640) log_opt_values /usr/local/lib/python3.8/dist-packages/oslo_config/cfg.py:2609}}
Aug 09 14:50:01.404721 dv-cinder-788363-9-iscsi devstack@n-api.service[114640]: DEBUG nova.api.openstack.wsgi_app [-] oslo_messaging_rabbit.rabbit_transient_queues_ttl = 1800 {{(pid=114640) log_opt_values /usr/local/lib/python3.8/dist-packages/oslo_config/cfg.py:2609}}
Aug 09 14:50:01.405047 dv-cinder-788363-9-iscsi devstack@n-api.service[114640]: DEBUG nova.api.openstack.wsgi_app [-] oslo_messaging_rabbit.rpc_conn_pool_size = 30 {{(pid=114640) log_opt_values /usr/local/lib/python3.8/dist-packages/oslo_config/cfg.py:2609}}
Aug 09 14:50:01.405371 dv-cinder-788363-9-iscsi devstack@n-api.service[114640]: DEBUG nova.api.openstack.wsgi_app [-] oslo_messaging_rabbit.ssl = False {{(pid=114640) log_opt_values /usr/local/lib/python3.8/dist-packages/oslo_config/cfg.py:2609}}
Aug 09 14:50:01.405705 dv-cinder-788363-9-iscsi devstack@n-api.service[114640]: DEBUG nova.api.openstack.wsgi_app [-] oslo_messaging_rabbit.ssl_ca_file = {{(pid=114640) log_opt_values /usr/local/lib/python3.8/dist-packages/oslo_config/cfg.py:2609}}
Aug 09 14:50:01.406041 dv-cinder-788363-9-iscsi devstack@n-api.service[114640]: DEBUG nova.api.openstack.wsgi_app [-] oslo_messaging_rabbit.ssl_cert_file = {{(pid=114640) log_opt_values /usr/local/lib/python3.8/dist-packages/oslo_config/cfg.py:2609}}
Aug 09 14:50:01.406373 dv-cinder-788363-9-iscsi devstack@n-api.service[114640]: DEBUG nova.api.openstack.wsgi_app [-] oslo_messaging_rabbit.ssl_key_file = {{(pid=114640) log_opt_values /usr/local/lib/python3.8/dist-packages/oslo_config/cfg.py:2609}}
Aug 09 14:50:01.406705 dv-cinder-788363-9-iscsi devstack@n-api.service[114640]: DEBUG nova.api.openstack.wsgi_app [-] oslo_messaging_rabbit.ssl_version = {{(pid=114640) log_opt_values /usr/local/lib/python3.8/dist-packages/oslo_config/cfg.py:2609}}
Aug 09 14:50:01.407397 dv-cinder-788363-9-iscsi devstack@n-api.service[114640]: DEBUG nova.api.openstack.wsgi_app [-] oslo_messaging_notifications.driver = ['messagingv2'] {{(pid=114640) log_opt_values /usr/local/lib/python3.8/dist-packages/oslo_config/cfg.py:2609}}
Aug 09 14:50:01.407737 dv-cinder-788363-9-iscsi devstack@n-api.service[114640]: DEBUG nova.api.openstack.wsgi_app [-] oslo_messaging_notifications.retry = -1 {{(pid=114640) log_opt_values /usr/local/lib/python3.8/dist-packages/oslo_config/cfg.py:2609}}
Aug 09 14:50:01.408094 dv-cinder-788363-9-iscsi devstack@n-api.service[114640]: DEBUG nova.api.openstack.wsgi_app [-] oslo_messaging_notifications.topics = ['notifications'] {{(pid=114640) log_opt_values /usr/local/lib/python3.8/dist-packages/oslo_config/cfg.py:2609}}
Aug 09 14:50:01.408441 dv-cinder-788363-9-iscsi devstack@n-api.service[114640]: DEBUG nova.api.openstack.wsgi_app [-] oslo_messaging_notifications.transport_url = **** {{(pid=114640) log_opt_values /usr/local/lib/python3.8/dist-packages/oslo_config/cfg.py:2609}}
Aug 09 14:50:01.408694 dv-cinder-788363-9-iscsi devstack@n-api.service[114640]: DEBUG nova.api.openstack.wsgi_app [-] ******************************************************************************** {{(pid=114640) log_opt_values /usr/local/lib/python3.8/dist-packages/oslo_config/cfg.py:2613}}
Aug 09 14:50:01.432588 dv-cinder-788363-9-iscsi devstack@n-api.service[114640]: DEBUG oslo_db.sqlalchemy.engines [None req-71e40a1b-93f6-4f7f-8b27-ac476533f084 None None] MySQL server mode set to STRICT_TRANS_TABLES,STRICT_ALL_TABLES,NO_ZERO_IN_DATE,NO_ZERO_DATE,ERROR_FOR_DIVISION_BY_ZERO,TRADITIONAL,NO_ENGINE_SUBSTITUTION {{(pid=114640) _check_effective_sql_mode /usr/local/lib/python3.8/dist-packages/oslo_db/sqlalchemy/engines.py:314}}
Aug 09 14:50:01.459691 dv-cinder-788363-9-iscsi devstack@n-api.service[114642]: DEBUG nova.context [None req-c28d58d3-e35f-4b24-8e73-0856fd4a202d None None] Found 2 cells: 00000000-0000-0000-0000-000000000000(cell0),10046f5c-468b-490f-a4dd-d53a14434626(cell1) {{(pid=114642) load_cells /opt/stack/nova/nova/context.py:464}}
Aug 09 14:50:01.464216 dv-cinder-788363-9-iscsi devstack@n-api.service[114642]: DEBUG oslo_concurrency.lockutils [None req-c28d58d3-e35f-4b24-8e73-0856fd4a202d None None] Lock "00000000-0000-0000-0000-000000000000" acquired by "nova.context.set_target_cell..get_or_set_cached_cell_and_set_connections" :: waited 0.000s {{(pid=114642) inner /usr/local/lib/python3.8/dist-packages/oslo_concurrency/lockutils.py:355}}
Aug 09 14:50:01.465914 dv-cinder-788363-9-iscsi devstack@n-api.service[114642]: DEBUG oslo_concurrency.lockutils [None req-c28d58d3-e35f-4b24-8e73-0856fd4a202d None None] Lock "00000000-0000-0000-0000-000000000000" released by "nova.context.set_target_cell..get_or_set_cached_cell_and_set_connections" :: held 0.002s {{(pid=114642) inner /usr/local/lib/python3.8/dist-packages/oslo_concurrency/lockutils.py:367}}
Aug 09 14:50:01.466795 dv-cinder-788363-9-iscsi devstack@n-api.service[114642]: DEBUG oslo_concurrency.lockutils [None req-c28d58d3-e35f-4b24-8e73-0856fd4a202d None None] Lock "10046f5c-468b-490f-a4dd-d53a14434626" acquired by "nova.context.set_target_cell..get_or_set_cached_cell_and_set_connections" :: waited 0.000s {{(pid=114642) inner /usr/local/lib/python3.8/dist-packages/oslo_concurrency/lockutils.py:355}}
Aug 09 14:50:01.469025 dv-cinder-788363-9-iscsi devstack@n-api.service[114642]: DEBUG oslo_concurrency.lockutils [None req-c28d58d3-e35f-4b24-8e73-0856fd4a202d None None] Lock "10046f5c-468b-490f-a4dd-d53a14434626" released by "nova.context.set_target_cell..get_or_set_cached_cell_and_set_connections" :: held 0.002s {{(pid=114642) inner /usr/local/lib/python3.8/dist-packages/oslo_concurrency/lockutils.py:367}}
Aug 09 14:50:01.481895 dv-cinder-788363-9-iscsi devstack@n-api.service[114642]: DEBUG oslo_db.sqlalchemy.engines [None req-c28d58d3-e35f-4b24-8e73-0856fd4a202d None None] MySQL server mode set to STRICT_TRANS_TABLES,STRICT_ALL_TABLES,NO_ZERO_IN_DATE,NO_ZERO_DATE,ERROR_FOR_DIVISION_BY_ZERO,TRADITIONAL,NO_ENGINE_SUBSTITUTION {{(pid=114642) _check_effective_sql_mode /usr/local/lib/python3.8/dist-packages/oslo_db/sqlalchemy/engines.py:314}}
Aug 09 14:50:01.483552 dv-cinder-788363-9-iscsi devstack@n-api.service[114642]: DEBUG oslo_db.sqlalchemy.engines [None req-c28d58d3-e35f-4b24-8e73-0856fd4a202d None None] MySQL server mode set to STRICT_TRANS_TABLES,STRICT_ALL_TABLES,NO_ZERO_IN_DATE,NO_ZERO_DATE,ERROR_FOR_DIVISION_BY_ZERO,TRADITIONAL,NO_ENGINE_SUBSTITUTION {{(pid=114642) _check_effective_sql_mode /usr/local/lib/python3.8/dist-packages/oslo_db/sqlalchemy/engines.py:314}}
Aug 09 14:50:01.606742 dv-cinder-788363-9-iscsi devstack@n-api.service[114640]: DEBUG nova.context [None req-71e40a1b-93f6-4f7f-8b27-ac476533f084 None None] Found 2 cells: 00000000-0000-0000-0000-000000000000(cell0),10046f5c-468b-490f-a4dd-d53a14434626(cell1) {{(pid=114640) load_cells /opt/stack/nova/nova/context.py:464}}
Aug 09 14:50:01.612241 dv-cinder-788363-9-iscsi devstack@n-api.service[114640]: DEBUG oslo_concurrency.lockutils [None req-71e40a1b-93f6-4f7f-8b27-ac476533f084 None None] Lock "00000000-0000-0000-0000-000000000000" acquired by "nova.context.set_target_cell..get_or_set_cached_cell_and_set_connections" :: waited 0.000s {{(pid=114640) inner /usr/local/lib/python3.8/dist-packages/oslo_concurrency/lockutils.py:355}}
Aug 09 14:50:01.613906 dv-cinder-788363-9-iscsi devstack@n-api.service[114640]: DEBUG oslo_concurrency.lockutils [None req-71e40a1b-93f6-4f7f-8b27-ac476533f084 None None] Lock "00000000-0000-0000-0000-000000000000" released by "nova.context.set_target_cell..get_or_set_cached_cell_and_set_connections" :: held 0.002s {{(pid=114640) inner /usr/local/lib/python3.8/dist-packages/oslo_concurrency/lockutils.py:367}}
Aug 09 14:50:01.614771 dv-cinder-788363-9-iscsi devstack@n-api.service[114640]: DEBUG oslo_concurrency.lockutils [None req-71e40a1b-93f6-4f7f-8b27-ac476533f084 None None] Lock "10046f5c-468b-490f-a4dd-d53a14434626" acquired by "nova.context.set_target_cell..get_or_set_cached_cell_and_set_connections" :: waited 0.000s {{(pid=114640) inner /usr/local/lib/python3.8/dist-packages/oslo_concurrency/lockutils.py:355}}
Aug 09 14:50:01.616824 dv-cinder-788363-9-iscsi devstack@n-api.service[114640]: DEBUG oslo_concurrency.lockutils [None req-71e40a1b-93f6-4f7f-8b27-ac476533f084 None None] Lock "10046f5c-468b-490f-a4dd-d53a14434626" released by "nova.context.set_target_cell..get_or_set_cached_cell_and_set_connections" :: held 0.002s {{(pid=114640) inner /usr/local/lib/python3.8/dist-packages/oslo_concurrency/lockutils.py:367}}
Aug 09 14:50:01.629076 dv-cinder-788363-9-iscsi devstack@n-api.service[114640]: DEBUG oslo_db.sqlalchemy.engines [None req-71e40a1b-93f6-4f7f-8b27-ac476533f084 None None] MySQL server mode set to STRICT_TRANS_TABLES,STRICT_ALL_TABLES,NO_ZERO_IN_DATE,NO_ZERO_DATE,ERROR_FOR_DIVISION_BY_ZERO,TRADITIONAL,NO_ENGINE_SUBSTITUTION {{(pid=114640) _check_effective_sql_mode /usr/local/lib/python3.8/dist-packages/oslo_db/sqlalchemy/engines.py:314}}
Aug 09 14:50:01.633269 dv-cinder-788363-9-iscsi devstack@n-api.service[114640]: DEBUG oslo_db.sqlalchemy.engines [None req-71e40a1b-93f6-4f7f-8b27-ac476533f084 None None] MySQL server mode set to STRICT_TRANS_TABLES,STRICT_ALL_TABLES,NO_ZERO_IN_DATE,NO_ZERO_DATE,ERROR_FOR_DIVISION_BY_ZERO,TRADITIONAL,NO_ENGINE_SUBSTITUTION {{(pid=114640) _check_effective_sql_mode /usr/local/lib/python3.8/dist-packages/oslo_db/sqlalchemy/engines.py:314}}
Aug 09 14:50:01.761733 dv-cinder-788363-9-iscsi devstack@n-api.service[114642]: DEBUG oslo_db.sqlalchemy.engines [None req-c28d58d3-e35f-4b24-8e73-0856fd4a202d None None] MySQL server mode set to STRICT_TRANS_TABLES,STRICT_ALL_TABLES,NO_ZERO_IN_DATE,NO_ZERO_DATE,ERROR_FOR_DIVISION_BY_ZERO,TRADITIONAL,NO_ENGINE_SUBSTITUTION {{(pid=114642) _check_effective_sql_mode /usr/local/lib/python3.8/dist-packages/oslo_db/sqlalchemy/engines.py:314}}
Aug 09 14:50:01.912701 dv-cinder-788363-9-iscsi devstack@n-api.service[114640]: DEBUG oslo_db.sqlalchemy.engines [None req-71e40a1b-93f6-4f7f-8b27-ac476533f084 None None] MySQL server mode set to STRICT_TRANS_TABLES,STRICT_ALL_TABLES,NO_ZERO_IN_DATE,NO_ZERO_DATE,ERROR_FOR_DIVISION_BY_ZERO,TRADITIONAL,NO_ENGINE_SUBSTITUTION {{(pid=114640) _check_effective_sql_mode /usr/local/lib/python3.8/dist-packages/oslo_db/sqlalchemy/engines.py:314}}
Aug 09 14:50:02.097497 dv-cinder-788363-9-iscsi devstack@n-api.service[114642]: WARNING keystonemiddleware.auth_token [None req-c28d58d3-e35f-4b24-8e73-0856fd4a202d None None] AuthToken middleware is set with keystone_authtoken.service_token_roles_required set to False. This is backwards compatible but deprecated behaviour. Please set this to True.
Aug 09 14:50:02.104078 dv-cinder-788363-9-iscsi devstack@n-api.service[114642]: WARNING keystonemiddleware.auth_token [None req-c28d58d3-e35f-4b24-8e73-0856fd4a202d None None] Configuring www_authenticate_uri to point to the public identity endpoint is required; clients may not be able to authenticate against an admin endpoint
Aug 09 14:50:02.249782 dv-cinder-788363-9-iscsi devstack@n-api.service[114640]: WARNING keystonemiddleware.auth_token [None req-71e40a1b-93f6-4f7f-8b27-ac476533f084 None None] AuthToken middleware is set with keystone_authtoken.service_token_roles_required set to False. This is backwards compatible but deprecated behaviour. Please set this to True.
Aug 09 14:50:02.256650 dv-cinder-788363-9-iscsi devstack@n-api.service[114640]: WARNING keystonemiddleware.auth_token [None req-71e40a1b-93f6-4f7f-8b27-ac476533f084 None None] Configuring www_authenticate_uri to point to the public identity endpoint is required; clients may not be able to authenticate against an admin endpoint
Aug 09 14:50:02.459812 dv-cinder-788363-9-iscsi devstack@n-api.service[114642]: WARNING keystonemiddleware.auth_token [None req-c28d58d3-e35f-4b24-8e73-0856fd4a202d None None] AuthToken middleware is set with keystone_authtoken.service_token_roles_required set to False. This is backwards compatible but deprecated behaviour. Please set this to True.
Aug 09 14:50:02.465353 dv-cinder-788363-9-iscsi devstack@n-api.service[114642]: WARNING keystonemiddleware.auth_token [None req-c28d58d3-e35f-4b24-8e73-0856fd4a202d None None] Configuring www_authenticate_uri to point to the public identity endpoint is required; clients may not be able to authenticate against an admin endpoint
Aug 09 14:50:02.471915 dv-cinder-788363-9-iscsi devstack@n-api.service[114642]: WSGI app 0 (mountpoint='') ready in 6 seconds on interpreter 0x55aab07a39c0 pid: 114642 (default app)
Aug 09 14:50:02.608222 dv-cinder-788363-9-iscsi devstack@n-api.service[114640]: WARNING keystonemiddleware.auth_token [None req-71e40a1b-93f6-4f7f-8b27-ac476533f084 None None] AuthToken middleware is set with keystone_authtoken.service_token_roles_required set to False. This is backwards compatible but deprecated behaviour. Please set this to True.
Aug 09 14:50:02.613704 dv-cinder-788363-9-iscsi devstack@n-api.service[114640]: WARNING keystonemiddleware.auth_token [None req-71e40a1b-93f6-4f7f-8b27-ac476533f084 None None] Configuring www_authenticate_uri to point to the public identity endpoint is required; clients may not be able to authenticate against an admin endpoint
Aug 09 14:50:02.619122 dv-cinder-788363-9-iscsi devstack@n-api.service[114640]: WSGI app 0 (mountpoint='') ready in 6 seconds on interpreter 0x55aab07a39c0 pid: 114640 (default app)
Aug 09 14:50:38.144972 dv-cinder-788363-9-iscsi devstack@n-api.service[114642]: DEBUG nova.api.openstack.wsgi [None req-80cf9e54-058b-4157-ad89-961be168d797 tempest-VolumesSnapshotsTestJSON-391829779 tempest-VolumesSnapshotsTestJSON-391829779-project] Action: 'create', calling method: .version_select at 0x7f459830d550>, body: {"volume": {"size": 1, "display_name": "tempest-VolumesSnapshotsTestJSON-volume-1994558832"}} {{(pid=114642) _process_stack /opt/stack/nova/nova/api/openstack/wsgi.py:511}}
Aug 09 14:50:38.412043 dv-cinder-788363-9-iscsi devstack@n-api.service[114640]: DEBUG nova.api.openstack.wsgi [None req-24bad64d-0e3a-405a-977d-c9fc511f303e tempest-VolumesGetTestJSON-1126312224 tempest-VolumesGetTestJSON-1126312224-project] Action: 'create', calling method: .version_select at 0x7f459830e550>, body: {"volume": {"size": 1, "display_name": "tempest-VolumesGetTestJSON-Volume-128465174", "metadata": {"Type": "work"}}} {{(pid=114640) _process_stack /opt/stack/nova/nova/api/openstack/wsgi.py:511}}
Aug 09 14:50:39.987971 dv-cinder-788363-9-iscsi devstack@n-api.service[114642]: INFO nova.api.openstack.requestlog [None req-80cf9e54-058b-4157-ad89-961be168d797 tempest-VolumesSnapshotsTestJSON-391829779 tempest-VolumesSnapshotsTestJSON-391829779-project] 10.222.0.45 "POST /compute/v2.1/os-volumes" status: 200 len: 345 microversion: 2.1 time: 3.080956
Aug 09 14:50:39.989467 dv-cinder-788363-9-iscsi devstack@n-api.service[114642]: [pid: 114642|app: 0|req: 1/1] 10.222.0.45 () {60 vars in 1155 bytes} [Mon Aug 9 14:50:36 2021] POST /compute/v2.1/os-volumes => generated 345 bytes in 3085 msecs (HTTP/1.1 200) 10 headers in 448 bytes (2 switches on core 0)
Aug 09 14:50:39.994779 dv-cinder-788363-9-iscsi devstack@n-api.service[114642]: DEBUG nova.api.openstack.wsgi [None req-33c7f311-f10d-4b0e-828e-b0ea0b440443 tempest-VolumesTestJSON-307704771 tempest-VolumesTestJSON-307704771-project] Calling method '.version_select at 0x7f45981e7040>' {{(pid=114642) _process_stack /opt/stack/nova/nova/api/openstack/wsgi.py:513}}
Aug 09 14:50:40.072453 dv-cinder-788363-9-iscsi devstack@n-api.service[114642]: INFO nova.api.openstack.requestlog [None req-33c7f311-f10d-4b0e-828e-b0ea0b440443 tempest-VolumesTestJSON-307704771 tempest-VolumesTestJSON-307704771-project] 10.222.0.45 "GET /compute/v2.1/os-volumes/b0413457-c0c4-4252-a310-c1d791e91d6e" status: 200 len: 351 microversion: 2.1 time: 0.081534
Aug 09 14:50:40.073142 dv-cinder-788363-9-iscsi devstack@n-api.service[114642]: [pid: 114642|app: 0|req: 2/2] 10.222.0.45 () {58 vars in 1245 bytes} [Mon Aug 9 14:50:39 2021] GET /compute/v2.1/os-volumes/b0413457-c0c4-4252-a310-c1d791e91d6e => generated 351 bytes in 83 msecs (HTTP/1.1 200) 9 headers in 357 bytes (1 switches on core 0)
Aug 09 14:50:40.080404 dv-cinder-788363-9-iscsi devstack@n-api.service[114642]: DEBUG nova.api.openstack.wsgi [None req-58d6fe14-2376-45d7-9c5f-b59e9d2380fe tempest-VolumesSnapshotsTestJSON-391829779 tempest-VolumesSnapshotsTestJSON-391829779-project] Calling method '.version_select at 0x7f45981e7940>' {{(pid=114642) _process_stack /opt/stack/nova/nova/api/openstack/wsgi.py:513}}
Aug 09 14:50:40.123701 dv-cinder-788363-9-iscsi devstack@n-api.service[114640]: INFO nova.api.openstack.requestlog [None req-24bad64d-0e3a-405a-977d-c9fc511f303e tempest-VolumesGetTestJSON-1126312224 tempest-VolumesGetTestJSON-1126312224-project] 10.222.0.45 "POST /compute/v2.1/os-volumes" status: 200 len: 352 microversion: 2.1 time: 3.097672
Aug 09 14:50:40.131729 dv-cinder-788363-9-iscsi devstack@n-api.service[114640]: [pid: 114640|app: 0|req: 1/3] 10.222.0.45 () {60 vars in 1156 bytes} [Mon Aug 9 14:50:37 2021] POST /compute/v2.1/os-volumes => generated 352 bytes in 3102 msecs (HTTP/1.1 200) 10 headers in 448 bytes (1 switches on core 0)
Aug 09 14:50:40.146938 dv-cinder-788363-9-iscsi devstack@n-api.service[114640]: DEBUG nova.api.openstack.wsgi [None req-52ac4531-23b6-411d-88bb-811ff94b96b9 tempest-VolumesGetTestJSON-1126312224 tempest-VolumesGetTestJSON-1126312224-project] Calling method '.version_select at 0x7f45981e6040>' {{(pid=114640) _process_stack /opt/stack/nova/nova/api/openstack/wsgi.py:513}}
Aug 09 14:50:40.188333 dv-cinder-788363-9-iscsi devstack@n-api.service[114642]: INFO nova.api.openstack.requestlog [None req-58d6fe14-2376-45d7-9c5f-b59e9d2380fe tempest-VolumesSnapshotsTestJSON-391829779 tempest-VolumesSnapshotsTestJSON-391829779-project] 10.222.0.45 "GET /compute/v2.1/os-volumes/f13c7bac-2b3f-416f-9a6e-de2ba8134479" status: 200 len: 345 microversion: 2.1 time: 0.112632
Aug 09 14:50:40.189068 dv-cinder-788363-9-iscsi devstack@n-api.service[114642]: [pid: 114642|app: 0|req: 3/4] 10.222.0.45 () {58 vars in 1245 bytes} [Mon Aug 9 14:50:40 2021] GET /compute/v2.1/os-volumes/f13c7bac-2b3f-416f-9a6e-de2ba8134479 => generated 345 bytes in 115 msecs (HTTP/1.1 200) 9 headers in 357 bytes (1 switches on core 0)
Aug 09 14:50:40.348359 dv-cinder-788363-9-iscsi devstack@n-api.service[114640]: INFO nova.api.openstack.requestlog [None req-52ac4531-23b6-411d-88bb-811ff94b96b9 tempest-VolumesGetTestJSON-1126312224 tempest-VolumesGetTestJSON-1126312224-project] 10.222.0.45 "GET /compute/v2.1/os-volumes/88b5c92a-e5a5-4c45-963b-e3334fd3eaa5" status: 200 len: 352 microversion: 2.1 time: 0.214378
Aug 09 14:50:40.349364 dv-cinder-788363-9-iscsi devstack@n-api.service[114640]: [pid: 114640|app: 0|req: 2/5] 10.222.0.45 () {58 vars in 1245 bytes} [Mon Aug 9 14:50:40 2021] GET /compute/v2.1/os-volumes/88b5c92a-e5a5-4c45-963b-e3334fd3eaa5 => generated 352 bytes in 216 msecs (HTTP/1.1 200) 9 headers in 357 bytes (2 switches on core 0)
Aug 09 14:50:41.200898 dv-cinder-788363-9-iscsi devstack@n-api.service[114642]: DEBUG nova.api.openstack.wsgi [None req-62bd3d3a-671f-4eb1-895a-9fe026a4dd18 tempest-VolumesSnapshotsTestJSON-391829779 tempest-VolumesSnapshotsTestJSON-391829779-project] Calling method '.version_select at 0x7f45981e7a60>' {{(pid=114642) _process_stack /opt/stack/nova/nova/api/openstack/wsgi.py:513}}
Aug 09 14:50:41.307368 dv-cinder-788363-9-iscsi devstack@n-api.service[114642]: INFO nova.api.openstack.requestlog [None req-62bd3d3a-671f-4eb1-895a-9fe026a4dd18 tempest-VolumesSnapshotsTestJSON-391829779 tempest-VolumesSnapshotsTestJSON-391829779-project] 10.222.0.45 "GET /compute/v2.1/os-volumes/f13c7bac-2b3f-416f-9a6e-de2ba8134479" status: 200 len: 346 microversion: 2.1 time: 0.109439
Aug 09 14:50:41.307942 dv-cinder-788363-9-iscsi devstack@n-api.service[114642]: [pid: 114642|app: 0|req: 4/6] 10.222.0.45 () {58 vars in 1245 bytes} [Mon Aug 9 14:50:41 2021] GET /compute/v2.1/os-volumes/f13c7bac-2b3f-416f-9a6e-de2ba8134479 => generated 346 bytes in 111 msecs (HTTP/1.1 200) 9 headers in 357 bytes (1 switches on core 0)
Aug 09 14:50:41.322659 dv-cinder-788363-9-iscsi devstack@n-api.service[114642]: DEBUG nova.api.openstack.wsgi [None req-256f4d94-a4f3-4d46-83dc-c6bfc33023af tempest-VolumesSnapshotsTestJSON-391829779 tempest-VolumesSnapshotsTestJSON-391829779-project] Action: 'create', calling method: .version_select at 0x7f45981e7f70>, body: {"snapshot": {"volume_id": "f13c7bac-2b3f-416f-9a6e-de2ba8134479", "display_name": "tempest-VolumesSnapshotsTestJSON-Snapshot-1118061236"}} {{(pid=114642) _process_stack /opt/stack/nova/nova/api/openstack/wsgi.py:511}}
Aug 09 14:50:41.392727 dv-cinder-788363-9-iscsi devstack@n-api.service[114640]: DEBUG nova.api.openstack.wsgi [None req-b02956b7-2716-409a-b24d-6643767637f5 tempest-DeleteServersTestJSON-1756576275 tempest-DeleteServersTestJSON-1756576275-project] Action: 'create', calling method: >, body: {"server": {"name": "tempest-DeleteServersTestJSON-server-2095911825", "imageRef": "86dc65ab-355c-47d0-b1b4-3747fd21a692", "flavorRef": "452", "networks": [{"uuid": "7f6cc4b2-85a8-4152-a2b1-7e90239aa88b"}]}} {{(pid=114640) _process_stack /opt/stack/nova/nova/api/openstack/wsgi.py:511}}
Aug 09 14:50:41.501323 dv-cinder-788363-9-iscsi devstack@n-api.service[114640]: DEBUG nova.network.neutron [None req-b02956b7-2716-409a-b24d-6643767637f5 tempest-DeleteServersTestJSON-1756576275 tempest-DeleteServersTestJSON-1756576275-project] validate_networks() for [('7f6cc4b2-85a8-4152-a2b1-7e90239aa88b', None, None, None)] {{(pid=114640) validate_networks /opt/stack/nova/nova/network/neutron.py:2255}}
Aug 09 14:50:41.913193 dv-cinder-788363-9-iscsi devstack@n-api.service[114642]: INFO nova.api.openstack.requestlog [None req-256f4d94-a4f3-4d46-83dc-c6bfc33023af tempest-VolumesSnapshotsTestJSON-391829779 tempest-VolumesSnapshotsTestJSON-391829779-project] 10.222.0.45 "POST /compute/v2.1/os-snapshots" status: 200 len: 287 microversion: 2.1 time: 0.596349
Aug 09 14:50:41.918697 dv-cinder-788363-9-iscsi devstack@n-api.service[114642]: [pid: 114642|app: 0|req: 5/7] 10.222.0.45 () {60 vars in 1162 bytes} [Mon Aug 9 14:50:41 2021] POST /compute/v2.1/os-snapshots => generated 287 bytes in 603 msecs (HTTP/1.1 200) 9 headers in 357 bytes (1 switches on core 0)
Aug 09 14:50:41.924816 dv-cinder-788363-9-iscsi devstack@n-api.service[114642]: DEBUG nova.api.openstack.wsgi [None req-6d1bd936-e182-4022-acdd-8eee74e4a4fe tempest-VolumesGetTestJSON-1126312224 tempest-VolumesGetTestJSON-1126312224-project] Calling method '.version_select at 0x7f45981e4b80>' {{(pid=114642) _process_stack /opt/stack/nova/nova/api/openstack/wsgi.py:513}}
Aug 09 14:50:42.055839 dv-cinder-788363-9-iscsi devstack@n-api.service[114642]: INFO nova.api.openstack.requestlog [None req-6d1bd936-e182-4022-acdd-8eee74e4a4fe tempest-VolumesGetTestJSON-1126312224 tempest-VolumesGetTestJSON-1126312224-project] 10.222.0.45 "GET /compute/v2.1/os-volumes/88b5c92a-e5a5-4c45-963b-e3334fd3eaa5" status: 200 len: 353 microversion: 2.1 time: 0.135760
Aug 09 14:50:42.056501 dv-cinder-788363-9-iscsi devstack@n-api.service[114642]: [pid: 114642|app: 0|req: 6/8] 10.222.0.45 () {58 vars in 1245 bytes} [Mon Aug 9 14:50:41 2021] GET /compute/v2.1/os-volumes/88b5c92a-e5a5-4c45-963b-e3334fd3eaa5 => generated 353 bytes in 137 msecs (HTTP/1.1 200) 9 headers in 357 bytes (1 switches on core 0)
Aug 09 14:50:42.061115 dv-cinder-788363-9-iscsi devstack@n-api.service[114642]: DEBUG nova.api.openstack.wsgi [None req-2e67f8ea-3ba4-4b1c-92c4-d73c4ad0e593 tempest-VolumesTestJSON-307704771 tempest-VolumesTestJSON-307704771-project] Calling method '.version_select at 0x7f45981e4940>' {{(pid=114642) _process_stack /opt/stack/nova/nova/api/openstack/wsgi.py:513}}
Aug 09 14:50:42.142087 dv-cinder-788363-9-iscsi devstack@n-api.service[114642]: INFO nova.api.openstack.requestlog [None req-2e67f8ea-3ba4-4b1c-92c4-d73c4ad0e593 tempest-VolumesTestJSON-307704771 tempest-VolumesTestJSON-307704771-project] 10.222.0.45 "GET /compute/v2.1/os-volumes/7f2c0c68-fd37-48ea-a409-825d925f9039" status: 200 len: 351 microversion: 2.1 time: 0.084208
Aug 09 14:50:42.150359 dv-cinder-788363-9-iscsi devstack@n-api.service[114642]: [pid: 114642|app: 0|req: 7/9] 10.222.0.45 () {58 vars in 1245 bytes} [Mon Aug 9 14:50:42 2021] GET /compute/v2.1/os-volumes/7f2c0c68-fd37-48ea-a409-825d925f9039 => generated 351 bytes in 93 msecs (HTTP/1.1 200) 9 headers in 357 bytes (1 switches on core 0)
Aug 09 14:50:42.157434 dv-cinder-788363-9-iscsi devstack@n-api.service[114642]: DEBUG nova.api.openstack.wsgi [None req-4bdf16aa-5ebb-49f6-8fa8-269f6c6c09d1 tempest-VolumesSnapshotsTestJSON-391829779 tempest-VolumesSnapshotsTestJSON-391829779-project] Calling method '.version_select at 0x7f4598ba4940>' {{(pid=114642) _process_stack /opt/stack/nova/nova/api/openstack/wsgi.py:513}}
Aug 09 14:50:42.204731 dv-cinder-788363-9-iscsi devstack@n-api.service[114642]: INFO nova.api.openstack.requestlog [None req-4bdf16aa-5ebb-49f6-8fa8-269f6c6c09d1 tempest-VolumesSnapshotsTestJSON-391829779 tempest-VolumesSnapshotsTestJSON-391829779-project] 10.222.0.45 "GET /compute/v2.1/os-snapshots/905440cc-8805-4727-8fb7-d53fe1abef98" status: 200 len: 287 microversion: 2.1 time: 0.052359
Aug 09 14:50:42.213694 dv-cinder-788363-9-iscsi devstack@n-api.service[114642]: [pid: 114642|app: 0|req: 8/10] 10.222.0.45 () {58 vars in 1251 bytes} [Mon Aug 9 14:50:42 2021] GET /compute/v2.1/os-snapshots/905440cc-8805-4727-8fb7-d53fe1abef98 => generated 287 bytes in 62 msecs (HTTP/1.1 200) 9 headers in 357 bytes (1 switches on core 0)
Aug 09 14:50:42.234065 dv-cinder-788363-9-iscsi devstack@n-api.service[114642]: DEBUG nova.api.openstack.wsgi [None req-24ef1a0a-9b14-45df-81a2-ed6eaf9e5600 tempest-VolumesGetTestJSON-1126312224 tempest-VolumesGetTestJSON-1126312224-project] Calling method '.version_select at 0x7f45981e4f70>' {{(pid=114642) _process_stack /opt/stack/nova/nova/api/openstack/wsgi.py:513}}
Aug 09 14:50:42.384480 dv-cinder-788363-9-iscsi devstack@n-api.service[114642]: INFO nova.api.openstack.requestlog [None req-24ef1a0a-9b14-45df-81a2-ed6eaf9e5600 tempest-VolumesGetTestJSON-1126312224 tempest-VolumesGetTestJSON-1126312224-project] 10.222.0.45 "GET /compute/v2.1/os-volumes/88b5c92a-e5a5-4c45-963b-e3334fd3eaa5" status: 200 len: 353 microversion: 2.1 time: 0.169041
Aug 09 14:50:42.385185 dv-cinder-788363-9-iscsi devstack@n-api.service[114642]: [pid: 114642|app: 0|req: 9/11] 10.222.0.45 () {58 vars in 1245 bytes} [Mon Aug 9 14:50:42 2021] GET /compute/v2.1/os-volumes/88b5c92a-e5a5-4c45-963b-e3334fd3eaa5 => generated 353 bytes in 171 msecs (HTTP/1.1 200) 9 headers in 357 bytes (1 switches on core 0)
Aug 09 14:50:42.391345 dv-cinder-788363-9-iscsi devstack@n-api.service[114642]: DEBUG nova.api.openstack.wsgi [None req-3e4f75ea-6216-4816-a8e7-94eeb87e5abf tempest-VolumesSnapshotsTestJSON-391829779 tempest-VolumesSnapshotsTestJSON-391829779-project] Calling method '.version_select at 0x7f45981e7700>' {{(pid=114642) _process_stack /opt/stack/nova/nova/api/openstack/wsgi.py:513}}
Aug 09 14:50:42.479896 dv-cinder-788363-9-iscsi devstack@n-api.service[114642]: INFO nova.api.openstack.requestlog [None req-3e4f75ea-6216-4816-a8e7-94eeb87e5abf tempest-VolumesSnapshotsTestJSON-391829779 tempest-VolumesSnapshotsTestJSON-391829779-project] 10.222.0.45 "GET /compute/v2.1/os-snapshots" status: 200 len: 290 microversion: 2.1 time: 0.092935
Aug 09 14:50:42.480826 dv-cinder-788363-9-iscsi devstack@n-api.service[114642]: [pid: 114642|app: 0|req: 10/12] 10.222.0.45 () {58 vars in 1140 bytes} [Mon Aug 9 14:50:42 2021] GET /compute/v2.1/os-snapshots => generated 290 bytes in 94 msecs (HTTP/1.1 200) 9 headers in 357 bytes (1 switches on core 0)
Aug 09 14:50:42.487301 dv-cinder-788363-9-iscsi devstack@n-api.service[114642]: DEBUG nova.api.openstack.wsgi [None req-bb180b52-1f38-4e0f-832b-267c4972d034 tempest-VolumesGetTestJSON-1126312224 tempest-VolumesGetTestJSON-1126312224-project] Calling method '.version_select at 0x7f45981e4ca0>' {{(pid=114642) _process_stack /opt/stack/nova/nova/api/openstack/wsgi.py:513}}
Aug 09 14:50:42.487875 dv-cinder-788363-9-iscsi devstack@n-api.service[114640]: DEBUG nova.virt.hardware [None req-b02956b7-2716-409a-b24d-6643767637f5 tempest-DeleteServersTestJSON-1756576275 tempest-DeleteServersTestJSON-1756576275-project] Flavor limits 0:0:0 {{(pid=114640) get_cpu_topology_constraints /opt/stack/nova/nova/virt/hardware.py:343}}
Aug 09 14:50:42.494173 dv-cinder-788363-9-iscsi devstack@n-api.service[114640]: DEBUG nova.virt.hardware [None req-b02956b7-2716-409a-b24d-6643767637f5 tempest-DeleteServersTestJSON-1756576275 tempest-DeleteServersTestJSON-1756576275-project] Image limits 0:0:0 {{(pid=114640) get_cpu_topology_constraints /opt/stack/nova/nova/virt/hardware.py:347}}
Aug 09 14:50:42.494173 dv-cinder-788363-9-iscsi devstack@n-api.service[114640]: DEBUG nova.virt.hardware [None req-b02956b7-2716-409a-b24d-6643767637f5 tempest-DeleteServersTestJSON-1756576275 tempest-DeleteServersTestJSON-1756576275-project] Flavor pref 0:0:0 {{(pid=114640) get_cpu_topology_constraints /opt/stack/nova/nova/virt/hardware.py:383}}
Aug 09 14:50:42.494173 dv-cinder-788363-9-iscsi devstack@n-api.service[114640]: DEBUG nova.virt.hardware [None req-b02956b7-2716-409a-b24d-6643767637f5 tempest-DeleteServersTestJSON-1756576275 tempest-DeleteServersTestJSON-1756576275-project] Image pref 0:0:0 {{(pid=114640) get_cpu_topology_constraints /opt/stack/nova/nova/virt/hardware.py:387}}
Aug 09 14:50:42.494173 dv-cinder-788363-9-iscsi devstack@n-api.service[114640]: DEBUG nova.virt.hardware [None req-b02956b7-2716-409a-b24d-6643767637f5 tempest-DeleteServersTestJSON-1756576275 tempest-DeleteServersTestJSON-1756576275-project] Chose sockets=0, cores=0, threads=0; limits were sockets=65536, cores=65536, threads=65536 {{(pid=114640) get_cpu_topology_constraints /opt/stack/nova/nova/virt/hardware.py:425}}
Aug 09 14:50:42.515905 dv-cinder-788363-9-iscsi devstack@n-api.service[114640]: DEBUG oslo_concurrency.lockutils [None req-b02956b7-2716-409a-b24d-6643767637f5 tempest-DeleteServersTestJSON-1756576275 tempest-DeleteServersTestJSON-1756576275-project] Lock "00000000-0000-0000-0000-000000000000" acquired by "nova.context.set_target_cell..get_or_set_cached_cell_and_set_connections" :: waited 0.000s {{(pid=114640) inner /usr/local/lib/python3.8/dist-packages/oslo_concurrency/lockutils.py:355}}
Aug 09 14:50:42.516369 dv-cinder-788363-9-iscsi devstack@n-api.service[114640]: DEBUG oslo_concurrency.lockutils [None req-b02956b7-2716-409a-b24d-6643767637f5 tempest-DeleteServersTestJSON-1756576275 tempest-DeleteServersTestJSON-1756576275-project] Lock "00000000-0000-0000-0000-000000000000" released by "nova.context.set_target_cell..get_or_set_cached_cell_and_set_connections" :: held 0.003s {{(pid=114640) inner /usr/local/lib/python3.8/dist-packages/oslo_concurrency/lockutils.py:367}}
Aug 09 14:50:42.518192 dv-cinder-788363-9-iscsi devstack@n-api.service[114640]: DEBUG oslo_concurrency.lockutils [None req-b02956b7-2716-409a-b24d-6643767637f5 tempest-DeleteServersTestJSON-1756576275 tempest-DeleteServersTestJSON-1756576275-project] Lock "10046f5c-468b-490f-a4dd-d53a14434626" acquired by "nova.context.set_target_cell..get_or_set_cached_cell_and_set_connections" :: waited 0.000s {{(pid=114640) inner /usr/local/lib/python3.8/dist-packages/oslo_concurrency/lockutils.py:355}}
Aug 09 14:50:42.519273 dv-cinder-788363-9-iscsi devstack@n-api.service[114640]: DEBUG oslo_concurrency.lockutils [None req-b02956b7-2716-409a-b24d-6643767637f5 tempest-DeleteServersTestJSON-1756576275 tempest-DeleteServersTestJSON-1756576275-project] Lock "10046f5c-468b-490f-a4dd-d53a14434626" released by "nova.context.set_target_cell..get_or_set_cached_cell_and_set_connections" :: held 0.000s {{(pid=114640) inner /usr/local/lib/python3.8/dist-packages/oslo_concurrency/lockutils.py:367}}
Aug 09 14:50:42.565343 dv-cinder-788363-9-iscsi devstack@n-api.service[114640]: DEBUG nova.quota [None req-b02956b7-2716-409a-b24d-6643767637f5 tempest-DeleteServersTestJSON-1756576275 tempest-DeleteServersTestJSON-1756576275-project] Getting quotas for project 2e2551be72a2405bba30381b2e78b743. Resources: {'cores', 'instances', 'ram'} {{(pid=114640) _get_quotas /opt/stack/nova/nova/quota.py:384}}
Aug 09 14:50:42.574255 dv-cinder-788363-9-iscsi devstack@n-api.service[114640]: DEBUG nova.quota [None req-b02956b7-2716-409a-b24d-6643767637f5 tempest-DeleteServersTestJSON-1756576275 tempest-DeleteServersTestJSON-1756576275-project] Getting quotas for user 27cc50f498dd4fc4b87b84dacb278f79 and project 2e2551be72a2405bba30381b2e78b743. Resources: {'cores', 'instances', 'ram'} {{(pid=114640) _get_quotas /opt/stack/nova/nova/quota.py:374}}
Aug 09 14:50:42.593506 dv-cinder-788363-9-iscsi devstack@n-api.service[114640]: DEBUG nova.compute.api [None req-b02956b7-2716-409a-b24d-6643767637f5 tempest-DeleteServersTestJSON-1756576275 tempest-DeleteServersTestJSON-1756576275-project] Going to run 1 instances... {{(pid=114640) _provision_instances /opt/stack/nova/nova/compute/api.py:1280}}
Aug 09 14:50:42.596707 dv-cinder-788363-9-iscsi devstack@n-api.service[114640]: DEBUG nova.compute.api [None req-b02956b7-2716-409a-b24d-6643767637f5 tempest-DeleteServersTestJSON-1756576275 tempest-DeleteServersTestJSON-1756576275-project] [instance: 3f190252-9375-42e5-8fa0-af6217c815af] block_device_mapping [BlockDeviceMapping(attachment_id=,boot_index=0,connection_info=None,created_at=,delete_on_termination=True,deleted=,deleted_at=,destination_type='local',device_name=None,device_type='disk',disk_bus=None,guest_format=None,id=,image_id='86dc65ab-355c-47d0-b1b4-3747fd21a692',instance=,instance_uuid=,no_device=False,snapshot_id=None,source_type='image',tag=None,updated_at=,uuid=,volume_id=None,volume_size=None,volume_type=None)] {{(pid=114640) _bdm_validate_set_size_and_instance /opt/stack/nova/nova/compute/api.py:1685}}
Aug 09 14:50:42.766117 dv-cinder-788363-9-iscsi devstack@n-api.service[114642]: INFO nova.api.openstack.requestlog [None req-bb180b52-1f38-4e0f-832b-267c4972d034 tempest-VolumesGetTestJSON-1126312224 tempest-VolumesGetTestJSON-1126312224-project] 10.222.0.45 "DELETE /compute/v2.1/os-volumes/88b5c92a-e5a5-4c45-963b-e3334fd3eaa5" status: 202 len: 0 microversion: 2.1 time: 0.284481
Aug 09 14:50:42.770329 dv-cinder-788363-9-iscsi devstack@n-api.service[114642]: [pid: 114642|app: 0|req: 11/13] 10.222.0.45 () {58 vars in 1248 bytes} [Mon Aug 9 14:50:42 2021] DELETE /compute/v2.1/os-volumes/88b5c92a-e5a5-4c45-963b-e3334fd3eaa5 => generated 0 bytes in 289 msecs (HTTP/1.1 202) 9 headers in 361 bytes (1 switches on core 0)
Aug 09 14:50:42.776139 dv-cinder-788363-9-iscsi devstack@n-api.service[114642]: DEBUG nova.api.openstack.wsgi [None req-89e038e7-5bbe-44e5-98ae-56a64e7f01d9 tempest-VolumesSnapshotsTestJSON-391829779 tempest-VolumesSnapshotsTestJSON-391829779-project] Calling method '.version_select at 0x7f45981e4040>' {{(pid=114642) _process_stack /opt/stack/nova/nova/api/openstack/wsgi.py:513}}
Aug 09 14:50:42.810748 dv-cinder-788363-9-iscsi devstack@n-api.service[114640]: INFO nova.api.openstack.requestlog [None req-b02956b7-2716-409a-b24d-6643767637f5 tempest-DeleteServersTestJSON-1756576275 tempest-DeleteServersTestJSON-1756576275-project] 10.222.0.45 "POST /compute/v2.1/servers" status: 202 len: 380 microversion: 2.1 time: 1.596220
Aug 09 14:50:42.811636 dv-cinder-788363-9-iscsi devstack@n-api.service[114640]: [pid: 114640|app: 0|req: 3/14] 10.222.0.45 () {60 vars in 1147 bytes} [Mon Aug 9 14:50:41 2021] POST /compute/v2.1/servers => generated 380 bytes in 1598 msecs (HTTP/1.1 202) 10 headers in 451 bytes (2 switches on core 0)
Aug 09 14:50:42.819469 dv-cinder-788363-9-iscsi devstack@n-api.service[114640]: DEBUG nova.api.openstack.wsgi [None req-2195b86a-461b-41ef-b750-2238d0b3a9dc tempest-VolumesGetTestJSON-1126312224 tempest-VolumesGetTestJSON-1126312224-project] Calling method '.version_select at 0x7f45980e8820>' {{(pid=114640) _process_stack /opt/stack/nova/nova/api/openstack/wsgi.py:513}}
Aug 09 14:50:42.836877 dv-cinder-788363-9-iscsi devstack@n-api.service[114642]: INFO nova.api.openstack.requestlog [None req-89e038e7-5bbe-44e5-98ae-56a64e7f01d9 tempest-VolumesSnapshotsTestJSON-391829779 tempest-VolumesSnapshotsTestJSON-391829779-project] 10.222.0.45 "GET /compute/v2.1/os-snapshots/905440cc-8805-4727-8fb7-d53fe1abef98" status: 200 len: 287 microversion: 2.1 time: 0.064898
Aug 09 14:50:42.838220 dv-cinder-788363-9-iscsi devstack@n-api.service[114642]: [pid: 114642|app: 0|req: 12/15] 10.222.0.45 () {58 vars in 1251 bytes} [Mon Aug 9 14:50:42 2021] GET /compute/v2.1/os-snapshots/905440cc-8805-4727-8fb7-d53fe1abef98 => generated 287 bytes in 67 msecs (HTTP/1.1 200) 9 headers in 357 bytes (1 switches on core 0)
Aug 09 14:50:42.845520 dv-cinder-788363-9-iscsi devstack@n-api.service[114642]: DEBUG nova.api.openstack.wsgi [None req-2f0e6068-454b-4463-9876-1d8fd1438730 tempest-DeleteServersTestJSON-1756576275 tempest-DeleteServersTestJSON-1756576275-project] Calling method '>' {{(pid=114642) _process_stack /opt/stack/nova/nova/api/openstack/wsgi.py:513}}
Aug 09 14:50:42.846598 dv-cinder-788363-9-iscsi devstack@n-api.service[114642]: DEBUG nova.compute.api [None req-2f0e6068-454b-4463-9876-1d8fd1438730 tempest-DeleteServersTestJSON-1756576275 tempest-DeleteServersTestJSON-1756576275-project] [instance: 3f190252-9375-42e5-8fa0-af6217c815af] Fetching instance by UUID {{(pid=114642) get /opt/stack/nova/nova/compute/api.py:2791}}
Aug 09 14:50:42.982459 dv-cinder-788363-9-iscsi devstack@n-api.service[114640]: INFO nova.api.openstack.requestlog [None req-2195b86a-461b-41ef-b750-2238d0b3a9dc tempest-VolumesGetTestJSON-1126312224 tempest-VolumesGetTestJSON-1126312224-project] 10.222.0.45 "GET /compute/v2.1/os-volumes/88b5c92a-e5a5-4c45-963b-e3334fd3eaa5" status: 200 len: 352 microversion: 2.1 time: 0.166624
Aug 09 14:50:42.992105 dv-cinder-788363-9-iscsi devstack@n-api.service[114640]: [pid: 114640|app: 0|req: 4/16] 10.222.0.45 () {58 vars in 1245 bytes} [Mon Aug 9 14:50:42 2021] GET /compute/v2.1/os-volumes/88b5c92a-e5a5-4c45-963b-e3334fd3eaa5 => generated 352 bytes in 180 msecs (HTTP/1.1 200) 9 headers in 357 bytes (1 switches on core 0)
Aug 09 14:50:43.049484 dv-cinder-788363-9-iscsi devstack@n-api.service[114642]: DEBUG nova.policy [None req-2f0e6068-454b-4463-9876-1d8fd1438730 tempest-DeleteServersTestJSON-1756576275 tempest-DeleteServersTestJSON-1756576275-project] Policy check for os_compute_api:os-extended-server-attributes failed with credentials {'is_admin': False, 'user_id': '27cc50f498dd4fc4b87b84dacb278f79', 'user_domain_id': 'default', 'system_scope': None, 'domain_id': None, 'project_id': '2e2551be72a2405bba30381b2e78b743', 'project_domain_id': 'default', 'roles': ['member', 'reader'], 'is_admin_project': True, 'service_user_id': None, 'service_user_domain_id': None, 'service_project_id': None, 'service_project_domain_id': None, 'service_roles': []} {{(pid=114642) authorize /opt/stack/nova/nova/policy.py:199}}
Aug 09 14:50:43.065490 dv-cinder-788363-9-iscsi devstack@n-api.service[114642]: INFO nova.api.openstack.requestlog [None req-2f0e6068-454b-4463-9876-1d8fd1438730 tempest-DeleteServersTestJSON-1756576275 tempest-DeleteServersTestJSON-1756576275-project] 10.222.0.45 "GET /compute/v2.1/servers/3f190252-9375-42e5-8fa0-af6217c815af" status: 200 len: 1215 microversion: 2.1 time: 0.225795
Aug 09 14:50:43.066706 dv-cinder-788363-9-iscsi devstack@n-api.service[114642]: [pid: 114642|app: 0|req: 13/17] 10.222.0.45 () {58 vars in 1236 bytes} [Mon Aug 9 14:50:42 2021] GET /compute/v2.1/servers/3f190252-9375-42e5-8fa0-af6217c815af => generated 1215 bytes in 228 msecs (HTTP/1.1 200) 9 headers in 358 bytes (1 switches on core 0)
Aug 09 14:50:43.849770 dv-cinder-788363-9-iscsi devstack@n-api.service[114640]: DEBUG nova.api.openstack.wsgi [None req-0bea5918-89a3-484c-ab05-473e51ad3b08 tempest-VolumesSnapshotsTestJSON-391829779 tempest-VolumesSnapshotsTestJSON-391829779-project] Calling method '.version_select at 0x7f45980fa430>' {{(pid=114640) _process_stack /opt/stack/nova/nova/api/openstack/wsgi.py:513}}
Aug 09 14:50:43.921914 dv-cinder-788363-9-iscsi devstack@n-api.service[114640]: INFO nova.api.openstack.requestlog [None req-0bea5918-89a3-484c-ab05-473e51ad3b08 tempest-VolumesSnapshotsTestJSON-391829779 tempest-VolumesSnapshotsTestJSON-391829779-project] 10.222.0.45 "GET /compute/v2.1/os-snapshots/905440cc-8805-4727-8fb7-d53fe1abef98" status: 200 len: 287 microversion: 2.1 time: 0.072642
Aug 09 14:50:43.921914 dv-cinder-788363-9-iscsi devstack@n-api.service[114640]: [pid: 114640|app: 0|req: 5/18] 10.222.0.45 () {58 vars in 1251 bytes} [Mon Aug 9 14:50:43 2021] GET /compute/v2.1/os-snapshots/905440cc-8805-4727-8fb7-d53fe1abef98 => generated 287 bytes in 74 msecs (HTTP/1.1 200) 9 headers in 357 bytes (1 switches on core 0)
Aug 09 14:50:44.004378 dv-cinder-788363-9-iscsi devstack@n-api.service[114642]: DEBUG nova.api.openstack.wsgi [None req-793bc6d2-baf3-4d0e-8639-f677a69eebb2 tempest-VolumesGetTestJSON-1126312224 tempest-VolumesGetTestJSON-1126312224-project] Calling method '.version_select at 0x7f45981ad160>' {{(pid=114642) _process_stack /opt/stack/nova/nova/api/openstack/wsgi.py:513}}
Aug 09 14:50:44.066379 dv-cinder-788363-9-iscsi devstack@n-api.service[114642]: INFO nova.api.openstack.requestlog [None req-793bc6d2-baf3-4d0e-8639-f677a69eebb2 tempest-VolumesGetTestJSON-1126312224 tempest-VolumesGetTestJSON-1126312224-project] 10.222.0.45 "GET /compute/v2.1/os-volumes/88b5c92a-e5a5-4c45-963b-e3334fd3eaa5" status: 200 len: 352 microversion: 2.1 time: 0.065515
Aug 09 14:50:44.066984 dv-cinder-788363-9-iscsi devstack@n-api.service[114642]: [pid: 114642|app: 0|req: 14/19] 10.222.0.45 () {58 vars in 1245 bytes} [Mon Aug 9 14:50:43 2021] GET /compute/v2.1/os-volumes/88b5c92a-e5a5-4c45-963b-e3334fd3eaa5 => generated 352 bytes in 67 msecs (HTTP/1.1 200) 9 headers in 357 bytes (1 switches on core 0)
Aug 09 14:50:44.083329 dv-cinder-788363-9-iscsi devstack@n-api.service[114640]: DEBUG nova.api.openstack.wsgi [None req-16439689-19a8-4135-89d7-d48e6b34ff50 tempest-DeleteServersTestJSON-1756576275 tempest-DeleteServersTestJSON-1756576275-project] Calling method '>' {{(pid=114640) _process_stack /opt/stack/nova/nova/api/openstack/wsgi.py:513}}
Aug 09 14:50:44.083951 dv-cinder-788363-9-iscsi devstack@n-api.service[114640]: DEBUG nova.compute.api [None req-16439689-19a8-4135-89d7-d48e6b34ff50 tempest-DeleteServersTestJSON-1756576275 tempest-DeleteServersTestJSON-1756576275-project] [instance: 3f190252-9375-42e5-8fa0-af6217c815af] Fetching instance by UUID {{(pid=114640) get /opt/stack/nova/nova/compute/api.py:2791}}
