Jul 15 19:06:36.607639 dv-cinder-788363-8-smb devstack@c-api.service[99996]: DEBUG cinder.api.openstack.wsgi [None req-b983cff7-aff2-4325-835f-e14242bc4c13 tempest-GroupSnapshotsTest-1493948646 tempest-GroupSnapshotsTest-1493948646-project] Calling method 'version_select' {{(pid=99996) _process_stack /opt/stack/cinder/cinder/api/openstack/wsgi.py:866}}
Jul 15 19:06:36.608008 dv-cinder-788363-8-smb devstack@c-api.service[99996]: DEBUG cinder.api.v3.group_snapshots [None req-b983cff7-aff2-4325-835f-e14242bc4c13 tempest-GroupSnapshotsTest-1493948646 tempest-GroupSnapshotsTest-1493948646-project] show called for member ed62b037-0fed-4516-9c50-803e8170ea68 {{(pid=99996) show /opt/stack/cinder/cinder/api/v3/group_snapshots.py:58}}
Jul 15 19:06:36.614659 dv-cinder-788363-8-smb devstack@c-api.service[99996]: /usr/local/lib/python3.8/dist-packages/oslo_context/context.py:105: DeprecationWarning: Policy enforcement is depending on the value of is_admin. This key is deprecated. Please update your policy file to use the standard policy values.
Jul 15 19:06:36.614659 dv-cinder-788363-8-smb devstack@c-api.service[99996]: warnings.warn('Policy enforcement is depending on the value of '
Jul 15 19:06:36.615368 dv-cinder-788363-8-smb devstack@c-api.service[99997]: INFO cinder.volume.api [None req-b07abc73-afaf-4003-8084-5c3875b2765d tempest-VolumesMetadataTest-1740880278 tempest-VolumesMetadataTest-1740880278-project] Get volume metadata completed successfully.
Jul 15 19:06:36.615988 dv-cinder-788363-8-smb devstack@c-api.service[99997]: INFO cinder.api.openstack.wsgi [None req-b07abc73-afaf-4003-8084-5c3875b2765d tempest-VolumesMetadataTest-1740880278 tempest-VolumesMetadataTest-1740880278-project] http://10.222.0.59/volume/v3/3724e2d870874de59c5240a985e7a7b1/volumes/a081ec88-30fb-43f3-91a5-dca6fc4e48be/metadata/key3 returned with HTTP 200
Jul 15 19:06:36.617284 dv-cinder-788363-8-smb devstack@c-api.service[99997]: [pid: 99997|app: 0|req: 180/383] 10.222.0.59 () {58 vars in 1367 bytes} [Thu Jul 15 19:06:36 2021] GET /volume/v3/3724e2d870874de59c5240a985e7a7b1/volumes/a081ec88-30fb-43f3-91a5-dca6fc4e48be/metadata/key3 => generated 35 bytes in 35 msecs (HTTP/1.1 200) 7 headers in 284 bytes (2 switches on core 0)
Jul 15 19:06:36.629690 dv-cinder-788363-8-smb devstack@c-api.service[99996]: INFO cinder.api.openstack.wsgi [None req-b983cff7-aff2-4325-835f-e14242bc4c13 tempest-GroupSnapshotsTest-1493948646 tempest-GroupSnapshotsTest-1493948646-project] http://10.222.0.59/volume/v3/a3c7818562e44b55936ccdbb3f2d18b8/group_snapshots/ed62b037-0fed-4516-9c50-803e8170ea68 returned with HTTP 200
Jul 15 19:06:36.636160 dv-cinder-788363-8-smb devstack@c-api.service[99996]: [pid: 99996|app: 0|req: 204/384] 10.222.0.59 () {60 vars in 1390 bytes} [Thu Jul 15 19:06:36 2021] GET /volume/v3/a3c7818562e44b55936ccdbb3f2d18b8/group_snapshots/ed62b037-0fed-4516-9c50-803e8170ea68 => generated 308 bytes in 33 msecs (HTTP/1.1 200) 7 headers in 286 bytes (2 switches on core 0)
Jul 15 19:06:36.636347 dv-cinder-788363-8-smb devstack@c-api.service[99997]: INFO cinder.api.openstack.wsgi [None req-3af7789e-7762-4ff7-891b-e4fe63dcd798 tempest-VolumesMetadataTest-1740880278 tempest-VolumesMetadataTest-1740880278-project] GET http://10.222.0.59/volume/v3/3724e2d870874de59c5240a985e7a7b1/volumes/a081ec88-30fb-43f3-91a5-dca6fc4e48be/metadata
Jul 15 19:06:36.636347 dv-cinder-788363-8-smb devstack@c-api.service[99997]: DEBUG cinder.api.openstack.wsgi [None req-3af7789e-7762-4ff7-891b-e4fe63dcd798 tempest-VolumesMetadataTest-1740880278 tempest-VolumesMetadataTest-1740880278-project] Empty body provided in request {{(pid=99997) get_body /opt/stack/cinder/cinder/api/openstack/wsgi.py:713}}
Jul 15 19:06:36.636347 dv-cinder-788363-8-smb devstack@c-api.service[99997]: /usr/local/lib/python3.8/dist-packages/webob/acceptparse.py:1047: DeprecationWarning: The behavior of AcceptValidHeader.best_match is currently being maintained for backward compatibility, but it will be deprecated in the future, as it does not conform to the RFC.
Jul 15 19:06:36.636347 dv-cinder-788363-8-smb devstack@c-api.service[99997]: warnings.warn(
Jul 15 19:06:36.636347 dv-cinder-788363-8-smb devstack@c-api.service[99997]: DEBUG cinder.api.openstack.wsgi [None req-3af7789e-7762-4ff7-891b-e4fe63dcd798 tempest-VolumesMetadataTest-1740880278 tempest-VolumesMetadataTest-1740880278-project] Calling method 'index' {{(pid=99997) _process_stack /opt/stack/cinder/cinder/api/openstack/wsgi.py:866}}
Jul 15 19:06:36.649240 dv-cinder-788363-8-smb devstack@c-api.service[99996]: INFO cinder.api.openstack.wsgi [None req-4f6dc076-b3bc-4c66-a42c-0faa5f98d5ef tempest-GroupSnapshotsTest-1493948646 tempest-GroupSnapshotsTest-1493948646-project] GET http://10.222.0.59/volume/v3/a3c7818562e44b55936ccdbb3f2d18b8/snapshots/detail
Jul 15 19:06:36.650381 dv-cinder-788363-8-smb devstack@c-api.service[99996]: DEBUG cinder.api.openstack.wsgi [None req-4f6dc076-b3bc-4c66-a42c-0faa5f98d5ef tempest-GroupSnapshotsTest-1493948646 tempest-GroupSnapshotsTest-1493948646-project] Empty body provided in request {{(pid=99996) get_body /opt/stack/cinder/cinder/api/openstack/wsgi.py:713}}
Jul 15 19:06:36.650624 dv-cinder-788363-8-smb devstack@c-api.service[99996]: /usr/local/lib/python3.8/dist-packages/webob/acceptparse.py:1047: DeprecationWarning: The behavior of AcceptValidHeader.best_match is currently being maintained for backward compatibility, but it will be deprecated in the future, as it does not conform to the RFC.
Jul 15 19:06:36.650624 dv-cinder-788363-8-smb devstack@c-api.service[99996]: warnings.warn(
Jul 15 19:06:36.651203 dv-cinder-788363-8-smb devstack@c-api.service[99996]: DEBUG cinder.api.openstack.wsgi [None req-4f6dc076-b3bc-4c66-a42c-0faa5f98d5ef tempest-GroupSnapshotsTest-1493948646 tempest-GroupSnapshotsTest-1493948646-project] Calling method 'detail' {{(pid=99996) _process_stack /opt/stack/cinder/cinder/api/openstack/wsgi.py:866}}
Jul 15 19:06:36.652379 dv-cinder-788363-8-smb devstack@c-api.service[99996]: DEBUG cinder.api.api_utils [None req-4f6dc076-b3bc-4c66-a42c-0faa5f98d5ef tempest-GroupSnapshotsTest-1493948646 tempest-GroupSnapshotsTest-1493948646-project] Removing options '' from query. {{(pid=99996) remove_invalid_filter_options /opt/stack/cinder/cinder/api/api_utils.py:73}}
Jul 15 19:06:36.658967 dv-cinder-788363-8-smb devstack@c-api.service[99996]: DEBUG cinder.db.sqlalchemy.api [None req-4f6dc076-b3bc-4c66-a42c-0faa5f98d5ef tempest-GroupSnapshotsTest-1493948646 tempest-GroupSnapshotsTest-1493948646-project] Building query based on filter {{(pid=99996) _process_snaps_filters /opt/stack/cinder/cinder/db/sqlalchemy/api.py:3138}}
Jul 15 19:06:36.662172 dv-cinder-788363-8-smb devstack@c-api.service[99997]: /usr/local/lib/python3.8/dist-packages/oslo_context/context.py:105: DeprecationWarning: Policy enforcement is depending on the value of is_admin. This key is deprecated. Please update your policy file to use the standard policy values.
Jul 15 19:06:36.662172 dv-cinder-788363-8-smb devstack@c-api.service[99997]: warnings.warn('Policy enforcement is depending on the value of '
Jul 15 19:06:36.663810 dv-cinder-788363-8-smb devstack@c-api.service[99997]: INFO cinder.volume.api [None req-3af7789e-7762-4ff7-891b-e4fe63dcd798 tempest-VolumesMetadataTest-1740880278 tempest-VolumesMetadataTest-1740880278-project] Volume info retrieved successfully.
Jul 15 19:06:36.669263 dv-cinder-788363-8-smb devstack@c-api.service[99996]: INFO cinder.volume.api [None req-4f6dc076-b3bc-4c66-a42c-0faa5f98d5ef tempest-GroupSnapshotsTest-1493948646 tempest-GroupSnapshotsTest-1493948646-project] Get all snapshots completed successfully.
Jul 15 19:06:36.669263 dv-cinder-788363-8-smb devstack@c-api.service[99996]: /usr/local/lib/python3.8/dist-packages/oslo_context/context.py:105: DeprecationWarning: Policy enforcement is depending on the value of is_admin. This key is deprecated. Please update your policy file to use the standard policy values.
Jul 15 19:06:36.669263 dv-cinder-788363-8-smb devstack@c-api.service[99996]: warnings.warn('Policy enforcement is depending on the value of '
Jul 15 19:06:36.670515 dv-cinder-788363-8-smb devstack@c-api.service[99996]: INFO cinder.api.openstack.wsgi [None req-4f6dc076-b3bc-4c66-a42c-0faa5f98d5ef tempest-GroupSnapshotsTest-1493948646 tempest-GroupSnapshotsTest-1493948646-project] http://10.222.0.59/volume/v3/a3c7818562e44b55936ccdbb3f2d18b8/snapshots/detail returned with HTTP 200
Jul 15 19:06:36.671501 dv-cinder-788363-8-smb devstack@c-api.service[99996]: [pid: 99996|app: 0|req: 205/385] 10.222.0.59 () {58 vars in 1241 bytes} [Thu Jul 15 19:06:36 2021] GET /volume/v3/a3c7818562e44b55936ccdbb3f2d18b8/snapshots/detail => generated 520 bytes in 34 msecs (HTTP/1.1 200) 7 headers in 285 bytes (2 switches on core 0)
Jul 15 19:06:36.681369 dv-cinder-788363-8-smb devstack@c-api.service[99997]: INFO cinder.volume.api [None req-3af7789e-7762-4ff7-891b-e4fe63dcd798 tempest-VolumesMetadataTest-1740880278 tempest-VolumesMetadataTest-1740880278-project] Get volume metadata completed successfully.
Jul 15 19:06:36.682493 dv-cinder-788363-8-smb devstack@c-api.service[99996]: INFO cinder.api.openstack.wsgi [None req-43d3225d-fcdf-4751-8d7d-3599785c6998 tempest-GroupSnapshotsTest-1493948646 tempest-GroupSnapshotsTest-1493948646-project] GET http://10.222.0.59/volume/v3/a3c7818562e44b55936ccdbb3f2d18b8/snapshots/0b8bb2a5-b6b3-4c93-b83f-0447c8ba682a
Jul 15 19:06:36.682681 dv-cinder-788363-8-smb devstack@c-api.service[99997]: INFO cinder.api.openstack.wsgi [None req-3af7789e-7762-4ff7-891b-e4fe63dcd798 tempest-VolumesMetadataTest-1740880278 tempest-VolumesMetadataTest-1740880278-project] http://10.222.0.59/volume/v3/3724e2d870874de59c5240a985e7a7b1/volumes/a081ec88-30fb-43f3-91a5-dca6fc4e48be/metadata returned with HTTP 200
Jul 15 19:06:36.683056 dv-cinder-788363-8-smb devstack@c-api.service[99996]: DEBUG cinder.api.openstack.wsgi [None req-43d3225d-fcdf-4751-8d7d-3599785c6998 tempest-GroupSnapshotsTest-1493948646 tempest-GroupSnapshotsTest-1493948646-project] Empty body provided in request {{(pid=99996) get_body /opt/stack/cinder/cinder/api/openstack/wsgi.py:713}}
Jul 15 19:06:36.683266 dv-cinder-788363-8-smb devstack@c-api.service[99996]: /usr/local/lib/python3.8/dist-packages/webob/acceptparse.py:1047: DeprecationWarning: The behavior of AcceptValidHeader.best_match is currently being maintained for backward compatibility, but it will be deprecated in the future, as it does not conform to the RFC.
Jul 15 19:06:36.683266 dv-cinder-788363-8-smb devstack@c-api.service[99996]: warnings.warn(
Jul 15 19:06:36.683676 dv-cinder-788363-8-smb devstack@c-api.service[99996]: DEBUG cinder.api.openstack.wsgi [None req-43d3225d-fcdf-4751-8d7d-3599785c6998 tempest-GroupSnapshotsTest-1493948646 tempest-GroupSnapshotsTest-1493948646-project] Calling method 'show' {{(pid=99996) _process_stack /opt/stack/cinder/cinder/api/openstack/wsgi.py:866}}
Jul 15 19:06:36.684945 dv-cinder-788363-8-smb devstack@c-api.service[99997]: [pid: 99997|app: 0|req: 181/386] 10.222.0.59 () {58 vars in 1352 bytes} [Thu Jul 15 19:06:36 2021] GET /volume/v3/3724e2d870874de59c5240a985e7a7b1/volumes/a081ec88-30fb-43f3-91a5-dca6fc4e48be/metadata => generated 75 bytes in 64 msecs (HTTP/1.1 200) 7 headers in 284 bytes (2 switches on core 0)
Jul 15 19:06:36.693758 dv-cinder-788363-8-smb devstack@c-api.service[99997]: INFO cinder.api.openstack.wsgi [None req-f7041e3b-c32f-4d92-9df3-55073a4949f3 tempest-VolumesMetadataTest-1740880278 tempest-VolumesMetadataTest-1740880278-project] PUT http://10.222.0.59/volume/v3/3724e2d870874de59c5240a985e7a7b1/volumes/a081ec88-30fb-43f3-91a5-dca6fc4e48be/metadata
Jul 15 19:06:36.694146 dv-cinder-788363-8-smb devstack@c-api.service[99997]: /usr/local/lib/python3.8/dist-packages/webob/acceptparse.py:1047: DeprecationWarning: The behavior of AcceptValidHeader.best_match is currently being maintained for backward compatibility, but it will be deprecated in the future, as it does not conform to the RFC.
Jul 15 19:06:36.694146 dv-cinder-788363-8-smb devstack@c-api.service[99997]: warnings.warn(
Jul 15 19:06:36.694510 dv-cinder-788363-8-smb devstack@c-api.service[99997]: DEBUG cinder.api.openstack.wsgi [None req-f7041e3b-c32f-4d92-9df3-55073a4949f3 tempest-VolumesMetadataTest-1740880278 tempest-VolumesMetadataTest-1740880278-project] Action: 'update_all', calling method: update_all, body: {"metadata": {}} {{(pid=99997) _process_stack /opt/stack/cinder/cinder/api/openstack/wsgi.py:864}}
Jul 15 19:06:36.697653 dv-cinder-788363-8-smb devstack@c-api.service[99996]: /usr/local/lib/python3.8/dist-packages/oslo_context/context.py:105: DeprecationWarning: Policy enforcement is depending on the value of is_admin. This key is deprecated. Please update your policy file to use the standard policy values.
Jul 15 19:06:36.697653 dv-cinder-788363-8-smb devstack@c-api.service[99996]: warnings.warn('Policy enforcement is depending on the value of '
Jul 15 19:06:36.703209 dv-cinder-788363-8-smb devstack@c-api.service[99996]: INFO cinder.volume.api [None req-43d3225d-fcdf-4751-8d7d-3599785c6998 tempest-GroupSnapshotsTest-1493948646 tempest-GroupSnapshotsTest-1493948646-project] Snapshot retrieved successfully.
Jul 15 19:06:36.708982 dv-cinder-788363-8-smb devstack@c-api.service[99996]: INFO cinder.api.openstack.wsgi [None req-43d3225d-fcdf-4751-8d7d-3599785c6998 tempest-GroupSnapshotsTest-1493948646 tempest-GroupSnapshotsTest-1493948646-project] http://10.222.0.59/volume/v3/a3c7818562e44b55936ccdbb3f2d18b8/snapshots/0b8bb2a5-b6b3-4c93-b83f-0447c8ba682a returned with HTTP 200
Jul 15 19:06:36.712995 dv-cinder-788363-8-smb devstack@c-api.service[99996]: [pid: 99996|app: 0|req: 206/387] 10.222.0.59 () {58 vars in 1331 bytes} [Thu Jul 15 19:06:36 2021] GET /volume/v3/a3c7818562e44b55936ccdbb3f2d18b8/snapshots/0b8bb2a5-b6b3-4c93-b83f-0447c8ba682a => generated 517 bytes in 32 msecs (HTTP/1.1 200) 7 headers in 285 bytes (2 switches on core 0)
Jul 15 19:06:36.716749 dv-cinder-788363-8-smb devstack@c-api.service[99997]: /usr/local/lib/python3.8/dist-packages/oslo_context/context.py:105: DeprecationWarning: Policy enforcement is depending on the value of is_admin. This key is deprecated. Please update your policy file to use the standard policy values.
Jul 15 19:06:36.716749 dv-cinder-788363-8-smb devstack@c-api.service[99997]: warnings.warn('Policy enforcement is depending on the value of '
Jul 15 19:06:36.717991 dv-cinder-788363-8-smb devstack@c-api.service[99997]: INFO cinder.volume.api [None req-f7041e3b-c32f-4d92-9df3-55073a4949f3 tempest-VolumesMetadataTest-1740880278 tempest-VolumesMetadataTest-1740880278-project] Volume info retrieved successfully.
Jul 15 19:06:36.721053 dv-cinder-788363-8-smb devstack@c-api.service[99996]: INFO cinder.api.openstack.wsgi [None req-4059ee27-961b-4bd9-a64f-aa41e120ee65 tempest-GroupSnapshotsTest-1493948646 tempest-GroupSnapshotsTest-1493948646-project] GET http://10.222.0.59/volume/v3/a3c7818562e44b55936ccdbb3f2d18b8/group_snapshots/ed62b037-0fed-4516-9c50-803e8170ea68
Jul 15 19:06:36.721635 dv-cinder-788363-8-smb devstack@c-api.service[99996]: DEBUG cinder.api.openstack.wsgi [None req-4059ee27-961b-4bd9-a64f-aa41e120ee65 tempest-GroupSnapshotsTest-1493948646 tempest-GroupSnapshotsTest-1493948646-project] Empty body provided in request {{(pid=99996) get_body /opt/stack/cinder/cinder/api/openstack/wsgi.py:713}}
Jul 15 19:06:36.721872 dv-cinder-788363-8-smb devstack@c-api.service[99996]: /usr/local/lib/python3.8/dist-packages/webob/acceptparse.py:1047: DeprecationWarning: The behavior of AcceptValidHeader.best_match is currently being maintained for backward compatibility, but it will be deprecated in the future, as it does not conform to the RFC.
Jul 15 19:06:36.721872 dv-cinder-788363-8-smb devstack@c-api.service[99996]: warnings.warn(
Jul 15 19:06:36.722304 dv-cinder-788363-8-smb devstack@c-api.service[99996]: DEBUG cinder.api.openstack.wsgi [None req-4059ee27-961b-4bd9-a64f-aa41e120ee65 tempest-GroupSnapshotsTest-1493948646 tempest-GroupSnapshotsTest-1493948646-project] Calling method 'version_select' {{(pid=99996) _process_stack /opt/stack/cinder/cinder/api/openstack/wsgi.py:866}}
Jul 15 19:06:36.722725 dv-cinder-788363-8-smb devstack@c-api.service[99996]: DEBUG cinder.api.v3.group_snapshots [None req-4059ee27-961b-4bd9-a64f-aa41e120ee65 tempest-GroupSnapshotsTest-1493948646 tempest-GroupSnapshotsTest-1493948646-project] show called for member ed62b037-0fed-4516-9c50-803e8170ea68 {{(pid=99996) show /opt/stack/cinder/cinder/api/v3/group_snapshots.py:58}}
Jul 15 19:06:36.727880 dv-cinder-788363-8-smb devstack@c-api.service[99996]: /usr/local/lib/python3.8/dist-packages/oslo_context/context.py:105: DeprecationWarning: Policy enforcement is depending on the value of is_admin. This key is deprecated. Please update your policy file to use the standard policy values.
Jul 15 19:06:36.727880 dv-cinder-788363-8-smb devstack@c-api.service[99996]: warnings.warn('Policy enforcement is depending on the value of '
Jul 15 19:06:36.735208 dv-cinder-788363-8-smb devstack@c-api.service[99996]: INFO cinder.api.openstack.wsgi [None req-4059ee27-961b-4bd9-a64f-aa41e120ee65 tempest-GroupSnapshotsTest-1493948646 tempest-GroupSnapshotsTest-1493948646-project] http://10.222.0.59/volume/v3/a3c7818562e44b55936ccdbb3f2d18b8/group_snapshots/ed62b037-0fed-4516-9c50-803e8170ea68 returned with HTTP 200
Jul 15 19:06:36.736385 dv-cinder-788363-8-smb devstack@c-api.service[99996]: [pid: 99996|app: 0|req: 207/388] 10.222.0.59 () {60 vars in 1390 bytes} [Thu Jul 15 19:06:36 2021] GET /volume/v3/a3c7818562e44b55936ccdbb3f2d18b8/group_snapshots/ed62b037-0fed-4516-9c50-803e8170ea68 => generated 308 bytes in 19 msecs (HTTP/1.1 200) 7 headers in 286 bytes (2 switches on core 0)
Jul 15 19:06:36.738811 dv-cinder-788363-8-smb devstack@c-api.service[99997]: INFO cinder.volume.api [None req-f7041e3b-c32f-4d92-9df3-55073a4949f3 tempest-VolumesMetadataTest-1740880278 tempest-VolumesMetadataTest-1740880278-project] Update volume metadata completed successfully.
Jul 15 19:06:36.739373 dv-cinder-788363-8-smb devstack@c-api.service[99997]: INFO cinder.api.openstack.wsgi [None req-f7041e3b-c32f-4d92-9df3-55073a4949f3 tempest-VolumesMetadataTest-1740880278 tempest-VolumesMetadataTest-1740880278-project] http://10.222.0.59/volume/v3/3724e2d870874de59c5240a985e7a7b1/volumes/a081ec88-30fb-43f3-91a5-dca6fc4e48be/metadata returned with HTTP 200
Jul 15 19:06:36.740243 dv-cinder-788363-8-smb devstack@c-api.service[99997]: [pid: 99997|app: 0|req: 182/389] 10.222.0.59 () {60 vars in 1372 bytes} [Thu Jul 15 19:06:36 2021] PUT /volume/v3/3724e2d870874de59c5240a985e7a7b1/volumes/a081ec88-30fb-43f3-91a5-dca6fc4e48be/metadata => generated 16 bytes in 51 msecs (HTTP/1.1 200) 7 headers in 284 bytes (2 switches on core 0)
Jul 15 19:06:36.750983 dv-cinder-788363-8-smb devstack@c-api.service[99997]: INFO cinder.api.openstack.wsgi [None req-f2353620-c630-409c-bd95-ad3a0069c5b7 tempest-VolumesMetadataTest-1740880278 tempest-VolumesMetadataTest-1740880278-project] DELETE http://10.222.0.59/volume/v3/3724e2d870874de59c5240a985e7a7b1/volumes/a081ec88-30fb-43f3-91a5-dca6fc4e48be
Jul 15 19:06:36.751445 dv-cinder-788363-8-smb devstack@c-api.service[99997]: DEBUG cinder.api.openstack.wsgi [None req-f2353620-c630-409c-bd95-ad3a0069c5b7 tempest-VolumesMetadataTest-1740880278 tempest-VolumesMetadataTest-1740880278-project] Empty body provided in request {{(pid=99997) get_body /opt/stack/cinder/cinder/api/openstack/wsgi.py:713}}
Jul 15 19:06:36.751623 dv-cinder-788363-8-smb devstack@c-api.service[99997]: /usr/local/lib/python3.8/dist-packages/webob/acceptparse.py:1047: DeprecationWarning: The behavior of AcceptValidHeader.best_match is currently being maintained for backward compatibility, but it will be deprecated in the future, as it does not conform to the RFC.
Jul 15 19:06:36.751623 dv-cinder-788363-8-smb devstack@c-api.service[99997]: warnings.warn(
Jul 15 19:06:36.751946 dv-cinder-788363-8-smb devstack@c-api.service[99997]: DEBUG cinder.api.openstack.wsgi [None req-f2353620-c630-409c-bd95-ad3a0069c5b7 tempest-VolumesMetadataTest-1740880278 tempest-VolumesMetadataTest-1740880278-project] Calling method 'delete' {{(pid=99997) _process_stack /opt/stack/cinder/cinder/api/openstack/wsgi.py:866}}
Jul 15 19:06:36.752362 dv-cinder-788363-8-smb devstack@c-api.service[99997]: INFO cinder.api.v3.volumes [None req-f2353620-c630-409c-bd95-ad3a0069c5b7 tempest-VolumesMetadataTest-1740880278 tempest-VolumesMetadataTest-1740880278-project] Delete volume with id: a081ec88-30fb-43f3-91a5-dca6fc4e48be
Jul 15 19:06:36.757503 dv-cinder-788363-8-smb devstack@c-api.service[99996]: INFO cinder.api.openstack.wsgi [None req-28fd187b-1c2e-4552-99db-48335f77a1c7 tempest-GroupSnapshotsTest-1493948646 tempest-GroupSnapshotsTest-1493948646-project] GET http://10.222.0.59/volume/v3/a3c7818562e44b55936ccdbb3f2d18b8/group_snapshots/detail
Jul 15 19:06:36.758037 dv-cinder-788363-8-smb devstack@c-api.service[99996]: DEBUG cinder.api.openstack.wsgi [None req-28fd187b-1c2e-4552-99db-48335f77a1c7 tempest-GroupSnapshotsTest-1493948646 tempest-GroupSnapshotsTest-1493948646-project] Empty body provided in request {{(pid=99996) get_body /opt/stack/cinder/cinder/api/openstack/wsgi.py:713}}
Jul 15 19:06:36.758222 dv-cinder-788363-8-smb devstack@c-api.service[99996]: /usr/local/lib/python3.8/dist-packages/webob/acceptparse.py:1047: DeprecationWarning: The behavior of AcceptValidHeader.best_match is currently being maintained for backward compatibility, but it will be deprecated in the future, as it does not conform to the RFC.
Jul 15 19:06:36.758222 dv-cinder-788363-8-smb devstack@c-api.service[99996]: warnings.warn(
Jul 15 19:06:36.758543 dv-cinder-788363-8-smb devstack@c-api.service[99996]: DEBUG cinder.api.openstack.wsgi [None req-28fd187b-1c2e-4552-99db-48335f77a1c7 tempest-GroupSnapshotsTest-1493948646 tempest-GroupSnapshotsTest-1493948646-project] Calling method 'version_select' {{(pid=99996) _process_stack /opt/stack/cinder/cinder/api/openstack/wsgi.py:866}}
Jul 15 19:06:36.772867 dv-cinder-788363-8-smb devstack@c-api.service[99997]: /usr/local/lib/python3.8/dist-packages/oslo_context/context.py:105: DeprecationWarning: Policy enforcement is depending on the value of is_admin. This key is deprecated. Please update your policy file to use the standard policy values.
Jul 15 19:06:36.772867 dv-cinder-788363-8-smb devstack@c-api.service[99997]: warnings.warn('Policy enforcement is depending on the value of '
Jul 15 19:06:36.774172 dv-cinder-788363-8-smb devstack@c-api.service[99997]: INFO cinder.volume.api [None req-f2353620-c630-409c-bd95-ad3a0069c5b7 tempest-VolumesMetadataTest-1740880278 tempest-VolumesMetadataTest-1740880278-project] Volume info retrieved successfully.
Jul 15 19:06:36.775068 dv-cinder-788363-8-smb devstack@c-api.service[99996]: INFO cinder.api.openstack.wsgi [None req-28fd187b-1c2e-4552-99db-48335f77a1c7 tempest-GroupSnapshotsTest-1493948646 tempest-GroupSnapshotsTest-1493948646-project] http://10.222.0.59/volume/v3/a3c7818562e44b55936ccdbb3f2d18b8/group_snapshots/detail returned with HTTP 200
Jul 15 19:06:36.781390 dv-cinder-788363-8-smb devstack@c-api.service[99996]: [pid: 99996|app: 0|req: 208/390] 10.222.0.59 () {60 vars in 1300 bytes} [Thu Jul 15 19:06:36 2021] GET /volume/v3/a3c7818562e44b55936ccdbb3f2d18b8/group_snapshots/detail => generated 311 bytes in 30 msecs (HTTP/1.1 200) 7 headers in 286 bytes (1 switches on core 0)
Jul 15 19:06:36.790134 dv-cinder-788363-8-smb devstack@c-api.service[99996]: INFO cinder.api.openstack.wsgi [None req-58ed28d2-45ea-4d28-b742-9d6323d14b4e tempest-GroupSnapshotsTest-1493948646 tempest-GroupSnapshotsTest-1493948646-project] DELETE http://10.222.0.59/volume/v3/a3c7818562e44b55936ccdbb3f2d18b8/group_snapshots/ed62b037-0fed-4516-9c50-803e8170ea68
Jul 15 19:06:36.790729 dv-cinder-788363-8-smb devstack@c-api.service[99996]: DEBUG cinder.api.openstack.wsgi [None req-58ed28d2-45ea-4d28-b742-9d6323d14b4e tempest-GroupSnapshotsTest-1493948646 tempest-GroupSnapshotsTest-1493948646-project] Empty body provided in request {{(pid=99996) get_body /opt/stack/cinder/cinder/api/openstack/wsgi.py:713}}
Jul 15 19:06:36.791278 dv-cinder-788363-8-smb devstack@c-api.service[99996]: /usr/local/lib/python3.8/dist-packages/webob/acceptparse.py:1047: DeprecationWarning: The behavior of AcceptValidHeader.best_match is currently being maintained for backward compatibility, but it will be deprecated in the future, as it does not conform to the RFC.
Jul 15 19:06:36.791278 dv-cinder-788363-8-smb devstack@c-api.service[99996]: warnings.warn(
Jul 15 19:06:36.791552 dv-cinder-788363-8-smb devstack@c-api.service[99996]: DEBUG cinder.api.openstack.wsgi [None req-58ed28d2-45ea-4d28-b742-9d6323d14b4e tempest-GroupSnapshotsTest-1493948646 tempest-GroupSnapshotsTest-1493948646-project] Calling method 'version_select' {{(pid=99996) _process_stack /opt/stack/cinder/cinder/api/openstack/wsgi.py:866}}
Jul 15 19:06:36.792130 dv-cinder-788363-8-smb devstack@c-api.service[99996]: DEBUG cinder.api.v3.group_snapshots [None req-58ed28d2-45ea-4d28-b742-9d6323d14b4e tempest-GroupSnapshotsTest-1493948646 tempest-GroupSnapshotsTest-1493948646-project] delete called for member ed62b037-0fed-4516-9c50-803e8170ea68 {{(pid=99996) delete /opt/stack/cinder/cinder/api/v3/group_snapshots.py:72}}
Jul 15 19:06:36.792475 dv-cinder-788363-8-smb devstack@c-api.service[99996]: INFO cinder.api.v3.group_snapshots [None req-58ed28d2-45ea-4d28-b742-9d6323d14b4e tempest-GroupSnapshotsTest-1493948646 tempest-GroupSnapshotsTest-1493948646-project] Delete group_snapshot with id: ed62b037-0fed-4516-9c50-803e8170ea68
Jul 15 19:06:36.798407 dv-cinder-788363-8-smb devstack@c-api.service[99996]: /usr/local/lib/python3.8/dist-packages/oslo_context/context.py:105: DeprecationWarning: Policy enforcement is depending on the value of is_admin. This key is deprecated. Please update your policy file to use the standard policy values.
Jul 15 19:06:36.798407 dv-cinder-788363-8-smb devstack@c-api.service[99996]: warnings.warn('Policy enforcement is depending on the value of '
Jul 15 19:06:36.822588 dv-cinder-788363-8-smb devstack@c-api.service[99997]: INFO cinder.volume.api [None req-f2353620-c630-409c-bd95-ad3a0069c5b7 tempest-VolumesMetadataTest-1740880278 tempest-VolumesMetadataTest-1740880278-project] Delete volume request issued successfully.
Jul 15 19:06:36.823190 dv-cinder-788363-8-smb devstack@c-api.service[99997]: INFO cinder.api.openstack.wsgi [None req-f2353620-c630-409c-bd95-ad3a0069c5b7 tempest-VolumesMetadataTest-1740880278 tempest-VolumesMetadataTest-1740880278-project] http://10.222.0.59/volume/v3/3724e2d870874de59c5240a985e7a7b1/volumes/a081ec88-30fb-43f3-91a5-dca6fc4e48be returned with HTTP 202
Jul 15 19:06:36.824385 dv-cinder-788363-8-smb devstack@c-api.service[99997]: [pid: 99997|app: 0|req: 183/391] 10.222.0.59 () {58 vars in 1328 bytes} [Thu Jul 15 19:06:36 2021] DELETE /volume/v3/3724e2d870874de59c5240a985e7a7b1/volumes/a081ec88-30fb-43f3-91a5-dca6fc4e48be => generated 0 bytes in 78 msecs (HTTP/1.1 202) 6 headers in 233 bytes (1 switches on core 0)
Jul 15 19:06:36.833973 dv-cinder-788363-8-smb devstack@c-api.service[99997]: INFO cinder.api.openstack.wsgi [None req-383c1b26-0cea-483b-986a-29723f37b4c8 tempest-VolumesMetadataTest-1740880278 tempest-VolumesMetadataTest-1740880278-project] GET http://10.222.0.59/volume/v3/3724e2d870874de59c5240a985e7a7b1/volumes/a081ec88-30fb-43f3-91a5-dca6fc4e48be
Jul 15 19:06:36.834713 dv-cinder-788363-8-smb devstack@c-api.service[99997]: DEBUG cinder.api.openstack.wsgi [None req-383c1b26-0cea-483b-986a-29723f37b4c8 tempest-VolumesMetadataTest-1740880278 tempest-VolumesMetadataTest-1740880278-project] Empty body provided in request {{(pid=99997) get_body /opt/stack/cinder/cinder/api/openstack/wsgi.py:713}}
Jul 15 19:06:36.834996 dv-cinder-788363-8-smb devstack@c-api.service[99997]: /usr/local/lib/python3.8/dist-packages/webob/acceptparse.py:1047: DeprecationWarning: The behavior of AcceptValidHeader.best_match is currently being maintained for backward compatibility, but it will be deprecated in the future, as it does not conform to the RFC.
Jul 15 19:06:36.834996 dv-cinder-788363-8-smb devstack@c-api.service[99997]: warnings.warn(
Jul 15 19:06:36.835440 dv-cinder-788363-8-smb devstack@c-api.service[99997]: DEBUG cinder.api.openstack.wsgi [None req-383c1b26-0cea-483b-986a-29723f37b4c8 tempest-VolumesMetadataTest-1740880278 tempest-VolumesMetadataTest-1740880278-project] Calling method 'show' {{(pid=99997) _process_stack /opt/stack/cinder/cinder/api/openstack/wsgi.py:866}}
Jul 15 19:06:36.851615 dv-cinder-788363-8-smb devstack@c-api.service[99997]: /usr/local/lib/python3.8/dist-packages/oslo_context/context.py:105: DeprecationWarning: Policy enforcement is depending on the value of is_admin. This key is deprecated. Please update your policy file to use the standard policy values.
Jul 15 19:06:36.851615 dv-cinder-788363-8-smb devstack@c-api.service[99997]: warnings.warn('Policy enforcement is depending on the value of '
Jul 15 19:06:36.859369 dv-cinder-788363-8-smb devstack@c-api.service[99997]: INFO cinder.volume.api [None req-383c1b26-0cea-483b-986a-29723f37b4c8 tempest-VolumesMetadataTest-1740880278 tempest-VolumesMetadataTest-1740880278-project] Volume info retrieved successfully.
Jul 15 19:06:36.864639 dv-cinder-788363-8-smb devstack@c-api.service[99996]: INFO cinder.api.openstack.wsgi [None req-58ed28d2-45ea-4d28-b742-9d6323d14b4e tempest-GroupSnapshotsTest-1493948646 tempest-GroupSnapshotsTest-1493948646-project] http://10.222.0.59/volume/v3/a3c7818562e44b55936ccdbb3f2d18b8/group_snapshots/ed62b037-0fed-4516-9c50-803e8170ea68 returned with HTTP 202
Jul 15 19:06:36.868618 dv-cinder-788363-8-smb devstack@c-api.service[99996]: [pid: 99996|app: 0|req: 209/392] 10.222.0.59 () {60 vars in 1393 bytes} [Thu Jul 15 19:06:36 2021] DELETE /volume/v3/a3c7818562e44b55936ccdbb3f2d18b8/group_snapshots/ed62b037-0fed-4516-9c50-803e8170ea68 => generated 0 bytes in 84 msecs (HTTP/1.1 202) 6 headers in 234 bytes (1 switches on core 0)
Jul 15 19:06:36.876513 dv-cinder-788363-8-smb devstack@c-api.service[99997]: INFO cinder.api.openstack.wsgi [None req-383c1b26-0cea-483b-986a-29723f37b4c8 tempest-VolumesMetadataTest-1740880278 tempest-VolumesMetadataTest-1740880278-project] http://10.222.0.59/volume/v3/3724e2d870874de59c5240a985e7a7b1/volumes/a081ec88-30fb-43f3-91a5-dca6fc4e48be returned with HTTP 200
Jul 15 19:06:36.876730 dv-cinder-788363-8-smb devstack@c-api.service[99996]: INFO cinder.api.openstack.wsgi [None req-7c59c5db-dda0-4fb9-a167-aa7d853b113c tempest-GroupSnapshotsTest-1493948646 tempest-GroupSnapshotsTest-1493948646-project] GET http://10.222.0.59/volume/v3/a3c7818562e44b55936ccdbb3f2d18b8/volumes/detail
Jul 15 19:06:36.877131 dv-cinder-788363-8-smb devstack@c-api.service[99996]: DEBUG cinder.api.openstack.wsgi [None req-7c59c5db-dda0-4fb9-a167-aa7d853b113c tempest-GroupSnapshotsTest-1493948646 tempest-GroupSnapshotsTest-1493948646-project] Empty body provided in request {{(pid=99996) get_body /opt/stack/cinder/cinder/api/openstack/wsgi.py:713}}
Jul 15 19:06:36.877308 dv-cinder-788363-8-smb devstack@c-api.service[99996]: /usr/local/lib/python3.8/dist-packages/webob/acceptparse.py:1047: DeprecationWarning: The behavior of AcceptValidHeader.best_match is currently being maintained for backward compatibility, but it will be deprecated in the future, as it does not conform to the RFC.
Jul 15 19:06:36.877308 dv-cinder-788363-8-smb devstack@c-api.service[99996]: warnings.warn(
Jul 15 19:06:36.880595 dv-cinder-788363-8-smb devstack@c-api.service[99996]: DEBUG cinder.api.openstack.wsgi [None req-7c59c5db-dda0-4fb9-a167-aa7d853b113c tempest-GroupSnapshotsTest-1493948646 tempest-GroupSnapshotsTest-1493948646-project] Calling method 'detail' {{(pid=99996) _process_stack /opt/stack/cinder/cinder/api/openstack/wsgi.py:866}}
Jul 15 19:06:36.880737 dv-cinder-788363-8-smb devstack@c-api.service[99997]: [pid: 99997|app: 0|req: 184/393] 10.222.0.59 () {58 vars in 1325 bytes} [Thu Jul 15 19:06:36 2021] GET /volume/v3/3724e2d870874de59c5240a985e7a7b1/volumes/a081ec88-30fb-43f3-91a5-dca6fc4e48be => generated 910 bytes in 49 msecs (HTTP/1.1 200) 7 headers in 285 bytes (2 switches on core 0)
Jul 15 19:06:36.880819 dv-cinder-788363-8-smb devstack@c-api.service[99996]: DEBUG cinder.api.api_utils [None req-7c59c5db-dda0-4fb9-a167-aa7d853b113c tempest-GroupSnapshotsTest-1493948646 tempest-GroupSnapshotsTest-1493948646-project] Removing options '' from query. {{(pid=99996) remove_invalid_filter_options /opt/stack/cinder/cinder/api/api_utils.py:73}}
Jul 15 19:06:36.880819 dv-cinder-788363-8-smb devstack@c-api.service[99996]: /usr/local/lib/python3.8/dist-packages/oslo_context/context.py:105: DeprecationWarning: Policy enforcement is depending on the value of is_admin. This key is deprecated. Please update your policy file to use the standard policy values.
Jul 15 19:06:36.880819 dv-cinder-788363-8-smb devstack@c-api.service[99996]: warnings.warn('Policy enforcement is depending on the value of '
Jul 15 19:06:36.880819 dv-cinder-788363-8-smb devstack@c-api.service[99996]: DEBUG cinder.volume.api [None req-7c59c5db-dda0-4fb9-a167-aa7d853b113c tempest-GroupSnapshotsTest-1493948646 tempest-GroupSnapshotsTest-1493948646-project] Searching by: MultiDict([('no_migration_targets', True)]). {{(pid=99996) get_all /opt/stack/cinder/cinder/volume/api.py:617}}
Jul 15 19:06:36.938406 dv-cinder-788363-8-smb devstack@c-api.service[99996]: INFO cinder.volume.api [None req-7c59c5db-dda0-4fb9-a167-aa7d853b113c tempest-GroupSnapshotsTest-1493948646 tempest-GroupSnapshotsTest-1493948646-project] Get all volumes completed successfully.
Jul 15 19:06:36.940735 dv-cinder-788363-8-smb devstack@c-api.service[99996]: WARNING stevedore.named [None req-7c59c5db-dda0-4fb9-a167-aa7d853b113c tempest-GroupSnapshotsTest-1493948646 tempest-GroupSnapshotsTest-1493948646-project] Could not load cinder.keymgr.conf_key_mgr.ConfKeyManager
Jul 15 19:06:36.941121 dv-cinder-788363-8-smb devstack@c-api.service[99996]: WARNING castellan.key_manager [None req-7c59c5db-dda0-4fb9-a167-aa7d853b113c tempest-GroupSnapshotsTest-1493948646 tempest-GroupSnapshotsTest-1493948646-project] Deprecation Warning : cinder.keymgr.conf_key_mgr.ConfKeyManager is not a stevedore based driver, trying to load it as a class: stevedore.exception.NoMatches: No 'castellan.drivers' driver found, looking for 'cinder.keymgr.conf_key_mgr.ConfKeyManager'
Jul 15 19:06:36.951864 dv-cinder-788363-8-smb devstack@c-api.service[99996]: DEBUG oslo_db.sqlalchemy.engines [None req-7c59c5db-dda0-4fb9-a167-aa7d853b113c tempest-GroupSnapshotsTest-1493948646 tempest-GroupSnapshotsTest-1493948646-project] MySQL server mode set to STRICT_TRANS_TABLES,STRICT_ALL_TABLES,NO_ZERO_IN_DATE,NO_ZERO_DATE,ERROR_FOR_DIVISION_BY_ZERO,TRADITIONAL,NO_ENGINE_SUBSTITUTION {{(pid=99996) _check_effective_sql_mode /usr/local/lib/python3.8/dist-packages/oslo_db/sqlalchemy/engines.py:314}}
Jul 15 19:06:36.964555 dv-cinder-788363-8-smb devstack@c-api.service[99996]: /usr/local/lib/python3.8/dist-packages/oslo_context/context.py:105: DeprecationWarning: Policy enforcement is depending on the value of is_admin. This key is deprecated. Please update your policy file to use the standard policy values.
Jul 15 19:06:36.964555 dv-cinder-788363-8-smb devstack@c-api.service[99996]: warnings.warn('Policy enforcement is depending on the value of '
Jul 15 19:06:36.982820 dv-cinder-788363-8-smb devstack@c-api.service[99996]: INFO cinder.api.openstack.wsgi [None req-7c59c5db-dda0-4fb9-a167-aa7d853b113c tempest-GroupSnapshotsTest-1493948646 tempest-GroupSnapshotsTest-1493948646-project] http://10.222.0.59/volume/v3/a3c7818562e44b55936ccdbb3f2d18b8/volumes/detail returned with HTTP 200
Jul 15 19:06:36.984697 dv-cinder-788363-8-smb devstack@c-api.service[99996]: [pid: 99996|app: 0|req: 210/394] 10.222.0.59 () {60 vars in 1276 bytes} [Thu Jul 15 19:06:36 2021] GET /volume/v3/a3c7818562e44b55936ccdbb3f2d18b8/volumes/detail => generated 1001 bytes in 112 msecs (HTTP/1.1 200) 7 headers in 287 bytes (1 switches on core 0)
Jul 15 19:06:37.000622 dv-cinder-788363-8-smb devstack@c-api.service[99997]: INFO cinder.api.openstack.wsgi [None req-81e02050-52e6-4fa0-ae2a-b6a96a31ff87 tempest-GroupSnapshotsTest-1493948646 tempest-GroupSnapshotsTest-1493948646-project] GET http://10.222.0.59/volume/v3/a3c7818562e44b55936ccdbb3f2d18b8/snapshots/detail
Jul 15 19:06:37.001177 dv-cinder-788363-8-smb devstack@c-api.service[99997]: DEBUG cinder.api.openstack.wsgi [None req-81e02050-52e6-4fa0-ae2a-b6a96a31ff87 tempest-GroupSnapshotsTest-1493948646 tempest-GroupSnapshotsTest-1493948646-project] Empty body provided in request {{(pid=99997) get_body /opt/stack/cinder/cinder/api/openstack/wsgi.py:713}}
Jul 15 19:06:37.001371 dv-cinder-788363-8-smb devstack@c-api.service[99997]: /usr/local/lib/python3.8/dist-packages/webob/acceptparse.py:1047: DeprecationWarning: The behavior of AcceptValidHeader.best_match is currently being maintained for backward compatibility, but it will be deprecated in the future, as it does not conform to the RFC.
Jul 15 19:06:37.001371 dv-cinder-788363-8-smb devstack@c-api.service[99997]: warnings.warn(
Jul 15 19:06:37.001720 dv-cinder-788363-8-smb devstack@c-api.service[99997]: DEBUG cinder.api.openstack.wsgi [None req-81e02050-52e6-4fa0-ae2a-b6a96a31ff87 tempest-GroupSnapshotsTest-1493948646 tempest-GroupSnapshotsTest-1493948646-project] Calling method 'detail' {{(pid=99997) _process_stack /opt/stack/cinder/cinder/api/openstack/wsgi.py:866}}
Jul 15 19:06:37.002318 dv-cinder-788363-8-smb devstack@c-api.service[99997]: DEBUG cinder.api.api_utils [None req-81e02050-52e6-4fa0-ae2a-b6a96a31ff87 tempest-GroupSnapshotsTest-1493948646 tempest-GroupSnapshotsTest-1493948646-project] Removing options '' from query. {{(pid=99997) remove_invalid_filter_options /opt/stack/cinder/cinder/api/api_utils.py:73}}
Jul 15 19:06:37.004419 dv-cinder-788363-8-smb devstack@c-api.service[99997]: DEBUG cinder.db.sqlalchemy.api [None req-81e02050-52e6-4fa0-ae2a-b6a96a31ff87 tempest-GroupSnapshotsTest-1493948646 tempest-GroupSnapshotsTest-1493948646-project] Building query based on filter {{(pid=99997) _process_snaps_filters /opt/stack/cinder/cinder/db/sqlalchemy/api.py:3138}}
Jul 15 19:06:37.012245 dv-cinder-788363-8-smb devstack@c-api.service[99997]: INFO cinder.volume.api [None req-81e02050-52e6-4fa0-ae2a-b6a96a31ff87 tempest-GroupSnapshotsTest-1493948646 tempest-GroupSnapshotsTest-1493948646-project] Get all snapshots completed successfully.
Jul 15 19:06:37.013813 dv-cinder-788363-8-smb devstack@c-api.service[99997]: /usr/local/lib/python3.8/dist-packages/oslo_context/context.py:105: DeprecationWarning: Policy enforcement is depending on the value of is_admin. This key is deprecated. Please update your policy file to use the standard policy values.
Jul 15 19:06:37.013813 dv-cinder-788363-8-smb devstack@c-api.service[99997]: warnings.warn('Policy enforcement is depending on the value of '
Jul 15 19:06:37.015031 dv-cinder-788363-8-smb devstack@c-api.service[99997]: INFO cinder.api.openstack.wsgi [None req-81e02050-52e6-4fa0-ae2a-b6a96a31ff87 tempest-GroupSnapshotsTest-1493948646 tempest-GroupSnapshotsTest-1493948646-project] http://10.222.0.59/volume/v3/a3c7818562e44b55936ccdbb3f2d18b8/snapshots/detail returned with HTTP 200
Jul 15 19:06:37.022427 dv-cinder-788363-8-smb devstack@c-api.service[99997]: [pid: 99997|app: 0|req: 185/395] 10.222.0.59 () {58 vars in 1241 bytes} [Thu Jul 15 19:06:36 2021] GET /volume/v3/a3c7818562e44b55936ccdbb3f2d18b8/snapshots/detail => generated 519 bytes in 27 msecs (HTTP/1.1 200) 7 headers in 285 bytes (1 switches on core 0)
Jul 15 19:06:37.027291 dv-cinder-788363-8-smb devstack@c-api.service[99996]: INFO cinder.api.openstack.wsgi [None req-e34b4ddb-4d34-4fb0-a407-9bf2d2bdb153 tempest-GroupSnapshotsTest-1493948646 tempest-GroupSnapshotsTest-1493948646-project] GET http://10.222.0.59/volume/v3/a3c7818562e44b55936ccdbb3f2d18b8/snapshots/0b8bb2a5-b6b3-4c93-b83f-0447c8ba682a
Jul 15 19:06:37.028021 dv-cinder-788363-8-smb devstack@c-api.service[99996]: DEBUG cinder.api.openstack.wsgi [None req-e34b4ddb-4d34-4fb0-a407-9bf2d2bdb153 tempest-GroupSnapshotsTest-1493948646 tempest-GroupSnapshotsTest-1493948646-project] Empty body provided in request {{(pid=99996) get_body /opt/stack/cinder/cinder/api/openstack/wsgi.py:713}}
Jul 15 19:06:37.028351 dv-cinder-788363-8-smb devstack@c-api.service[99996]: /usr/local/lib/python3.8/dist-packages/webob/acceptparse.py:1047: DeprecationWarning: The behavior of AcceptValidHeader.best_match is currently being maintained for backward compatibility, but it will be deprecated in the future, as it does not conform to the RFC.
Jul 15 19:06:37.028351 dv-cinder-788363-8-smb devstack@c-api.service[99996]: warnings.warn(
Jul 15 19:06:37.028604 dv-cinder-788363-8-smb devstack@c-api.service[99996]: DEBUG cinder.api.openstack.wsgi [None req-e34b4ddb-4d34-4fb0-a407-9bf2d2bdb153 tempest-GroupSnapshotsTest-1493948646 tempest-GroupSnapshotsTest-1493948646-project] Calling method 'show' {{(pid=99996) _process_stack /opt/stack/cinder/cinder/api/openstack/wsgi.py:866}}
Jul 15 19:06:37.044112 dv-cinder-788363-8-smb devstack@c-api.service[99996]: /usr/local/lib/python3.8/dist-packages/oslo_context/context.py:105: DeprecationWarning: Policy enforcement is depending on the value of is_admin. This key is deprecated. Please update your policy file to use the standard policy values.
Jul 15 19:06:37.044112 dv-cinder-788363-8-smb devstack@c-api.service[99996]: warnings.warn('Policy enforcement is depending on the value of '
Jul 15 19:06:37.045311 dv-cinder-788363-8-smb devstack@c-api.service[99996]: INFO cinder.volume.api [None req-e34b4ddb-4d34-4fb0-a407-9bf2d2bdb153 tempest-GroupSnapshotsTest-1493948646 tempest-GroupSnapshotsTest-1493948646-project] Snapshot retrieved successfully.
Jul 15 19:06:37.047127 dv-cinder-788363-8-smb devstack@c-api.service[99996]: INFO cinder.api.openstack.wsgi [None req-e34b4ddb-4d34-4fb0-a407-9bf2d2bdb153 tempest-GroupSnapshotsTest-1493948646 tempest-GroupSnapshotsTest-1493948646-project] http://10.222.0.59/volume/v3/a3c7818562e44b55936ccdbb3f2d18b8/snapshots/0b8bb2a5-b6b3-4c93-b83f-0447c8ba682a returned with HTTP 200
Jul 15 19:06:37.048066 dv-cinder-788363-8-smb devstack@c-api.service[99996]: [pid: 99996|app: 0|req: 211/396] 10.222.0.59 () {58 vars in 1331 bytes} [Thu Jul 15 19:06:37 2021] GET /volume/v3/a3c7818562e44b55936ccdbb3f2d18b8/snapshots/0b8bb2a5-b6b3-4c93-b83f-0447c8ba682a => generated 516 bytes in 25 msecs (HTTP/1.1 200) 7 headers in 285 bytes (1 switches on core 0)
Jul 15 19:06:37.318344 dv-cinder-788363-8-smb devstack@c-api.service[99997]: INFO cinder.api.openstack.wsgi [None req-71e5f376-650f-4f0d-86df-e0010ea55216 tempest-VolumesDeleteCascade-1718414995 tempest-VolumesDeleteCascade-1718414995-project] GET http://10.222.0.59/volume/v3/b7d760d75a684fc8a95af26ce47b8d21/volumes/28042608-0e07-463f-848e-47e9e3a0579a
Jul 15 19:06:37.318851 dv-cinder-788363-8-smb devstack@c-api.service[99997]: DEBUG cinder.api.openstack.wsgi [None req-71e5f376-650f-4f0d-86df-e0010ea55216 tempest-VolumesDeleteCascade-1718414995 tempest-VolumesDeleteCascade-1718414995-project] Empty body provided in request {{(pid=99997) get_body /opt/stack/cinder/cinder/api/openstack/wsgi.py:713}}
Jul 15 19:06:37.318934 dv-cinder-788363-8-smb devstack@c-api.service[99997]: /usr/local/lib/python3.8/dist-packages/webob/acceptparse.py:1047: DeprecationWarning: The behavior of AcceptValidHeader.best_match is currently being maintained for backward compatibility, but it will be deprecated in the future, as it does not conform to the RFC.
Jul 15 19:06:37.318934 dv-cinder-788363-8-smb devstack@c-api.service[99997]: warnings.warn(
Jul 15 19:06:37.319381 dv-cinder-788363-8-smb devstack@c-api.service[99997]: DEBUG cinder.api.openstack.wsgi [None req-71e5f376-650f-4f0d-86df-e0010ea55216 tempest-VolumesDeleteCascade-1718414995 tempest-VolumesDeleteCascade-1718414995-project] Calling method 'show' {{(pid=99997) _process_stack /opt/stack/cinder/cinder/api/openstack/wsgi.py:866}}
Jul 15 19:06:37.332188 dv-cinder-788363-8-smb devstack@c-api.service[99997]: INFO cinder.api.openstack.wsgi [None req-71e5f376-650f-4f0d-86df-e0010ea55216 tempest-VolumesDeleteCascade-1718414995 tempest-VolumesDeleteCascade-1718414995-project] http://10.222.0.59/volume/v3/b7d760d75a684fc8a95af26ce47b8d21/volumes/28042608-0e07-463f-848e-47e9e3a0579a returned with HTTP 404
Jul 15 19:06:37.333186 dv-cinder-788363-8-smb devstack@c-api.service[99997]: [pid: 99997|app: 0|req: 186/397] 10.222.0.59 () {58 vars in 1325 bytes} [Thu Jul 15 19:06:37 2021] GET /volume/v3/b7d760d75a684fc8a95af26ce47b8d21/volumes/28042608-0e07-463f-848e-47e9e3a0579a => generated 109 bytes in 18 msecs (HTTP/1.1 404) 7 headers in 292 bytes (1 switches on core 0)
Jul 15 19:06:37.340420 dv-cinder-788363-8-smb devstack@c-api.service[99996]: INFO cinder.api.openstack.wsgi [None req-d04be23d-9d04-4a6c-bf99-677d71fbf268 tempest-VolumesDeleteCascade-1718414995 tempest-VolumesDeleteCascade-1718414995-project] GET http://10.222.0.59/volume/v3/b7d760d75a684fc8a95af26ce47b8d21/volumes
Jul 15 19:06:37.341049 dv-cinder-788363-8-smb devstack@c-api.service[99996]: DEBUG cinder.api.openstack.wsgi [None req-d04be23d-9d04-4a6c-bf99-677d71fbf268 tempest-VolumesDeleteCascade-1718414995 tempest-VolumesDeleteCascade-1718414995-project] Empty body provided in request {{(pid=99996) get_body /opt/stack/cinder/cinder/api/openstack/wsgi.py:713}}
Jul 15 19:06:37.341290 dv-cinder-788363-8-smb devstack@c-api.service[99996]: /usr/local/lib/python3.8/dist-packages/webob/acceptparse.py:1047: DeprecationWarning: The behavior of AcceptValidHeader.best_match is currently being maintained for backward compatibility, but it will be deprecated in the future, as it does not conform to the RFC.
Jul 15 19:06:37.341290 dv-cinder-788363-8-smb devstack@c-api.service[99996]: warnings.warn(
Jul 15 19:06:37.341920 dv-cinder-788363-8-smb devstack@c-api.service[99996]: DEBUG cinder.api.openstack.wsgi [None req-d04be23d-9d04-4a6c-bf99-677d71fbf268 tempest-VolumesDeleteCascade-1718414995 tempest-VolumesDeleteCascade-1718414995-project] Calling method 'index' {{(pid=99996) _process_stack /opt/stack/cinder/cinder/api/openstack/wsgi.py:866}}
Jul 15 19:06:37.342527 dv-cinder-788363-8-smb devstack@c-api.service[99996]: DEBUG cinder.api.api_utils [None req-d04be23d-9d04-4a6c-bf99-677d71fbf268 tempest-VolumesDeleteCascade-1718414995 tempest-VolumesDeleteCascade-1718414995-project] Removing options '' from query. {{(pid=99996) remove_invalid_filter_options /opt/stack/cinder/cinder/api/api_utils.py:73}}
Jul 15 19:06:37.344373 dv-cinder-788363-8-smb devstack@c-api.service[99996]: DEBUG cinder.volume.api [None req-d04be23d-9d04-4a6c-bf99-677d71fbf268 tempest-VolumesDeleteCascade-1718414995 tempest-VolumesDeleteCascade-1718414995-project] Searching by: MultiDict([('no_migration_targets', True)]). {{(pid=99996) get_all /opt/stack/cinder/cinder/volume/api.py:617}}
Jul 15 19:06:37.398347 dv-cinder-788363-8-smb devstack@c-api.service[99996]: INFO cinder.volume.api [None req-d04be23d-9d04-4a6c-bf99-677d71fbf268 tempest-VolumesDeleteCascade-1718414995 tempest-VolumesDeleteCascade-1718414995-project] Get all volumes completed successfully.
Jul 15 19:06:37.399342 dv-cinder-788363-8-smb devstack@c-api.service[99996]: INFO cinder.api.openstack.wsgi [None req-d04be23d-9d04-4a6c-bf99-677d71fbf268 tempest-VolumesDeleteCascade-1718414995 tempest-VolumesDeleteCascade-1718414995-project] http://10.222.0.59/volume/v3/b7d760d75a684fc8a95af26ce47b8d21/volumes returned with HTTP 200
Jul 15 19:06:37.400174 dv-cinder-788363-8-smb devstack@c-api.service[99996]: [pid: 99996|app: 0|req: 212/398] 10.222.0.59 () {58 vars in 1214 bytes} [Thu Jul 15 19:06:37 2021] GET /volume/v3/b7d760d75a684fc8a95af26ce47b8d21/volumes => generated 401 bytes in 63 msecs (HTTP/1.1 200) 7 headers in 285 bytes (1 switches on core 0)
Jul 15 19:06:37.415680 dv-cinder-788363-8-smb devstack@c-api.service[99997]: INFO cinder.api.openstack.wsgi [None req-4ee0c3e4-594f-4cf6-84de-ab1abdb9590d tempest-VolumesDeleteCascade-1718414995 tempest-VolumesDeleteCascade-1718414995-project] GET http://10.222.0.59/volume/v3/b7d760d75a684fc8a95af26ce47b8d21/snapshots
Jul 15 19:06:37.416158 dv-cinder-788363-8-smb devstack@c-api.service[99997]: DEBUG cinder.api.openstack.wsgi [None req-4ee0c3e4-594f-4cf6-84de-ab1abdb9590d tempest-VolumesDeleteCascade-1718414995 tempest-VolumesDeleteCascade-1718414995-project] Empty body provided in request {{(pid=99997) get_body /opt/stack/cinder/cinder/api/openstack/wsgi.py:713}}
Jul 15 19:06:37.416712 dv-cinder-788363-8-smb devstack@c-api.service[99997]: DEBUG cinder.api.openstack.wsgi [None req-4ee0c3e4-594f-4cf6-84de-ab1abdb9590d tempest-VolumesDeleteCascade-1718414995 tempest-VolumesDeleteCascade-1718414995-project] Calling method 'index' {{(pid=99997) _process_stack /opt/stack/cinder/cinder/api/openstack/wsgi.py:866}}
Jul 15 19:06:37.417235 dv-cinder-788363-8-smb devstack@c-api.service[99997]: DEBUG cinder.api.api_utils [None req-4ee0c3e4-594f-4cf6-84de-ab1abdb9590d tempest-VolumesDeleteCascade-1718414995 tempest-VolumesDeleteCascade-1718414995-project] Removing options '' from query. {{(pid=99997) remove_invalid_filter_options /opt/stack/cinder/cinder/api/api_utils.py:73}}
Jul 15 19:06:37.420884 dv-cinder-788363-8-smb devstack@c-api.service[99997]: DEBUG cinder.db.sqlalchemy.api [None req-4ee0c3e4-594f-4cf6-84de-ab1abdb9590d tempest-VolumesDeleteCascade-1718414995 tempest-VolumesDeleteCascade-1718414995-project] Building query based on filter {{(pid=99997) _process_snaps_filters /opt/stack/cinder/cinder/db/sqlalchemy/api.py:3138}}
