Jul 12 16:01:28.915884 dv-cinder-788363-7-iscsi neutron-server[92880]: DEBUG neutron_lib.callbacks.manager [req-e0b8e3b1-aea9-4039-bea7-36d4d64ea66c req-f88cd4ea-e21c-4c95-8691-fa8708c8fae7 service neutron] Notify callbacks ['neutron.plugins.ml2.plugin.SecurityGroupServerNotifierRpcMixin._notify_sg_on_port_after_create_and_update-3638562', 'neutron.plugins.ml2.ovo_rpc._ObjectChangeHandler.handle_payload_event-102168', 'neutron.api.rpc.agentnotifiers.dhcp_rpc_agent_api.DhcpAgentNotifyAPI._native_event_send_dhcp_notification_payload-534198', 'neutron.db.l3_db.L3RpcNotifierMixin._notify_gateway_port_ip_changed-8787211089722', 'neutron.db.l3_dvrscheduler_db._notify_l3_agent_port_update-8787210534404', 'neutron.db.l3_hascheduler_db._notify_l3_agent_ha_port_update-8787210534422'] for port, after_update {{(pid=92880) _notify_loop /usr/local/lib/python3.8/dist-packages/neutron_lib/callbacks/manager.py:192}}
Jul 12 16:01:29.002647 dv-cinder-788363-7-iscsi neutron-server[92882]: DEBUG neutron.db.provisioning_blocks [None req-a6acefae-f230-4b51-b14b-faf58afe79b7 None None] Provisioning for port a68e58b6-3365-4797-b5b8-22341df3127d completed by entity DHCP. {{(pid=92882) provisioning_complete /opt/stack/neutron/neutron/db/provisioning_blocks.py:133}}
Jul 12 16:01:29.035702 dv-cinder-788363-7-iscsi neutron-server[92881]: DEBUG neutron_lib.callbacks.manager [req-6806dcda-df06-4516-80a5-2c0488d77bda req-a20504fa-1da4-4561-878b-e2d365098e3a tempest-AttachVolumeTestJSON-586691970 tempest-AttachVolumeTestJSON-586691970-project] Notify callbacks [] for port, precommit_create {{(pid=92881) _notify_loop /usr/local/lib/python3.8/dist-packages/neutron_lib/callbacks/manager.py:192}}
Jul 12 16:01:29.036993 dv-cinder-788363-7-iscsi neutron-server[92882]: DEBUG neutron.db.provisioning_blocks [None req-a6acefae-f230-4b51-b14b-faf58afe79b7 None None] Provisioning complete for port a68e58b6-3365-4797-b5b8-22341df3127d triggered by entity DHCP. {{(pid=92882) provisioning_complete /opt/stack/neutron/neutron/db/provisioning_blocks.py:139}}
Jul 12 16:01:29.041073 dv-cinder-788363-7-iscsi neutron-server[92882]: DEBUG neutron_lib.callbacks.manager [None req-a6acefae-f230-4b51-b14b-faf58afe79b7 None None] Notify callbacks ['neutron.plugins.ml2.plugin.Ml2Plugin._port_provisioned-3532100'] for port, provisioning_complete {{(pid=92882) _notify_loop /usr/local/lib/python3.8/dist-packages/neutron_lib/callbacks/manager.py:192}}
Jul 12 16:01:29.050554 dv-cinder-788363-7-iscsi neutron-server[92881]: DEBUG neutron.wsgi [-] (92881) accepted ('10.222.0.26', 43610) {{(pid=92881) server /usr/local/lib/python3.8/dist-packages/eventlet/wsgi.py:982}}
Jul 12 16:01:29.084005 dv-cinder-788363-7-iscsi neutron-server[92880]: DEBUG neutron.api.rpc.handlers.resources_rpc [None req-f88cd4ea-e21c-4c95-8691-fa8708c8fae7 service neutron] Pushing event updated for resources: {'Port': ['ID=bb64f834-aaf9-4d81-88b4-047a4ddf460c,revision_number=2']} {{(pid=92880) push /opt/stack/neutron/neutron/api/rpc/handlers/resources_rpc.py:237}}
Jul 12 16:01:29.131620 dv-cinder-788363-7-iscsi neutron-server[92881]: DEBUG neutron.db.provisioning_blocks [req-6806dcda-df06-4516-80a5-2c0488d77bda req-a20504fa-1da4-4561-878b-e2d365098e3a tempest-AttachVolumeTestJSON-586691970 tempest-AttachVolumeTestJSON-586691970-project] Transition to ACTIVE for port object fab8f416-0894-4875-b23d-92044315624c will not be triggered until provisioned by entity DHCP. {{(pid=92881) add_provisioning_component /opt/stack/neutron/neutron/db/provisioning_blocks.py:73}}
Jul 12 16:01:29.136609 dv-cinder-788363-7-iscsi neutron-server[92881]: DEBUG neutron_lib.callbacks.manager [None req-55fd8220-f753-48e5-a0e4-ae67eff628bd admin admin] Notify callbacks [] for security_group, before_create {{(pid=92881) _notify_loop /usr/local/lib/python3.8/dist-packages/neutron_lib/callbacks/manager.py:192}}
Jul 12 16:01:29.195989 dv-cinder-788363-7-iscsi neutron-server[92882]: DEBUG neutron.plugins.ml2.plugin [None req-a6acefae-f230-4b51-b14b-faf58afe79b7 None None] Port a68e58b6-3365-4797-b5b8-22341df3127d cannot update to ACTIVE because it is not bound. {{(pid=92882) _port_provisioned /opt/stack/neutron/neutron/plugins/ml2/plugin.py:337}}
Jul 12 16:01:29.293127 dv-cinder-788363-7-iscsi neutron-server[92880]: DEBUG neutron.plugins.ml2.managers [req-e0b8e3b1-aea9-4039-bea7-36d4d64ea66c req-f88cd4ea-e21c-4c95-8691-fa8708c8fae7 service neutron] Attempting to bind port bb64f834-aaf9-4d81-88b4-047a4ddf460c on host hv-cinder-78836 for vnic_type normal with profile {{(pid=92880) bind_port /opt/stack/neutron/neutron/plugins/ml2/managers.py:790}}
Jul 12 16:01:29.293865 dv-cinder-788363-7-iscsi neutron-server[92880]: DEBUG neutron.plugins.ml2.managers [req-e0b8e3b1-aea9-4039-bea7-36d4d64ea66c req-f88cd4ea-e21c-4c95-8691-fa8708c8fae7 service neutron] Attempting to bind port bb64f834-aaf9-4d81-88b4-047a4ddf460c by drivers openvswitch,hyperv on host hv-cinder-78836 at level 0 using segments [{'id': 'e80955a2-a423-42d3-92b2-88cb14c989a5', 'network_type': 'vlan', 'physical_network': 'physnet1', 'segmentation_id': 764, 'network_id': 'cc13dfe2-b636-411a-ad6f-df6bbd0bfe70'}] {{(pid=92880) _bind_port_level /opt/stack/neutron/neutron/plugins/ml2/managers.py:815}}
Jul 12 16:01:29.294298 dv-cinder-788363-7-iscsi neutron-server[92880]: DEBUG neutron.plugins.ml2.drivers.mech_agent [req-e0b8e3b1-aea9-4039-bea7-36d4d64ea66c req-f88cd4ea-e21c-4c95-8691-fa8708c8fae7 service neutron] Attempting to bind port bb64f834-aaf9-4d81-88b4-047a4ddf460c on network cc13dfe2-b636-411a-ad6f-df6bbd0bfe70 {{(pid=92880) bind_port /opt/stack/neutron/neutron/plugins/ml2/drivers/mech_agent.py:86}}
Jul 12 16:01:29.318176 dv-cinder-788363-7-iscsi neutron-server[92880]: DEBUG neutron.plugins.ml2.drivers.mech_agent [req-e0b8e3b1-aea9-4039-bea7-36d4d64ea66c req-f88cd4ea-e21c-4c95-8691-fa8708c8fae7 service neutron] Port bb64f834-aaf9-4d81-88b4-047a4ddf460c on network cc13dfe2-b636-411a-ad6f-df6bbd0bfe70 not bound, no agent of type Open vSwitch agent registered on host hv-cinder-78836 {{(pid=92880) bind_port /opt/stack/neutron/neutron/plugins/ml2/drivers/mech_agent.py:98}}
Jul 12 16:01:29.318667 dv-cinder-788363-7-iscsi neutron-server[92880]: DEBUG neutron.plugins.ml2.drivers.mech_agent [req-e0b8e3b1-aea9-4039-bea7-36d4d64ea66c req-f88cd4ea-e21c-4c95-8691-fa8708c8fae7 service neutron] Attempting to bind port bb64f834-aaf9-4d81-88b4-047a4ddf460c on network cc13dfe2-b636-411a-ad6f-df6bbd0bfe70 {{(pid=92880) bind_port /opt/stack/neutron/neutron/plugins/ml2/drivers/mech_agent.py:86}}
Jul 12 16:01:29.327071 dv-cinder-788363-7-iscsi neutron-server[92880]: DEBUG neutron.plugins.ml2.drivers.mech_agent [req-e0b8e3b1-aea9-4039-bea7-36d4d64ea66c req-f88cd4ea-e21c-4c95-8691-fa8708c8fae7 service neutron] Checking agent: {'id': '58e6310e-f2e2-4be0-89e4-4f47c1645bcb', 'agent_type': 'HyperV agent', 'binary': 'neutron-hyperv-agent', 'topic': 'N/A', 'host': 'hv-cinder-78836', 'admin_state_up': True, 'created_at': datetime.datetime(2021, 7, 12, 15, 59, 4), 'started_at': datetime.datetime(2021, 7, 12, 15, 59, 4), 'heartbeat_timestamp': datetime.datetime(2021, 7, 12, 16, 1, 3), 'description': None, 'resources_synced': None, 'availability_zone': None, 'alive': True, 'configurations': {'vswitch_mappings': {'physnet1$': 'br-data'}}, 'resource_versions': {}} {{(pid=92880) bind_port /opt/stack/neutron/neutron/plugins/ml2/drivers/mech_agent.py:105}}
Jul 12 16:01:29.327555 dv-cinder-788363-7-iscsi neutron-server[92880]: DEBUG neutron.plugins.ml2.drivers.mech_agent [req-e0b8e3b1-aea9-4039-bea7-36d4d64ea66c req-f88cd4ea-e21c-4c95-8691-fa8708c8fae7 service neutron] Checking segment: {'id': 'e80955a2-a423-42d3-92b2-88cb14c989a5', 'network_type': 'vlan', 'physical_network': 'physnet1', 'segmentation_id': 764, 'network_id': 'cc13dfe2-b636-411a-ad6f-df6bbd0bfe70'} for mappings: {'physnet1$': 'br-data'} with network types: ['local', 'flat', 'vlan'] {{(pid=92880) check_segment_for_agent /opt/stack/neutron/neutron/plugins/ml2/drivers/mech_agent.py:341}}
Jul 12 16:01:29.328198 dv-cinder-788363-7-iscsi neutron-server[92880]: DEBUG neutron.plugins.ml2.drivers.mech_agent [req-e0b8e3b1-aea9-4039-bea7-36d4d64ea66c req-f88cd4ea-e21c-4c95-8691-fa8708c8fae7 service neutron] Bound using segment: {'id': 'e80955a2-a423-42d3-92b2-88cb14c989a5', 'network_type': 'vlan', 'physical_network': 'physnet1', 'segmentation_id': 764, 'network_id': 'cc13dfe2-b636-411a-ad6f-df6bbd0bfe70'} {{(pid=92880) bind_port /opt/stack/neutron/neutron/plugins/ml2/drivers/mech_agent.py:115}}
Jul 12 16:01:29.328817 dv-cinder-788363-7-iscsi neutron-server[92880]: DEBUG neutron.plugins.ml2.managers [req-e0b8e3b1-aea9-4039-bea7-36d4d64ea66c req-f88cd4ea-e21c-4c95-8691-fa8708c8fae7 service neutron] Bound port: bb64f834-aaf9-4d81-88b4-047a4ddf460c, host: hv-cinder-78836, vif_type: hyperv, vif_details: {"connectivity": "legacy", "port_filter": false}, binding_levels: [{'bound_driver': 'hyperv', 'bound_segment': {'id': 'e80955a2-a423-42d3-92b2-88cb14c989a5', 'network_type': 'vlan', 'physical_network': 'physnet1', 'segmentation_id': 764, 'network_id': 'cc13dfe2-b636-411a-ad6f-df6bbd0bfe70'}}] {{(pid=92880) _bind_port_level /opt/stack/neutron/neutron/plugins/ml2/managers.py:928}}
Jul 12 16:01:29.329272 dv-cinder-788363-7-iscsi neutron-server[92880]: DEBUG neutron_lib.callbacks.manager [req-e0b8e3b1-aea9-4039-bea7-36d4d64ea66c req-f88cd4ea-e21c-4c95-8691-fa8708c8fae7 service neutron] Notify callbacks ['neutron.plugins.ml2.plugin.SecurityGroupDbMixin._ensure_default_security_group_handler-3640039'] for port, before_update {{(pid=92880) _notify_loop /usr/local/lib/python3.8/dist-packages/neutron_lib/callbacks/manager.py:192}}
Jul 12 16:01:29.355309 dv-cinder-788363-7-iscsi neutron-server[92881]: DEBUG neutron_lib.callbacks.manager [req-6806dcda-df06-4516-80a5-2c0488d77bda req-a20504fa-1da4-4561-878b-e2d365098e3a tempest-AttachVolumeTestJSON-586691970 tempest-AttachVolumeTestJSON-586691970-project] Notify callbacks ['neutron.plugins.ml2.plugin.SecurityGroupServerNotifierRpcMixin._notify_sg_on_port_after_create_and_update-3638562', 'neutron.plugins.ml2.ovo_rpc._ObjectChangeHandler.handle_payload_event-102168', 'neutron.api.rpc.agentnotifiers.dhcp_rpc_agent_api.DhcpAgentNotifyAPI._native_event_send_dhcp_notification_payload-534198', 'neutron.db.l3_dvrscheduler_db._notify_l3_agent_new_port-8787210533358'] for port, after_create {{(pid=92881) _notify_loop /usr/local/lib/python3.8/dist-packages/neutron_lib/callbacks/manager.py:192}}
Jul 12 16:01:29.421748 dv-cinder-788363-7-iscsi neutron-server[92880]: DEBUG neutron_lib.callbacks.manager [None req-04be42de-f3d9-48d7-a52d-cd7618efe97a admin admin] Notify callbacks [] for security_group, before_create {{(pid=92880) _notify_loop /usr/local/lib/python3.8/dist-packages/neutron_lib/callbacks/manager.py:192}}
Jul 12 16:01:29.455885 dv-cinder-788363-7-iscsi neutron-server[92881]: DEBUG neutron.scheduler.dhcp_agent_scheduler [req-6806dcda-df06-4516-80a5-2c0488d77bda req-a20504fa-1da4-4561-878b-e2d365098e3a tempest-AttachVolumeTestJSON-586691970 tempest-AttachVolumeTestJSON-586691970-project] Network 216af241-514e-4232-878a-336e05a71445 is already hosted by enough agents. {{(pid=92881) _get_dhcp_agents_hosting_network /opt/stack/neutron/neutron/scheduler/dhcp_agent_scheduler.py:275}}
Jul 12 16:01:29.464159 dv-cinder-788363-7-iscsi neutron-server[92881]: DEBUG neutron.pecan_wsgi.hooks.policy_enforcement [req-37482464-29ad-42c3-b06f-e8cfb21b2f25 req-22e5cf11-5f13-45d5-a457-8aaeed446ce9 tempest-ServerRescueNegativeTestJSON-576192608 tempest-ServerRescueNegativeTestJSON-576192608-project] Attributes excluded by policy engine: ['standard_attr_id', 'binding:profile', 'binding:host_id', 'binding:vif_type', 'binding:vif_details'] {{(pid=92881) _exclude_attributes_by_policy /opt/stack/neutron/neutron/pecan_wsgi/hooks/policy_enforcement.py:255}}
Jul 12 16:01:29.465686 dv-cinder-788363-7-iscsi neutron-server[92881]: INFO neutron.wsgi [req-37482464-29ad-42c3-b06f-e8cfb21b2f25 req-22e5cf11-5f13-45d5-a457-8aaeed446ce9 tempest-ServerRescueNegativeTestJSON-576192608 tempest-ServerRescueNegativeTestJSON-576192608-project] 10.222.0.26 "GET /v2.0/ports?device_id=7294a183-3bca-43f4-8bcc-4d375adf2cee HTTP/1.1" status: 200 len: 944 time: 0.2539694
Jul 12 16:01:29.507056 dv-cinder-788363-7-iscsi neutron-server[92880]: DEBUG neutron.plugins.ml2.db [req-e0b8e3b1-aea9-4039-bea7-36d4d64ea66c req-f88cd4ea-e21c-4c95-8691-fa8708c8fae7 service neutron] For port bb64f834-aaf9-4d81-88b4-047a4ddf460c, host hv-cinder-78836, cleared binding levels {{(pid=92880) clear_binding_levels /opt/stack/neutron/neutron/plugins/ml2/db.py:87}}
Jul 12 16:01:29.516585 dv-cinder-788363-7-iscsi neutron-server[92880]: DEBUG neutron.plugins.ml2.db [req-e0b8e3b1-aea9-4039-bea7-36d4d64ea66c req-f88cd4ea-e21c-4c95-8691-fa8708c8fae7 service neutron] For port bb64f834-aaf9-4d81-88b4-047a4ddf460c, host hv-cinder-78836, set binding levels [PortBindingLevel(driver='hyperv',host='hv-cinder-78836',level=0,port_id=bb64f834-aaf9-4d81-88b4-047a4ddf460c,segment=NetworkSegment(e80955a2-a423-42d3-92b2-88cb14c989a5),segment_id=e80955a2-a423-42d3-92b2-88cb14c989a5)] {{(pid=92880) set_binding_levels /opt/stack/neutron/neutron/plugins/ml2/db.py:59}}
Jul 12 16:01:29.522661 dv-cinder-788363-7-iscsi neutron-server[92880]: DEBUG neutron_lib.callbacks.manager [req-e0b8e3b1-aea9-4039-bea7-36d4d64ea66c req-f88cd4ea-e21c-4c95-8691-fa8708c8fae7 service neutron] Notify callbacks ['neutron.plugins.ml2.plugin.SecurityGroupServerNotifierRpcMixin._notify_sg_on_port_after_create_and_update-3638562', 'neutron.plugins.ml2.ovo_rpc._ObjectChangeHandler.handle_payload_event-102168', 'neutron.api.rpc.agentnotifiers.dhcp_rpc_agent_api.DhcpAgentNotifyAPI._native_event_send_dhcp_notification_payload-534198', 'neutron.db.l3_db.L3RpcNotifierMixin._notify_gateway_port_ip_changed-8787211089722', 'neutron.db.l3_dvrscheduler_db._notify_l3_agent_port_update-8787210534404', 'neutron.db.l3_hascheduler_db._notify_l3_agent_ha_port_update-8787210534422'] for port, after_update {{(pid=92880) _notify_loop /usr/local/lib/python3.8/dist-packages/neutron_lib/callbacks/manager.py:192}}
Jul 12 16:01:29.616000 dv-cinder-788363-7-iscsi neutron-server[92880]: DEBUG neutron.pecan_wsgi.hooks.policy_enforcement [req-e0b8e3b1-aea9-4039-bea7-36d4d64ea66c req-f88cd4ea-e21c-4c95-8691-fa8708c8fae7 service neutron] Attributes excluded by policy engine: ['standard_attr_id'] {{(pid=92880) _exclude_attributes_by_policy /opt/stack/neutron/neutron/pecan_wsgi/hooks/policy_enforcement.py:255}}
Jul 12 16:01:29.616718 dv-cinder-788363-7-iscsi neutron-server[92880]: DEBUG neutron_lib.callbacks.manager [req-e0b8e3b1-aea9-4039-bea7-36d4d64ea66c req-f88cd4ea-e21c-4c95-8691-fa8708c8fae7 service neutron] Notify callbacks ['neutron.notifiers.nova.Notifier._send_nova_notification-227838', 'neutron.api.rpc.agentnotifiers.dhcp_rpc_agent_api.DhcpAgentNotifyAPI._send_dhcp_notification-534173'] for port, before_response {{(pid=92880) _notify_loop /usr/local/lib/python3.8/dist-packages/neutron_lib/callbacks/manager.py:192}}
Jul 12 16:01:29.618264 dv-cinder-788363-7-iscsi neutron-server[92880]: INFO neutron.wsgi [req-e0b8e3b1-aea9-4039-bea7-36d4d64ea66c req-f88cd4ea-e21c-4c95-8691-fa8708c8fae7 service neutron] 10.222.0.59 "PUT /v2.0/ports/bb64f834-aaf9-4d81-88b4-047a4ddf460c HTTP/1.1" status: 200 len: 1094 time: 2.0825055
Jul 12 16:01:29.622222 dv-cinder-788363-7-iscsi neutron-server[92880]: DEBUG neutron.notifiers.nova [-] Sending events: [{'name': 'network-changed', 'server_uuid': '7294a183-3bca-43f4-8bcc-4d375adf2cee', 'tag': 'bb64f834-aaf9-4d81-88b4-047a4ddf460c'}] {{(pid=92880) send_events /opt/stack/neutron/neutron/notifiers/nova.py:262}}
Jul 12 16:01:29.662598 dv-cinder-788363-7-iscsi neutron-server[92881]: DEBUG neutron.scheduler.base_scheduler [req-6806dcda-df06-4516-80a5-2c0488d77bda req-a20504fa-1da4-4561-878b-e2d365098e3a tempest-AttachVolumeTestJSON-586691970 tempest-AttachVolumeTestJSON-586691970-project] Resources bound (agent type, host, resource id): {{(pid=92881) schedule /opt/stack/neutron/neutron/scheduler/base_scheduler.py:57}}
Jul 12 16:01:29.666126 dv-cinder-788363-7-iscsi neutron-server[92881]: DEBUG neutron.db.l3_dvrscheduler_db [req-6806dcda-df06-4516-80a5-2c0488d77bda req-a20504fa-1da4-4561-878b-e2d365098e3a tempest-AttachVolumeTestJSON-586691970 tempest-AttachVolumeTestJSON-586691970-project] Received port after_create {{(pid=92881) _notify_l3_agent_new_port /opt/stack/neutron/neutron/db/l3_dvrscheduler_db.py:535}}
Jul 12 16:01:29.671731 dv-cinder-788363-7-iscsi neutron-server[92881]: DEBUG neutron.pecan_wsgi.hooks.policy_enforcement [req-6806dcda-df06-4516-80a5-2c0488d77bda req-a20504fa-1da4-4561-878b-e2d365098e3a tempest-AttachVolumeTestJSON-586691970 tempest-AttachVolumeTestJSON-586691970-project] Attributes excluded by policy engine: ['standard_attr_id', 'binding:profile', 'binding:host_id', 'binding:vif_type', 'binding:vif_details', 'network'] {{(pid=92881) _exclude_attributes_by_policy /opt/stack/neutron/neutron/pecan_wsgi/hooks/policy_enforcement.py:255}}
Jul 12 16:01:29.672357 dv-cinder-788363-7-iscsi neutron-server[92881]: DEBUG neutron_lib.callbacks.manager [req-6806dcda-df06-4516-80a5-2c0488d77bda req-a20504fa-1da4-4561-878b-e2d365098e3a tempest-AttachVolumeTestJSON-586691970 tempest-AttachVolumeTestJSON-586691970-project] Notify callbacks ['neutron.notifiers.nova.Notifier._send_nova_notification-227838', 'neutron.api.rpc.agentnotifiers.dhcp_rpc_agent_api.DhcpAgentNotifyAPI._send_dhcp_notification-534173'] for port, before_response {{(pid=92881) _notify_loop /usr/local/lib/python3.8/dist-packages/neutron_lib/callbacks/manager.py:192}}
Jul 12 16:01:29.676314 dv-cinder-788363-7-iscsi neutron-server[92881]: DEBUG neutron_lib.callbacks.manager [None req-55fd8220-f753-48e5-a0e4-ae67eff628bd admin admin] Notify callbacks [] for security_group, precommit_create {{(pid=92881) _notify_loop /usr/local/lib/python3.8/dist-packages/neutron_lib/callbacks/manager.py:192}}
Jul 12 16:01:29.677397 dv-cinder-788363-7-iscsi neutron-server[92881]: DEBUG neutron.api.rpc.handlers.resources_rpc [None req-a20504fa-1da4-4561-878b-e2d365098e3a tempest-AttachVolumeTestJSON-586691970 tempest-AttachVolumeTestJSON-586691970-project] Pushing event updated for resources: {'Port': ['ID=fab8f416-0894-4875-b23d-92044315624c,revision_number=1']} {{(pid=92881) push /opt/stack/neutron/neutron/api/rpc/handlers/resources_rpc.py:237}}
Jul 12 16:01:29.699271 dv-cinder-788363-7-iscsi neutron-server[92881]: DEBUG neutron_lib.callbacks.manager [None req-55fd8220-f753-48e5-a0e4-ae67eff628bd admin admin] Notify callbacks ['neutron.plugins.ml2.ovo_rpc._ObjectChangeHandler.handle_payload_event-463465'] for security_group, after_create {{(pid=92881) _notify_loop /usr/local/lib/python3.8/dist-packages/neutron_lib/callbacks/manager.py:192}}
Jul 12 16:01:29.763855 dv-cinder-788363-7-iscsi neutron-server[92881]: DEBUG neutron.pecan_wsgi.hooks.policy_enforcement [req-6796d151-3f4f-4ed9-b604-97e629e5c3e2 req-40766191-84c3-4b50-bdc3-60b9e58b2ff0 tempest-DeleteServersTestJSON-796340081 tempest-DeleteServersTestJSON-796340081-project] Attributes excluded by policy engine: ['standard_attr_id', 'binding:profile', 'binding:host_id', 'binding:vif_type', 'binding:vif_details'] {{(pid=92881) _exclude_attributes_by_policy /opt/stack/neutron/neutron/pecan_wsgi/hooks/policy_enforcement.py:255}}
Jul 12 16:01:29.772258 dv-cinder-788363-7-iscsi neutron-server[92881]: INFO neutron.wsgi [req-6796d151-3f4f-4ed9-b604-97e629e5c3e2 req-40766191-84c3-4b50-bdc3-60b9e58b2ff0 tempest-DeleteServersTestJSON-796340081 tempest-DeleteServersTestJSON-796340081-project] 10.222.0.26 "GET /v2.0/ports?device_id=849f0b9c-cb24-4b84-ba5e-d81532d55fea HTTP/1.1" status: 200 len: 946 time: 0.4806433
Jul 12 16:01:29.791659 dv-cinder-788363-7-iscsi neutron-server[92881]: INFO neutron.wsgi [None req-55fd8220-f753-48e5-a0e4-ae67eff628bd admin admin] 10.222.0.26 "GET /v2.0/security-groups?tenant_id=bd2342e0fa1c4878833cd44adba15055&name=default HTTP/1.1" status: 200 len: 2979 time: 0.7325232
Jul 12 16:01:29.798871 dv-cinder-788363-7-iscsi neutron-server[92881]: DEBUG neutron.api.rpc.handlers.resources_rpc [None req-55fd8220-f753-48e5-a0e4-ae67eff628bd admin admin] Pushing event updated for resources: {'SecurityGroup': ['ID=e139e696-23fe-4269-9c68-1aa8c294633a,revision_number=1']} {{(pid=92881) push /opt/stack/neutron/neutron/api/rpc/handlers/resources_rpc.py:237}}
Jul 12 16:01:29.808514 dv-cinder-788363-7-iscsi neutron-server[92881]: DEBUG neutron.wsgi [-] (92881) accepted ('10.222.0.26', 43638) {{(pid=92881) server /usr/local/lib/python3.8/dist-packages/eventlet/wsgi.py:982}}
Jul 12 16:01:29.836144 dv-cinder-788363-7-iscsi neutron-server[92881]: INFO neutron.wsgi [req-37482464-29ad-42c3-b06f-e8cfb21b2f25 req-8c85ea59-7c48-4705-9fb3-ab3f9b7c8652 tempest-ServerRescueNegativeTestJSON-576192608 tempest-ServerRescueNegativeTestJSON-576192608-project] 10.222.0.26 "GET /v2.0/security-groups?id=0210a36a-5327-4116-84a0-c73cd65300bc&fields=id&fields=name HTTP/1.1" status: 200 len: 286 time: 0.3571119
Jul 12 16:01:29.836960 dv-cinder-788363-7-iscsi neutron-server[92880]: DEBUG neutron.api.rpc.handlers.resources_rpc [None req-f88cd4ea-e21c-4c95-8691-fa8708c8fae7 service neutron] Pushing event updated for resources: {'Port': ['ID=bb64f834-aaf9-4d81-88b4-047a4ddf460c,revision_number=3']} {{(pid=92880) push /opt/stack/neutron/neutron/api/rpc/handlers/resources_rpc.py:237}}
Jul 12 16:01:29.846443 dv-cinder-788363-7-iscsi neutron-server[92880]: DEBUG neutron.notifiers.nova [req-7d6c9a7b-8d17-47d1-ab3d-38191cdd71cc req-517dd93e-9e92-4ccb-8d79-924521709c01 service neutron] Ignoring state change previous_port_status: DOWN current_port_status: DOWN port_id a68e58b6-3365-4797-b5b8-22341df3127d {{(pid=92880) record_port_status_changed /opt/stack/neutron/neutron/notifiers/nova.py:224}}
Jul 12 16:01:29.890610 dv-cinder-788363-7-iscsi neutron-server[92880]: DEBUG neutron_lib.callbacks.manager [req-7d6c9a7b-8d17-47d1-ab3d-38191cdd71cc req-517dd93e-9e92-4ccb-8d79-924521709c01 service neutron] Notify callbacks [] for port, precommit_update {{(pid=92880) _notify_loop /usr/local/lib/python3.8/dist-packages/neutron_lib/callbacks/manager.py:192}}
Jul 12 16:01:29.897262 dv-cinder-788363-7-iscsi neutron-server[92882]: DEBUG neutron.plugins.ml2.rpc [None req-45e594ef-cf2d-407d-bb95-607dddef4366 None None] Device b6b9a862-e83e-4016-8b83-1e4dcbf091cf details requested by agent hyperv_hv-cinder-78836 with host hv-cinder-78836 {{(pid=92882) get_device_details /opt/stack/neutron/neutron/plugins/ml2/rpc.py:102}}
Jul 12 16:01:29.931157 dv-cinder-788363-7-iscsi neutron-server[92881]: INFO neutron.wsgi [req-6796d151-3f4f-4ed9-b604-97e629e5c3e2 req-f5dd8147-0fb8-491a-be63-89dc08301c4c tempest-DeleteServersTestJSON-796340081 tempest-DeleteServersTestJSON-796340081-project] 10.222.0.26 "GET /v2.0/security-groups?id=f37cec33-b09b-4251-b8c5-c0db1da7894b&fields=id&fields=name HTTP/1.1" status: 200 len: 286 time: 0.1580062
Jul 12 16:01:29.995118 dv-cinder-788363-7-iscsi neutron-server[92881]: DEBUG neutron_lib.callbacks.manager [None req-e60365a1-a15d-4ea8-944c-50e417ee5cd5 admin admin] Notify callbacks [] for security_group, before_delete {{(pid=92881) _notify_loop /usr/local/lib/python3.8/dist-packages/neutron_lib/callbacks/manager.py:192}}
Jul 12 16:01:30.004238 dv-cinder-788363-7-iscsi neutron-server[92880]: DEBUG neutron.db.provisioning_blocks [req-7d6c9a7b-8d17-47d1-ab3d-38191cdd71cc req-517dd93e-9e92-4ccb-8d79-924521709c01 service neutron] Transition to ACTIVE for port object a68e58b6-3365-4797-b5b8-22341df3127d will not be triggered until provisioned by entity L2. {{(pid=92880) add_provisioning_component /opt/stack/neutron/neutron/db/provisioning_blocks.py:73}}
Jul 12 16:01:30.010710 dv-cinder-788363-7-iscsi neutron-server[92880]: DEBUG novaclient.v2.client [-] REQ: curl -g -i --cacert "/opt/stack/data/ca-bundle.pem" -X POST http://10.222.0.26/compute/v2.1/os-server-external-events -H "Accept: application/json" -H "Content-Type: application/json" -H "User-Agent: python-novaclient" -H "X-Auth-Token: {SHA256}f20ba6dfab4c63dfe3b9485254e9d2dc7183c62cd74930d10d22c70a8631649b" -H "X-OpenStack-Nova-API-Version: 2.1" -H "X-OpenStack-Request-ID: req-fae3b846-f6f7-4b00-9a19-e1e6ab63d5f9" -d '{"events": [{"name": "network-changed", "server_uuid": "7294a183-3bca-43f4-8bcc-4d375adf2cee", "tag": "bb64f834-aaf9-4d81-88b4-047a4ddf460c"}]}' {{(pid=92880) _http_log_request /usr/local/lib/python3.8/dist-packages/keystoneauth1/session.py:519}}
Jul 12 16:01:30.030205 dv-cinder-788363-7-iscsi neutron-server[92880]: DEBUG neutron_lib.callbacks.manager [req-7d6c9a7b-8d17-47d1-ab3d-38191cdd71cc req-517dd93e-9e92-4ccb-8d79-924521709c01 service neutron] Notify callbacks ['neutron.plugins.ml2.plugin.SecurityGroupServerNotifierRpcMixin._notify_sg_on_port_after_create_and_update-3638562', 'neutron.plugins.ml2.ovo_rpc._ObjectChangeHandler.handle_payload_event-102168', 'neutron.api.rpc.agentnotifiers.dhcp_rpc_agent_api.DhcpAgentNotifyAPI._native_event_send_dhcp_notification_payload-534198', 'neutron.db.l3_db.L3RpcNotifierMixin._notify_gateway_port_ip_changed-8787211089722', 'neutron.db.l3_dvrscheduler_db._notify_l3_agent_port_update-8787210534404', 'neutron.db.l3_hascheduler_db._notify_l3_agent_ha_port_update-8787210534422'] for port, after_update {{(pid=92880) _notify_loop /usr/local/lib/python3.8/dist-packages/neutron_lib/callbacks/manager.py:192}}
Jul 12 16:01:30.051556 dv-cinder-788363-7-iscsi neutron-server[92881]: DEBUG neutron_lib.callbacks.manager [None req-e60365a1-a15d-4ea8-944c-50e417ee5cd5 admin admin] Notify callbacks [] for security_group, precommit_delete {{(pid=92881) _notify_loop /usr/local/lib/python3.8/dist-packages/neutron_lib/callbacks/manager.py:192}}
Jul 12 16:01:30.102587 dv-cinder-788363-7-iscsi neutron-server[92880]: DEBUG neutron.pecan_wsgi.hooks.policy_enforcement [req-e0b8e3b1-aea9-4039-bea7-36d4d64ea66c req-a7c007c3-4956-4f48-95a8-0857c2391c0a service neutron] Attributes excluded by policy engine: ['standard_attr_id'] {{(pid=92880) _exclude_attributes_by_policy /opt/stack/neutron/neutron/pecan_wsgi/hooks/policy_enforcement.py:255}}
Jul 12 16:01:30.103989 dv-cinder-788363-7-iscsi neutron-server[92880]: INFO neutron.wsgi [req-e0b8e3b1-aea9-4039-bea7-36d4d64ea66c req-a7c007c3-4956-4f48-95a8-0857c2391c0a service neutron] 10.222.0.59 "GET /v2.0/ports?tenant_id=d50cc18e02f7463f865fa691c622cca4&device_id=7294a183-3bca-43f4-8bcc-4d375adf2cee HTTP/1.1" status: 200 len: 1097 time: 0.3554745
Jul 12 16:01:30.150183 dv-cinder-788363-7-iscsi neutron-server[92880]: DEBUG neutron_lib.callbacks.manager [None req-04be42de-f3d9-48d7-a52d-cd7618efe97a admin admin] Notify callbacks [] for security_group, precommit_create {{(pid=92880) _notify_loop /usr/local/lib/python3.8/dist-packages/neutron_lib/callbacks/manager.py:192}}
Jul 12 16:01:30.175625 dv-cinder-788363-7-iscsi neutron-server[92881]: INFO neutron.wsgi [req-6806dcda-df06-4516-80a5-2c0488d77bda req-a20504fa-1da4-4561-878b-e2d365098e3a tempest-AttachVolumeTestJSON-586691970 tempest-AttachVolumeTestJSON-586691970-project] 10.222.0.59 "POST /v2.0/ports HTTP/1.1" status: 201 len: 933 time: 3.0323620
Jul 12 16:01:30.182542 dv-cinder-788363-7-iscsi neutron-server[92882]: DEBUG neutron.plugins.ml2.db [None req-45e594ef-cf2d-407d-bb95-607dddef4366 None None] For port b6b9a862-e83e-4016-8b83-1e4dcbf091cf, host hv-cinder-78836, got binding levels [PortBindingLevel(driver='hyperv',host='hv-cinder-78836',level=0,port_id=b6b9a862-e83e-4016-8b83-1e4dcbf091cf,segment=NetworkSegment(e80955a2-a423-42d3-92b2-88cb14c989a5),segment_id=e80955a2-a423-42d3-92b2-88cb14c989a5)] {{(pid=92882) get_binding_level_objs /opt/stack/neutron/neutron/plugins/ml2/db.py:74}}
Jul 12 16:01:30.216728 dv-cinder-788363-7-iscsi neutron-server[92882]: DEBUG neutron.plugins.ml2.rpc [None req-45e594ef-cf2d-407d-bb95-607dddef4366 None None] Returning: {'device': 'b6b9a862-e83e-4016-8b83-1e4dcbf091cf', 'network_id': 'cc13dfe2-b636-411a-ad6f-df6bbd0bfe70', 'port_id': 'b6b9a862-e83e-4016-8b83-1e4dcbf091cf', 'mac_address': 'fa:16:3e:22:c8:df', 'admin_state_up': True, 'network_type': 'vlan', 'segmentation_id': 764, 'physical_network': 'physnet1', 'mtu': 1500, 'fixed_ips': [{'subnet_id': 'a7bc0a1c-6f3b-4eee-b9bb-d95a70f51144', 'ip_address': '172.20.0.6'}], 'device_owner': 'compute:nova', 'allowed_address_pairs': [], 'port_security_enabled': True, 'qos_policy_id': None, 'network_qos_policy_id': None, 'profile': {}, 'propagate_uplink_status': False} {{(pid=92882) _get_device_details /opt/stack/neutron/neutron/plugins/ml2/rpc.py:184}}
Jul 12 16:01:30.278668 dv-cinder-788363-7-iscsi neutron-server[92881]: DEBUG neutron.api.v2.base [req-6806dcda-df06-4516-80a5-2c0488d77bda req-a1c2a2a9-8ee9-44cf-afde-b9b2bfe0c26b service neutron] Request body: {'port': {'device_id': '70b29ab4-b90c-4850-8680-c31862e0fed7', 'device_owner': 'compute:nova', 'binding:host_id': 'hv-cinder-78836'}} {{(pid=92881) prepare_request_body /opt/stack/neutron/neutron/api/v2/base.py:729}}
Jul 12 16:01:30.318877 dv-cinder-788363-7-iscsi neutron-server[92882]: DEBUG neutron.db.provisioning_blocks [None req-9b3e6602-79e4-48d5-91a8-3e29fe19d07d None None] Provisioning for port fab8f416-0894-4875-b23d-92044315624c completed by entity DHCP. {{(pid=92882) provisioning_complete /opt/stack/neutron/neutron/db/provisioning_blocks.py:133}}
Jul 12 16:01:30.344282 dv-cinder-788363-7-iscsi neutron-server[92882]: DEBUG neutron.db.provisioning_blocks [None req-9b3e6602-79e4-48d5-91a8-3e29fe19d07d None None] Provisioning complete for port fab8f416-0894-4875-b23d-92044315624c triggered by entity DHCP. {{(pid=92882) provisioning_complete /opt/stack/neutron/neutron/db/provisioning_blocks.py:139}}
Jul 12 16:01:30.344775 dv-cinder-788363-7-iscsi neutron-server[92882]: DEBUG neutron_lib.callbacks.manager [None req-9b3e6602-79e4-48d5-91a8-3e29fe19d07d None None] Notify callbacks ['neutron.plugins.ml2.plugin.Ml2Plugin._port_provisioned-3532100'] for port, provisioning_complete {{(pid=92882) _notify_loop /usr/local/lib/python3.8/dist-packages/neutron_lib/callbacks/manager.py:192}}
Jul 12 16:01:30.407479 dv-cinder-788363-7-iscsi neutron-server[92882]: DEBUG neutron_lib.callbacks.manager [None req-45e594ef-cf2d-407d-bb95-607dddef4366 None None] Notify callbacks ['neutron.plugins.ml2.plugin.SecurityGroupDbMixin._ensure_default_security_group_handler-3640039'] for port, before_update {{(pid=92882) _notify_loop /usr/local/lib/python3.8/dist-packages/neutron_lib/callbacks/manager.py:192}}
Jul 12 16:01:30.441777 dv-cinder-788363-7-iscsi neutron-server[92882]: DEBUG neutron.notifiers.nova [None req-45e594ef-cf2d-407d-bb95-607dddef4366 None None] Ignoring state change previous_port_status: DOWN current_port_status: BUILD port_id b6b9a862-e83e-4016-8b83-1e4dcbf091cf {{(pid=92882) record_port_status_changed /opt/stack/neutron/neutron/notifiers/nova.py:224}}
Jul 12 16:01:30.442121 dv-cinder-788363-7-iscsi neutron-server[92881]: DEBUG neutron_lib.callbacks.manager [None req-e60365a1-a15d-4ea8-944c-50e417ee5cd5 admin admin] Notify callbacks ['neutron.plugins.ml2.ovo_rpc._ObjectChangeHandler.handle_payload_event-463465'] for security_group, after_delete {{(pid=92881) _notify_loop /usr/local/lib/python3.8/dist-packages/neutron_lib/callbacks/manager.py:192}}
Jul 12 16:01:30.446643 dv-cinder-788363-7-iscsi neutron-server[92881]: DEBUG neutron_lib.callbacks.manager [None req-e60365a1-a15d-4ea8-944c-50e417ee5cd5 admin admin] Notify callbacks [] for security_group, before_response {{(pid=92881) _notify_loop /usr/local/lib/python3.8/dist-packages/neutron_lib/callbacks/manager.py:192}}
Jul 12 16:01:30.452988 dv-cinder-788363-7-iscsi neutron-server[92881]: INFO neutron.wsgi [None req-e60365a1-a15d-4ea8-944c-50e417ee5cd5 admin admin] 10.222.0.26 "DELETE /v2.0/security-groups/e139e696-23fe-4269-9c68-1aa8c294633a HTTP/1.1" status: 204 len: 168 time: 0.6409061
Jul 12 16:01:30.483976 dv-cinder-788363-7-iscsi neutron-server[92882]: DEBUG neutron.plugins.ml2.plugin [None req-9b3e6602-79e4-48d5-91a8-3e29fe19d07d None None] Port fab8f416-0894-4875-b23d-92044315624c cannot update to ACTIVE because it is not bound. {{(pid=92882) _port_provisioned /opt/stack/neutron/neutron/plugins/ml2/plugin.py:337}}
Jul 12 16:01:30.501860 dv-cinder-788363-7-iscsi neutron-server[92880]: DEBUG neutron_lib.callbacks.manager [None req-04be42de-f3d9-48d7-a52d-cd7618efe97a admin admin] Notify callbacks ['neutron.plugins.ml2.ovo_rpc._ObjectChangeHandler.handle_payload_event-463465'] for security_group, after_create {{(pid=92880) _notify_loop /usr/local/lib/python3.8/dist-packages/neutron_lib/callbacks/manager.py:192}}
Jul 12 16:01:30.503606 dv-cinder-788363-7-iscsi neutron-server[92882]: DEBUG neutron.plugins.ml2.db [None req-45e594ef-cf2d-407d-bb95-607dddef4366 None None] For port b6b9a862-e83e-4016-8b83-1e4dcbf091cf, host hv-cinder-78836, got binding levels [PortBindingLevel(driver='hyperv',host='hv-cinder-78836',level=0,port_id=b6b9a862-e83e-4016-8b83-1e4dcbf091cf,segment=NetworkSegment(e80955a2-a423-42d3-92b2-88cb14c989a5),segment_id=e80955a2-a423-42d3-92b2-88cb14c989a5)] {{(pid=92882) get_binding_level_objs /opt/stack/neutron/neutron/plugins/ml2/db.py:74}}
Jul 12 16:01:30.508689 dv-cinder-788363-7-iscsi neutron-server[92881]: DEBUG neutron.api.rpc.handlers.resources_rpc [None req-e60365a1-a15d-4ea8-944c-50e417ee5cd5 admin admin] Pushing event deleted for resources: {'SecurityGroup': ['ID=e139e696-23fe-4269-9c68-1aa8c294633a,revision_number=None']} {{(pid=92881) push /opt/stack/neutron/neutron/api/rpc/handlers/resources_rpc.py:237}}
Jul 12 16:01:30.511247 dv-cinder-788363-7-iscsi neutron-server[92882]: DEBUG neutron_lib.callbacks.manager [None req-45e594ef-cf2d-407d-bb95-607dddef4366 None None] Notify callbacks ['neutron.plugins.ml2.plugin.SecurityGroupServerNotifierRpcMixin._notify_sg_on_port_after_create_and_update-3638562', 'neutron.plugins.ml2.ovo_rpc._ObjectChangeHandler.handle_payload_event-102168', 'neutron.api.rpc.agentnotifiers.dhcp_rpc_agent_api.DhcpAgentNotifyAPI._native_event_send_dhcp_notification_payload-534198', 'neutron.db.l3_db.L3RpcNotifierMixin._notify_gateway_port_ip_changed-8787211089722', 'neutron.db.l3_dvrscheduler_db._notify_l3_agent_port_update-8787210534404', 'neutron.db.l3_hascheduler_db._notify_l3_agent_ha_port_update-8787210534422'] for port, after_update {{(pid=92882) _notify_loop /usr/local/lib/python3.8/dist-packages/neutron_lib/callbacks/manager.py:192}}
Jul 12 16:01:30.603931 dv-cinder-788363-7-iscsi neutron-server[92881]: DEBUG neutron.pecan_wsgi.hooks.policy_enforcement [req-d1981632-0e11-41bb-b476-d662e506782a req-7f4703d8-6d57-4312-9539-0c770f17ab7d tempest-AttachVolumeShelveTestJSON-2006610232 tempest-AttachVolumeShelveTestJSON-2006610232-project] Attributes excluded by policy engine: ['standard_attr_id', 'binding:profile', 'binding:host_id', 'binding:vif_type', 'binding:vif_details'] {{(pid=92881) _exclude_attributes_by_policy /opt/stack/neutron/neutron/pecan_wsgi/hooks/policy_enforcement.py:255}}
Jul 12 16:01:30.605709 dv-cinder-788363-7-iscsi neutron-server[92881]: INFO neutron.wsgi [req-d1981632-0e11-41bb-b476-d662e506782a req-7f4703d8-6d57-4312-9539-0c770f17ab7d tempest-AttachVolumeShelveTestJSON-2006610232 tempest-AttachVolumeShelveTestJSON-2006610232-project] 10.222.0.26 "GET /v2.0/ports?device_id=6d3f2f87-ef79-4370-b3cc-6c0c973f4c3e HTTP/1.1" status: 200 len: 944 time: 0.4275680
Jul 12 16:01:30.633349 dv-cinder-788363-7-iscsi neutron-server[92881]: DEBUG neutron.pecan_wsgi.hooks.policy_enforcement [req-055f82e1-fd4f-469e-be94-b02cf21e6620 req-06d15c47-d0a8-4a1a-af90-526935196eb4 tempest-AttachVolumeTestJSON-586691970 tempest-AttachVolumeTestJSON-586691970-project] Attributes excluded by policy engine: ['standard_attr_id', 'binding:profile', 'binding:host_id', 'binding:vif_type', 'binding:vif_details'] {{(pid=92881) _exclude_attributes_by_policy /opt/stack/neutron/neutron/pecan_wsgi/hooks/policy_enforcement.py:255}}
Jul 12 16:01:30.635052 dv-cinder-788363-7-iscsi neutron-server[92881]: INFO neutron.wsgi [req-055f82e1-fd4f-469e-be94-b02cf21e6620 req-06d15c47-d0a8-4a1a-af90-526935196eb4 tempest-AttachVolumeTestJSON-586691970 tempest-AttachVolumeTestJSON-586691970-project] 10.222.0.26 "GET /v2.0/ports?device_id=70b29ab4-b90c-4850-8680-c31862e0fed7 HTTP/1.1" status: 200 len: 931 time: 0.2808058
Jul 12 16:01:30.641070 dv-cinder-788363-7-iscsi neutron-server[92880]: INFO neutron.wsgi [req-e0b8e3b1-aea9-4039-bea7-36d4d64ea66c req-eb529936-e331-429f-8cb0-6f50e3e763e6 service neutron] 10.222.0.59 "GET /v2.0/floatingips?fixed_ip_address=172.20.0.14&port_id=bb64f834-aaf9-4d81-88b4-047a4ddf460c HTTP/1.1" status: 200 len: 217 time: 0.4848809
Jul 12 16:01:30.642406 dv-cinder-788363-7-iscsi neutron-server[92881]: DEBUG neutron_lib.callbacks.manager [req-6806dcda-df06-4516-80a5-2c0488d77bda req-a1c2a2a9-8ee9-44cf-afde-b9b2bfe0c26b service neutron] Notify callbacks ['neutron.plugins.ml2.plugin.SecurityGroupDbMixin._ensure_default_security_group_handler-3640039'] for port, before_update {{(pid=92881) _notify_loop /usr/local/lib/python3.8/dist-packages/neutron_lib/callbacks/manager.py:192}}
Jul 12 16:01:30.650950 dv-cinder-788363-7-iscsi neutron-server[92880]: DEBUG neutron.api.rpc.handlers.resources_rpc [None req-517dd93e-9e92-4ccb-8d79-924521709c01 service neutron] Pushing event updated for resources: {'Port': ['ID=a68e58b6-3365-4797-b5b8-22341df3127d,revision_number=2']} {{(pid=92880) push /opt/stack/neutron/neutron/api/rpc/handlers/resources_rpc.py:237}}
Jul 12 16:01:30.656625 dv-cinder-788363-7-iscsi neutron-server[92882]: DEBUG neutron.api.rpc.handlers.resources_rpc [None req-45e594ef-cf2d-407d-bb95-607dddef4366 None None] Pushing event updated for resources: {'Port': ['ID=b6b9a862-e83e-4016-8b83-1e4dcbf091cf,revision_number=4']} {{(pid=92882) push /opt/stack/neutron/neutron/api/rpc/handlers/resources_rpc.py:237}}
Jul 12 16:01:30.751208 dv-cinder-788363-7-iscsi neutron-server[92881]: INFO neutron.wsgi [req-055f82e1-fd4f-469e-be94-b02cf21e6620 req-f2d2ef1f-7d60-4ecd-b0ff-1056f3671831 tempest-AttachVolumeTestJSON-586691970 tempest-AttachVolumeTestJSON-586691970-project] 10.222.0.26 "GET /v2.0/security-groups?id=a194b8b0-c673-456f-80c0-028c915f9d1f&fields=id&fields=name HTTP/1.1" status: 200 len: 313 time: 0.1059847
Jul 12 16:01:30.767934 dv-cinder-788363-7-iscsi neutron-server[92880]: INFO neutron.wsgi [None req-04be42de-f3d9-48d7-a52d-cd7618efe97a admin admin] 10.222.0.26 "GET /v2.0/security-groups?tenant_id=044cc01037054ea3ab2d06b62fe74348&name=default HTTP/1.1" status: 200 len: 2979 time: 1.9747231
Jul 12 16:01:30.771256 dv-cinder-788363-7-iscsi neutron-server[92880]: DEBUG neutron.api.rpc.handlers.resources_rpc [None req-04be42de-f3d9-48d7-a52d-cd7618efe97a admin admin] Pushing event updated for resources: {'SecurityGroup': ['ID=98bbec4b-f11b-441a-9edf-c6b322a8a378,revision_number=1']} {{(pid=92880) push /opt/stack/neutron/neutron/api/rpc/handlers/resources_rpc.py:237}}
Jul 12 16:01:30.775331 dv-cinder-788363-7-iscsi neutron-server[92880]: DEBUG neutron.wsgi [-] (92880) accepted ('10.222.0.26', 43656) {{(pid=92880) server /usr/local/lib/python3.8/dist-packages/eventlet/wsgi.py:982}}
Jul 12 16:01:30.794583 dv-cinder-788363-7-iscsi neutron-server[92880]: DEBUG neutron.pecan_wsgi.hooks.policy_enforcement [req-e0b8e3b1-aea9-4039-bea7-36d4d64ea66c req-9c490a13-aee5-49f4-b939-3a949d2da284 service neutron] Attributes excluded by policy engine: ['standard_attr_id', 'shared'] {{(pid=92880) _exclude_attributes_by_policy /opt/stack/neutron/neutron/pecan_wsgi/hooks/policy_enforcement.py:255}}
Jul 12 16:01:30.795867 dv-cinder-788363-7-iscsi neutron-server[92880]: INFO neutron.wsgi [req-e0b8e3b1-aea9-4039-bea7-36d4d64ea66c req-9c490a13-aee5-49f4-b939-3a949d2da284 service neutron] 10.222.0.59 "GET /v2.0/subnets?id=a7bc0a1c-6f3b-4eee-b9bb-d95a70f51144 HTTP/1.1" status: 200 len: 858 time: 0.1232934
Jul 12 16:01:30.802464 dv-cinder-788363-7-iscsi neutron-server[92881]: INFO neutron.wsgi [req-d1981632-0e11-41bb-b476-d662e506782a req-0f7b8eab-9950-40d5-a928-d69e7f844a62 tempest-AttachVolumeShelveTestJSON-2006610232 tempest-AttachVolumeShelveTestJSON-2006610232-project] 10.222.0.26 "GET /v2.0/security-groups?id=38f6d21a-e583-4757-92a0-1eee9a5e067d&fields=id&fields=name HTTP/1.1" status: 200 len: 312 time: 0.1816218
Jul 12 16:01:30.816679 dv-cinder-788363-7-iscsi neutron-server[92880]: DEBUG neutron.plugins.ml2.managers [req-7d6c9a7b-8d17-47d1-ab3d-38191cdd71cc req-517dd93e-9e92-4ccb-8d79-924521709c01 service neutron] Attempting to bind port a68e58b6-3365-4797-b5b8-22341df3127d on host hv-cinder-78836 for vnic_type normal with profile {{(pid=92880) bind_port /opt/stack/neutron/neutron/plugins/ml2/managers.py:790}}
Jul 12 16:01:30.817122 dv-cinder-788363-7-iscsi neutron-server[92880]: DEBUG neutron.plugins.ml2.managers [req-7d6c9a7b-8d17-47d1-ab3d-38191cdd71cc req-517dd93e-9e92-4ccb-8d79-924521709c01 service neutron] Attempting to bind port a68e58b6-3365-4797-b5b8-22341df3127d by drivers openvswitch,hyperv on host hv-cinder-78836 at level 0 using segments [{'id': 'c4db2a0f-464d-44f1-86f0-e9cab4e24326', 'network_type': 'vlan', 'physical_network': 'physnet1', 'segmentation_id': 798, 'network_id': '611d01d6-9c61-432c-89ee-f79c88c1532c'}] {{(pid=92880) _bind_port_level /opt/stack/neutron/neutron/plugins/ml2/managers.py:815}}
Jul 12 16:01:30.818110 dv-cinder-788363-7-iscsi neutron-server[92880]: DEBUG neutron.plugins.ml2.drivers.mech_agent [req-7d6c9a7b-8d17-47d1-ab3d-38191cdd71cc req-517dd93e-9e92-4ccb-8d79-924521709c01 service neutron] Attempting to bind port a68e58b6-3365-4797-b5b8-22341df3127d on network 611d01d6-9c61-432c-89ee-f79c88c1532c {{(pid=92880) bind_port /opt/stack/neutron/neutron/plugins/ml2/drivers/mech_agent.py:86}}
Jul 12 16:01:30.862844 dv-cinder-788363-7-iscsi neutron-server[92882]: DEBUG neutron.plugins.ml2.db [None req-45e594ef-cf2d-407d-bb95-607dddef4366 None None] get_ports_and_sgs() called for port_ids ['b6b9a862-e83e-4016-8b83-1e4dcbf091cf'] {{(pid=92882) get_ports_and_sgs /opt/stack/neutron/neutron/plugins/ml2/db.py:156}}
Jul 12 16:01:30.874380 dv-cinder-788363-7-iscsi neutron-server[92880]: INFO neutron.wsgi [req-e0b8e3b1-aea9-4039-bea7-36d4d64ea66c req-64c598a3-c7b4-4e27-876e-4c783aa0e005 service neutron] 10.222.0.59 "GET /v2.0/ports?network_id=cc13dfe2-b636-411a-ad6f-df6bbd0bfe70&device_owner=network%3Adhcp HTTP/1.1" status: 200 len: 210 time: 0.0701554
Jul 12 16:01:30.878612 dv-cinder-788363-7-iscsi neutron-server[92880]: DEBUG neutron.plugins.ml2.drivers.mech_agent [req-7d6c9a7b-8d17-47d1-ab3d-38191cdd71cc req-517dd93e-9e92-4ccb-8d79-924521709c01 service neutron] Port a68e58b6-3365-4797-b5b8-22341df3127d on network 611d01d6-9c61-432c-89ee-f79c88c1532c not bound, no agent of type Open vSwitch agent registered on host hv-cinder-78836 {{(pid=92880) bind_port /opt/stack/neutron/neutron/plugins/ml2/drivers/mech_agent.py:98}}
Jul 12 16:01:30.879069 dv-cinder-788363-7-iscsi neutron-server[92880]: DEBUG neutron.plugins.ml2.drivers.mech_agent [req-7d6c9a7b-8d17-47d1-ab3d-38191cdd71cc req-517dd93e-9e92-4ccb-8d79-924521709c01 service neutron] Attempting to bind port a68e58b6-3365-4797-b5b8-22341df3127d on network 611d01d6-9c61-432c-89ee-f79c88c1532c {{(pid=92880) bind_port /opt/stack/neutron/neutron/plugins/ml2/drivers/mech_agent.py:86}}
Jul 12 16:01:30.999188 dv-cinder-788363-7-iscsi neutron-server[92880]: INFO neutron.wsgi [req-e0b8e3b1-aea9-4039-bea7-36d4d64ea66c req-ac38afd6-fa6d-4f1b-a51e-02c973200ffb service neutron] 10.222.0.59 "GET /v2.0/networks/cc13dfe2-b636-411a-ad6f-df6bbd0bfe70?fields=segments HTTP/1.1" status: 200 len: 212 time: 0.1136940
Jul 12 16:01:31.003121 dv-cinder-788363-7-iscsi neutron-server[92880]: DEBUG neutron.plugins.ml2.drivers.mech_agent [req-7d6c9a7b-8d17-47d1-ab3d-38191cdd71cc req-517dd93e-9e92-4ccb-8d79-924521709c01 service neutron] Checking agent: {'id': '58e6310e-f2e2-4be0-89e4-4f47c1645bcb', 'agent_type': 'HyperV agent', 'binary': 'neutron-hyperv-agent', 'topic': 'N/A', 'host': 'hv-cinder-78836', 'admin_state_up': True, 'created_at': datetime.datetime(2021, 7, 12, 15, 59, 4), 'started_at': datetime.datetime(2021, 7, 12, 15, 59, 4), 'heartbeat_timestamp': datetime.datetime(2021, 7, 12, 16, 1, 3), 'description': None, 'resources_synced': None, 'availability_zone': None, 'alive': True, 'configurations': {'vswitch_mappings': {'physnet1$': 'br-data'}}, 'resource_versions': {}} {{(pid=92880) bind_port /opt/stack/neutron/neutron/plugins/ml2/drivers/mech_agent.py:105}}
Jul 12 16:01:31.003685 dv-cinder-788363-7-iscsi neutron-server[92880]: DEBUG neutron.plugins.ml2.drivers.mech_agent [req-7d6c9a7b-8d17-47d1-ab3d-38191cdd71cc req-517dd93e-9e92-4ccb-8d79-924521709c01 service neutron] Checking segment: {'id': 'c4db2a0f-464d-44f1-86f0-e9cab4e24326', 'network_type': 'vlan', 'physical_network': 'physnet1', 'segmentation_id': 798, 'network_id': '611d01d6-9c61-432c-89ee-f79c88c1532c'} for mappings: {'physnet1$': 'br-data'} with network types: ['local', 'flat', 'vlan'] {{(pid=92880) check_segment_for_agent /opt/stack/neutron/neutron/plugins/ml2/drivers/mech_agent.py:341}}
Jul 12 16:01:31.004203 dv-cinder-788363-7-iscsi neutron-server[92880]: DEBUG neutron.plugins.ml2.drivers.mech_agent [req-7d6c9a7b-8d17-47d1-ab3d-38191cdd71cc req-517dd93e-9e92-4ccb-8d79-924521709c01 service neutron] Bound using segment: {'id': 'c4db2a0f-464d-44f1-86f0-e9cab4e24326', 'network_type': 'vlan', 'physical_network': 'physnet1', 'segmentation_id': 798, 'network_id': '611d01d6-9c61-432c-89ee-f79c88c1532c'} {{(pid=92880) bind_port /opt/stack/neutron/neutron/plugins/ml2/drivers/mech_agent.py:115}}
Jul 12 16:01:31.004749 dv-cinder-788363-7-iscsi neutron-server[92880]: DEBUG neutron.plugins.ml2.managers [req-7d6c9a7b-8d17-47d1-ab3d-38191cdd71cc req-517dd93e-9e92-4ccb-8d79-924521709c01 service neutron] Bound port: a68e58b6-3365-4797-b5b8-22341df3127d, host: hv-cinder-78836, vif_type: hyperv, vif_details: {"connectivity": "legacy", "port_filter": false}, binding_levels: [{'bound_driver': 'hyperv', 'bound_segment': {'id': 'c4db2a0f-464d-44f1-86f0-e9cab4e24326', 'network_type': 'vlan', 'physical_network': 'physnet1', 'segmentation_id': 798, 'network_id': '611d01d6-9c61-432c-89ee-f79c88c1532c'}}] {{(pid=92880) _bind_port_level /opt/stack/neutron/neutron/plugins/ml2/managers.py:928}}
Jul 12 16:01:31.006246 dv-cinder-788363-7-iscsi neutron-server[92880]: DEBUG neutron_lib.callbacks.manager [req-7d6c9a7b-8d17-47d1-ab3d-38191cdd71cc req-517dd93e-9e92-4ccb-8d79-924521709c01 service neutron] Notify callbacks ['neutron.plugins.ml2.plugin.SecurityGroupDbMixin._ensure_default_security_group_handler-3640039'] for port, before_update {{(pid=92880) _notify_loop /usr/local/lib/python3.8/dist-packages/neutron_lib/callbacks/manager.py:192}}
Jul 12 16:01:31.018287 dv-cinder-788363-7-iscsi neutron-server[92881]: DEBUG neutron.wsgi [-] (92881) accepted ('10.222.0.26', 43666) {{(pid=92881) server /usr/local/lib/python3.8/dist-packages/eventlet/wsgi.py:982}}
Jul 12 16:01:31.089254 dv-cinder-788363-7-iscsi neutron-server[92881]: DEBUG neutron_lib.callbacks.manager [None req-1077ccfe-3632-4649-beb1-543c1953503c admin admin] Notify callbacks [] for security_group, before_create {{(pid=92881) _notify_loop /usr/local/lib/python3.8/dist-packages/neutron_lib/callbacks/manager.py:192}}
Jul 12 16:01:31.124883 dv-cinder-788363-7-iscsi neutron-server[92880]: DEBUG neutron_lib.callbacks.manager [None req-a7e9721c-c7d0-426c-ab6e-a43564ffb011 admin admin] Notify callbacks [] for security_group, before_delete {{(pid=92880) _notify_loop /usr/local/lib/python3.8/dist-packages/neutron_lib/callbacks/manager.py:192}}
Jul 12 16:01:31.258840 dv-cinder-788363-7-iscsi neutron-server[92880]: DEBUG neutron_lib.callbacks.manager [None req-a7e9721c-c7d0-426c-ab6e-a43564ffb011 admin admin] Notify callbacks [] for security_group, precommit_delete {{(pid=92880) _notify_loop /usr/local/lib/python3.8/dist-packages/neutron_lib/callbacks/manager.py:192}}
Jul 12 16:01:31.284424 dv-cinder-788363-7-iscsi neutron-server[92881]: DEBUG neutron.pecan_wsgi.hooks.policy_enforcement [req-b7305573-dd33-4234-97dd-3b98914f0c6c req-c6f3dea8-81ca-4cd3-962f-6ebaead7b27b tempest-ServerRescueNegativeTestJSON-576192608 tempest-ServerRescueNegativeTestJSON-576192608-project] Attributes excluded by policy engine: ['standard_attr_id', 'binding:profile', 'binding:host_id', 'binding:vif_type', 'binding:vif_details'] {{(pid=92881) _exclude_attributes_by_policy /opt/stack/neutron/neutron/pecan_wsgi/hooks/policy_enforcement.py:255}}
Jul 12 16:01:31.292561 dv-cinder-788363-7-iscsi neutron-server[92881]: INFO neutron.wsgi [req-b7305573-dd33-4234-97dd-3b98914f0c6c req-c6f3dea8-81ca-4cd3-962f-6ebaead7b27b tempest-ServerRescueNegativeTestJSON-576192608 tempest-ServerRescueNegativeTestJSON-576192608-project] 10.222.0.26 "GET /v2.0/ports?device_id=7294a183-3bca-43f4-8bcc-4d375adf2cee HTTP/1.1" status: 200 len: 944 time: 0.1993802
Jul 12 16:01:31.295792 dv-cinder-788363-7-iscsi neutron-server[92880]: DEBUG novaclient.v2.client [-] RESP: [200] Connection: close Content-Length: 179 Content-Type: application/json Date: Mon, 12 Jul 2021 16:01:30 GMT OpenStack-API-Version: compute 2.1 Server: Apache/2.4.41 (Ubuntu) Vary: OpenStack-API-Version,X-OpenStack-Nova-API-Version X-OpenStack-Nova-API-Version: 2.1 x-compute-request-id: req-33b43056-73aa-4e7a-ba75-ec307e08e116 x-openstack-request-id: req-33b43056-73aa-4e7a-ba75-ec307e08e116 {{(pid=92880) _http_log_response /usr/local/lib/python3.8/dist-packages/keystoneauth1/session.py:550}}
Jul 12 16:01:31.297385 dv-cinder-788363-7-iscsi neutron-server[92880]: DEBUG novaclient.v2.client [-] RESP BODY: {"events": [{"name": "network-changed", "server_uuid": "7294a183-3bca-43f4-8bcc-4d375adf2cee", "tag": "bb64f834-aaf9-4d81-88b4-047a4ddf460c", "status": "completed", "code": 200}]} {{(pid=92880) _http_log_response /usr/local/lib/python3.8/dist-packages/keystoneauth1/session.py:582}}
