Aug 10 15:11:06.939561 dv-cinder-788363-12-iscsi devstack@c-api.service[100367]: DEBUG cinder.volume.api [None req-aa9f22b1-cd88-4b62-83b9-8ca4151fc9b6 tempest-VolumeTypesTest-739028709 tempest-VolumeTypesTest-739028709-project] Task 'cinder.volume.flows.api.create_volume.QuotaCommitTask;volume:create' (fc8dbf13-4cf5-42fc-8e07-c26afa38cdee) transitioned into state 'RUNNING' from state 'PENDING' {{(pid=100367) _task_receiver /usr/local/lib/python3.8/dist-packages/taskflow/listeners/logging.py:190}}
Aug 10 15:11:06.953938 dv-cinder-788363-12-iscsi devstack@c-api.service[100366]: /usr/local/lib/python3.8/dist-packages/oslo_context/context.py:105: DeprecationWarning: Policy enforcement is depending on the value of is_admin. This key is deprecated. Please update your policy file to use the standard policy values.
Aug 10 15:11:06.953938 dv-cinder-788363-12-iscsi devstack@c-api.service[100366]: warnings.warn('Policy enforcement is depending on the value of '
Aug 10 15:11:06.963258 dv-cinder-788363-12-iscsi devstack@c-api.service[100366]: INFO cinder.volume.api [None req-271215ba-28a0-4c79-9887-e55ead9a50af tempest-VolumesExtendTest-1432156359 tempest-VolumesExtendTest-1432156359-project] Volume info retrieved successfully.
Aug 10 15:11:06.981661 dv-cinder-788363-12-iscsi devstack@c-api.service[100367]: DEBUG cinder.volume.api [None req-aa9f22b1-cd88-4b62-83b9-8ca4151fc9b6 tempest-VolumeTypesTest-739028709 tempest-VolumeTypesTest-739028709-project] Task 'cinder.volume.flows.api.create_volume.QuotaCommitTask;volume:create' (fc8dbf13-4cf5-42fc-8e07-c26afa38cdee) transitioned into state 'SUCCESS' from state 'RUNNING' with result '{'volume_properties': VolumeProperties(attach_status='detached',availability_zone='nova',cgsnapshot_id=None,consistencygroup_id=None,display_description=None,display_name='tempest-VolumeTypesTest-volume-769427369',encryption_key_id=None,group_id=None,group_type_id=,metadata={},multiattach=False,project_id='644035eea0a144b4b2ffb1e5867db746',qos_specs=None,replication_status=,reservations=['9924cfb3-47ec-45bd-851b-da21bac3542e','2803babe-0001-441e-b7fd-0e7ab42713ac','4f9e2d5d-712d-4979-a6d9-be97fef33e2f','2b7f2b51-c6d7-4f64-a3e3-d8eadfe4b4ce'],size=1,snapshot_id=None,source_replicaid=,source_volid=None,status='creating',user_id='3d7f83e0e43842f99358ecba5818cd63',volume_type_id=0ab019b2-895c-4b9d-91c8-e3b548e77f3f)}' {{(pid=100367) _task_receiver /usr/local/lib/python3.8/dist-packages/taskflow/listeners/logging.py:178}}
Aug 10 15:11:06.983814 dv-cinder-788363-12-iscsi devstack@c-api.service[100367]: DEBUG cinder.volume.api [None req-aa9f22b1-cd88-4b62-83b9-8ca4151fc9b6 tempest-VolumeTypesTest-739028709 tempest-VolumeTypesTest-739028709-project] Task 'cinder.volume.flows.api.create_volume.VolumeCastTask;volume:create' (922be461-a6e7-4b73-ae21-526484c1d2bc) transitioned into state 'RUNNING' from state 'PENDING' {{(pid=100367) _task_receiver /usr/local/lib/python3.8/dist-packages/taskflow/listeners/logging.py:190}}
Aug 10 15:11:06.991461 dv-cinder-788363-12-iscsi devstack@c-api.service[100366]: INFO cinder.api.openstack.wsgi [None req-271215ba-28a0-4c79-9887-e55ead9a50af tempest-VolumesExtendTest-1432156359 tempest-VolumesExtendTest-1432156359-project] http://10.222.0.60/volume/v3/f74b446df25f4c2499d425d96d623c24/volumes/b4740170-ae29-4e53-a651-39a0378601be returned with HTTP 200
Aug 10 15:11:06.994621 dv-cinder-788363-12-iscsi devstack@c-api.service[100366]: [pid: 100366|app: 0|req: 215/448] 10.222.0.60 () {58 vars in 1325 bytes} [Tue Aug 10 15:11:06 2021] GET /volume/v3/f74b446df25f4c2499d425d96d623c24/volumes/b4740170-ae29-4e53-a651-39a0378601be => generated 909 bytes in 76 msecs (HTTP/1.1 200) 7 headers in 285 bytes (1 switches on core 0)
Aug 10 15:11:06.999896 dv-cinder-788363-12-iscsi devstack@c-api.service[100366]: INFO cinder.api.openstack.wsgi [None req-963ce1d8-a8d5-48fe-bd82-9cd129f62e5d tempest-DeleteServersTestJSON-923849555 tempest-DeleteServersTestJSON-923849555-project] GET http://10.222.0.60/volume/v3/991a08a369f447ff9dc9050f91663cdc/volumes/21dc96cd-9bb8-4e6e-bd6e-77bf4b2a00a1
Aug 10 15:11:07.000628 dv-cinder-788363-12-iscsi devstack@c-api.service[100366]: DEBUG cinder.api.openstack.wsgi [None req-963ce1d8-a8d5-48fe-bd82-9cd129f62e5d tempest-DeleteServersTestJSON-923849555 tempest-DeleteServersTestJSON-923849555-project] Empty body provided in request {{(pid=100366) get_body /opt/stack/cinder/cinder/api/openstack/wsgi.py:703}}
Aug 10 15:11:07.000923 dv-cinder-788363-12-iscsi devstack@c-api.service[100366]: /usr/local/lib/python3.8/dist-packages/webob/acceptparse.py:1047: DeprecationWarning: The behavior of AcceptValidHeader.best_match is currently being maintained for backward compatibility, but it will be deprecated in the future, as it does not conform to the RFC.
Aug 10 15:11:07.000923 dv-cinder-788363-12-iscsi devstack@c-api.service[100366]: warnings.warn(
Aug 10 15:11:07.001376 dv-cinder-788363-12-iscsi devstack@c-api.service[100366]: DEBUG cinder.api.openstack.wsgi [None req-963ce1d8-a8d5-48fe-bd82-9cd129f62e5d tempest-DeleteServersTestJSON-923849555 tempest-DeleteServersTestJSON-923849555-project] Calling method 'show' {{(pid=100366) _process_stack /opt/stack/cinder/cinder/api/openstack/wsgi.py:856}}
Aug 10 15:11:07.010339 dv-cinder-788363-12-iscsi devstack@c-api.service[100367]: DEBUG cinder.volume.api [None req-aa9f22b1-cd88-4b62-83b9-8ca4151fc9b6 tempest-VolumeTypesTest-739028709 tempest-VolumeTypesTest-739028709-project] Task 'cinder.volume.flows.api.create_volume.VolumeCastTask;volume:create' (922be461-a6e7-4b73-ae21-526484c1d2bc) transitioned into state 'SUCCESS' from state 'RUNNING' with result 'None' {{(pid=100367) _task_receiver /usr/local/lib/python3.8/dist-packages/taskflow/listeners/logging.py:178}}
Aug 10 15:11:07.012973 dv-cinder-788363-12-iscsi devstack@c-api.service[100367]: DEBUG cinder.volume.api [None req-aa9f22b1-cd88-4b62-83b9-8ca4151fc9b6 tempest-VolumeTypesTest-739028709 tempest-VolumeTypesTest-739028709-project] Flow 'volume_create_api' (3b28b716-5c92-4b52-bcfb-b81cf92dc80c) transitioned into state 'SUCCESS' from state 'RUNNING' {{(pid=100367) _flow_receiver /usr/local/lib/python3.8/dist-packages/taskflow/listeners/logging.py:141}}
Aug 10 15:11:07.014013 dv-cinder-788363-12-iscsi devstack@c-api.service[100367]: INFO cinder.volume.api [None req-aa9f22b1-cd88-4b62-83b9-8ca4151fc9b6 tempest-VolumeTypesTest-739028709 tempest-VolumeTypesTest-739028709-project] Create volume request issued successfully.
Aug 10 15:11:07.031317 dv-cinder-788363-12-iscsi devstack@c-api.service[100367]: INFO cinder.api.openstack.wsgi [None req-aa9f22b1-cd88-4b62-83b9-8ca4151fc9b6 tempest-VolumeTypesTest-739028709 tempest-VolumeTypesTest-739028709-project] http://10.222.0.60/volume/v3/644035eea0a144b4b2ffb1e5867db746/volumes returned with HTTP 202
Aug 10 15:11:07.032100 dv-cinder-788363-12-iscsi devstack@c-api.service[100367]: [pid: 100367|app: 0|req: 234/449] 10.222.0.60 () {60 vars in 1236 bytes} [Tue Aug 10 15:11:06 2021] POST /volume/v3/644035eea0a144b4b2ffb1e5867db746/volumes => generated 849 bytes in 473 msecs (HTTP/1.1 202) 7 headers in 291 bytes (1 switches on core 0)
Aug 10 15:11:07.035790 dv-cinder-788363-12-iscsi devstack@c-api.service[100366]: /usr/local/lib/python3.8/dist-packages/oslo_context/context.py:105: DeprecationWarning: Policy enforcement is depending on the value of is_admin. This key is deprecated. Please update your policy file to use the standard policy values.
Aug 10 15:11:07.035790 dv-cinder-788363-12-iscsi devstack@c-api.service[100366]: warnings.warn('Policy enforcement is depending on the value of '
Aug 10 15:11:07.049599 dv-cinder-788363-12-iscsi devstack@c-api.service[100367]: INFO cinder.api.openstack.wsgi [None req-faca2727-efbf-4488-abe6-e19d1d1aaee1 tempest-VolumeTypesTest-739028709 tempest-VolumeTypesTest-739028709-project] GET http://10.222.0.60/volume/v3/644035eea0a144b4b2ffb1e5867db746/volumes/72626c5a-686b-4552-aefd-f7a778e83981
Aug 10 15:11:07.051142 dv-cinder-788363-12-iscsi devstack@c-api.service[100367]: DEBUG cinder.api.openstack.wsgi [None req-faca2727-efbf-4488-abe6-e19d1d1aaee1 tempest-VolumeTypesTest-739028709 tempest-VolumeTypesTest-739028709-project] Empty body provided in request {{(pid=100367) get_body /opt/stack/cinder/cinder/api/openstack/wsgi.py:703}}
Aug 10 15:11:07.051311 dv-cinder-788363-12-iscsi devstack@c-api.service[100367]: /usr/local/lib/python3.8/dist-packages/webob/acceptparse.py:1047: DeprecationWarning: The behavior of AcceptValidHeader.best_match is currently being maintained for backward compatibility, but it will be deprecated in the future, as it does not conform to the RFC.
Aug 10 15:11:07.051311 dv-cinder-788363-12-iscsi devstack@c-api.service[100367]: warnings.warn(
Aug 10 15:11:07.051630 dv-cinder-788363-12-iscsi devstack@c-api.service[100367]: DEBUG cinder.api.openstack.wsgi [None req-faca2727-efbf-4488-abe6-e19d1d1aaee1 tempest-VolumeTypesTest-739028709 tempest-VolumeTypesTest-739028709-project] Calling method 'show' {{(pid=100367) _process_stack /opt/stack/cinder/cinder/api/openstack/wsgi.py:856}}
Aug 10 15:11:07.061012 dv-cinder-788363-12-iscsi devstack@c-api.service[100366]: INFO cinder.volume.api [None req-963ce1d8-a8d5-48fe-bd82-9cd129f62e5d tempest-DeleteServersTestJSON-923849555 tempest-DeleteServersTestJSON-923849555-project] Volume info retrieved successfully.
Aug 10 15:11:07.078223 dv-cinder-788363-12-iscsi devstack@c-api.service[100367]: /usr/local/lib/python3.8/dist-packages/oslo_context/context.py:105: DeprecationWarning: Policy enforcement is depending on the value of is_admin. This key is deprecated. Please update your policy file to use the standard policy values.
Aug 10 15:11:07.078223 dv-cinder-788363-12-iscsi devstack@c-api.service[100367]: warnings.warn('Policy enforcement is depending on the value of '
Aug 10 15:11:07.091956 dv-cinder-788363-12-iscsi devstack@c-api.service[100366]: INFO cinder.api.openstack.wsgi [None req-963ce1d8-a8d5-48fe-bd82-9cd129f62e5d tempest-DeleteServersTestJSON-923849555 tempest-DeleteServersTestJSON-923849555-project] http://10.222.0.60/volume/v3/991a08a369f447ff9dc9050f91663cdc/volumes/21dc96cd-9bb8-4e6e-bd6e-77bf4b2a00a1 returned with HTTP 200
Aug 10 15:11:07.092641 dv-cinder-788363-12-iscsi devstack@c-api.service[100366]: [pid: 100366|app: 0|req: 216/450] 10.222.0.60 () {58 vars in 1325 bytes} [Tue Aug 10 15:11:06 2021] GET /volume/v3/991a08a369f447ff9dc9050f91663cdc/volumes/21dc96cd-9bb8-4e6e-bd6e-77bf4b2a00a1 => generated 913 bytes in 97 msecs (HTTP/1.1 200) 7 headers in 285 bytes (1 switches on core 0)
Aug 10 15:11:07.096112 dv-cinder-788363-12-iscsi devstack@c-api.service[100367]: INFO cinder.volume.api [None req-faca2727-efbf-4488-abe6-e19d1d1aaee1 tempest-VolumeTypesTest-739028709 tempest-VolumeTypesTest-739028709-project] Volume info retrieved successfully.
Aug 10 15:11:07.116146 dv-cinder-788363-12-iscsi devstack@c-api.service[100367]: INFO cinder.api.openstack.wsgi [None req-faca2727-efbf-4488-abe6-e19d1d1aaee1 tempest-VolumeTypesTest-739028709 tempest-VolumeTypesTest-739028709-project] http://10.222.0.60/volume/v3/644035eea0a144b4b2ffb1e5867db746/volumes/72626c5a-686b-4552-aefd-f7a778e83981 returned with HTTP 200
Aug 10 15:11:07.117404 dv-cinder-788363-12-iscsi devstack@c-api.service[100367]: [pid: 100367|app: 0|req: 235/451] 10.222.0.60 () {58 vars in 1325 bytes} [Tue Aug 10 15:11:07 2021] GET /volume/v3/644035eea0a144b4b2ffb1e5867db746/volumes/72626c5a-686b-4552-aefd-f7a778e83981 => generated 917 bytes in 75 msecs (HTTP/1.1 200) 7 headers in 285 bytes (1 switches on core 0)
Aug 10 15:11:07.255730 dv-cinder-788363-12-iscsi devstack@c-api.service[100366]: INFO cinder.api.openstack.wsgi [None req-f8e5277b-3cac-46de-af36-3d5a2380ecf4 tempest-VolumesActionsTest-360059149 tempest-VolumesActionsTest-360059149-project] POST http://10.222.0.60/volume/v3/628133ca790442b2a3d1690658fea6a0/volumes
Aug 10 15:11:07.256497 dv-cinder-788363-12-iscsi devstack@c-api.service[100366]: /usr/local/lib/python3.8/dist-packages/webob/acceptparse.py:1047: DeprecationWarning: The behavior of AcceptValidHeader.best_match is currently being maintained for backward compatibility, but it will be deprecated in the future, as it does not conform to the RFC.
Aug 10 15:11:07.256497 dv-cinder-788363-12-iscsi devstack@c-api.service[100366]: warnings.warn(
Aug 10 15:11:07.256847 dv-cinder-788363-12-iscsi devstack@c-api.service[100366]: DEBUG cinder.api.openstack.wsgi [None req-f8e5277b-3cac-46de-af36-3d5a2380ecf4 tempest-VolumesActionsTest-360059149 tempest-VolumesActionsTest-360059149-project] Action: 'create', calling method: create, body: {"volume": {"size": 1, "name": "tempest-VolumesActionsTest-Volume-1539520088"}} {{(pid=100366) _process_stack /opt/stack/cinder/cinder/api/openstack/wsgi.py:854}}
Aug 10 15:11:07.257838 dv-cinder-788363-12-iscsi devstack@c-api.service[100366]: DEBUG cinder.api.v3.volumes [None req-f8e5277b-3cac-46de-af36-3d5a2380ecf4 tempest-VolumesActionsTest-360059149 tempest-VolumesActionsTest-360059149-project] Create volume request body: {'volume': {'size': 1, 'name': 'tempest-VolumesActionsTest-Volume-1539520088'}} {{(pid=100366) create /opt/stack/cinder/cinder/api/v3/volumes.py:290}}
Aug 10 15:11:07.258167 dv-cinder-788363-12-iscsi devstack@c-api.service[100366]: INFO cinder.api.v3.volumes [None req-f8e5277b-3cac-46de-af36-3d5a2380ecf4 tempest-VolumesActionsTest-360059149 tempest-VolumesActionsTest-360059149-project] Create volume of 1 GB
Aug 10 15:11:07.264185 dv-cinder-788363-12-iscsi devstack@c-api.service[100366]: INFO cinder.volume.api [None req-f8e5277b-3cac-46de-af36-3d5a2380ecf4 tempest-VolumesActionsTest-360059149 tempest-VolumesActionsTest-360059149-project] Availability Zones retrieved successfully.
Aug 10 15:11:07.279776 dv-cinder-788363-12-iscsi devstack@c-api.service[100366]: DEBUG cinder.volume.api [None req-f8e5277b-3cac-46de-af36-3d5a2380ecf4 tempest-VolumesActionsTest-360059149 tempest-VolumesActionsTest-360059149-project] Flow 'volume_create_api' (066517a7-ea4a-4f90-943f-8d42213a5ff0) transitioned into state 'RUNNING' from state 'PENDING' {{(pid=100366) _flow_receiver /usr/local/lib/python3.8/dist-packages/taskflow/listeners/logging.py:141}}
Aug 10 15:11:07.282265 dv-cinder-788363-12-iscsi devstack@c-api.service[100366]: DEBUG cinder.volume.api [None req-f8e5277b-3cac-46de-af36-3d5a2380ecf4 tempest-VolumesActionsTest-360059149 tempest-VolumesActionsTest-360059149-project] Task 'cinder.volume.flows.api.create_volume.ExtractVolumeRequestTask;volume:create' (8106200c-477b-4d44-b8b0-a20967bb8967) transitioned into state 'RUNNING' from state 'PENDING' {{(pid=100366) _task_receiver /usr/local/lib/python3.8/dist-packages/taskflow/listeners/logging.py:190}}
Aug 10 15:11:07.284394 dv-cinder-788363-12-iscsi devstack@c-api.service[100366]: DEBUG cinder.volume.flows.api.create_volume [None req-f8e5277b-3cac-46de-af36-3d5a2380ecf4 tempest-VolumesActionsTest-360059149 tempest-VolumesActionsTest-360059149-project] Validating volume size '1' using validate_int {{(pid=100366) _extract_size /opt/stack/cinder/cinder/volume/flows/api/create_volume.py:225}}
Aug 10 15:11:07.315007 dv-cinder-788363-12-iscsi devstack@c-api.service[100366]: DEBUG cinder.volume.api [None req-f8e5277b-3cac-46de-af36-3d5a2380ecf4 tempest-VolumesActionsTest-360059149 tempest-VolumesActionsTest-360059149-project] Task 'cinder.volume.flows.api.create_volume.ExtractVolumeRequestTask;volume:create' (8106200c-477b-4d44-b8b0-a20967bb8967) transitioned into state 'SUCCESS' from state 'RUNNING' with result '{'size': 1, 'snapshot_id': None, 'source_volid': None, 'volume_type': VolumeType(created_at=2021-08-10T15:01:07Z,deleted=False,deleted_at=None,description='Default Volume Type',extra_specs={},id=150d0ea8-003f-42a3-a0f9-7871737bbd35,is_public=True,name='__DEFAULT__',projects=[],qos_specs=,qos_specs_id=None,updated_at=2021-08-10T15:01:07Z), 'volume_type_id': '150d0ea8-003f-42a3-a0f9-7871737bbd35', 'encryption_key_id': None, 'qos_specs': None, 'consistencygroup_id': None, 'cgsnapshot_id': None, 'group_id': None, 'replication_status': 'disabled', 'refresh_az': False, 'backup_id': None, 'multiattach': False, 'availability_zones': ['nova']}' {{(pid=100366) _task_receiver /usr/local/lib/python3.8/dist-packages/taskflow/listeners/logging.py:178}}
Aug 10 15:11:07.316998 dv-cinder-788363-12-iscsi devstack@c-api.service[100366]: DEBUG cinder.volume.api [None req-f8e5277b-3cac-46de-af36-3d5a2380ecf4 tempest-VolumesActionsTest-360059149 tempest-VolumesActionsTest-360059149-project] Task 'cinder.volume.flows.api.create_volume.QuotaReserveTask;volume:create' (7ed8e6f5-b3db-465a-86bd-dc258cc67ae1) transitioned into state 'RUNNING' from state 'PENDING' {{(pid=100366) _task_receiver /usr/local/lib/python3.8/dist-packages/taskflow/listeners/logging.py:190}}
Aug 10 15:11:07.404108 dv-cinder-788363-12-iscsi devstack@c-api.service[100366]: DEBUG cinder.quota [None req-f8e5277b-3cac-46de-af36-3d5a2380ecf4 tempest-VolumesActionsTest-360059149 tempest-VolumesActionsTest-360059149-project] Created reservations ['d801c3d1-44cb-4d95-bc93-2fd0dde2576f', 'b1f08e8c-1ef0-43fb-a2a5-350f0fab3d1c', 'fc3bfcbe-c37b-42c5-ae4d-42fa8e16ac93', '0a7beb23-3ada-4acd-8876-82a3ae9d897b'] {{(pid=100366) reserve /opt/stack/cinder/cinder/quota.py:755}}
Aug 10 15:11:07.406297 dv-cinder-788363-12-iscsi devstack@c-api.service[100366]: DEBUG cinder.volume.api [None req-f8e5277b-3cac-46de-af36-3d5a2380ecf4 tempest-VolumesActionsTest-360059149 tempest-VolumesActionsTest-360059149-project] Task 'cinder.volume.flows.api.create_volume.QuotaReserveTask;volume:create' (7ed8e6f5-b3db-465a-86bd-dc258cc67ae1) transitioned into state 'SUCCESS' from state 'RUNNING' with result '{'reservations': ['d801c3d1-44cb-4d95-bc93-2fd0dde2576f', 'b1f08e8c-1ef0-43fb-a2a5-350f0fab3d1c', 'fc3bfcbe-c37b-42c5-ae4d-42fa8e16ac93', '0a7beb23-3ada-4acd-8876-82a3ae9d897b']}' {{(pid=100366) _task_receiver /usr/local/lib/python3.8/dist-packages/taskflow/listeners/logging.py:178}}
Aug 10 15:11:07.408711 dv-cinder-788363-12-iscsi devstack@c-api.service[100366]: DEBUG cinder.volume.api [None req-f8e5277b-3cac-46de-af36-3d5a2380ecf4 tempest-VolumesActionsTest-360059149 tempest-VolumesActionsTest-360059149-project] Task 'cinder.volume.flows.api.create_volume.EntryCreateTask;volume:create' (5214e201-3658-4f61-9c3b-7f11c5811b48) transitioned into state 'RUNNING' from state 'PENDING' {{(pid=100366) _task_receiver /usr/local/lib/python3.8/dist-packages/taskflow/listeners/logging.py:190}}
Aug 10 15:11:07.416279 dv-cinder-788363-12-iscsi devstack@c-api.service[100367]: INFO cinder.api.openstack.wsgi [None req-ab9e079e-7db4-4fce-b52f-7c8bd589a109 tempest-GroupsTest-852759414 tempest-GroupsTest-852759414-project] GET http://10.222.0.60/volume/v3/234091ef86b34061b62b4200020fce99/groups/876337d0-afec-4f65-b1ad-24afc15f1841
Aug 10 15:11:07.416742 dv-cinder-788363-12-iscsi devstack@c-api.service[100367]: DEBUG cinder.api.openstack.wsgi [None req-ab9e079e-7db4-4fce-b52f-7c8bd589a109 tempest-GroupsTest-852759414 tempest-GroupsTest-852759414-project] Empty body provided in request {{(pid=100367) get_body /opt/stack/cinder/cinder/api/openstack/wsgi.py:703}}
Aug 10 15:11:07.417086 dv-cinder-788363-12-iscsi devstack@c-api.service[100367]: /usr/local/lib/python3.8/dist-packages/webob/acceptparse.py:1047: DeprecationWarning: The behavior of AcceptValidHeader.best_match is currently being maintained for backward compatibility, but it will be deprecated in the future, as it does not conform to the RFC.
Aug 10 15:11:07.417086 dv-cinder-788363-12-iscsi devstack@c-api.service[100367]: warnings.warn(
Aug 10 15:11:07.417634 dv-cinder-788363-12-iscsi devstack@c-api.service[100367]: DEBUG cinder.api.openstack.wsgi [None req-ab9e079e-7db4-4fce-b52f-7c8bd589a109 tempest-GroupsTest-852759414 tempest-GroupsTest-852759414-project] Calling method 'version_select' {{(pid=100367) _process_stack /opt/stack/cinder/cinder/api/openstack/wsgi.py:856}}
Aug 10 15:11:07.417985 dv-cinder-788363-12-iscsi devstack@c-api.service[100367]: DEBUG cinder.api.v3.groups [None req-ab9e079e-7db4-4fce-b52f-7c8bd589a109 tempest-GroupsTest-852759414 tempest-GroupsTest-852759414-project] show called for member 876337d0-afec-4f65-b1ad-24afc15f1841 {{(pid=100367) show /opt/stack/cinder/cinder/api/v3/groups.py:58}}
Aug 10 15:11:07.423782 dv-cinder-788363-12-iscsi devstack@c-api.service[100367]: /usr/local/lib/python3.8/dist-packages/oslo_context/context.py:105: DeprecationWarning: Policy enforcement is depending on the value of is_admin. This key is deprecated. Please update your policy file to use the standard policy values.
Aug 10 15:11:07.423782 dv-cinder-788363-12-iscsi devstack@c-api.service[100367]: warnings.warn('Policy enforcement is depending on the value of '
Aug 10 15:11:07.433525 dv-cinder-788363-12-iscsi devstack@c-api.service[100366]: DEBUG cinder.volume.api [None req-f8e5277b-3cac-46de-af36-3d5a2380ecf4 tempest-VolumesActionsTest-360059149 tempest-VolumesActionsTest-360059149-project] Task 'cinder.volume.flows.api.create_volume.EntryCreateTask;volume:create' (5214e201-3658-4f61-9c3b-7f11c5811b48) transitioned into state 'SUCCESS' from state 'RUNNING' with result '{'volume_id': '4a0a9da0-2479-46d4-bf8b-45769bfda282', 'volume_properties': VolumeProperties(attach_status='detached',availability_zone='nova',cgsnapshot_id=None,consistencygroup_id=None,display_description=None,display_name='tempest-VolumesActionsTest-Volume-1539520088',encryption_key_id=None,group_id=None,group_type_id=,metadata={},multiattach=False,project_id='628133ca790442b2a3d1690658fea6a0',qos_specs=None,replication_status=,reservations=['d801c3d1-44cb-4d95-bc93-2fd0dde2576f','b1f08e8c-1ef0-43fb-a2a5-350f0fab3d1c','fc3bfcbe-c37b-42c5-ae4d-42fa8e16ac93','0a7beb23-3ada-4acd-8876-82a3ae9d897b'],size=1,snapshot_id=None,source_replicaid=,source_volid=None,status='creating',user_id='5b185ca975d0479c81547230dd7c7551',volume_type_id=150d0ea8-003f-42a3-a0f9-7871737bbd35), 'volume': Volume(_name_id=None,admin_metadata=,attach_status='detached',availability_zone='nova',bootable=False,cluster=,cluster_name=None,consistencygroup=,consistencygroup_id=None,created_at=2021-08-10T15:11:07Z,deleted=False,deleted_at=None,display_description=None,display_name='tempest-VolumesActionsTest-Volume-1539520088',ec2_id=None,encryption_key_id=None,glance_metadata=,group=,group_id=None,host=None,id=4a0a9da0-2479-46d4-bf8b-45769bfda282,launched_at=None,metadata={},migration_status=None,multiattach=False,previous_status=None,project_id='628133ca790442b2a3d1690658fea6a0',provider_auth=None,provider_geometry=None,provider_id=None,provider_location=None,replication_driver_data=None,replication_extended_status=None,replication_status=None,scheduled_at=None,service_uuid=None,shared_targets=True,size=1,snapshot_id=None,snapshots=,source_volid=None,status='creating',terminated_at=None,updated_at=None,user_id='5b185ca975d0479c81547230dd7c7551',volume_attachment=,volume_type=VolumeType(150d0ea8-003f-42a3-a0f9-7871737bbd35),volume_type_id=150d0ea8-003f-42a3-a0f9-7871737bbd35)}' {{(pid=100366) _task_receiver /usr/local/lib/python3.8/dist-packages/taskflow/listeners/logging.py:178}}
Aug 10 15:11:07.435511 dv-cinder-788363-12-iscsi devstack@c-api.service[100366]: DEBUG cinder.volume.api [None req-f8e5277b-3cac-46de-af36-3d5a2380ecf4 tempest-VolumesActionsTest-360059149 tempest-VolumesActionsTest-360059149-project] Task 'cinder.volume.flows.api.create_volume.QuotaCommitTask;volume:create' (30d9346c-100b-4854-a377-537c09daafa7) transitioned into state 'RUNNING' from state 'PENDING' {{(pid=100366) _task_receiver /usr/local/lib/python3.8/dist-packages/taskflow/listeners/logging.py:190}}
Aug 10 15:11:07.437902 dv-cinder-788363-12-iscsi devstack@c-api.service[100367]: INFO cinder.api.openstack.wsgi [None req-ab9e079e-7db4-4fce-b52f-7c8bd589a109 tempest-GroupsTest-852759414 tempest-GroupsTest-852759414-project] http://10.222.0.60/volume/v3/234091ef86b34061b62b4200020fce99/groups/876337d0-afec-4f65-b1ad-24afc15f1841 returned with HTTP 200
Aug 10 15:11:07.439177 dv-cinder-788363-12-iscsi devstack@c-api.service[100367]: [pid: 100367|app: 0|req: 236/452] 10.222.0.60 () {60 vars in 1363 bytes} [Tue Aug 10 15:11:07 2021] GET /volume/v3/234091ef86b34061b62b4200020fce99/groups/876337d0-afec-4f65-b1ad-24afc15f1841 => generated 322 bytes in 27 msecs (HTTP/1.1 200) 7 headers in 286 bytes (1 switches on core 0)
Aug 10 15:11:07.449118 dv-cinder-788363-12-iscsi devstack@c-api.service[100367]: INFO cinder.api.openstack.wsgi [None req-67710486-dd88-4d5d-9222-ab229618e88d tempest-GroupsTest-852759414 tempest-GroupsTest-852759414-project] POST http://10.222.0.60/volume/v3/234091ef86b34061b62b4200020fce99/groups
Aug 10 15:11:07.449529 dv-cinder-788363-12-iscsi devstack@c-api.service[100367]: /usr/local/lib/python3.8/dist-packages/webob/acceptparse.py:1047: DeprecationWarning: The behavior of AcceptValidHeader.best_match is currently being maintained for backward compatibility, but it will be deprecated in the future, as it does not conform to the RFC.
Aug 10 15:11:07.449529 dv-cinder-788363-12-iscsi devstack@c-api.service[100367]: warnings.warn(
Aug 10 15:11:07.449921 dv-cinder-788363-12-iscsi devstack@c-api.service[100367]: DEBUG cinder.api.openstack.wsgi [None req-67710486-dd88-4d5d-9222-ab229618e88d tempest-GroupsTest-852759414 tempest-GroupsTest-852759414-project] Action: 'create', calling method: version_select, body: {"group": {"group_type": "efc9600a-336e-4179-8d2f-f2b3da622e3f", "volume_types": ["7cc4b31a-76d2-4a46-8c40-5f93348f7e7d"], "name": "tempest-Group2-834075864"}} {{(pid=100367) _process_stack /opt/stack/cinder/cinder/api/openstack/wsgi.py:854}}
Aug 10 15:11:07.450798 dv-cinder-788363-12-iscsi devstack@c-api.service[100367]: DEBUG cinder.api.v3.groups [None req-67710486-dd88-4d5d-9222-ab229618e88d tempest-GroupsTest-852759414 tempest-GroupsTest-852759414-project] Creating new group {'group': {'group_type': 'efc9600a-336e-4179-8d2f-f2b3da622e3f', 'volume_types': ['7cc4b31a-76d2-4a46-8c40-5f93348f7e7d'], 'name': 'tempest-Group2-834075864'}} {{(pid=100367) create /opt/stack/cinder/cinder/api/v3/groups.py:190}}
Aug 10 15:11:07.455756 dv-cinder-788363-12-iscsi devstack@c-api.service[100367]: INFO cinder.api.v3.groups [None req-67710486-dd88-4d5d-9222-ab229618e88d tempest-GroupsTest-852759414 tempest-GroupsTest-852759414-project] Creating group tempest-Group2-834075864.
Aug 10 15:11:07.456347 dv-cinder-788363-12-iscsi devstack@c-api.service[100367]: /usr/local/lib/python3.8/dist-packages/oslo_context/context.py:105: DeprecationWarning: Policy enforcement is depending on the value of is_admin. This key is deprecated. Please update your policy file to use the standard policy values.
Aug 10 15:11:07.456347 dv-cinder-788363-12-iscsi devstack@c-api.service[100367]: warnings.warn('Policy enforcement is depending on the value of '
Aug 10 15:11:07.467107 dv-cinder-788363-12-iscsi devstack@c-api.service[100366]: DEBUG cinder.volume.api [None req-f8e5277b-3cac-46de-af36-3d5a2380ecf4 tempest-VolumesActionsTest-360059149 tempest-VolumesActionsTest-360059149-project] Task 'cinder.volume.flows.api.create_volume.QuotaCommitTask;volume:create' (30d9346c-100b-4854-a377-537c09daafa7) transitioned into state 'SUCCESS' from state 'RUNNING' with result '{'volume_properties': VolumeProperties(attach_status='detached',availability_zone='nova',cgsnapshot_id=None,consistencygroup_id=None,display_description=None,display_name='tempest-VolumesActionsTest-Volume-1539520088',encryption_key_id=None,group_id=None,group_type_id=,metadata={},multiattach=False,project_id='628133ca790442b2a3d1690658fea6a0',qos_specs=None,replication_status=,reservations=['d801c3d1-44cb-4d95-bc93-2fd0dde2576f','b1f08e8c-1ef0-43fb-a2a5-350f0fab3d1c','fc3bfcbe-c37b-42c5-ae4d-42fa8e16ac93','0a7beb23-3ada-4acd-8876-82a3ae9d897b'],size=1,snapshot_id=None,source_replicaid=,source_volid=None,status='creating',user_id='5b185ca975d0479c81547230dd7c7551',volume_type_id=150d0ea8-003f-42a3-a0f9-7871737bbd35)}' {{(pid=100366) _task_receiver /usr/local/lib/python3.8/dist-packages/taskflow/listeners/logging.py:178}}
Aug 10 15:11:07.467481 dv-cinder-788363-12-iscsi devstack@c-api.service[100367]: INFO cinder.volume.api [None req-67710486-dd88-4d5d-9222-ab229618e88d tempest-GroupsTest-852759414 tempest-GroupsTest-852759414-project] Availability Zones retrieved successfully.
Aug 10 15:11:07.468891 dv-cinder-788363-12-iscsi devstack@c-api.service[100366]: DEBUG cinder.volume.api [None req-f8e5277b-3cac-46de-af36-3d5a2380ecf4 tempest-VolumesActionsTest-360059149 tempest-VolumesActionsTest-360059149-project] Task 'cinder.volume.flows.api.create_volume.VolumeCastTask;volume:create' (2f628c4f-2f2f-4685-9578-91f39e73f2a6) transitioned into state 'RUNNING' from state 'PENDING' {{(pid=100366) _task_receiver /usr/local/lib/python3.8/dist-packages/taskflow/listeners/logging.py:190}}
Aug 10 15:11:07.484385 dv-cinder-788363-12-iscsi devstack@c-api.service[100366]: DEBUG cinder.volume.api [None req-f8e5277b-3cac-46de-af36-3d5a2380ecf4 tempest-VolumesActionsTest-360059149 tempest-VolumesActionsTest-360059149-project] Task 'cinder.volume.flows.api.create_volume.VolumeCastTask;volume:create' (2f628c4f-2f2f-4685-9578-91f39e73f2a6) transitioned into state 'SUCCESS' from state 'RUNNING' with result 'None' {{(pid=100366) _task_receiver /usr/local/lib/python3.8/dist-packages/taskflow/listeners/logging.py:178}}
Aug 10 15:11:07.485544 dv-cinder-788363-12-iscsi devstack@c-api.service[100367]: DEBUG cinder.quota [None req-67710486-dd88-4d5d-9222-ab229618e88d tempest-GroupsTest-852759414 tempest-GroupsTest-852759414-project] Created reservations ['ee1db358-a478-4a59-85bc-44e65ca491a4'] {{(pid=100367) reserve /opt/stack/cinder/cinder/quota.py:755}}
Aug 10 15:11:07.487025 dv-cinder-788363-12-iscsi devstack@c-api.service[100366]: DEBUG cinder.volume.api [None req-f8e5277b-3cac-46de-af36-3d5a2380ecf4 tempest-VolumesActionsTest-360059149 tempest-VolumesActionsTest-360059149-project] Flow 'volume_create_api' (066517a7-ea4a-4f90-943f-8d42213a5ff0) transitioned into state 'SUCCESS' from state 'RUNNING' {{(pid=100366) _flow_receiver /usr/local/lib/python3.8/dist-packages/taskflow/listeners/logging.py:141}}
Aug 10 15:11:07.490709 dv-cinder-788363-12-iscsi devstack@c-api.service[100366]: INFO cinder.volume.api [None req-f8e5277b-3cac-46de-af36-3d5a2380ecf4 tempest-VolumesActionsTest-360059149 tempest-VolumesActionsTest-360059149-project] Create volume request issued successfully.
Aug 10 15:11:07.495433 dv-cinder-788363-12-iscsi devstack@c-api.service[100366]: INFO cinder.api.openstack.wsgi [None req-f8e5277b-3cac-46de-af36-3d5a2380ecf4 tempest-VolumesActionsTest-360059149 tempest-VolumesActionsTest-360059149-project] http://10.222.0.60/volume/v3/628133ca790442b2a3d1690658fea6a0/volumes returned with HTTP 202
Aug 10 15:11:07.496373 dv-cinder-788363-12-iscsi devstack@c-api.service[100366]: [pid: 100366|app: 0|req: 217/453] 10.222.0.60 () {60 vars in 1235 bytes} [Tue Aug 10 15:11:07 2021] POST /volume/v3/628133ca790442b2a3d1690658fea6a0/volumes => generated 818 bytes in 353 msecs (HTTP/1.1 202) 7 headers in 291 bytes (1 switches on core 0)
Aug 10 15:11:07.511637 dv-cinder-788363-12-iscsi devstack@c-api.service[100366]: INFO cinder.api.openstack.wsgi [None req-dc8608e7-63ae-4131-84c4-0206c1fec568 tempest-VolumesActionsTest-360059149 tempest-VolumesActionsTest-360059149-project] GET http://10.222.0.60/volume/v3/628133ca790442b2a3d1690658fea6a0/volumes/4a0a9da0-2479-46d4-bf8b-45769bfda282
Aug 10 15:11:07.512253 dv-cinder-788363-12-iscsi devstack@c-api.service[100366]: DEBUG cinder.api.openstack.wsgi [None req-dc8608e7-63ae-4131-84c4-0206c1fec568 tempest-VolumesActionsTest-360059149 tempest-VolumesActionsTest-360059149-project] Empty body provided in request {{(pid=100366) get_body /opt/stack/cinder/cinder/api/openstack/wsgi.py:703}}
Aug 10 15:11:07.512374 dv-cinder-788363-12-iscsi devstack@c-api.service[100366]: /usr/local/lib/python3.8/dist-packages/webob/acceptparse.py:1047: DeprecationWarning: The behavior of AcceptValidHeader.best_match is currently being maintained for backward compatibility, but it will be deprecated in the future, as it does not conform to the RFC.
Aug 10 15:11:07.512374 dv-cinder-788363-12-iscsi devstack@c-api.service[100366]: warnings.warn(
Aug 10 15:11:07.512680 dv-cinder-788363-12-iscsi devstack@c-api.service[100366]: DEBUG cinder.api.openstack.wsgi [None req-dc8608e7-63ae-4131-84c4-0206c1fec568 tempest-VolumesActionsTest-360059149 tempest-VolumesActionsTest-360059149-project] Calling method 'show' {{(pid=100366) _process_stack /opt/stack/cinder/cinder/api/openstack/wsgi.py:856}}
Aug 10 15:11:07.523862 dv-cinder-788363-12-iscsi devstack@c-api.service[100367]: INFO cinder.api.openstack.wsgi [None req-67710486-dd88-4d5d-9222-ab229618e88d tempest-GroupsTest-852759414 tempest-GroupsTest-852759414-project] http://10.222.0.60/volume/v3/234091ef86b34061b62b4200020fce99/groups returned with HTTP 202
Aug 10 15:11:07.525049 dv-cinder-788363-12-iscsi devstack@c-api.service[100367]: [pid: 100367|app: 0|req: 237/454] 10.222.0.60 () {62 vars in 1274 bytes} [Tue Aug 10 15:11:07 2021] POST /volume/v3/234091ef86b34061b62b4200020fce99/groups => generated 93 bytes in 80 msecs (HTTP/1.1 202) 7 headers in 291 bytes (2 switches on core 0)
Aug 10 15:11:07.529722 dv-cinder-788363-12-iscsi devstack@c-api.service[100366]: /usr/local/lib/python3.8/dist-packages/oslo_context/context.py:105: DeprecationWarning: Policy enforcement is depending on the value of is_admin. This key is deprecated. Please update your policy file to use the standard policy values.
Aug 10 15:11:07.529722 dv-cinder-788363-12-iscsi devstack@c-api.service[100366]: warnings.warn('Policy enforcement is depending on the value of '
Aug 10 15:11:07.535648 dv-cinder-788363-12-iscsi devstack@c-api.service[100367]: INFO cinder.api.openstack.wsgi [None req-0711324e-6a77-4cf0-baca-5ccc5d23d842 tempest-GroupsTest-852759414 tempest-GroupsTest-852759414-project] GET http://10.222.0.60/volume/v3/234091ef86b34061b62b4200020fce99/groups/399f9ca4-a355-41f6-806d-8f0abf6caffc
Aug 10 15:11:07.536046 dv-cinder-788363-12-iscsi devstack@c-api.service[100367]: DEBUG cinder.api.openstack.wsgi [None req-0711324e-6a77-4cf0-baca-5ccc5d23d842 tempest-GroupsTest-852759414 tempest-GroupsTest-852759414-project] Empty body provided in request {{(pid=100367) get_body /opt/stack/cinder/cinder/api/openstack/wsgi.py:703}}
Aug 10 15:11:07.536217 dv-cinder-788363-12-iscsi devstack@c-api.service[100367]: /usr/local/lib/python3.8/dist-packages/webob/acceptparse.py:1047: DeprecationWarning: The behavior of AcceptValidHeader.best_match is currently being maintained for backward compatibility, but it will be deprecated in the future, as it does not conform to the RFC.
Aug 10 15:11:07.536217 dv-cinder-788363-12-iscsi devstack@c-api.service[100367]: warnings.warn(
Aug 10 15:11:07.536523 dv-cinder-788363-12-iscsi devstack@c-api.service[100367]: DEBUG cinder.api.openstack.wsgi [None req-0711324e-6a77-4cf0-baca-5ccc5d23d842 tempest-GroupsTest-852759414 tempest-GroupsTest-852759414-project] Calling method 'version_select' {{(pid=100367) _process_stack /opt/stack/cinder/cinder/api/openstack/wsgi.py:856}}
Aug 10 15:11:07.536861 dv-cinder-788363-12-iscsi devstack@c-api.service[100367]: DEBUG cinder.api.v3.groups [None req-0711324e-6a77-4cf0-baca-5ccc5d23d842 tempest-GroupsTest-852759414 tempest-GroupsTest-852759414-project] show called for member 399f9ca4-a355-41f6-806d-8f0abf6caffc {{(pid=100367) show /opt/stack/cinder/cinder/api/v3/groups.py:58}}
Aug 10 15:11:07.539129 dv-cinder-788363-12-iscsi devstack@c-api.service[100366]: INFO cinder.volume.api [None req-dc8608e7-63ae-4131-84c4-0206c1fec568 tempest-VolumesActionsTest-360059149 tempest-VolumesActionsTest-360059149-project] Volume info retrieved successfully.
Aug 10 15:11:07.542531 dv-cinder-788363-12-iscsi devstack@c-api.service[100367]: /usr/local/lib/python3.8/dist-packages/oslo_context/context.py:105: DeprecationWarning: Policy enforcement is depending on the value of is_admin. This key is deprecated. Please update your policy file to use the standard policy values.
Aug 10 15:11:07.542531 dv-cinder-788363-12-iscsi devstack@c-api.service[100367]: warnings.warn('Policy enforcement is depending on the value of '
Aug 10 15:11:07.554519 dv-cinder-788363-12-iscsi devstack@c-api.service[100366]: INFO cinder.api.openstack.wsgi [None req-dc8608e7-63ae-4131-84c4-0206c1fec568 tempest-VolumesActionsTest-360059149 tempest-VolumesActionsTest-360059149-project] http://10.222.0.60/volume/v3/628133ca790442b2a3d1690658fea6a0/volumes/4a0a9da0-2479-46d4-bf8b-45769bfda282 returned with HTTP 200
Aug 10 15:11:07.555501 dv-cinder-788363-12-iscsi devstack@c-api.service[100366]: [pid: 100366|app: 0|req: 218/455] 10.222.0.60 () {58 vars in 1325 bytes} [Tue Aug 10 15:11:07 2021] GET /volume/v3/628133ca790442b2a3d1690658fea6a0/volumes/4a0a9da0-2479-46d4-bf8b-45769bfda282 => generated 886 bytes in 49 msecs (HTTP/1.1 200) 7 headers in 285 bytes (2 switches on core 0)
Aug 10 15:11:07.564482 dv-cinder-788363-12-iscsi devstack@c-api.service[100367]: INFO cinder.api.openstack.wsgi [None req-0711324e-6a77-4cf0-baca-5ccc5d23d842 tempest-GroupsTest-852759414 tempest-GroupsTest-852759414-project] http://10.222.0.60/volume/v3/234091ef86b34061b62b4200020fce99/groups/399f9ca4-a355-41f6-806d-8f0abf6caffc returned with HTTP 200
Aug 10 15:11:07.565796 dv-cinder-788363-12-iscsi devstack@c-api.service[100367]: [pid: 100367|app: 0|req: 238/456] 10.222.0.60 () {60 vars in 1363 bytes} [Tue Aug 10 15:11:07 2021] GET /volume/v3/234091ef86b34061b62b4200020fce99/groups/399f9ca4-a355-41f6-806d-8f0abf6caffc => generated 321 bytes in 35 msecs (HTTP/1.1 200) 7 headers in 286 bytes (1 switches on core 0)
Aug 10 15:11:07.674793 dv-cinder-788363-12-iscsi devstack@c-api.service[100366]: INFO cinder.api.openstack.wsgi [None req-5b868f4f-01a8-447b-badd-62acbe5d424d tempest-AttachVolumeNegativeTest-1860484476 tempest-AttachVolumeNegativeTest-1860484476-project] GET http://10.222.0.60/volume/v3/f486a2d555484c73b39044676a92aa81/volumes/1275ea02-8d5b-40aa-99a0-fb91b2e93fd5
Aug 10 15:11:07.675264 dv-cinder-788363-12-iscsi devstack@c-api.service[100366]: DEBUG cinder.api.openstack.wsgi [None req-5b868f4f-01a8-447b-badd-62acbe5d424d tempest-AttachVolumeNegativeTest-1860484476 tempest-AttachVolumeNegativeTest-1860484476-project] Empty body provided in request {{(pid=100366) get_body /opt/stack/cinder/cinder/api/openstack/wsgi.py:703}}
Aug 10 15:11:07.675432 dv-cinder-788363-12-iscsi devstack@c-api.service[100366]: /usr/local/lib/python3.8/dist-packages/webob/acceptparse.py:1047: DeprecationWarning: The behavior of AcceptValidHeader.best_match is currently being maintained for backward compatibility, but it will be deprecated in the future, as it does not conform to the RFC.
Aug 10 15:11:07.675432 dv-cinder-788363-12-iscsi devstack@c-api.service[100366]: warnings.warn(
Aug 10 15:11:07.675740 dv-cinder-788363-12-iscsi devstack@c-api.service[100366]: DEBUG cinder.api.openstack.wsgi [None req-5b868f4f-01a8-447b-badd-62acbe5d424d tempest-AttachVolumeNegativeTest-1860484476 tempest-AttachVolumeNegativeTest-1860484476-project] Calling method 'show' {{(pid=100366) _process_stack /opt/stack/cinder/cinder/api/openstack/wsgi.py:856}}
Aug 10 15:11:07.688847 dv-cinder-788363-12-iscsi devstack@c-api.service[100366]: /usr/local/lib/python3.8/dist-packages/oslo_context/context.py:105: DeprecationWarning: Policy enforcement is depending on the value of is_admin. This key is deprecated. Please update your policy file to use the standard policy values.
Aug 10 15:11:07.688847 dv-cinder-788363-12-iscsi devstack@c-api.service[100366]: warnings.warn('Policy enforcement is depending on the value of '
Aug 10 15:11:07.695376 dv-cinder-788363-12-iscsi devstack@c-api.service[100366]: INFO cinder.volume.api [None req-5b868f4f-01a8-447b-badd-62acbe5d424d tempest-AttachVolumeNegativeTest-1860484476 tempest-AttachVolumeNegativeTest-1860484476-project] Volume info retrieved successfully.
Aug 10 15:11:07.706128 dv-cinder-788363-12-iscsi devstack@c-api.service[100366]: /usr/local/lib/python3.8/dist-packages/oslo_context/context.py:105: DeprecationWarning: Policy enforcement is depending on the value of is_admin. This key is deprecated. Please update your policy file to use the standard policy values.
Aug 10 15:11:07.706128 dv-cinder-788363-12-iscsi devstack@c-api.service[100366]: warnings.warn('Policy enforcement is depending on the value of '
Aug 10 15:11:07.712915 dv-cinder-788363-12-iscsi devstack@c-api.service[100366]: INFO cinder.api.openstack.wsgi [None req-5b868f4f-01a8-447b-badd-62acbe5d424d tempest-AttachVolumeNegativeTest-1860484476 tempest-AttachVolumeNegativeTest-1860484476-project] http://10.222.0.60/volume/v3/f486a2d555484c73b39044676a92aa81/volumes/1275ea02-8d5b-40aa-99a0-fb91b2e93fd5 returned with HTTP 200
Aug 10 15:11:07.714274 dv-cinder-788363-12-iscsi devstack@c-api.service[100366]: [pid: 100366|app: 0|req: 219/457] 10.222.0.60 () {58 vars in 1325 bytes} [Tue Aug 10 15:11:07 2021] GET /volume/v3/f486a2d555484c73b39044676a92aa81/volumes/1275ea02-8d5b-40aa-99a0-fb91b2e93fd5 => generated 1209 bytes in 43 msecs (HTTP/1.1 200) 7 headers in 286 bytes (1 switches on core 0)
Aug 10 15:11:07.731989 dv-cinder-788363-12-iscsi devstack@c-api.service[100367]: INFO cinder.api.openstack.wsgi [None req-ac6b21c9-bd40-4cfa-9ba9-1f60f96d9844 tempest-AttachVolumeNegativeTest-1860484476 tempest-AttachVolumeNegativeTest-1860484476-project] GET http://10.222.0.60/volume/v3/f486a2d555484c73b39044676a92aa81/volumes/1275ea02-8d5b-40aa-99a0-fb91b2e93fd5
Aug 10 15:11:07.732522 dv-cinder-788363-12-iscsi devstack@c-api.service[100367]: DEBUG cinder.api.openstack.wsgi [None req-ac6b21c9-bd40-4cfa-9ba9-1f60f96d9844 tempest-AttachVolumeNegativeTest-1860484476 tempest-AttachVolumeNegativeTest-1860484476-project] Empty body provided in request {{(pid=100367) get_body /opt/stack/cinder/cinder/api/openstack/wsgi.py:703}}
Aug 10 15:11:07.732691 dv-cinder-788363-12-iscsi devstack@c-api.service[100367]: /usr/local/lib/python3.8/dist-packages/webob/acceptparse.py:1047: DeprecationWarning: The behavior of AcceptValidHeader.best_match is currently being maintained for backward compatibility, but it will be deprecated in the future, as it does not conform to the RFC.
Aug 10 15:11:07.732691 dv-cinder-788363-12-iscsi devstack@c-api.service[100367]: warnings.warn(
Aug 10 15:11:07.733003 dv-cinder-788363-12-iscsi devstack@c-api.service[100367]: DEBUG cinder.api.openstack.wsgi [None req-ac6b21c9-bd40-4cfa-9ba9-1f60f96d9844 tempest-AttachVolumeNegativeTest-1860484476 tempest-AttachVolumeNegativeTest-1860484476-project] Calling method 'show' {{(pid=100367) _process_stack /opt/stack/cinder/cinder/api/openstack/wsgi.py:856}}
Aug 10 15:11:07.747994 dv-cinder-788363-12-iscsi devstack@c-api.service[100367]: /usr/local/lib/python3.8/dist-packages/oslo_context/context.py:105: DeprecationWarning: Policy enforcement is depending on the value of is_admin. This key is deprecated. Please update your policy file to use the standard policy values.
Aug 10 15:11:07.747994 dv-cinder-788363-12-iscsi devstack@c-api.service[100367]: warnings.warn('Policy enforcement is depending on the value of '
Aug 10 15:11:07.754832 dv-cinder-788363-12-iscsi devstack@c-api.service[100367]: INFO cinder.volume.api [None req-ac6b21c9-bd40-4cfa-9ba9-1f60f96d9844 tempest-AttachVolumeNegativeTest-1860484476 tempest-AttachVolumeNegativeTest-1860484476-project] Volume info retrieved successfully.
Aug 10 15:11:07.766625 dv-cinder-788363-12-iscsi devstack@c-api.service[100367]: /usr/local/lib/python3.8/dist-packages/oslo_context/context.py:105: DeprecationWarning: Policy enforcement is depending on the value of is_admin. This key is deprecated. Please update your policy file to use the standard policy values.
Aug 10 15:11:07.766625 dv-cinder-788363-12-iscsi devstack@c-api.service[100367]: warnings.warn('Policy enforcement is depending on the value of '
Aug 10 15:11:07.774387 dv-cinder-788363-12-iscsi devstack@c-api.service[100367]: INFO cinder.api.openstack.wsgi [None req-ac6b21c9-bd40-4cfa-9ba9-1f60f96d9844 tempest-AttachVolumeNegativeTest-1860484476 tempest-AttachVolumeNegativeTest-1860484476-project] http://10.222.0.60/volume/v3/f486a2d555484c73b39044676a92aa81/volumes/1275ea02-8d5b-40aa-99a0-fb91b2e93fd5 returned with HTTP 200
Aug 10 15:11:07.775181 dv-cinder-788363-12-iscsi devstack@c-api.service[100367]: [pid: 100367|app: 0|req: 239/458] 10.222.0.60 () {58 vars in 1325 bytes} [Tue Aug 10 15:11:07 2021] GET /volume/v3/f486a2d555484c73b39044676a92aa81/volumes/1275ea02-8d5b-40aa-99a0-fb91b2e93fd5 => generated 1209 bytes in 47 msecs (HTTP/1.1 200) 7 headers in 286 bytes (1 switches on core 0)
Aug 10 15:11:08.009579 dv-cinder-788363-12-iscsi devstack@c-api.service[100366]: INFO cinder.api.openstack.wsgi [None req-6e553847-7e4a-4483-ab2c-77b353cb1521 tempest-VolumesExtendTest-1432156359 tempest-VolumesExtendTest-1432156359-project] GET http://10.222.0.60/volume/v3/f74b446df25f4c2499d425d96d623c24/volumes/b4740170-ae29-4e53-a651-39a0378601be
Aug 10 15:11:08.010166 dv-cinder-788363-12-iscsi devstack@c-api.service[100366]: DEBUG cinder.api.openstack.wsgi [None req-6e553847-7e4a-4483-ab2c-77b353cb1521 tempest-VolumesExtendTest-1432156359 tempest-VolumesExtendTest-1432156359-project] Empty body provided in request {{(pid=100366) get_body /opt/stack/cinder/cinder/api/openstack/wsgi.py:703}}
Aug 10 15:11:08.010279 dv-cinder-788363-12-iscsi devstack@c-api.service[100366]: /usr/local/lib/python3.8/dist-packages/webob/acceptparse.py:1047: DeprecationWarning: The behavior of AcceptValidHeader.best_match is currently being maintained for backward compatibility, but it will be deprecated in the future, as it does not conform to the RFC.
Aug 10 15:11:08.010279 dv-cinder-788363-12-iscsi devstack@c-api.service[100366]: warnings.warn(
Aug 10 15:11:08.011352 dv-cinder-788363-12-iscsi devstack@c-api.service[100366]: DEBUG cinder.api.openstack.wsgi [None req-6e553847-7e4a-4483-ab2c-77b353cb1521 tempest-VolumesExtendTest-1432156359 tempest-VolumesExtendTest-1432156359-project] Calling method 'show' {{(pid=100366) _process_stack /opt/stack/cinder/cinder/api/openstack/wsgi.py:856}}
Aug 10 15:11:08.025393 dv-cinder-788363-12-iscsi devstack@c-api.service[100366]: /usr/local/lib/python3.8/dist-packages/oslo_context/context.py:105: DeprecationWarning: Policy enforcement is depending on the value of is_admin. This key is deprecated. Please update your policy file to use the standard policy values.
Aug 10 15:11:08.025393 dv-cinder-788363-12-iscsi devstack@c-api.service[100366]: warnings.warn('Policy enforcement is depending on the value of '
Aug 10 15:11:08.033227 dv-cinder-788363-12-iscsi devstack@c-api.service[100366]: INFO cinder.volume.api [None req-6e553847-7e4a-4483-ab2c-77b353cb1521 tempest-VolumesExtendTest-1432156359 tempest-VolumesExtendTest-1432156359-project] Volume info retrieved successfully.
Aug 10 15:11:08.047572 dv-cinder-788363-12-iscsi devstack@c-api.service[100366]: INFO cinder.api.openstack.wsgi [None req-6e553847-7e4a-4483-ab2c-77b353cb1521 tempest-VolumesExtendTest-1432156359 tempest-VolumesExtendTest-1432156359-project] http://10.222.0.60/volume/v3/f74b446df25f4c2499d425d96d623c24/volumes/b4740170-ae29-4e53-a651-39a0378601be returned with HTTP 200
Aug 10 15:11:08.048318 dv-cinder-788363-12-iscsi devstack@c-api.service[100366]: [pid: 100366|app: 0|req: 220/459] 10.222.0.60 () {58 vars in 1325 bytes} [Tue Aug 10 15:11:08 2021] GET /volume/v3/f74b446df25f4c2499d425d96d623c24/volumes/b4740170-ae29-4e53-a651-39a0378601be => generated 909 bytes in 42 msecs (HTTP/1.1 200) 7 headers in 285 bytes (1 switches on core 0)
Aug 10 15:11:08.110573 dv-cinder-788363-12-iscsi devstack@c-api.service[100367]: INFO cinder.api.openstack.wsgi [None req-6ff01579-c612-4608-a620-4519648cb964 tempest-DeleteServersTestJSON-923849555 tempest-DeleteServersTestJSON-923849555-project] GET http://10.222.0.60/volume/v3/991a08a369f447ff9dc9050f91663cdc/volumes/21dc96cd-9bb8-4e6e-bd6e-77bf4b2a00a1
Aug 10 15:11:08.111554 dv-cinder-788363-12-iscsi devstack@c-api.service[100367]: DEBUG cinder.api.openstack.wsgi [None req-6ff01579-c612-4608-a620-4519648cb964 tempest-DeleteServersTestJSON-923849555 tempest-DeleteServersTestJSON-923849555-project] Empty body provided in request {{(pid=100367) get_body /opt/stack/cinder/cinder/api/openstack/wsgi.py:703}}
Aug 10 15:11:08.111728 dv-cinder-788363-12-iscsi devstack@c-api.service[100367]: /usr/local/lib/python3.8/dist-packages/webob/acceptparse.py:1047: DeprecationWarning: The behavior of AcceptValidHeader.best_match is currently being maintained for backward compatibility, but it will be deprecated in the future, as it does not conform to the RFC.
Aug 10 15:11:08.111728 dv-cinder-788363-12-iscsi devstack@c-api.service[100367]: warnings.warn(
Aug 10 15:11:08.112043 dv-cinder-788363-12-iscsi devstack@c-api.service[100367]: DEBUG cinder.api.openstack.wsgi [None req-6ff01579-c612-4608-a620-4519648cb964 tempest-DeleteServersTestJSON-923849555 tempest-DeleteServersTestJSON-923849555-project] Calling method 'show' {{(pid=100367) _process_stack /opt/stack/cinder/cinder/api/openstack/wsgi.py:856}}
Aug 10 15:11:08.122386 dv-cinder-788363-12-iscsi devstack@c-api.service[100367]: INFO cinder.api.openstack.wsgi [None req-6ff01579-c612-4608-a620-4519648cb964 tempest-DeleteServersTestJSON-923849555 tempest-DeleteServersTestJSON-923849555-project] http://10.222.0.60/volume/v3/991a08a369f447ff9dc9050f91663cdc/volumes/21dc96cd-9bb8-4e6e-bd6e-77bf4b2a00a1 returned with HTTP 404
Aug 10 15:11:08.123280 dv-cinder-788363-12-iscsi devstack@c-api.service[100367]: [pid: 100367|app: 0|req: 240/460] 10.222.0.60 () {58 vars in 1325 bytes} [Tue Aug 10 15:11:08 2021] GET /volume/v3/991a08a369f447ff9dc9050f91663cdc/volumes/21dc96cd-9bb8-4e6e-bd6e-77bf4b2a00a1 => generated 109 bytes in 16 msecs (HTTP/1.1 404) 7 headers in 292 bytes (1 switches on core 0)
