Aug 09 17:48:17.541574 dv-cinder-788363-10-smb devstack@n-api.service[119581]: DEBUG nova.virt.hardware [None req-2058c966-56ac-402c-8f0c-f2aad02a0917 tempest-VolumesActionsTest-814043203 tempest-VolumesActionsTest-814043203-project] Flavor pref 0:0:0 {{(pid=119581) get_cpu_topology_constraints /opt/stack/nova/nova/virt/hardware.py:383}}
Aug 09 17:48:17.542149 dv-cinder-788363-10-smb devstack@n-api.service[119581]: DEBUG nova.virt.hardware [None req-2058c966-56ac-402c-8f0c-f2aad02a0917 tempest-VolumesActionsTest-814043203 tempest-VolumesActionsTest-814043203-project] Image pref 0:0:0 {{(pid=119581) get_cpu_topology_constraints /opt/stack/nova/nova/virt/hardware.py:387}}
Aug 09 17:48:17.542833 dv-cinder-788363-10-smb devstack@n-api.service[119581]: DEBUG nova.virt.hardware [None req-2058c966-56ac-402c-8f0c-f2aad02a0917 tempest-VolumesActionsTest-814043203 tempest-VolumesActionsTest-814043203-project] Chose sockets=0, cores=0, threads=0; limits were sockets=65536, cores=65536, threads=65536 {{(pid=119581) get_cpu_topology_constraints /opt/stack/nova/nova/virt/hardware.py:425}}
Aug 09 17:48:17.554848 dv-cinder-788363-10-smb devstack@n-api.service[119581]: DEBUG oslo_concurrency.lockutils [None req-2058c966-56ac-402c-8f0c-f2aad02a0917 tempest-VolumesActionsTest-814043203 tempest-VolumesActionsTest-814043203-project] Lock "00000000-0000-0000-0000-000000000000" acquired by "nova.context.set_target_cell..get_or_set_cached_cell_and_set_connections" :: waited 0.000s {{(pid=119581) inner /usr/local/lib/python3.8/dist-packages/oslo_concurrency/lockutils.py:355}}
Aug 09 17:48:17.555450 dv-cinder-788363-10-smb devstack@n-api.service[119581]: DEBUG oslo_concurrency.lockutils [None req-2058c966-56ac-402c-8f0c-f2aad02a0917 tempest-VolumesActionsTest-814043203 tempest-VolumesActionsTest-814043203-project] Lock "00000000-0000-0000-0000-000000000000" released by "nova.context.set_target_cell..get_or_set_cached_cell_and_set_connections" :: held 0.001s {{(pid=119581) inner /usr/local/lib/python3.8/dist-packages/oslo_concurrency/lockutils.py:367}}
Aug 09 17:48:17.556468 dv-cinder-788363-10-smb devstack@n-api.service[119581]: DEBUG oslo_concurrency.lockutils [None req-2058c966-56ac-402c-8f0c-f2aad02a0917 tempest-VolumesActionsTest-814043203 tempest-VolumesActionsTest-814043203-project] Lock "ed5ee897-7cb1-4e65-b335-e50234daab9f" acquired by "nova.context.set_target_cell..get_or_set_cached_cell_and_set_connections" :: waited 0.000s {{(pid=119581) inner /usr/local/lib/python3.8/dist-packages/oslo_concurrency/lockutils.py:355}}
Aug 09 17:48:17.557639 dv-cinder-788363-10-smb devstack@n-api.service[119581]: DEBUG oslo_concurrency.lockutils [None req-2058c966-56ac-402c-8f0c-f2aad02a0917 tempest-VolumesActionsTest-814043203 tempest-VolumesActionsTest-814043203-project] Lock "ed5ee897-7cb1-4e65-b335-e50234daab9f" released by "nova.context.set_target_cell..get_or_set_cached_cell_and_set_connections" :: held 0.000s {{(pid=119581) inner /usr/local/lib/python3.8/dist-packages/oslo_concurrency/lockutils.py:367}}
Aug 09 17:48:17.584454 dv-cinder-788363-10-smb devstack@n-api.service[119581]: DEBUG nova.quota [None req-2058c966-56ac-402c-8f0c-f2aad02a0917 tempest-VolumesActionsTest-814043203 tempest-VolumesActionsTest-814043203-project] Getting quotas for project f3bb8ef3f3c34fdaa892c0a6ee432462. Resources: {'cores', 'instances', 'ram'} {{(pid=119581) _get_quotas /opt/stack/nova/nova/quota.py:384}}
Aug 09 17:48:17.596816 dv-cinder-788363-10-smb devstack@n-api.service[119581]: DEBUG nova.quota [None req-2058c966-56ac-402c-8f0c-f2aad02a0917 tempest-VolumesActionsTest-814043203 tempest-VolumesActionsTest-814043203-project] Getting quotas for user 112d0d55d335422ca96553ff3a064fe6 and project f3bb8ef3f3c34fdaa892c0a6ee432462. Resources: {'cores', 'instances', 'ram'} {{(pid=119581) _get_quotas /opt/stack/nova/nova/quota.py:374}}
Aug 09 17:48:17.614314 dv-cinder-788363-10-smb devstack@n-api.service[119581]: DEBUG nova.compute.api [None req-2058c966-56ac-402c-8f0c-f2aad02a0917 tempest-VolumesActionsTest-814043203 tempest-VolumesActionsTest-814043203-project] Going to run 1 instances... {{(pid=119581) _provision_instances /opt/stack/nova/nova/compute/api.py:1280}}
Aug 09 17:48:17.617536 dv-cinder-788363-10-smb devstack@n-api.service[119581]: DEBUG nova.compute.api [None req-2058c966-56ac-402c-8f0c-f2aad02a0917 tempest-VolumesActionsTest-814043203 tempest-VolumesActionsTest-814043203-project] [instance: 2b950742-642d-42a9-b9b2-1fd6658e1c30] block_device_mapping [BlockDeviceMapping(attachment_id=,boot_index=0,connection_info=None,created_at=,delete_on_termination=True,deleted=,deleted_at=,destination_type='local',device_name=None,device_type='disk',disk_bus=None,guest_format=None,id=,image_id='8b495723-b9bb-4603-a153-4a0f4a98cba1',instance=,instance_uuid=,no_device=False,snapshot_id=None,source_type='image',tag=None,updated_at=,uuid=,volume_id=None,volume_size=None,volume_type=None)] {{(pid=119581) _bdm_validate_set_size_and_instance /opt/stack/nova/nova/compute/api.py:1685}}
Aug 09 17:48:17.663945 dv-cinder-788363-10-smb devstack@n-api.service[119580]: DEBUG nova.api.openstack.wsgi [None req-22708352-8582-4d8a-86b9-ead121cab52e tempest-AttachVolumeTestJSON-1684178541 tempest-AttachVolumeTestJSON-1684178541-project] Action: 'action', calling method: >, body: {"os-getConsoleOutput": {}} {{(pid=119580) _process_stack /opt/stack/nova/nova/api/openstack/wsgi.py:511}}
Aug 09 17:48:17.665474 dv-cinder-788363-10-smb devstack@n-api.service[119580]: DEBUG nova.compute.api [None req-22708352-8582-4d8a-86b9-ead121cab52e tempest-AttachVolumeTestJSON-1684178541 tempest-AttachVolumeTestJSON-1684178541-project] [instance: a645c6b1-d5ff-4e53-b8d6-8c68c789790e] Fetching instance by UUID {{(pid=119580) get /opt/stack/nova/nova/compute/api.py:2791}}
Aug 09 17:48:17.675919 dv-cinder-788363-10-smb devstack@n-api.service[119580]: DEBUG oslo_concurrency.lockutils [None req-22708352-8582-4d8a-86b9-ead121cab52e tempest-AttachVolumeTestJSON-1684178541 tempest-AttachVolumeTestJSON-1684178541-project] Lock "ed5ee897-7cb1-4e65-b335-e50234daab9f" acquired by "nova.context.set_target_cell..get_or_set_cached_cell_and_set_connections" :: waited 0.000s {{(pid=119580) inner /usr/local/lib/python3.8/dist-packages/oslo_concurrency/lockutils.py:355}}
Aug 09 17:48:17.676670 dv-cinder-788363-10-smb devstack@n-api.service[119580]: DEBUG oslo_concurrency.lockutils [None req-22708352-8582-4d8a-86b9-ead121cab52e tempest-AttachVolumeTestJSON-1684178541 tempest-AttachVolumeTestJSON-1684178541-project] Lock "ed5ee897-7cb1-4e65-b335-e50234daab9f" released by "nova.context.set_target_cell..get_or_set_cached_cell_and_set_connections" :: held 0.001s {{(pid=119580) inner /usr/local/lib/python3.8/dist-packages/oslo_concurrency/lockutils.py:367}}
Aug 09 17:48:17.677894 dv-cinder-788363-10-smb devstack@n-api.service[119580]: DEBUG oslo_concurrency.lockutils [None req-22708352-8582-4d8a-86b9-ead121cab52e tempest-AttachVolumeTestJSON-1684178541 tempest-AttachVolumeTestJSON-1684178541-project] Lock "ed5ee897-7cb1-4e65-b335-e50234daab9f" acquired by "nova.context.set_target_cell..get_or_set_cached_cell_and_set_connections" :: waited 0.000s {{(pid=119580) inner /usr/local/lib/python3.8/dist-packages/oslo_concurrency/lockutils.py:355}}
Aug 09 17:48:17.678525 dv-cinder-788363-10-smb devstack@n-api.service[119580]: DEBUG oslo_concurrency.lockutils [None req-22708352-8582-4d8a-86b9-ead121cab52e tempest-AttachVolumeTestJSON-1684178541 tempest-AttachVolumeTestJSON-1684178541-project] Lock "ed5ee897-7cb1-4e65-b335-e50234daab9f" released by "nova.context.set_target_cell..get_or_set_cached_cell_and_set_connections" :: held 0.001s {{(pid=119580) inner /usr/local/lib/python3.8/dist-packages/oslo_concurrency/lockutils.py:367}}
Aug 09 17:48:17.687267 dv-cinder-788363-10-smb devstack@n-api.service[119581]: INFO nova.api.openstack.requestlog [None req-2058c966-56ac-402c-8f0c-f2aad02a0917 tempest-VolumesActionsTest-814043203 tempest-VolumesActionsTest-814043203-project] 10.222.0.68 "POST /compute/v2.1/servers" status: 202 len: 380 microversion: 2.1 time: 0.716002
Aug 09 17:48:17.693920 dv-cinder-788363-10-smb devstack@n-api.service[119581]: [pid: 119581|app: 0|req: 85/176] 10.222.0.68 () {60 vars in 1147 bytes} [Mon Aug 9 17:48:16 2021] POST /compute/v2.1/servers => generated 380 bytes in 726 msecs (HTTP/1.1 202) 10 headers in 451 bytes (1 switches on core 0)
Aug 09 17:48:17.701971 dv-cinder-788363-10-smb devstack@n-api.service[119581]: DEBUG nova.api.openstack.wsgi [None req-512917b2-143d-413d-99f6-f0d81ee3e623 tempest-VolumesActionsTest-814043203 tempest-VolumesActionsTest-814043203-project] Calling method '>' {{(pid=119581) _process_stack /opt/stack/nova/nova/api/openstack/wsgi.py:513}}
Aug 09 17:48:17.702749 dv-cinder-788363-10-smb devstack@n-api.service[119581]: DEBUG nova.compute.api [None req-512917b2-143d-413d-99f6-f0d81ee3e623 tempest-VolumesActionsTest-814043203 tempest-VolumesActionsTest-814043203-project] [instance: 2b950742-642d-42a9-b9b2-1fd6658e1c30] Fetching instance by UUID {{(pid=119581) get /opt/stack/nova/nova/compute/api.py:2791}}
Aug 09 17:48:17.832503 dv-cinder-788363-10-smb devstack@n-api.service[119580]: INFO nova.api.openstack.requestlog [None req-22708352-8582-4d8a-86b9-ead121cab52e tempest-AttachVolumeTestJSON-1684178541 tempest-AttachVolumeTestJSON-1684178541-project] 10.222.0.68 "POST /compute/v2.1/servers/a645c6b1-d5ff-4e53-b8d6-8c68c789790e/action" status: 200 len: 14 microversion: 2.1 time: 0.177396
Aug 09 17:48:17.833227 dv-cinder-788363-10-smb devstack@n-api.service[119580]: [pid: 119580|app: 0|req: 92/177] 10.222.0.68 () {60 vars in 1278 bytes} [Mon Aug 9 17:48:17 2021] POST /compute/v2.1/servers/a645c6b1-d5ff-4e53-b8d6-8c68c789790e/action => generated 14 bytes in 179 msecs (HTTP/1.1 200) 9 headers in 356 bytes (1 switches on core 0)
Aug 09 17:48:17.839758 dv-cinder-788363-10-smb devstack@n-api.service[119580]: DEBUG nova.api.openstack.wsgi [None req-11181758-8bed-4699-baa2-927b2fae0325 tempest-AttachVolumeNegativeTest-1328617508 tempest-AttachVolumeNegativeTest-1328617508-project] Calling method '>' {{(pid=119580) _process_stack /opt/stack/nova/nova/api/openstack/wsgi.py:513}}
Aug 09 17:48:17.839995 dv-cinder-788363-10-smb devstack@n-api.service[119581]: DEBUG nova.policy [None req-512917b2-143d-413d-99f6-f0d81ee3e623 tempest-VolumesActionsTest-814043203 tempest-VolumesActionsTest-814043203-project] Policy check for os_compute_api:os-extended-server-attributes failed with credentials {'is_admin': False, 'user_id': '112d0d55d335422ca96553ff3a064fe6', 'user_domain_id': 'default', 'system_scope': None, 'domain_id': None, 'project_id': 'f3bb8ef3f3c34fdaa892c0a6ee432462', 'project_domain_id': 'default', 'roles': ['reader', 'member'], 'is_admin_project': True, 'service_user_id': None, 'service_user_domain_id': None, 'service_project_id': None, 'service_project_domain_id': None, 'service_roles': []} {{(pid=119581) authorize /opt/stack/nova/nova/policy.py:199}}
Aug 09 17:48:17.840773 dv-cinder-788363-10-smb devstack@n-api.service[119580]: DEBUG nova.compute.api [None req-11181758-8bed-4699-baa2-927b2fae0325 tempest-AttachVolumeNegativeTest-1328617508 tempest-AttachVolumeNegativeTest-1328617508-project] [instance: e58c111b-ca85-4e6b-84e2-9f3a199272f9] Fetching instance by UUID {{(pid=119580) get /opt/stack/nova/nova/compute/api.py:2791}}
Aug 09 17:48:17.850172 dv-cinder-788363-10-smb devstack@n-api.service[119581]: INFO nova.api.openstack.requestlog [None req-512917b2-143d-413d-99f6-f0d81ee3e623 tempest-VolumesActionsTest-814043203 tempest-VolumesActionsTest-814043203-project] 10.222.0.68 "GET /compute/v2.1/servers/2b950742-642d-42a9-b9b2-1fd6658e1c30" status: 200 len: 1214 microversion: 2.1 time: 0.154873
Aug 09 17:48:17.850760 dv-cinder-788363-10-smb devstack@n-api.service[119581]: [pid: 119581|app: 0|req: 86/178] 10.222.0.68 () {58 vars in 1236 bytes} [Mon Aug 9 17:48:17 2021] GET /compute/v2.1/servers/2b950742-642d-42a9-b9b2-1fd6658e1c30 => generated 1214 bytes in 156 msecs (HTTP/1.1 200) 9 headers in 358 bytes (1 switches on core 0)
Aug 09 17:48:17.858455 dv-cinder-788363-10-smb devstack@n-api.service[119580]: DEBUG oslo_concurrency.lockutils [None req-11181758-8bed-4699-baa2-927b2fae0325 tempest-AttachVolumeNegativeTest-1328617508 tempest-AttachVolumeNegativeTest-1328617508-project] Lock "ed5ee897-7cb1-4e65-b335-e50234daab9f" acquired by "nova.context.set_target_cell..get_or_set_cached_cell_and_set_connections" :: waited 0.000s {{(pid=119580) inner /usr/local/lib/python3.8/dist-packages/oslo_concurrency/lockutils.py:355}}
Aug 09 17:48:17.859517 dv-cinder-788363-10-smb devstack@n-api.service[119580]: DEBUG oslo_concurrency.lockutils [None req-11181758-8bed-4699-baa2-927b2fae0325 tempest-AttachVolumeNegativeTest-1328617508 tempest-AttachVolumeNegativeTest-1328617508-project] Lock "ed5ee897-7cb1-4e65-b335-e50234daab9f" released by "nova.context.set_target_cell..get_or_set_cached_cell_and_set_connections" :: held 0.001s {{(pid=119580) inner /usr/local/lib/python3.8/dist-packages/oslo_concurrency/lockutils.py:367}}
Aug 09 17:48:17.859881 dv-cinder-788363-10-smb devstack@n-api.service[119580]: DEBUG oslo_concurrency.lockutils [None req-11181758-8bed-4699-baa2-927b2fae0325 tempest-AttachVolumeNegativeTest-1328617508 tempest-AttachVolumeNegativeTest-1328617508-project] Lock "ed5ee897-7cb1-4e65-b335-e50234daab9f" acquired by "nova.context.set_target_cell..get_or_set_cached_cell_and_set_connections" :: waited 0.000s {{(pid=119580) inner /usr/local/lib/python3.8/dist-packages/oslo_concurrency/lockutils.py:355}}
Aug 09 17:48:17.860275 dv-cinder-788363-10-smb devstack@n-api.service[119580]: DEBUG oslo_concurrency.lockutils [None req-11181758-8bed-4699-baa2-927b2fae0325 tempest-AttachVolumeNegativeTest-1328617508 tempest-AttachVolumeNegativeTest-1328617508-project] Lock "ed5ee897-7cb1-4e65-b335-e50234daab9f" released by "nova.context.set_target_cell..get_or_set_cached_cell_and_set_connections" :: held 0.000s {{(pid=119580) inner /usr/local/lib/python3.8/dist-packages/oslo_concurrency/lockutils.py:367}}
Aug 09 17:48:17.893150 dv-cinder-788363-10-smb devstack@n-api.service[119580]: INFO nova.api.openstack.requestlog [None req-11181758-8bed-4699-baa2-927b2fae0325 tempest-AttachVolumeNegativeTest-1328617508 tempest-AttachVolumeNegativeTest-1328617508-project] 10.222.0.68 "GET /compute/v2.1/servers/e58c111b-ca85-4e6b-84e2-9f3a199272f9/os-volume_attachments" status: 200 len: 25 microversion: 2.1 time: 0.058371
Aug 09 17:48:17.893750 dv-cinder-788363-10-smb devstack@n-api.service[119580]: [pid: 119580|app: 0|req: 93/179] 10.222.0.68 () {58 vars in 1302 bytes} [Mon Aug 9 17:48:17 2021] GET /compute/v2.1/servers/e58c111b-ca85-4e6b-84e2-9f3a199272f9/os-volume_attachments => generated 25 bytes in 60 msecs (HTTP/1.1 200) 9 headers in 356 bytes (1 switches on core 0)
Aug 09 17:48:17.949549 dv-cinder-788363-10-smb devstack@n-api.service[119581]: DEBUG nova.api.openstack.wsgi [None req-223f9c4a-a937-491c-9c19-297724414083 tempest-AttachVolumeShelveTestJSON-1663906465 tempest-AttachVolumeShelveTestJSON-1663906465-project] Action: 'action', calling method: >, body: {"os-getConsoleOutput": {}} {{(pid=119581) _process_stack /opt/stack/nova/nova/api/openstack/wsgi.py:511}}
Aug 09 17:48:17.951006 dv-cinder-788363-10-smb devstack@n-api.service[119581]: DEBUG nova.compute.api [None req-223f9c4a-a937-491c-9c19-297724414083 tempest-AttachVolumeShelveTestJSON-1663906465 tempest-AttachVolumeShelveTestJSON-1663906465-project] [instance: 4bdf5e87-817b-44eb-b575-430b74835f87] Fetching instance by UUID {{(pid=119581) get /opt/stack/nova/nova/compute/api.py:2791}}
Aug 09 17:48:17.968370 dv-cinder-788363-10-smb devstack@n-api.service[119581]: DEBUG oslo_concurrency.lockutils [None req-223f9c4a-a937-491c-9c19-297724414083 tempest-AttachVolumeShelveTestJSON-1663906465 tempest-AttachVolumeShelveTestJSON-1663906465-project] Lock "ed5ee897-7cb1-4e65-b335-e50234daab9f" acquired by "nova.context.set_target_cell..get_or_set_cached_cell_and_set_connections" :: waited 0.000s {{(pid=119581) inner /usr/local/lib/python3.8/dist-packages/oslo_concurrency/lockutils.py:355}}
Aug 09 17:48:17.969168 dv-cinder-788363-10-smb devstack@n-api.service[119581]: DEBUG oslo_concurrency.lockutils [None req-223f9c4a-a937-491c-9c19-297724414083 tempest-AttachVolumeShelveTestJSON-1663906465 tempest-AttachVolumeShelveTestJSON-1663906465-project] Lock "ed5ee897-7cb1-4e65-b335-e50234daab9f" released by "nova.context.set_target_cell..get_or_set_cached_cell_and_set_connections" :: held 0.004s {{(pid=119581) inner /usr/local/lib/python3.8/dist-packages/oslo_concurrency/lockutils.py:367}}
Aug 09 17:48:17.970673 dv-cinder-788363-10-smb devstack@n-api.service[119581]: DEBUG oslo_concurrency.lockutils [None req-223f9c4a-a937-491c-9c19-297724414083 tempest-AttachVolumeShelveTestJSON-1663906465 tempest-AttachVolumeShelveTestJSON-1663906465-project] Lock "ed5ee897-7cb1-4e65-b335-e50234daab9f" acquired by "nova.context.set_target_cell..get_or_set_cached_cell_and_set_connections" :: waited 0.000s {{(pid=119581) inner /usr/local/lib/python3.8/dist-packages/oslo_concurrency/lockutils.py:355}}
Aug 09 17:48:17.971449 dv-cinder-788363-10-smb devstack@n-api.service[119581]: DEBUG oslo_concurrency.lockutils [None req-223f9c4a-a937-491c-9c19-297724414083 tempest-AttachVolumeShelveTestJSON-1663906465 tempest-AttachVolumeShelveTestJSON-1663906465-project] Lock "ed5ee897-7cb1-4e65-b335-e50234daab9f" released by "nova.context.set_target_cell..get_or_set_cached_cell_and_set_connections" :: held 0.001s {{(pid=119581) inner /usr/local/lib/python3.8/dist-packages/oslo_concurrency/lockutils.py:367}}
Aug 09 17:48:18.097096 dv-cinder-788363-10-smb devstack@n-api.service[119581]: INFO nova.api.openstack.requestlog [None req-223f9c4a-a937-491c-9c19-297724414083 tempest-AttachVolumeShelveTestJSON-1663906465 tempest-AttachVolumeShelveTestJSON-1663906465-project] 10.222.0.68 "POST /compute/v2.1/servers/4bdf5e87-817b-44eb-b575-430b74835f87/action" status: 200 len: 14 microversion: 2.20 time: 0.152314
Aug 09 17:48:18.097971 dv-cinder-788363-10-smb devstack@n-api.service[119581]: [pid: 119581|app: 0|req: 87/180] 10.222.0.68 () {62 vars in 1319 bytes} [Mon Aug 9 17:48:17 2021] POST /compute/v2.1/servers/4bdf5e87-817b-44eb-b575-430b74835f87/action => generated 14 bytes in 154 msecs (HTTP/1.1 200) 9 headers in 358 bytes (1 switches on core 0)
Aug 09 17:48:18.113752 dv-cinder-788363-10-smb devstack@n-api.service[119580]: DEBUG nova.api.openstack.wsgi [None req-51b14f98-76df-4313-9ef7-5e11494a792e tempest-ServerRescueNegativeTestJSON-1799914636 tempest-ServerRescueNegativeTestJSON-1799914636-project] Calling method '>' {{(pid=119580) _process_stack /opt/stack/nova/nova/api/openstack/wsgi.py:513}}
Aug 09 17:48:18.114621 dv-cinder-788363-10-smb devstack@n-api.service[119580]: DEBUG nova.compute.api [None req-51b14f98-76df-4313-9ef7-5e11494a792e tempest-ServerRescueNegativeTestJSON-1799914636 tempest-ServerRescueNegativeTestJSON-1799914636-project] [instance: aec12412-cdbc-460f-a5d7-f04e480c4367] Fetching instance by UUID {{(pid=119580) get /opt/stack/nova/nova/compute/api.py:2791}}
Aug 09 17:48:18.132847 dv-cinder-788363-10-smb devstack@n-api.service[119580]: DEBUG oslo_concurrency.lockutils [None req-51b14f98-76df-4313-9ef7-5e11494a792e tempest-ServerRescueNegativeTestJSON-1799914636 tempest-ServerRescueNegativeTestJSON-1799914636-project] Lock "ed5ee897-7cb1-4e65-b335-e50234daab9f" acquired by "nova.context.set_target_cell..get_or_set_cached_cell_and_set_connections" :: waited 0.000s {{(pid=119580) inner /usr/local/lib/python3.8/dist-packages/oslo_concurrency/lockutils.py:355}}
Aug 09 17:48:18.133320 dv-cinder-788363-10-smb devstack@n-api.service[119580]: DEBUG oslo_concurrency.lockutils [None req-51b14f98-76df-4313-9ef7-5e11494a792e tempest-ServerRescueNegativeTestJSON-1799914636 tempest-ServerRescueNegativeTestJSON-1799914636-project] Lock "ed5ee897-7cb1-4e65-b335-e50234daab9f" released by "nova.context.set_target_cell..get_or_set_cached_cell_and_set_connections" :: held 0.001s {{(pid=119580) inner /usr/local/lib/python3.8/dist-packages/oslo_concurrency/lockutils.py:367}}
Aug 09 17:48:18.137796 dv-cinder-788363-10-smb devstack@n-api.service[119580]: DEBUG oslo_concurrency.lockutils [None req-51b14f98-76df-4313-9ef7-5e11494a792e tempest-ServerRescueNegativeTestJSON-1799914636 tempest-ServerRescueNegativeTestJSON-1799914636-project] Lock "ed5ee897-7cb1-4e65-b335-e50234daab9f" acquired by "nova.context.set_target_cell..get_or_set_cached_cell_and_set_connections" :: waited 0.002s {{(pid=119580) inner /usr/local/lib/python3.8/dist-packages/oslo_concurrency/lockutils.py:355}}
Aug 09 17:48:18.140142 dv-cinder-788363-10-smb devstack@n-api.service[119580]: DEBUG oslo_concurrency.lockutils [None req-51b14f98-76df-4313-9ef7-5e11494a792e tempest-ServerRescueNegativeTestJSON-1799914636 tempest-ServerRescueNegativeTestJSON-1799914636-project] Lock "ed5ee897-7cb1-4e65-b335-e50234daab9f" released by "nova.context.set_target_cell..get_or_set_cached_cell_and_set_connections" :: held 0.002s {{(pid=119580) inner /usr/local/lib/python3.8/dist-packages/oslo_concurrency/lockutils.py:367}}
Aug 09 17:48:18.312854 dv-cinder-788363-10-smb devstack@n-api.service[119581]: DEBUG nova.api.openstack.wsgi [None req-d7a5dd74-620a-4bf3-bca4-7aa208236eae tempest-AttachVolumeNegativeTest-1328617508 tempest-AttachVolumeNegativeTest-1328617508-project] Action: 'create', calling method: >, body: {"server": {"name": "tempest-AttachVolumeNegativeTest-server-751871616", "imageRef": "8b495723-b9bb-4603-a153-4a0f4a98cba1", "flavorRef": "452", "networks": [{"uuid": "d64d3996-4377-455d-ba05-2daec34b0314"}]}} {{(pid=119581) _process_stack /opt/stack/nova/nova/api/openstack/wsgi.py:511}}
Aug 09 17:48:18.401565 dv-cinder-788363-10-smb devstack@n-api.service[119580]: DEBUG nova.policy [None req-51b14f98-76df-4313-9ef7-5e11494a792e tempest-ServerRescueNegativeTestJSON-1799914636 tempest-ServerRescueNegativeTestJSON-1799914636-project] Policy check for os_compute_api:os-extended-server-attributes failed with credentials {'is_admin': False, 'user_id': 'a61b64cc68ac4a70b14e06baaa9eca59', 'user_domain_id': 'default', 'system_scope': None, 'domain_id': None, 'project_id': 'e4f385cfaace4a0c912b9819b1a81198', 'project_domain_id': 'default', 'roles': ['reader', 'member'], 'is_admin_project': True, 'service_user_id': None, 'service_user_domain_id': None, 'service_project_id': None, 'service_project_domain_id': None, 'service_roles': []} {{(pid=119580) authorize /opt/stack/nova/nova/policy.py:199}}
Aug 09 17:48:18.410363 dv-cinder-788363-10-smb devstack@n-api.service[119581]: DEBUG nova.network.neutron [None req-d7a5dd74-620a-4bf3-bca4-7aa208236eae tempest-AttachVolumeNegativeTest-1328617508 tempest-AttachVolumeNegativeTest-1328617508-project] validate_networks() for [('d64d3996-4377-455d-ba05-2daec34b0314', None, None, None)] {{(pid=119581) validate_networks /opt/stack/nova/nova/network/neutron.py:2255}}
Aug 09 17:48:18.411422 dv-cinder-788363-10-smb devstack@n-api.service[119580]: INFO nova.api.openstack.requestlog [None req-51b14f98-76df-4313-9ef7-5e11494a792e tempest-ServerRescueNegativeTestJSON-1799914636 tempest-ServerRescueNegativeTestJSON-1799914636-project] 10.222.0.68 "GET /compute/v2.1/servers/aec12412-cdbc-460f-a5d7-f04e480c4367" status: 200 len: 1522 microversion: 2.1 time: 0.304023
Aug 09 17:48:18.413065 dv-cinder-788363-10-smb devstack@n-api.service[119580]: [pid: 119580|app: 0|req: 94/181] 10.222.0.68 () {58 vars in 1236 bytes} [Mon Aug 9 17:48:18 2021] GET /compute/v2.1/servers/aec12412-cdbc-460f-a5d7-f04e480c4367 => generated 1522 bytes in 307 msecs (HTTP/1.1 200) 9 headers in 358 bytes (1 switches on core 0)
Aug 09 17:48:18.848458 dv-cinder-788363-10-smb devstack@n-api.service[119580]: DEBUG nova.api.openstack.wsgi [None req-fb84734b-e6bb-4fb9-a441-bc9f05e77190 tempest-AttachVolumeTestJSON-1684178541 tempest-AttachVolumeTestJSON-1684178541-project] Action: 'action', calling method: >, body: {"os-getConsoleOutput": {}} {{(pid=119580) _process_stack /opt/stack/nova/nova/api/openstack/wsgi.py:511}}
Aug 09 17:48:18.853809 dv-cinder-788363-10-smb devstack@n-api.service[119580]: DEBUG nova.compute.api [None req-fb84734b-e6bb-4fb9-a441-bc9f05e77190 tempest-AttachVolumeTestJSON-1684178541 tempest-AttachVolumeTestJSON-1684178541-project] [instance: a645c6b1-d5ff-4e53-b8d6-8c68c789790e] Fetching instance by UUID {{(pid=119580) get /opt/stack/nova/nova/compute/api.py:2791}}
Aug 09 17:48:18.870793 dv-cinder-788363-10-smb devstack@n-api.service[119580]: DEBUG oslo_concurrency.lockutils [None req-fb84734b-e6bb-4fb9-a441-bc9f05e77190 tempest-AttachVolumeTestJSON-1684178541 tempest-AttachVolumeTestJSON-1684178541-project] Lock "ed5ee897-7cb1-4e65-b335-e50234daab9f" acquired by "nova.context.set_target_cell..get_or_set_cached_cell_and_set_connections" :: waited 0.000s {{(pid=119580) inner /usr/local/lib/python3.8/dist-packages/oslo_concurrency/lockutils.py:355}}
Aug 09 17:48:18.875792 dv-cinder-788363-10-smb devstack@n-api.service[119580]: DEBUG oslo_concurrency.lockutils [None req-fb84734b-e6bb-4fb9-a441-bc9f05e77190 tempest-AttachVolumeTestJSON-1684178541 tempest-AttachVolumeTestJSON-1684178541-project] Lock "ed5ee897-7cb1-4e65-b335-e50234daab9f" released by "nova.context.set_target_cell..get_or_set_cached_cell_and_set_connections" :: held 0.005s {{(pid=119580) inner /usr/local/lib/python3.8/dist-packages/oslo_concurrency/lockutils.py:367}}
Aug 09 17:48:18.880579 dv-cinder-788363-10-smb devstack@n-api.service[119580]: DEBUG oslo_concurrency.lockutils [None req-fb84734b-e6bb-4fb9-a441-bc9f05e77190 tempest-AttachVolumeTestJSON-1684178541 tempest-AttachVolumeTestJSON-1684178541-project] Lock "ed5ee897-7cb1-4e65-b335-e50234daab9f" acquired by "nova.context.set_target_cell..get_or_set_cached_cell_and_set_connections" :: waited 0.000s {{(pid=119580) inner /usr/local/lib/python3.8/dist-packages/oslo_concurrency/lockutils.py:355}}
Aug 09 17:48:18.882026 dv-cinder-788363-10-smb devstack@n-api.service[119580]: DEBUG oslo_concurrency.lockutils [None req-fb84734b-e6bb-4fb9-a441-bc9f05e77190 tempest-AttachVolumeTestJSON-1684178541 tempest-AttachVolumeTestJSON-1684178541-project] Lock "ed5ee897-7cb1-4e65-b335-e50234daab9f" released by "nova.context.set_target_cell..get_or_set_cached_cell_and_set_connections" :: held 0.002s {{(pid=119580) inner /usr/local/lib/python3.8/dist-packages/oslo_concurrency/lockutils.py:367}}
Aug 09 17:48:19.018493 dv-cinder-788363-10-smb devstack@n-api.service[119581]: DEBUG nova.virt.hardware [None req-d7a5dd74-620a-4bf3-bca4-7aa208236eae tempest-AttachVolumeNegativeTest-1328617508 tempest-AttachVolumeNegativeTest-1328617508-project] Flavor limits 0:0:0 {{(pid=119581) get_cpu_topology_constraints /opt/stack/nova/nova/virt/hardware.py:343}}
Aug 09 17:48:19.020140 dv-cinder-788363-10-smb devstack@n-api.service[119581]: DEBUG nova.virt.hardware [None req-d7a5dd74-620a-4bf3-bca4-7aa208236eae tempest-AttachVolumeNegativeTest-1328617508 tempest-AttachVolumeNegativeTest-1328617508-project] Image limits 0:0:0 {{(pid=119581) get_cpu_topology_constraints /opt/stack/nova/nova/virt/hardware.py:347}}
Aug 09 17:48:19.021485 dv-cinder-788363-10-smb devstack@n-api.service[119581]: DEBUG nova.virt.hardware [None req-d7a5dd74-620a-4bf3-bca4-7aa208236eae tempest-AttachVolumeNegativeTest-1328617508 tempest-AttachVolumeNegativeTest-1328617508-project] Flavor pref 0:0:0 {{(pid=119581) get_cpu_topology_constraints /opt/stack/nova/nova/virt/hardware.py:383}}
Aug 09 17:48:19.022398 dv-cinder-788363-10-smb devstack@n-api.service[119581]: DEBUG nova.virt.hardware [None req-d7a5dd74-620a-4bf3-bca4-7aa208236eae tempest-AttachVolumeNegativeTest-1328617508 tempest-AttachVolumeNegativeTest-1328617508-project] Image pref 0:0:0 {{(pid=119581) get_cpu_topology_constraints /opt/stack/nova/nova/virt/hardware.py:387}}
Aug 09 17:48:19.023256 dv-cinder-788363-10-smb devstack@n-api.service[119581]: DEBUG nova.virt.hardware [None req-d7a5dd74-620a-4bf3-bca4-7aa208236eae tempest-AttachVolumeNegativeTest-1328617508 tempest-AttachVolumeNegativeTest-1328617508-project] Chose sockets=0, cores=0, threads=0; limits were sockets=65536, cores=65536, threads=65536 {{(pid=119581) get_cpu_topology_constraints /opt/stack/nova/nova/virt/hardware.py:425}}
Aug 09 17:48:19.047919 dv-cinder-788363-10-smb devstack@n-api.service[119580]: INFO nova.api.openstack.requestlog [None req-fb84734b-e6bb-4fb9-a441-bc9f05e77190 tempest-AttachVolumeTestJSON-1684178541 tempest-AttachVolumeTestJSON-1684178541-project] 10.222.0.68 "POST /compute/v2.1/servers/a645c6b1-d5ff-4e53-b8d6-8c68c789790e/action" status: 200 len: 7937 microversion: 2.1 time: 0.207676
Aug 09 17:48:19.049360 dv-cinder-788363-10-smb devstack@n-api.service[119580]: [pid: 119580|app: 0|req: 95/182] 10.222.0.68 () {60 vars in 1278 bytes} [Mon Aug 9 17:48:18 2021] POST /compute/v2.1/servers/a645c6b1-d5ff-4e53-b8d6-8c68c789790e/action => generated 7937 bytes in 211 msecs (HTTP/1.1 200) 9 headers in 358 bytes (1 switches on core 0)
Aug 09 17:48:19.059015 dv-cinder-788363-10-smb devstack@n-api.service[119580]: DEBUG nova.api.openstack.wsgi [None req-6087dca2-3153-401e-8788-e676e1ec33e8 tempest-VolumesActionsTest-814043203 tempest-VolumesActionsTest-814043203-project] Calling method '>' {{(pid=119580) _process_stack /opt/stack/nova/nova/api/openstack/wsgi.py:513}}
Aug 09 17:48:19.064475 dv-cinder-788363-10-smb devstack@n-api.service[119581]: DEBUG oslo_concurrency.lockutils [None req-d7a5dd74-620a-4bf3-bca4-7aa208236eae tempest-AttachVolumeNegativeTest-1328617508 tempest-AttachVolumeNegativeTest-1328617508-project] Lock "00000000-0000-0000-0000-000000000000" acquired by "nova.context.set_target_cell..get_or_set_cached_cell_and_set_connections" :: waited 0.000s {{(pid=119581) inner /usr/local/lib/python3.8/dist-packages/oslo_concurrency/lockutils.py:355}}
Aug 09 17:48:19.065561 dv-cinder-788363-10-smb devstack@n-api.service[119581]: DEBUG oslo_concurrency.lockutils [None req-d7a5dd74-620a-4bf3-bca4-7aa208236eae tempest-AttachVolumeNegativeTest-1328617508 tempest-AttachVolumeNegativeTest-1328617508-project] Lock "00000000-0000-0000-0000-000000000000" released by "nova.context.set_target_cell..get_or_set_cached_cell_and_set_connections" :: held 0.002s {{(pid=119581) inner /usr/local/lib/python3.8/dist-packages/oslo_concurrency/lockutils.py:367}}
Aug 09 17:48:19.068636 dv-cinder-788363-10-smb devstack@n-api.service[119580]: DEBUG nova.compute.api [None req-6087dca2-3153-401e-8788-e676e1ec33e8 tempest-VolumesActionsTest-814043203 tempest-VolumesActionsTest-814043203-project] [instance: 2b950742-642d-42a9-b9b2-1fd6658e1c30] Fetching instance by UUID {{(pid=119580) get /opt/stack/nova/nova/compute/api.py:2791}}
Aug 09 17:48:19.069407 dv-cinder-788363-10-smb devstack@n-api.service[119581]: DEBUG oslo_concurrency.lockutils [None req-d7a5dd74-620a-4bf3-bca4-7aa208236eae tempest-AttachVolumeNegativeTest-1328617508 tempest-AttachVolumeNegativeTest-1328617508-project] Lock "ed5ee897-7cb1-4e65-b335-e50234daab9f" acquired by "nova.context.set_target_cell..get_or_set_cached_cell_and_set_connections" :: waited 0.000s {{(pid=119581) inner /usr/local/lib/python3.8/dist-packages/oslo_concurrency/lockutils.py:355}}
Aug 09 17:48:19.070405 dv-cinder-788363-10-smb devstack@n-api.service[119581]: DEBUG oslo_concurrency.lockutils [None req-d7a5dd74-620a-4bf3-bca4-7aa208236eae tempest-AttachVolumeNegativeTest-1328617508 tempest-AttachVolumeNegativeTest-1328617508-project] Lock "ed5ee897-7cb1-4e65-b335-e50234daab9f" released by "nova.context.set_target_cell..get_or_set_cached_cell_and_set_connections" :: held 0.003s {{(pid=119581) inner /usr/local/lib/python3.8/dist-packages/oslo_concurrency/lockutils.py:367}}
Aug 09 17:48:19.091087 dv-cinder-788363-10-smb devstack@n-api.service[119580]: DEBUG oslo_concurrency.lockutils [None req-6087dca2-3153-401e-8788-e676e1ec33e8 tempest-VolumesActionsTest-814043203 tempest-VolumesActionsTest-814043203-project] Lock "ed5ee897-7cb1-4e65-b335-e50234daab9f" acquired by "nova.context.set_target_cell..get_or_set_cached_cell_and_set_connections" :: waited 0.000s {{(pid=119580) inner /usr/local/lib/python3.8/dist-packages/oslo_concurrency/lockutils.py:355}}
Aug 09 17:48:19.096964 dv-cinder-788363-10-smb devstack@n-api.service[119580]: DEBUG oslo_concurrency.lockutils [None req-6087dca2-3153-401e-8788-e676e1ec33e8 tempest-VolumesActionsTest-814043203 tempest-VolumesActionsTest-814043203-project] Lock "ed5ee897-7cb1-4e65-b335-e50234daab9f" released by "nova.context.set_target_cell..get_or_set_cached_cell_and_set_connections" :: held 0.001s {{(pid=119580) inner /usr/local/lib/python3.8/dist-packages/oslo_concurrency/lockutils.py:367}}
Aug 09 17:48:19.098366 dv-cinder-788363-10-smb devstack@n-api.service[119580]: DEBUG oslo_concurrency.lockutils [None req-6087dca2-3153-401e-8788-e676e1ec33e8 tempest-VolumesActionsTest-814043203 tempest-VolumesActionsTest-814043203-project] Lock "ed5ee897-7cb1-4e65-b335-e50234daab9f" acquired by "nova.context.set_target_cell..get_or_set_cached_cell_and_set_connections" :: waited 0.000s {{(pid=119580) inner /usr/local/lib/python3.8/dist-packages/oslo_concurrency/lockutils.py:355}}
Aug 09 17:48:19.098974 dv-cinder-788363-10-smb devstack@n-api.service[119580]: DEBUG oslo_concurrency.lockutils [None req-6087dca2-3153-401e-8788-e676e1ec33e8 tempest-VolumesActionsTest-814043203 tempest-VolumesActionsTest-814043203-project] Lock "ed5ee897-7cb1-4e65-b335-e50234daab9f" released by "nova.context.set_target_cell..get_or_set_cached_cell_and_set_connections" :: held 0.001s {{(pid=119580) inner /usr/local/lib/python3.8/dist-packages/oslo_concurrency/lockutils.py:367}}
Aug 09 17:48:19.162466 dv-cinder-788363-10-smb devstack@n-api.service[119581]: DEBUG nova.quota [None req-d7a5dd74-620a-4bf3-bca4-7aa208236eae tempest-AttachVolumeNegativeTest-1328617508 tempest-AttachVolumeNegativeTest-1328617508-project] Getting quotas for project 0386cfd9a6c541618b3e1a8599ef17d5. Resources: {'cores', 'instances', 'ram'} {{(pid=119581) _get_quotas /opt/stack/nova/nova/quota.py:384}}
Aug 09 17:48:19.172807 dv-cinder-788363-10-smb devstack@n-api.service[119581]: DEBUG nova.quota [None req-d7a5dd74-620a-4bf3-bca4-7aa208236eae tempest-AttachVolumeNegativeTest-1328617508 tempest-AttachVolumeNegativeTest-1328617508-project] Getting quotas for user 951cf757d3b746c79abcd2c19ed273d0 and project 0386cfd9a6c541618b3e1a8599ef17d5. Resources: {'cores', 'instances', 'ram'} {{(pid=119581) _get_quotas /opt/stack/nova/nova/quota.py:374}}
Aug 09 17:48:19.191191 dv-cinder-788363-10-smb devstack@n-api.service[119581]: DEBUG nova.compute.api [None req-d7a5dd74-620a-4bf3-bca4-7aa208236eae tempest-AttachVolumeNegativeTest-1328617508 tempest-AttachVolumeNegativeTest-1328617508-project] Going to run 1 instances... {{(pid=119581) _provision_instances /opt/stack/nova/nova/compute/api.py:1280}}
Aug 09 17:48:19.197315 dv-cinder-788363-10-smb devstack@n-api.service[119581]: DEBUG nova.compute.api [None req-d7a5dd74-620a-4bf3-bca4-7aa208236eae tempest-AttachVolumeNegativeTest-1328617508 tempest-AttachVolumeNegativeTest-1328617508-project] [instance: d6a1f3bc-fd44-479b-9559-cc6d8c76b960] block_device_mapping [BlockDeviceMapping(attachment_id=,boot_index=0,connection_info=None,created_at=,delete_on_termination=True,deleted=,deleted_at=,destination_type='local',device_name=None,device_type='disk',disk_bus=None,guest_format=None,id=,image_id='8b495723-b9bb-4603-a153-4a0f4a98cba1',instance=,instance_uuid=,no_device=False,snapshot_id=None,source_type='image',tag=None,updated_at=,uuid=,volume_id=None,volume_size=None,volume_type=None)] {{(pid=119581) _bdm_validate_set_size_and_instance /opt/stack/nova/nova/compute/api.py:1685}}
Aug 09 17:48:19.273589 dv-cinder-788363-10-smb devstack@n-api.service[119580]: DEBUG nova.policy [None req-6087dca2-3153-401e-8788-e676e1ec33e8 tempest-VolumesActionsTest-814043203 tempest-VolumesActionsTest-814043203-project] Policy check for os_compute_api:os-extended-server-attributes failed with credentials {'is_admin': False, 'user_id': '112d0d55d335422ca96553ff3a064fe6', 'user_domain_id': 'default', 'system_scope': None, 'domain_id': None, 'project_id': 'f3bb8ef3f3c34fdaa892c0a6ee432462', 'project_domain_id': 'default', 'roles': ['reader', 'member'], 'is_admin_project': True, 'service_user_id': None, 'service_user_domain_id': None, 'service_project_id': None, 'service_project_domain_id': None, 'service_roles': []} {{(pid=119580) authorize /opt/stack/nova/nova/policy.py:199}}
Aug 09 17:48:19.283085 dv-cinder-788363-10-smb devstack@n-api.service[119580]: INFO nova.api.openstack.requestlog [None req-6087dca2-3153-401e-8788-e676e1ec33e8 tempest-VolumesActionsTest-814043203 tempest-VolumesActionsTest-814043203-project] 10.222.0.68 "GET /compute/v2.1/servers/2b950742-642d-42a9-b9b2-1fd6658e1c30" status: 200 len: 1266 microversion: 2.1 time: 0.231262
Aug 09 17:48:19.288495 dv-cinder-788363-10-smb devstack@n-api.service[119580]: [pid: 119580|app: 0|req: 96/183] 10.222.0.68 () {58 vars in 1236 bytes} [Mon Aug 9 17:48:19 2021] GET /compute/v2.1/servers/2b950742-642d-42a9-b9b2-1fd6658e1c30 => generated 1266 bytes in 238 msecs (HTTP/1.1 200) 9 headers in 358 bytes (1 switches on core 0)
Aug 09 17:48:19.290284 dv-cinder-788363-10-smb devstack@n-api.service[119581]: INFO nova.api.openstack.requestlog [None req-d7a5dd74-620a-4bf3-bca4-7aa208236eae tempest-AttachVolumeNegativeTest-1328617508 tempest-AttachVolumeNegativeTest-1328617508-project] 10.222.0.68 "POST /compute/v2.1/servers" status: 202 len: 380 microversion: 2.1 time: 0.982311
Aug 09 17:48:19.297488 dv-cinder-788363-10-smb devstack@n-api.service[119581]: [pid: 119581|app: 0|req: 88/184] 10.222.0.68 () {60 vars in 1147 bytes} [Mon Aug 9 17:48:18 2021] POST /compute/v2.1/servers => generated 380 bytes in 992 msecs (HTTP/1.1 202) 10 headers in 451 bytes (1 switches on core 0)
Aug 09 17:48:19.303191 dv-cinder-788363-10-smb devstack@n-api.service[119581]: DEBUG nova.api.openstack.wsgi [None req-94a73bd0-3338-4f62-bb25-55dea88bafa5 tempest-AttachVolumeNegativeTest-1328617508 tempest-AttachVolumeNegativeTest-1328617508-project] Calling method '>' {{(pid=119581) _process_stack /opt/stack/nova/nova/api/openstack/wsgi.py:513}}
Aug 09 17:48:19.304610 dv-cinder-788363-10-smb devstack@n-api.service[119581]: DEBUG nova.compute.api [None req-94a73bd0-3338-4f62-bb25-55dea88bafa5 tempest-AttachVolumeNegativeTest-1328617508 tempest-AttachVolumeNegativeTest-1328617508-project] [instance: d6a1f3bc-fd44-479b-9559-cc6d8c76b960] Fetching instance by UUID {{(pid=119581) get /opt/stack/nova/nova/compute/api.py:2791}}
Aug 09 17:48:19.305135 dv-cinder-788363-10-smb devstack@n-api.service[119580]: DEBUG nova.api.openstack.wsgi [None req-5e431018-4cd4-4456-a804-6bf5ae1074d8 tempest-AttachVolumeShelveTestJSON-1663906465 tempest-AttachVolumeShelveTestJSON-1663906465-project] Action: 'action', calling method: >, body: {"os-getConsoleOutput": {}} {{(pid=119580) _process_stack /opt/stack/nova/nova/api/openstack/wsgi.py:511}}
Aug 09 17:48:19.315314 dv-cinder-788363-10-smb devstack@n-api.service[119580]: DEBUG nova.compute.api [None req-5e431018-4cd4-4456-a804-6bf5ae1074d8 tempest-AttachVolumeShelveTestJSON-1663906465 tempest-AttachVolumeShelveTestJSON-1663906465-project] [instance: 4bdf5e87-817b-44eb-b575-430b74835f87] Fetching instance by UUID {{(pid=119580) get /opt/stack/nova/nova/compute/api.py:2791}}
Aug 09 17:48:19.341759 dv-cinder-788363-10-smb devstack@n-api.service[119580]: DEBUG oslo_concurrency.lockutils [None req-5e431018-4cd4-4456-a804-6bf5ae1074d8 tempest-AttachVolumeShelveTestJSON-1663906465 tempest-AttachVolumeShelveTestJSON-1663906465-project] Lock "ed5ee897-7cb1-4e65-b335-e50234daab9f" acquired by "nova.context.set_target_cell..get_or_set_cached_cell_and_set_connections" :: waited 0.000s {{(pid=119580) inner /usr/local/lib/python3.8/dist-packages/oslo_concurrency/lockutils.py:355}}
Aug 09 17:48:19.342617 dv-cinder-788363-10-smb devstack@n-api.service[119580]: DEBUG oslo_concurrency.lockutils [None req-5e431018-4cd4-4456-a804-6bf5ae1074d8 tempest-AttachVolumeShelveTestJSON-1663906465 tempest-AttachVolumeShelveTestJSON-1663906465-project] Lock "ed5ee897-7cb1-4e65-b335-e50234daab9f" released by "nova.context.set_target_cell..get_or_set_cached_cell_and_set_connections" :: held 0.001s {{(pid=119580) inner /usr/local/lib/python3.8/dist-packages/oslo_concurrency/lockutils.py:367}}
Aug 09 17:48:19.348568 dv-cinder-788363-10-smb devstack@n-api.service[119580]: DEBUG oslo_concurrency.lockutils [None req-5e431018-4cd4-4456-a804-6bf5ae1074d8 tempest-AttachVolumeShelveTestJSON-1663906465 tempest-AttachVolumeShelveTestJSON-1663906465-project] Lock "ed5ee897-7cb1-4e65-b335-e50234daab9f" acquired by "nova.context.set_target_cell..get_or_set_cached_cell_and_set_connections" :: waited 0.000s {{(pid=119580) inner /usr/local/lib/python3.8/dist-packages/oslo_concurrency/lockutils.py:355}}
Aug 09 17:48:19.349702 dv-cinder-788363-10-smb devstack@n-api.service[119580]: DEBUG oslo_concurrency.lockutils [None req-5e431018-4cd4-4456-a804-6bf5ae1074d8 tempest-AttachVolumeShelveTestJSON-1663906465 tempest-AttachVolumeShelveTestJSON-1663906465-project] Lock "ed5ee897-7cb1-4e65-b335-e50234daab9f" released by "nova.context.set_target_cell..get_or_set_cached_cell_and_set_connections" :: held 0.001s {{(pid=119580) inner /usr/local/lib/python3.8/dist-packages/oslo_concurrency/lockutils.py:367}}
Aug 09 17:48:19.434149 dv-cinder-788363-10-smb devstack@n-api.service[119581]: DEBUG nova.policy [None req-94a73bd0-3338-4f62-bb25-55dea88bafa5 tempest-AttachVolumeNegativeTest-1328617508 tempest-AttachVolumeNegativeTest-1328617508-project] Policy check for os_compute_api:os-extended-server-attributes failed with credentials {'is_admin': False, 'user_id': '951cf757d3b746c79abcd2c19ed273d0', 'user_domain_id': 'default', 'system_scope': None, 'domain_id': None, 'project_id': '0386cfd9a6c541618b3e1a8599ef17d5', 'project_domain_id': 'default', 'roles': ['reader', 'member'], 'is_admin_project': True, 'service_user_id': None, 'service_user_domain_id': None, 'service_project_id': None, 'service_project_domain_id': None, 'service_roles': []} {{(pid=119581) authorize /opt/stack/nova/nova/policy.py:199}}
Aug 09 17:48:19.473345 dv-cinder-788363-10-smb devstack@n-api.service[119581]: INFO nova.api.openstack.requestlog [None req-94a73bd0-3338-4f62-bb25-55dea88bafa5 tempest-AttachVolumeNegativeTest-1328617508 tempest-AttachVolumeNegativeTest-1328617508-project] 10.222.0.68 "GET /compute/v2.1/servers/d6a1f3bc-fd44-479b-9559-cc6d8c76b960" status: 200 len: 1217 microversion: 2.1 time: 0.152404
Aug 09 17:48:19.475251 dv-cinder-788363-10-smb devstack@n-api.service[119581]: [pid: 119581|app: 0|req: 89/185] 10.222.0.68 () {58 vars in 1236 bytes} [Mon Aug 9 17:48:19 2021] GET /compute/v2.1/servers/d6a1f3bc-fd44-479b-9559-cc6d8c76b960 => generated 1217 bytes in 177 msecs (HTTP/1.1 200) 9 headers in 358 bytes (1 switches on core 0)
Aug 09 17:48:19.490478 dv-cinder-788363-10-smb devstack@n-api.service[119581]: DEBUG nova.api.openstack.wsgi [None req-6279a0de-f40e-441e-a841-7c20b6474f76 tempest-ServerRescueNegativeTestJSON-1799914636 tempest-ServerRescueNegativeTestJSON-1799914636-project] Calling method '>' {{(pid=119581) _process_stack /opt/stack/nova/nova/api/openstack/wsgi.py:513}}
Aug 09 17:48:19.491104 dv-cinder-788363-10-smb devstack@n-api.service[119581]: DEBUG nova.compute.api [None req-6279a0de-f40e-441e-a841-7c20b6474f76 tempest-ServerRescueNegativeTestJSON-1799914636 tempest-ServerRescueNegativeTestJSON-1799914636-project] [instance: aec12412-cdbc-460f-a5d7-f04e480c4367] Fetching instance by UUID {{(pid=119581) get /opt/stack/nova/nova/compute/api.py:2791}}
Aug 09 17:48:19.504403 dv-cinder-788363-10-smb devstack@n-api.service[119581]: DEBUG oslo_concurrency.lockutils [None req-6279a0de-f40e-441e-a841-7c20b6474f76 tempest-ServerRescueNegativeTestJSON-1799914636 tempest-ServerRescueNegativeTestJSON-1799914636-project] Lock "ed5ee897-7cb1-4e65-b335-e50234daab9f" acquired by "nova.context.set_target_cell..get_or_set_cached_cell_and_set_connections" :: waited 0.000s {{(pid=119581) inner /usr/local/lib/python3.8/dist-packages/oslo_concurrency/lockutils.py:355}}
Aug 09 17:48:19.507879 dv-cinder-788363-10-smb devstack@n-api.service[119581]: DEBUG oslo_concurrency.lockutils [None req-6279a0de-f40e-441e-a841-7c20b6474f76 tempest-ServerRescueNegativeTestJSON-1799914636 tempest-ServerRescueNegativeTestJSON-1799914636-project] Lock "ed5ee897-7cb1-4e65-b335-e50234daab9f" released by "nova.context.set_target_cell..get_or_set_cached_cell_and_set_connections" :: held 0.003s {{(pid=119581) inner /usr/local/lib/python3.8/dist-packages/oslo_concurrency/lockutils.py:367}}
Aug 09 17:48:19.510175 dv-cinder-788363-10-smb devstack@n-api.service[119581]: DEBUG oslo_concurrency.lockutils [None req-6279a0de-f40e-441e-a841-7c20b6474f76 tempest-ServerRescueNegativeTestJSON-1799914636 tempest-ServerRescueNegativeTestJSON-1799914636-project] Lock "ed5ee897-7cb1-4e65-b335-e50234daab9f" acquired by "nova.context.set_target_cell..get_or_set_cached_cell_and_set_connections" :: waited 0.000s {{(pid=119581) inner /usr/local/lib/python3.8/dist-packages/oslo_concurrency/lockutils.py:355}}
Aug 09 17:48:19.512779 dv-cinder-788363-10-smb devstack@n-api.service[119581]: DEBUG oslo_concurrency.lockutils [None req-6279a0de-f40e-441e-a841-7c20b6474f76 tempest-ServerRescueNegativeTestJSON-1799914636 tempest-ServerRescueNegativeTestJSON-1799914636-project] Lock "ed5ee897-7cb1-4e65-b335-e50234daab9f" released by "nova.context.set_target_cell..get_or_set_cached_cell_and_set_connections" :: held 0.003s {{(pid=119581) inner /usr/local/lib/python3.8/dist-packages/oslo_concurrency/lockutils.py:367}}
Aug 09 17:48:19.574226 dv-cinder-788363-10-smb devstack@n-api.service[119580]: INFO nova.api.openstack.requestlog [None req-5e431018-4cd4-4456-a804-6bf5ae1074d8 tempest-AttachVolumeShelveTestJSON-1663906465 tempest-AttachVolumeShelveTestJSON-1663906465-project] 10.222.0.68 "POST /compute/v2.1/servers/4bdf5e87-817b-44eb-b575-430b74835f87/action" status: 200 len: 14 microversion: 2.20 time: 0.283282
Aug 09 17:48:19.575266 dv-cinder-788363-10-smb devstack@n-api.service[119580]: [pid: 119580|app: 0|req: 97/186] 10.222.0.68 () {62 vars in 1319 bytes} [Mon Aug 9 17:48:19 2021] POST /compute/v2.1/servers/4bdf5e87-817b-44eb-b575-430b74835f87/action => generated 14 bytes in 286 msecs (HTTP/1.1 200) 9 headers in 358 bytes (1 switches on core 0)
Aug 09 17:48:19.843073 dv-cinder-788363-10-smb devstack@n-api.service[119581]: DEBUG nova.policy [None req-6279a0de-f40e-441e-a841-7c20b6474f76 tempest-ServerRescueNegativeTestJSON-1799914636 tempest-ServerRescueNegativeTestJSON-1799914636-project] Policy check for os_compute_api:os-extended-server-attributes failed with credentials {'is_admin': False, 'user_id': 'a61b64cc68ac4a70b14e06baaa9eca59', 'user_domain_id': 'default', 'system_scope': None, 'domain_id': None, 'project_id': 'e4f385cfaace4a0c912b9819b1a81198', 'project_domain_id': 'default', 'roles': ['reader', 'member'], 'is_admin_project': True, 'service_user_id': None, 'service_user_domain_id': None, 'service_project_id': None, 'service_project_domain_id': None, 'service_roles': []} {{(pid=119581) authorize /opt/stack/nova/nova/policy.py:199}}
Aug 09 17:48:19.857802 dv-cinder-788363-10-smb devstack@n-api.service[119581]: INFO nova.api.openstack.requestlog [None req-6279a0de-f40e-441e-a841-7c20b6474f76 tempest-ServerRescueNegativeTestJSON-1799914636 tempest-ServerRescueNegativeTestJSON-1799914636-project] 10.222.0.68 "GET /compute/v2.1/servers/aec12412-cdbc-460f-a5d7-f04e480c4367" status: 200 len: 1522 microversion: 2.1 time: 0.371429
Aug 09 17:48:19.858638 dv-cinder-788363-10-smb devstack@n-api.service[119581]: [pid: 119581|app: 0|req: 90/187] 10.222.0.68 () {58 vars in 1236 bytes} [Mon Aug 9 17:48:19 2021] GET /compute/v2.1/servers/aec12412-cdbc-460f-a5d7-f04e480c4367 => generated 1522 bytes in 383 msecs (HTTP/1.1 200) 9 headers in 358 bytes (1 switches on core 0)
Aug 09 17:48:20.061608 dv-cinder-788363-10-smb devstack@n-api.service[119580]: DEBUG nova.api.openstack.wsgi [None req-19df26d0-1fe3-46b2-a10a-e4ff630d6431 tempest-AttachVolumeTestJSON-1684178541 tempest-AttachVolumeTestJSON-1684178541-project] Action: 'action', calling method: >, body: {"os-getConsoleOutput": {}} {{(pid=119580) _process_stack /opt/stack/nova/nova/api/openstack/wsgi.py:511}}
Aug 09 17:48:20.062713 dv-cinder-788363-10-smb devstack@n-api.service[119580]: DEBUG nova.compute.api [None req-19df26d0-1fe3-46b2-a10a-e4ff630d6431 tempest-AttachVolumeTestJSON-1684178541 tempest-AttachVolumeTestJSON-1684178541-project] [instance: a645c6b1-d5ff-4e53-b8d6-8c68c789790e] Fetching instance by UUID {{(pid=119580) get /opt/stack/nova/nova/compute/api.py:2791}}
Aug 09 17:48:20.076470 dv-cinder-788363-10-smb devstack@n-api.service[119580]: DEBUG oslo_concurrency.lockutils [None req-19df26d0-1fe3-46b2-a10a-e4ff630d6431 tempest-AttachVolumeTestJSON-1684178541 tempest-AttachVolumeTestJSON-1684178541-project] Lock "ed5ee897-7cb1-4e65-b335-e50234daab9f" acquired by "nova.context.set_target_cell..get_or_set_cached_cell_and_set_connections" :: waited 0.000s {{(pid=119580) inner /usr/local/lib/python3.8/dist-packages/oslo_concurrency/lockutils.py:355}}
Aug 09 17:48:20.082317 dv-cinder-788363-10-smb devstack@n-api.service[119580]: DEBUG oslo_concurrency.lockutils [None req-19df26d0-1fe3-46b2-a10a-e4ff630d6431 tempest-AttachVolumeTestJSON-1684178541 tempest-AttachVolumeTestJSON-1684178541-project] Lock "ed5ee897-7cb1-4e65-b335-e50234daab9f" released by "nova.context.set_target_cell..get_or_set_cached_cell_and_set_connections" :: held 0.006s {{(pid=119580) inner /usr/local/lib/python3.8/dist-packages/oslo_concurrency/lockutils.py:367}}
