Aug 12 17:32:43.827983 dv-cinder-788253-6-smb devstack@n-api.service[114892]: DEBUG nova.api.openstack.wsgi_app [-] profiler.hmac_keys = SECRET_KEY {{(pid=114892) log_opt_values /usr/local/lib/python3.8/dist-packages/oslo_config/cfg.py:2609}}
Aug 12 17:32:43.828175 dv-cinder-788253-6-smb devstack@n-api.service[114893]: DEBUG nova.api.openstack.wsgi_app [-] oslo_messaging_notifications.transport_url = **** {{(pid=114893) log_opt_values /usr/local/lib/python3.8/dist-packages/oslo_config/cfg.py:2609}}
Aug 12 17:32:43.828175 dv-cinder-788253-6-smb devstack@n-api.service[114893]: DEBUG nova.api.openstack.wsgi_app [-] ******************************************************************************** {{(pid=114893) log_opt_values /usr/local/lib/python3.8/dist-packages/oslo_config/cfg.py:2613}}
Aug 12 17:32:43.828519 dv-cinder-788253-6-smb devstack@n-api.service[114892]: DEBUG nova.api.openstack.wsgi_app [-] profiler.sentinel_service_name = mymaster {{(pid=114892) log_opt_values /usr/local/lib/python3.8/dist-packages/oslo_config/cfg.py:2609}}
Aug 12 17:32:43.828719 dv-cinder-788253-6-smb devstack@n-api.service[114892]: DEBUG nova.api.openstack.wsgi_app [-] profiler.socket_timeout = 0.1 {{(pid=114892) log_opt_values /usr/local/lib/python3.8/dist-packages/oslo_config/cfg.py:2609}}
Aug 12 17:32:43.828898 dv-cinder-788253-6-smb devstack@n-api.service[114892]: DEBUG nova.api.openstack.wsgi_app [-] profiler.trace_sqlalchemy = False {{(pid=114892) log_opt_values /usr/local/lib/python3.8/dist-packages/oslo_config/cfg.py:2609}}
Aug 12 17:32:43.829237 dv-cinder-788253-6-smb devstack@n-api.service[114892]: DEBUG nova.api.openstack.wsgi_app [-] oslo_messaging_rabbit.amqp_auto_delete = False {{(pid=114892) log_opt_values /usr/local/lib/python3.8/dist-packages/oslo_config/cfg.py:2609}}
Aug 12 17:32:43.830123 dv-cinder-788253-6-smb devstack@n-api.service[114892]: DEBUG nova.api.openstack.wsgi_app [-] oslo_messaging_rabbit.amqp_durable_queues = False {{(pid=114892) log_opt_values /usr/local/lib/python3.8/dist-packages/oslo_config/cfg.py:2609}}
Aug 12 17:32:43.830534 dv-cinder-788253-6-smb devstack@n-api.service[114892]: DEBUG nova.api.openstack.wsgi_app [-] oslo_messaging_rabbit.conn_pool_min_size = 2 {{(pid=114892) log_opt_values /usr/local/lib/python3.8/dist-packages/oslo_config/cfg.py:2609}}
Aug 12 17:32:43.831119 dv-cinder-788253-6-smb devstack@n-api.service[114892]: DEBUG nova.api.openstack.wsgi_app [-] oslo_messaging_rabbit.conn_pool_ttl = 1200 {{(pid=114892) log_opt_values /usr/local/lib/python3.8/dist-packages/oslo_config/cfg.py:2609}}
Aug 12 17:32:43.831526 dv-cinder-788253-6-smb devstack@n-api.service[114892]: DEBUG nova.api.openstack.wsgi_app [-] oslo_messaging_rabbit.direct_mandatory_flag = True {{(pid=114892) log_opt_values /usr/local/lib/python3.8/dist-packages/oslo_config/cfg.py:2609}}
Aug 12 17:32:43.831933 dv-cinder-788253-6-smb devstack@n-api.service[114892]: DEBUG nova.api.openstack.wsgi_app [-] oslo_messaging_rabbit.enable_cancel_on_failover = False {{(pid=114892) log_opt_values /usr/local/lib/python3.8/dist-packages/oslo_config/cfg.py:2609}}
Aug 12 17:32:43.832517 dv-cinder-788253-6-smb devstack@n-api.service[114892]: DEBUG nova.api.openstack.wsgi_app [-] oslo_messaging_rabbit.heartbeat_in_pthread = True {{(pid=114892) log_opt_values /usr/local/lib/python3.8/dist-packages/oslo_config/cfg.py:2609}}
Aug 12 17:32:43.833102 dv-cinder-788253-6-smb devstack@n-api.service[114892]: DEBUG nova.api.openstack.wsgi_app [-] oslo_messaging_rabbit.heartbeat_rate = 3 {{(pid=114892) log_opt_values /usr/local/lib/python3.8/dist-packages/oslo_config/cfg.py:2609}}
Aug 12 17:32:43.833574 dv-cinder-788253-6-smb devstack@n-api.service[114892]: DEBUG nova.api.openstack.wsgi_app [-] oslo_messaging_rabbit.heartbeat_timeout_threshold = 600 {{(pid=114892) log_opt_values /usr/local/lib/python3.8/dist-packages/oslo_config/cfg.py:2609}}
Aug 12 17:32:43.833971 dv-cinder-788253-6-smb devstack@n-api.service[114892]: DEBUG nova.api.openstack.wsgi_app [-] oslo_messaging_rabbit.kombu_compression = None {{(pid=114892) log_opt_values /usr/local/lib/python3.8/dist-packages/oslo_config/cfg.py:2609}}
Aug 12 17:32:43.834391 dv-cinder-788253-6-smb devstack@n-api.service[114892]: DEBUG nova.api.openstack.wsgi_app [-] oslo_messaging_rabbit.kombu_failover_strategy = round-robin {{(pid=114892) log_opt_values /usr/local/lib/python3.8/dist-packages/oslo_config/cfg.py:2609}}
Aug 12 17:32:43.835089 dv-cinder-788253-6-smb devstack@n-api.service[114892]: DEBUG nova.api.openstack.wsgi_app [-] oslo_messaging_rabbit.kombu_missing_consumer_retry_timeout = 60 {{(pid=114892) log_opt_values /usr/local/lib/python3.8/dist-packages/oslo_config/cfg.py:2609}}
Aug 12 17:32:43.835539 dv-cinder-788253-6-smb devstack@n-api.service[114892]: DEBUG nova.api.openstack.wsgi_app [-] oslo_messaging_rabbit.kombu_reconnect_delay = 1.0 {{(pid=114892) log_opt_values /usr/local/lib/python3.8/dist-packages/oslo_config/cfg.py:2609}}
Aug 12 17:32:43.835945 dv-cinder-788253-6-smb devstack@n-api.service[114892]: DEBUG nova.api.openstack.wsgi_app [-] oslo_messaging_rabbit.rabbit_ha_queues = False {{(pid=114892) log_opt_values /usr/local/lib/python3.8/dist-packages/oslo_config/cfg.py:2609}}
Aug 12 17:32:43.836613 dv-cinder-788253-6-smb devstack@n-api.service[114892]: DEBUG nova.api.openstack.wsgi_app [-] oslo_messaging_rabbit.rabbit_interval_max = 30 {{(pid=114892) log_opt_values /usr/local/lib/python3.8/dist-packages/oslo_config/cfg.py:2609}}
Aug 12 17:32:43.837043 dv-cinder-788253-6-smb devstack@n-api.service[114892]: DEBUG nova.api.openstack.wsgi_app [-] oslo_messaging_rabbit.rabbit_login_method = AMQPLAIN {{(pid=114892) log_opt_values /usr/local/lib/python3.8/dist-packages/oslo_config/cfg.py:2609}}
Aug 12 17:32:43.837440 dv-cinder-788253-6-smb devstack@n-api.service[114892]: DEBUG nova.api.openstack.wsgi_app [-] oslo_messaging_rabbit.rabbit_qos_prefetch_count = 0 {{(pid=114892) log_opt_values /usr/local/lib/python3.8/dist-packages/oslo_config/cfg.py:2609}}
Aug 12 17:32:43.837989 dv-cinder-788253-6-smb devstack@n-api.service[114892]: DEBUG nova.api.openstack.wsgi_app [-] oslo_messaging_rabbit.rabbit_retry_backoff = 2 {{(pid=114892) log_opt_values /usr/local/lib/python3.8/dist-packages/oslo_config/cfg.py:2609}}
Aug 12 17:32:43.838412 dv-cinder-788253-6-smb devstack@n-api.service[114892]: DEBUG nova.api.openstack.wsgi_app [-] oslo_messaging_rabbit.rabbit_retry_interval = 1 {{(pid=114892) log_opt_values /usr/local/lib/python3.8/dist-packages/oslo_config/cfg.py:2609}}
Aug 12 17:32:43.838813 dv-cinder-788253-6-smb devstack@n-api.service[114892]: DEBUG nova.api.openstack.wsgi_app [-] oslo_messaging_rabbit.rabbit_transient_queues_ttl = 1800 {{(pid=114892) log_opt_values /usr/local/lib/python3.8/dist-packages/oslo_config/cfg.py:2609}}
Aug 12 17:32:43.839241 dv-cinder-788253-6-smb devstack@n-api.service[114892]: DEBUG nova.api.openstack.wsgi_app [-] oslo_messaging_rabbit.rpc_conn_pool_size = 30 {{(pid=114892) log_opt_values /usr/local/lib/python3.8/dist-packages/oslo_config/cfg.py:2609}}
Aug 12 17:32:43.840174 dv-cinder-788253-6-smb devstack@n-api.service[114892]: DEBUG nova.api.openstack.wsgi_app [-] oslo_messaging_rabbit.ssl = False {{(pid=114892) log_opt_values /usr/local/lib/python3.8/dist-packages/oslo_config/cfg.py:2609}}
Aug 12 17:32:43.840603 dv-cinder-788253-6-smb devstack@n-api.service[114892]: DEBUG nova.api.openstack.wsgi_app [-] oslo_messaging_rabbit.ssl_ca_file = {{(pid=114892) log_opt_values /usr/local/lib/python3.8/dist-packages/oslo_config/cfg.py:2609}}
Aug 12 17:32:43.841160 dv-cinder-788253-6-smb devstack@n-api.service[114892]: DEBUG nova.api.openstack.wsgi_app [-] oslo_messaging_rabbit.ssl_cert_file = {{(pid=114892) log_opt_values /usr/local/lib/python3.8/dist-packages/oslo_config/cfg.py:2609}}
Aug 12 17:32:43.841577 dv-cinder-788253-6-smb devstack@n-api.service[114892]: DEBUG nova.api.openstack.wsgi_app [-] oslo_messaging_rabbit.ssl_key_file = {{(pid=114892) log_opt_values /usr/local/lib/python3.8/dist-packages/oslo_config/cfg.py:2609}}
Aug 12 17:32:43.842198 dv-cinder-788253-6-smb devstack@n-api.service[114892]: DEBUG nova.api.openstack.wsgi_app [-] oslo_messaging_rabbit.ssl_version = {{(pid=114892) log_opt_values /usr/local/lib/python3.8/dist-packages/oslo_config/cfg.py:2609}}
Aug 12 17:32:43.842771 dv-cinder-788253-6-smb devstack@n-api.service[114892]: DEBUG nova.api.openstack.wsgi_app [-] oslo_messaging_notifications.driver = ['messagingv2'] {{(pid=114892) log_opt_values /usr/local/lib/python3.8/dist-packages/oslo_config/cfg.py:2609}}
Aug 12 17:32:43.843509 dv-cinder-788253-6-smb devstack@n-api.service[114892]: DEBUG nova.api.openstack.wsgi_app [-] oslo_messaging_notifications.retry = -1 {{(pid=114892) log_opt_values /usr/local/lib/python3.8/dist-packages/oslo_config/cfg.py:2609}}
Aug 12 17:32:43.843950 dv-cinder-788253-6-smb devstack@n-api.service[114892]: DEBUG nova.api.openstack.wsgi_app [-] oslo_messaging_notifications.topics = ['notifications'] {{(pid=114892) log_opt_values /usr/local/lib/python3.8/dist-packages/oslo_config/cfg.py:2609}}
Aug 12 17:32:43.844369 dv-cinder-788253-6-smb devstack@n-api.service[114892]: DEBUG nova.api.openstack.wsgi_app [-] oslo_messaging_notifications.transport_url = **** {{(pid=114892) log_opt_values /usr/local/lib/python3.8/dist-packages/oslo_config/cfg.py:2609}}
Aug 12 17:32:43.844696 dv-cinder-788253-6-smb devstack@n-api.service[114892]: DEBUG nova.api.openstack.wsgi_app [-] ******************************************************************************** {{(pid=114892) log_opt_values /usr/local/lib/python3.8/dist-packages/oslo_config/cfg.py:2613}}
Aug 12 17:32:43.855516 dv-cinder-788253-6-smb devstack@n-api.service[114893]: DEBUG oslo_db.sqlalchemy.engines [None req-df4b5057-2c7e-4b94-9f7d-b664b287b0c8 None None] MySQL server mode set to STRICT_TRANS_TABLES,STRICT_ALL_TABLES,NO_ZERO_IN_DATE,NO_ZERO_DATE,ERROR_FOR_DIVISION_BY_ZERO,TRADITIONAL,NO_ENGINE_SUBSTITUTION {{(pid=114893) _check_effective_sql_mode /usr/local/lib/python3.8/dist-packages/oslo_db/sqlalchemy/engines.py:314}}
Aug 12 17:32:43.872085 dv-cinder-788253-6-smb devstack@n-api.service[114892]: DEBUG oslo_db.sqlalchemy.engines [None req-60ed5c65-ff96-4dad-80f9-4ed668f59736 None None] MySQL server mode set to STRICT_TRANS_TABLES,STRICT_ALL_TABLES,NO_ZERO_IN_DATE,NO_ZERO_DATE,ERROR_FOR_DIVISION_BY_ZERO,TRADITIONAL,NO_ENGINE_SUBSTITUTION {{(pid=114892) _check_effective_sql_mode /usr/local/lib/python3.8/dist-packages/oslo_db/sqlalchemy/engines.py:314}}
Aug 12 17:32:44.027403 dv-cinder-788253-6-smb devstack@n-api.service[114893]: DEBUG nova.context [None req-df4b5057-2c7e-4b94-9f7d-b664b287b0c8 None None] Found 2 cells: 00000000-0000-0000-0000-000000000000(cell0),99d6a99c-9503-4e91-8b6f-f432457fb3cc(cell1) {{(pid=114893) load_cells /opt/stack/nova/nova/context.py:464}}
Aug 12 17:32:44.031691 dv-cinder-788253-6-smb devstack@n-api.service[114893]: DEBUG oslo_concurrency.lockutils [None req-df4b5057-2c7e-4b94-9f7d-b664b287b0c8 None None] Lock "00000000-0000-0000-0000-000000000000" acquired by "nova.context.set_target_cell..get_or_set_cached_cell_and_set_connections" :: waited 0.000s {{(pid=114893) inner /usr/local/lib/python3.8/dist-packages/oslo_concurrency/lockutils.py:355}}
Aug 12 17:32:44.033307 dv-cinder-788253-6-smb devstack@n-api.service[114893]: DEBUG oslo_concurrency.lockutils [None req-df4b5057-2c7e-4b94-9f7d-b664b287b0c8 None None] Lock "00000000-0000-0000-0000-000000000000" released by "nova.context.set_target_cell..get_or_set_cached_cell_and_set_connections" :: held 0.002s {{(pid=114893) inner /usr/local/lib/python3.8/dist-packages/oslo_concurrency/lockutils.py:367}}
Aug 12 17:32:44.034134 dv-cinder-788253-6-smb devstack@n-api.service[114893]: DEBUG oslo_concurrency.lockutils [None req-df4b5057-2c7e-4b94-9f7d-b664b287b0c8 None None] Lock "99d6a99c-9503-4e91-8b6f-f432457fb3cc" acquired by "nova.context.set_target_cell..get_or_set_cached_cell_and_set_connections" :: waited 0.000s {{(pid=114893) inner /usr/local/lib/python3.8/dist-packages/oslo_concurrency/lockutils.py:355}}
Aug 12 17:32:44.036147 dv-cinder-788253-6-smb devstack@n-api.service[114893]: DEBUG oslo_concurrency.lockutils [None req-df4b5057-2c7e-4b94-9f7d-b664b287b0c8 None None] Lock "99d6a99c-9503-4e91-8b6f-f432457fb3cc" released by "nova.context.set_target_cell..get_or_set_cached_cell_and_set_connections" :: held 0.002s {{(pid=114893) inner /usr/local/lib/python3.8/dist-packages/oslo_concurrency/lockutils.py:367}}
Aug 12 17:32:44.044132 dv-cinder-788253-6-smb devstack@n-api.service[114892]: DEBUG nova.context [None req-60ed5c65-ff96-4dad-80f9-4ed668f59736 None None] Found 2 cells: 00000000-0000-0000-0000-000000000000(cell0),99d6a99c-9503-4e91-8b6f-f432457fb3cc(cell1) {{(pid=114892) load_cells /opt/stack/nova/nova/context.py:464}}
Aug 12 17:32:44.047667 dv-cinder-788253-6-smb devstack@n-api.service[114893]: DEBUG oslo_db.sqlalchemy.engines [None req-df4b5057-2c7e-4b94-9f7d-b664b287b0c8 None None] MySQL server mode set to STRICT_TRANS_TABLES,STRICT_ALL_TABLES,NO_ZERO_IN_DATE,NO_ZERO_DATE,ERROR_FOR_DIVISION_BY_ZERO,TRADITIONAL,NO_ENGINE_SUBSTITUTION {{(pid=114893) _check_effective_sql_mode /usr/local/lib/python3.8/dist-packages/oslo_db/sqlalchemy/engines.py:314}}
Aug 12 17:32:44.048634 dv-cinder-788253-6-smb devstack@n-api.service[114892]: DEBUG oslo_concurrency.lockutils [None req-60ed5c65-ff96-4dad-80f9-4ed668f59736 None None] Lock "00000000-0000-0000-0000-000000000000" acquired by "nova.context.set_target_cell..get_or_set_cached_cell_and_set_connections" :: waited 0.000s {{(pid=114892) inner /usr/local/lib/python3.8/dist-packages/oslo_concurrency/lockutils.py:355}}
Aug 12 17:32:44.049590 dv-cinder-788253-6-smb devstack@n-api.service[114893]: DEBUG oslo_db.sqlalchemy.engines [None req-df4b5057-2c7e-4b94-9f7d-b664b287b0c8 None None] MySQL server mode set to STRICT_TRANS_TABLES,STRICT_ALL_TABLES,NO_ZERO_IN_DATE,NO_ZERO_DATE,ERROR_FOR_DIVISION_BY_ZERO,TRADITIONAL,NO_ENGINE_SUBSTITUTION {{(pid=114893) _check_effective_sql_mode /usr/local/lib/python3.8/dist-packages/oslo_db/sqlalchemy/engines.py:314}}
Aug 12 17:32:44.052009 dv-cinder-788253-6-smb devstack@n-api.service[114892]: DEBUG oslo_concurrency.lockutils [None req-60ed5c65-ff96-4dad-80f9-4ed668f59736 None None] Lock "00000000-0000-0000-0000-000000000000" released by "nova.context.set_target_cell..get_or_set_cached_cell_and_set_connections" :: held 0.002s {{(pid=114892) inner /usr/local/lib/python3.8/dist-packages/oslo_concurrency/lockutils.py:367}}
Aug 12 17:32:44.052009 dv-cinder-788253-6-smb devstack@n-api.service[114892]: DEBUG oslo_concurrency.lockutils [None req-60ed5c65-ff96-4dad-80f9-4ed668f59736 None None] Lock "99d6a99c-9503-4e91-8b6f-f432457fb3cc" acquired by "nova.context.set_target_cell..get_or_set_cached_cell_and_set_connections" :: waited 0.000s {{(pid=114892) inner /usr/local/lib/python3.8/dist-packages/oslo_concurrency/lockutils.py:355}}
Aug 12 17:32:44.053478 dv-cinder-788253-6-smb devstack@n-api.service[114892]: DEBUG oslo_concurrency.lockutils [None req-60ed5c65-ff96-4dad-80f9-4ed668f59736 None None] Lock "99d6a99c-9503-4e91-8b6f-f432457fb3cc" released by "nova.context.set_target_cell..get_or_set_cached_cell_and_set_connections" :: held 0.002s {{(pid=114892) inner /usr/local/lib/python3.8/dist-packages/oslo_concurrency/lockutils.py:367}}
Aug 12 17:32:44.065079 dv-cinder-788253-6-smb devstack@n-api.service[114892]: DEBUG oslo_db.sqlalchemy.engines [None req-60ed5c65-ff96-4dad-80f9-4ed668f59736 None None] MySQL server mode set to STRICT_TRANS_TABLES,STRICT_ALL_TABLES,NO_ZERO_IN_DATE,NO_ZERO_DATE,ERROR_FOR_DIVISION_BY_ZERO,TRADITIONAL,NO_ENGINE_SUBSTITUTION {{(pid=114892) _check_effective_sql_mode /usr/local/lib/python3.8/dist-packages/oslo_db/sqlalchemy/engines.py:314}}
Aug 12 17:32:44.066342 dv-cinder-788253-6-smb devstack@n-api.service[114892]: DEBUG oslo_db.sqlalchemy.engines [None req-60ed5c65-ff96-4dad-80f9-4ed668f59736 None None] MySQL server mode set to STRICT_TRANS_TABLES,STRICT_ALL_TABLES,NO_ZERO_IN_DATE,NO_ZERO_DATE,ERROR_FOR_DIVISION_BY_ZERO,TRADITIONAL,NO_ENGINE_SUBSTITUTION {{(pid=114892) _check_effective_sql_mode /usr/local/lib/python3.8/dist-packages/oslo_db/sqlalchemy/engines.py:314}}
Aug 12 17:32:44.310109 dv-cinder-788253-6-smb devstack@n-api.service[114893]: DEBUG oslo_db.sqlalchemy.engines [None req-df4b5057-2c7e-4b94-9f7d-b664b287b0c8 None None] MySQL server mode set to STRICT_TRANS_TABLES,STRICT_ALL_TABLES,NO_ZERO_IN_DATE,NO_ZERO_DATE,ERROR_FOR_DIVISION_BY_ZERO,TRADITIONAL,NO_ENGINE_SUBSTITUTION {{(pid=114893) _check_effective_sql_mode /usr/local/lib/python3.8/dist-packages/oslo_db/sqlalchemy/engines.py:314}}
Aug 12 17:32:44.330155 dv-cinder-788253-6-smb devstack@n-api.service[114892]: DEBUG oslo_db.sqlalchemy.engines [None req-60ed5c65-ff96-4dad-80f9-4ed668f59736 None None] MySQL server mode set to STRICT_TRANS_TABLES,STRICT_ALL_TABLES,NO_ZERO_IN_DATE,NO_ZERO_DATE,ERROR_FOR_DIVISION_BY_ZERO,TRADITIONAL,NO_ENGINE_SUBSTITUTION {{(pid=114892) _check_effective_sql_mode /usr/local/lib/python3.8/dist-packages/oslo_db/sqlalchemy/engines.py:314}}
Aug 12 17:32:44.635267 dv-cinder-788253-6-smb devstack@n-api.service[114893]: WARNING keystonemiddleware.auth_token [None req-df4b5057-2c7e-4b94-9f7d-b664b287b0c8 None None] AuthToken middleware is set with keystone_authtoken.service_token_roles_required set to False. This is backwards compatible but deprecated behaviour. Please set this to True.
Aug 12 17:32:44.641702 dv-cinder-788253-6-smb devstack@n-api.service[114893]: WARNING keystonemiddleware.auth_token [None req-df4b5057-2c7e-4b94-9f7d-b664b287b0c8 None None] Configuring www_authenticate_uri to point to the public identity endpoint is required; clients may not be able to authenticate against an admin endpoint
Aug 12 17:32:44.654580 dv-cinder-788253-6-smb devstack@n-api.service[114892]: WARNING keystonemiddleware.auth_token [None req-60ed5c65-ff96-4dad-80f9-4ed668f59736 None None] AuthToken middleware is set with keystone_authtoken.service_token_roles_required set to False. This is backwards compatible but deprecated behaviour. Please set this to True.
Aug 12 17:32:44.661086 dv-cinder-788253-6-smb devstack@n-api.service[114892]: WARNING keystonemiddleware.auth_token [None req-60ed5c65-ff96-4dad-80f9-4ed668f59736 None None] Configuring www_authenticate_uri to point to the public identity endpoint is required; clients may not be able to authenticate against an admin endpoint
Aug 12 17:32:45.011764 dv-cinder-788253-6-smb devstack@n-api.service[114892]: WARNING keystonemiddleware.auth_token [None req-60ed5c65-ff96-4dad-80f9-4ed668f59736 None None] AuthToken middleware is set with keystone_authtoken.service_token_roles_required set to False. This is backwards compatible but deprecated behaviour. Please set this to True.
Aug 12 17:32:45.018282 dv-cinder-788253-6-smb devstack@n-api.service[114892]: WARNING keystonemiddleware.auth_token [None req-60ed5c65-ff96-4dad-80f9-4ed668f59736 None None] Configuring www_authenticate_uri to point to the public identity endpoint is required; clients may not be able to authenticate against an admin endpoint
Aug 12 17:32:45.023598 dv-cinder-788253-6-smb devstack@n-api.service[114892]: WSGI app 0 (mountpoint='') ready in 6 seconds on interpreter 0x55a761cbb9c0 pid: 114892 (default app)
Aug 12 17:32:45.030980 dv-cinder-788253-6-smb devstack@n-api.service[114893]: WARNING keystonemiddleware.auth_token [None req-df4b5057-2c7e-4b94-9f7d-b664b287b0c8 None None] AuthToken middleware is set with keystone_authtoken.service_token_roles_required set to False. This is backwards compatible but deprecated behaviour. Please set this to True.
Aug 12 17:32:45.036555 dv-cinder-788253-6-smb devstack@n-api.service[114893]: WARNING keystonemiddleware.auth_token [None req-df4b5057-2c7e-4b94-9f7d-b664b287b0c8 None None] Configuring www_authenticate_uri to point to the public identity endpoint is required; clients may not be able to authenticate against an admin endpoint
Aug 12 17:32:45.041776 dv-cinder-788253-6-smb devstack@n-api.service[114893]: WSGI app 0 (mountpoint='') ready in 6 seconds on interpreter 0x55a761cbb9c0 pid: 114893 (default app)
Aug 12 17:33:19.112953 dv-cinder-788253-6-smb devstack@n-api.service[114892]: DEBUG nova.api.openstack.wsgi [None req-dd6a1d89-8746-4ae9-a1bf-ceb598cb4d0c tempest-VolumesSnapshotsTestJSON-930229907 tempest-VolumesSnapshotsTestJSON-930229907-project] Action: 'create', calling method: .version_select at 0x7fe2259b74c0>, body: {"volume": {"size": 1, "display_name": "tempest-VolumesSnapshotsTestJSON-volume-813779059"}} {{(pid=114892) _process_stack /opt/stack/nova/nova/api/openstack/wsgi.py:511}}
Aug 12 17:33:20.785524 dv-cinder-788253-6-smb devstack@n-api.service[114893]: DEBUG nova.api.openstack.wsgi [None req-fb4adfec-cf3a-4b3a-81d3-2df054a36277 tempest-DeleteServersTestJSON-1484417788 tempest-DeleteServersTestJSON-1484417788-project] Action: 'create', calling method: >, body: {"server": {"name": "tempest-DeleteServersTestJSON-server-1003999275", "imageRef": "a0d74ecf-a127-4697-82c6-590b1582c408", "flavorRef": "452", "networks": [{"uuid": "11bad488-4b6f-4ad7-8924-db9e24064ed5"}]}} {{(pid=114893) _process_stack /opt/stack/nova/nova/api/openstack/wsgi.py:511}}
Aug 12 17:33:21.365370 dv-cinder-788253-6-smb devstack@n-api.service[114893]: DEBUG nova.network.neutron [None req-fb4adfec-cf3a-4b3a-81d3-2df054a36277 tempest-DeleteServersTestJSON-1484417788 tempest-DeleteServersTestJSON-1484417788-project] validate_networks() for [('11bad488-4b6f-4ad7-8924-db9e24064ed5', None, None, None)] {{(pid=114893) validate_networks /opt/stack/nova/nova/network/neutron.py:2255}}
Aug 12 17:33:21.508269 dv-cinder-788253-6-smb devstack@n-api.service[114892]: INFO nova.api.openstack.requestlog [None req-dd6a1d89-8746-4ae9-a1bf-ceb598cb4d0c tempest-VolumesSnapshotsTestJSON-930229907 tempest-VolumesSnapshotsTestJSON-930229907-project] 10.222.0.32 "POST /compute/v2.1/os-volumes" status: 200 len: 344 microversion: 2.1 time: 3.643481
Aug 12 17:33:21.515647 dv-cinder-788253-6-smb devstack@n-api.service[114892]: [pid: 114892|app: 0|req: 1/1] 10.222.0.32 () {60 vars in 1155 bytes} [Thu Aug 12 17:33:17 2021] POST /compute/v2.1/os-volumes => generated 344 bytes in 3646 msecs (HTTP/1.1 200) 10 headers in 448 bytes (1 switches on core 0)
Aug 12 17:33:21.522734 dv-cinder-788253-6-smb devstack@n-api.service[114892]: DEBUG nova.api.openstack.wsgi [None req-ed8be610-0797-4d0c-9425-2b16913cc899 tempest-VolumesSnapshotsTestJSON-930229907 tempest-VolumesSnapshotsTestJSON-930229907-project] Calling method '.version_select at 0x7fe22587cf70>' {{(pid=114892) _process_stack /opt/stack/nova/nova/api/openstack/wsgi.py:513}}
Aug 12 17:33:21.649970 dv-cinder-788253-6-smb devstack@n-api.service[114892]: INFO nova.api.openstack.requestlog [None req-ed8be610-0797-4d0c-9425-2b16913cc899 tempest-VolumesSnapshotsTestJSON-930229907 tempest-VolumesSnapshotsTestJSON-930229907-project] 10.222.0.32 "GET /compute/v2.1/os-volumes/d73bd91e-f059-4fd7-8e82-26a778499641" status: 200 len: 344 microversion: 2.1 time: 0.132878
Aug 12 17:33:21.650820 dv-cinder-788253-6-smb devstack@n-api.service[114892]: [pid: 114892|app: 0|req: 2/2] 10.222.0.32 () {58 vars in 1245 bytes} [Thu Aug 12 17:33:21 2021] GET /compute/v2.1/os-volumes/d73bd91e-f059-4fd7-8e82-26a778499641 => generated 344 bytes in 135 msecs (HTTP/1.1 200) 9 headers in 357 bytes (1 switches on core 0)
Aug 12 17:33:22.665669 dv-cinder-788253-6-smb devstack@n-api.service[114892]: DEBUG nova.api.openstack.wsgi [None req-e5d04483-147e-4ba9-a6a8-2d5809bf96d3 tempest-VolumesSnapshotsTestJSON-930229907 tempest-VolumesSnapshotsTestJSON-930229907-project] Calling method '.version_select at 0x7fe22588f820>' {{(pid=114892) _process_stack /opt/stack/nova/nova/api/openstack/wsgi.py:513}}
Aug 12 17:33:22.823704 dv-cinder-788253-6-smb devstack@n-api.service[114892]: INFO nova.api.openstack.requestlog [None req-e5d04483-147e-4ba9-a6a8-2d5809bf96d3 tempest-VolumesSnapshotsTestJSON-930229907 tempest-VolumesSnapshotsTestJSON-930229907-project] 10.222.0.32 "GET /compute/v2.1/os-volumes/d73bd91e-f059-4fd7-8e82-26a778499641" status: 200 len: 345 microversion: 2.1 time: 0.163577
Aug 12 17:33:22.824276 dv-cinder-788253-6-smb devstack@n-api.service[114892]: [pid: 114892|app: 0|req: 3/3] 10.222.0.32 () {58 vars in 1245 bytes} [Thu Aug 12 17:33:22 2021] GET /compute/v2.1/os-volumes/d73bd91e-f059-4fd7-8e82-26a778499641 => generated 345 bytes in 165 msecs (HTTP/1.1 200) 9 headers in 357 bytes (2 switches on core 0)
Aug 12 17:33:22.842649 dv-cinder-788253-6-smb devstack@n-api.service[114892]: DEBUG nova.api.openstack.wsgi [None req-21c429a3-bab6-4126-81ce-ecd2be82ecca tempest-VolumesSnapshotsTestJSON-930229907 tempest-VolumesSnapshotsTestJSON-930229907-project] Action: 'create', calling method: .version_select at 0x7fe22588fca0>, body: {"snapshot": {"volume_id": "d73bd91e-f059-4fd7-8e82-26a778499641", "display_name": "tempest-VolumesSnapshotsTestJSON-Snapshot-740653029"}} {{(pid=114892) _process_stack /opt/stack/nova/nova/api/openstack/wsgi.py:511}}
Aug 12 17:33:23.173055 dv-cinder-788253-6-smb devstack@n-api.service[114892]: INFO nova.api.openstack.requestlog [None req-21c429a3-bab6-4126-81ce-ecd2be82ecca tempest-VolumesSnapshotsTestJSON-930229907 tempest-VolumesSnapshotsTestJSON-930229907-project] 10.222.0.32 "POST /compute/v2.1/os-snapshots" status: 200 len: 286 microversion: 2.1 time: 0.338047
Aug 12 17:33:23.174165 dv-cinder-788253-6-smb devstack@n-api.service[114892]: [pid: 114892|app: 0|req: 4/4] 10.222.0.32 () {60 vars in 1162 bytes} [Thu Aug 12 17:33:22 2021] POST /compute/v2.1/os-snapshots => generated 286 bytes in 340 msecs (HTTP/1.1 200) 9 headers in 357 bytes (2 switches on core 0)
Aug 12 17:33:23.183891 dv-cinder-788253-6-smb devstack@n-api.service[114892]: DEBUG nova.api.openstack.wsgi [None req-bfd1b9bc-b7f5-4c2c-ae1c-3555a0de9fe5 tempest-VolumesSnapshotsTestJSON-930229907 tempest-VolumesSnapshotsTestJSON-930229907-project] Calling method '.version_select at 0x7fe22587cf70>' {{(pid=114892) _process_stack /opt/stack/nova/nova/api/openstack/wsgi.py:513}}
Aug 12 17:33:23.403417 dv-cinder-788253-6-smb devstack@n-api.service[114892]: INFO nova.api.openstack.requestlog [None req-bfd1b9bc-b7f5-4c2c-ae1c-3555a0de9fe5 tempest-VolumesSnapshotsTestJSON-930229907 tempest-VolumesSnapshotsTestJSON-930229907-project] 10.222.0.32 "GET /compute/v2.1/os-snapshots/9ed1e7e9-bc94-4e3a-8585-e75df816039f" status: 200 len: 287 microversion: 2.1 time: 0.222945
Aug 12 17:33:23.404546 dv-cinder-788253-6-smb devstack@n-api.service[114892]: [pid: 114892|app: 0|req: 5/5] 10.222.0.32 () {58 vars in 1251 bytes} [Thu Aug 12 17:33:23 2021] GET /compute/v2.1/os-snapshots/9ed1e7e9-bc94-4e3a-8585-e75df816039f => generated 287 bytes in 225 msecs (HTTP/1.1 200) 9 headers in 357 bytes (1 switches on core 0)
Aug 12 17:33:23.414198 dv-cinder-788253-6-smb devstack@n-api.service[114892]: DEBUG nova.api.openstack.wsgi [None req-43f33118-beb8-4eb9-bb83-eff69080dca5 tempest-VolumesSnapshotsTestJSON-930229907 tempest-VolumesSnapshotsTestJSON-930229907-project] Calling method '.version_select at 0x7fe2258948b0>' {{(pid=114892) _process_stack /opt/stack/nova/nova/api/openstack/wsgi.py:513}}
Aug 12 17:33:23.556775 dv-cinder-788253-6-smb devstack@n-api.service[114892]: INFO nova.api.openstack.requestlog [None req-43f33118-beb8-4eb9-bb83-eff69080dca5 tempest-VolumesSnapshotsTestJSON-930229907 tempest-VolumesSnapshotsTestJSON-930229907-project] 10.222.0.32 "GET /compute/v2.1/os-snapshots" status: 200 len: 290 microversion: 2.1 time: 0.146619
Aug 12 17:33:23.557935 dv-cinder-788253-6-smb devstack@n-api.service[114892]: [pid: 114892|app: 0|req: 6/6] 10.222.0.32 () {58 vars in 1140 bytes} [Thu Aug 12 17:33:23 2021] GET /compute/v2.1/os-snapshots => generated 290 bytes in 148 msecs (HTTP/1.1 200) 9 headers in 357 bytes (1 switches on core 0)
Aug 12 17:33:23.570170 dv-cinder-788253-6-smb devstack@n-api.service[114892]: DEBUG nova.api.openstack.wsgi [None req-73ba02f5-97d1-465d-944b-9cf1e578dee7 tempest-VolumesSnapshotsTestJSON-930229907 tempest-VolumesSnapshotsTestJSON-930229907-project] Calling method '.version_select at 0x7fe225894f70>' {{(pid=114892) _process_stack /opt/stack/nova/nova/api/openstack/wsgi.py:513}}
Aug 12 17:33:23.649610 dv-cinder-788253-6-smb devstack@n-api.service[114892]: INFO nova.api.openstack.requestlog [None req-73ba02f5-97d1-465d-944b-9cf1e578dee7 tempest-VolumesSnapshotsTestJSON-930229907 tempest-VolumesSnapshotsTestJSON-930229907-project] 10.222.0.32 "GET /compute/v2.1/os-snapshots/9ed1e7e9-bc94-4e3a-8585-e75df816039f" status: 200 len: 287 microversion: 2.1 time: 0.082839
Aug 12 17:33:23.654930 dv-cinder-788253-6-smb devstack@n-api.service[114892]: [pid: 114892|app: 0|req: 7/7] 10.222.0.32 () {58 vars in 1251 bytes} [Thu Aug 12 17:33:23 2021] GET /compute/v2.1/os-snapshots/9ed1e7e9-bc94-4e3a-8585-e75df816039f => generated 287 bytes in 89 msecs (HTTP/1.1 200) 9 headers in 357 bytes (1 switches on core 0)
Aug 12 17:33:23.665302 dv-cinder-788253-6-smb devstack@n-api.service[114892]: DEBUG nova.api.openstack.wsgi [None req-09ba34e9-f159-4ca0-8b7c-6691380d7347 tempest-VolumesSnapshotsTestJSON-930229907 tempest-VolumesSnapshotsTestJSON-930229907-project] Calling method '.version_select at 0x7fe2258945e0>' {{(pid=114892) _process_stack /opt/stack/nova/nova/api/openstack/wsgi.py:513}}
Aug 12 17:33:23.855298 dv-cinder-788253-6-smb devstack@n-api.service[114892]: INFO nova.api.openstack.requestlog [None req-09ba34e9-f159-4ca0-8b7c-6691380d7347 tempest-VolumesSnapshotsTestJSON-930229907 tempest-VolumesSnapshotsTestJSON-930229907-project] 10.222.0.32 "DELETE /compute/v2.1/os-snapshots/9ed1e7e9-bc94-4e3a-8585-e75df816039f" status: 202 len: 0 microversion: 2.1 time: 0.194158
Aug 12 17:33:23.856210 dv-cinder-788253-6-smb devstack@n-api.service[114892]: [pid: 114892|app: 0|req: 8/8] 10.222.0.32 () {58 vars in 1254 bytes} [Thu Aug 12 17:33:23 2021] DELETE /compute/v2.1/os-snapshots/9ed1e7e9-bc94-4e3a-8585-e75df816039f => generated 0 bytes in 196 msecs (HTTP/1.1 202) 9 headers in 361 bytes (1 switches on core 0)
Aug 12 17:33:23.864361 dv-cinder-788253-6-smb devstack@n-api.service[114892]: DEBUG nova.api.openstack.wsgi [None req-60165269-1a18-47e3-ae2e-b4d61b7e7fd9 tempest-VolumesSnapshotsTestJSON-930229907 tempest-VolumesSnapshotsTestJSON-930229907-project] Calling method '.version_select at 0x7fe22588f040>' {{(pid=114892) _process_stack /opt/stack/nova/nova/api/openstack/wsgi.py:513}}
Aug 12 17:33:23.949691 dv-cinder-788253-6-smb devstack@n-api.service[114892]: INFO nova.api.openstack.requestlog [None req-60165269-1a18-47e3-ae2e-b4d61b7e7fd9 tempest-VolumesSnapshotsTestJSON-930229907 tempest-VolumesSnapshotsTestJSON-930229907-project] 10.222.0.32 "GET /compute/v2.1/os-snapshots/9ed1e7e9-bc94-4e3a-8585-e75df816039f" status: 200 len: 286 microversion: 2.1 time: 0.089238
Aug 12 17:33:23.950263 dv-cinder-788253-6-smb devstack@n-api.service[114892]: [pid: 114892|app: 0|req: 9/9] 10.222.0.32 () {58 vars in 1251 bytes} [Thu Aug 12 17:33:23 2021] GET /compute/v2.1/os-snapshots/9ed1e7e9-bc94-4e3a-8585-e75df816039f => generated 286 bytes in 91 msecs (HTTP/1.1 200) 9 headers in 357 bytes (2 switches on core 0)
Aug 12 17:33:24.162663 dv-cinder-788253-6-smb devstack@n-api.service[114893]: DEBUG nova.virt.hardware [None req-fb4adfec-cf3a-4b3a-81d3-2df054a36277 tempest-DeleteServersTestJSON-1484417788 tempest-DeleteServersTestJSON-1484417788-project] Flavor limits 0:0:0 {{(pid=114893) get_cpu_topology_constraints /opt/stack/nova/nova/virt/hardware.py:343}}
Aug 12 17:33:24.163682 dv-cinder-788253-6-smb devstack@n-api.service[114893]: DEBUG nova.virt.hardware [None req-fb4adfec-cf3a-4b3a-81d3-2df054a36277 tempest-DeleteServersTestJSON-1484417788 tempest-DeleteServersTestJSON-1484417788-project] Image limits 0:0:0 {{(pid=114893) get_cpu_topology_constraints /opt/stack/nova/nova/virt/hardware.py:347}}
Aug 12 17:33:24.164188 dv-cinder-788253-6-smb devstack@n-api.service[114893]: DEBUG nova.virt.hardware [None req-fb4adfec-cf3a-4b3a-81d3-2df054a36277 tempest-DeleteServersTestJSON-1484417788 tempest-DeleteServersTestJSON-1484417788-project] Flavor pref 0:0:0 {{(pid=114893) get_cpu_topology_constraints /opt/stack/nova/nova/virt/hardware.py:383}}
Aug 12 17:33:24.164605 dv-cinder-788253-6-smb devstack@n-api.service[114893]: DEBUG nova.virt.hardware [None req-fb4adfec-cf3a-4b3a-81d3-2df054a36277 tempest-DeleteServersTestJSON-1484417788 tempest-DeleteServersTestJSON-1484417788-project] Image pref 0:0:0 {{(pid=114893) get_cpu_topology_constraints /opt/stack/nova/nova/virt/hardware.py:387}}
Aug 12 17:33:24.165048 dv-cinder-788253-6-smb devstack@n-api.service[114893]: DEBUG nova.virt.hardware [None req-fb4adfec-cf3a-4b3a-81d3-2df054a36277 tempest-DeleteServersTestJSON-1484417788 tempest-DeleteServersTestJSON-1484417788-project] Chose sockets=0, cores=0, threads=0; limits were sockets=65536, cores=65536, threads=65536 {{(pid=114893) get_cpu_topology_constraints /opt/stack/nova/nova/virt/hardware.py:425}}
Aug 12 17:33:24.196938 dv-cinder-788253-6-smb devstack@n-api.service[114893]: DEBUG oslo_concurrency.lockutils [None req-fb4adfec-cf3a-4b3a-81d3-2df054a36277 tempest-DeleteServersTestJSON-1484417788 tempest-DeleteServersTestJSON-1484417788-project] Lock "00000000-0000-0000-0000-000000000000" acquired by "nova.context.set_target_cell..get_or_set_cached_cell_and_set_connections" :: waited 0.000s {{(pid=114893) inner /usr/local/lib/python3.8/dist-packages/oslo_concurrency/lockutils.py:355}}
Aug 12 17:33:24.197406 dv-cinder-788253-6-smb devstack@n-api.service[114893]: DEBUG oslo_concurrency.lockutils [None req-fb4adfec-cf3a-4b3a-81d3-2df054a36277 tempest-DeleteServersTestJSON-1484417788 tempest-DeleteServersTestJSON-1484417788-project] Lock "00000000-0000-0000-0000-000000000000" released by "nova.context.set_target_cell..get_or_set_cached_cell_and_set_connections" :: held 0.001s {{(pid=114893) inner /usr/local/lib/python3.8/dist-packages/oslo_concurrency/lockutils.py:367}}
Aug 12 17:33:24.198296 dv-cinder-788253-6-smb devstack@n-api.service[114893]: DEBUG oslo_concurrency.lockutils [None req-fb4adfec-cf3a-4b3a-81d3-2df054a36277 tempest-DeleteServersTestJSON-1484417788 tempest-DeleteServersTestJSON-1484417788-project] Lock "99d6a99c-9503-4e91-8b6f-f432457fb3cc" acquired by "nova.context.set_target_cell..get_or_set_cached_cell_and_set_connections" :: waited 0.000s {{(pid=114893) inner /usr/local/lib/python3.8/dist-packages/oslo_concurrency/lockutils.py:355}}
Aug 12 17:33:24.198733 dv-cinder-788253-6-smb devstack@n-api.service[114893]: DEBUG oslo_concurrency.lockutils [None req-fb4adfec-cf3a-4b3a-81d3-2df054a36277 tempest-DeleteServersTestJSON-1484417788 tempest-DeleteServersTestJSON-1484417788-project] Lock "99d6a99c-9503-4e91-8b6f-f432457fb3cc" released by "nova.context.set_target_cell..get_or_set_cached_cell_and_set_connections" :: held 0.000s {{(pid=114893) inner /usr/local/lib/python3.8/dist-packages/oslo_concurrency/lockutils.py:367}}
Aug 12 17:33:24.286501 dv-cinder-788253-6-smb devstack@n-api.service[114893]: DEBUG nova.quota [None req-fb4adfec-cf3a-4b3a-81d3-2df054a36277 tempest-DeleteServersTestJSON-1484417788 tempest-DeleteServersTestJSON-1484417788-project] Getting quotas for project 3b33baebfc2b4229bae26867b30d8d90. Resources: {'ram', 'instances', 'cores'} {{(pid=114893) _get_quotas /opt/stack/nova/nova/quota.py:384}}
Aug 12 17:33:24.312169 dv-cinder-788253-6-smb devstack@n-api.service[114893]: DEBUG nova.quota [None req-fb4adfec-cf3a-4b3a-81d3-2df054a36277 tempest-DeleteServersTestJSON-1484417788 tempest-DeleteServersTestJSON-1484417788-project] Getting quotas for user 3be2dc92a9d44c33844116cfb18a986d and project 3b33baebfc2b4229bae26867b30d8d90. Resources: {'ram', 'instances', 'cores'} {{(pid=114893) _get_quotas /opt/stack/nova/nova/quota.py:374}}
Aug 12 17:33:24.343754 dv-cinder-788253-6-smb devstack@n-api.service[114893]: DEBUG nova.compute.api [None req-fb4adfec-cf3a-4b3a-81d3-2df054a36277 tempest-DeleteServersTestJSON-1484417788 tempest-DeleteServersTestJSON-1484417788-project] Going to run 1 instances... {{(pid=114893) _provision_instances /opt/stack/nova/nova/compute/api.py:1280}}
Aug 12 17:33:24.347894 dv-cinder-788253-6-smb devstack@n-api.service[114893]: DEBUG nova.compute.api [None req-fb4adfec-cf3a-4b3a-81d3-2df054a36277 tempest-DeleteServersTestJSON-1484417788 tempest-DeleteServersTestJSON-1484417788-project] [instance: f514f398-3312-42c9-a641-6e0c0076c460] block_device_mapping [BlockDeviceMapping(attachment_id=,boot_index=0,connection_info=None,created_at=,delete_on_termination=True,deleted=,deleted_at=,destination_type='local',device_name=None,device_type='disk',disk_bus=None,guest_format=None,id=,image_id='a0d74ecf-a127-4697-82c6-590b1582c408',instance=,instance_uuid=,no_device=False,snapshot_id=None,source_type='image',tag=None,updated_at=,uuid=,volume_id=None,volume_size=None,volume_type=None)] {{(pid=114893) _bdm_validate_set_size_and_instance /opt/stack/nova/nova/compute/api.py:1685}}
Aug 12 17:33:24.549845 dv-cinder-788253-6-smb devstack@n-api.service[114893]: INFO nova.api.openstack.requestlog [None req-fb4adfec-cf3a-4b3a-81d3-2df054a36277 tempest-DeleteServersTestJSON-1484417788 tempest-DeleteServersTestJSON-1484417788-project] 10.222.0.32 "POST /compute/v2.1/servers" status: 202 len: 380 microversion: 2.1 time: 4.549915
Aug 12 17:33:24.550569 dv-cinder-788253-6-smb devstack@n-api.service[114893]: [pid: 114893|app: 0|req: 1/10] 10.222.0.32 () {60 vars in 1147 bytes} [Thu Aug 12 17:33:19 2021] POST /compute/v2.1/servers => generated 380 bytes in 4552 msecs (HTTP/1.1 202) 10 headers in 451 bytes (2 switches on core 0)
Aug 12 17:33:24.562902 dv-cinder-788253-6-smb devstack@n-api.service[114892]: DEBUG nova.api.openstack.wsgi [None req-295ceea2-5867-4f5c-aad2-26bb3e16486a tempest-DeleteServersTestJSON-1484417788 tempest-DeleteServersTestJSON-1484417788-project] Calling method '>' {{(pid=114892) _process_stack /opt/stack/nova/nova/api/openstack/wsgi.py:513}}
Aug 12 17:33:24.563949 dv-cinder-788253-6-smb devstack@n-api.service[114892]: DEBUG nova.compute.api [None req-295ceea2-5867-4f5c-aad2-26bb3e16486a tempest-DeleteServersTestJSON-1484417788 tempest-DeleteServersTestJSON-1484417788-project] [instance: f514f398-3312-42c9-a641-6e0c0076c460] Fetching instance by UUID {{(pid=114892) get /opt/stack/nova/nova/compute/api.py:2791}}
Aug 12 17:33:24.699664 dv-cinder-788253-6-smb devstack@n-api.service[114892]: DEBUG nova.policy [None req-295ceea2-5867-4f5c-aad2-26bb3e16486a tempest-DeleteServersTestJSON-1484417788 tempest-DeleteServersTestJSON-1484417788-project] Policy check for os_compute_api:os-extended-server-attributes failed with credentials {'is_admin': False, 'user_id': '3be2dc92a9d44c33844116cfb18a986d', 'user_domain_id': 'default', 'system_scope': None, 'domain_id': None, 'project_id': '3b33baebfc2b4229bae26867b30d8d90', 'project_domain_id': 'default', 'roles': ['member', 'reader'], 'is_admin_project': True, 'service_user_id': None, 'service_user_domain_id': None, 'service_project_id': None, 'service_project_domain_id': None, 'service_roles': []} {{(pid=114892) authorize /opt/stack/nova/nova/policy.py:199}}
Aug 12 17:33:24.736270 dv-cinder-788253-6-smb devstack@n-api.service[114892]: INFO nova.api.openstack.requestlog [None req-295ceea2-5867-4f5c-aad2-26bb3e16486a tempest-DeleteServersTestJSON-1484417788 tempest-DeleteServersTestJSON-1484417788-project] 10.222.0.32 "GET /compute/v2.1/servers/f514f398-3312-42c9-a641-6e0c0076c460" status: 200 len: 1215 microversion: 2.1 time: 0.178462
Aug 12 17:33:24.740876 dv-cinder-788253-6-smb devstack@n-api.service[114892]: [pid: 114892|app: 0|req: 10/11] 10.222.0.32 () {58 vars in 1236 bytes} [Thu Aug 12 17:33:24 2021] GET /compute/v2.1/servers/f514f398-3312-42c9-a641-6e0c0076c460 => generated 1215 bytes in 184 msecs (HTTP/1.1 200) 9 headers in 358 bytes (1 switches on core 0)
Aug 12 17:33:24.963527 dv-cinder-788253-6-smb devstack@n-api.service[114893]: DEBUG nova.api.openstack.wsgi [None req-060ba2a4-aab8-4419-b9a5-20f48e282a0a tempest-VolumesSnapshotsTestJSON-930229907 tempest-VolumesSnapshotsTestJSON-930229907-project] Calling method '.version_select at 0x7fe2258a4820>' {{(pid=114893) _process_stack /opt/stack/nova/nova/api/openstack/wsgi.py:513}}
Aug 12 17:33:25.233004 dv-cinder-788253-6-smb devstack@n-api.service[114893]: INFO nova.api.openstack.wsgi [None req-060ba2a4-aab8-4419-b9a5-20f48e282a0a tempest-VolumesSnapshotsTestJSON-930229907 tempest-VolumesSnapshotsTestJSON-930229907-project] HTTP exception thrown: Snapshot 9ed1e7e9-bc94-4e3a-8585-e75df816039f could not be found.
Aug 12 17:33:25.233690 dv-cinder-788253-6-smb devstack@n-api.service[114893]: DEBUG nova.api.openstack.wsgi [None req-060ba2a4-aab8-4419-b9a5-20f48e282a0a tempest-VolumesSnapshotsTestJSON-930229907 tempest-VolumesSnapshotsTestJSON-930229907-project] Returning 404 to user: Snapshot 9ed1e7e9-bc94-4e3a-8585-e75df816039f could not be found. {{(pid=114893) __call__ /opt/stack/nova/nova/api/openstack/wsgi.py:927}}
Aug 12 17:33:25.234685 dv-cinder-788253-6-smb devstack@n-api.service[114893]: INFO nova.api.openstack.requestlog [None req-060ba2a4-aab8-4419-b9a5-20f48e282a0a tempest-VolumesSnapshotsTestJSON-930229907 tempest-VolumesSnapshotsTestJSON-930229907-project] 10.222.0.32 "GET /compute/v2.1/os-snapshots/9ed1e7e9-bc94-4e3a-8585-e75df816039f" status: 404 len: 111 microversion: 2.1 time: 0.276679
Aug 12 17:33:25.235458 dv-cinder-788253-6-smb devstack@n-api.service[114893]: [pid: 114893|app: 0|req: 2/12] 10.222.0.32 () {58 vars in 1251 bytes} [Thu Aug 12 17:33:24 2021] GET /compute/v2.1/os-snapshots/9ed1e7e9-bc94-4e3a-8585-e75df816039f => generated 111 bytes in 278 msecs (HTTP/1.1 404) 9 headers in 379 bytes (1 switches on core 0)
Aug 12 17:33:25.243794 dv-cinder-788253-6-smb devstack@n-api.service[114892]: DEBUG nova.api.openstack.wsgi [None req-1e350c72-b793-4037-b374-e965a97f5af0 tempest-VolumesSnapshotsTestJSON-930229907 tempest-VolumesSnapshotsTestJSON-930229907-project] Calling method '.version_select at 0x7fe225851a60>' {{(pid=114892) _process_stack /opt/stack/nova/nova/api/openstack/wsgi.py:513}}
Aug 12 17:33:25.618901 dv-cinder-788253-6-smb devstack@n-api.service[114892]: INFO nova.api.openstack.requestlog [None req-1e350c72-b793-4037-b374-e965a97f5af0 tempest-VolumesSnapshotsTestJSON-930229907 tempest-VolumesSnapshotsTestJSON-930229907-project] 10.222.0.32 "DELETE /compute/v2.1/os-volumes/d73bd91e-f059-4fd7-8e82-26a778499641" status: 202 len: 0 microversion: 2.1 time: 0.378953
Aug 12 17:33:25.619660 dv-cinder-788253-6-smb devstack@n-api.service[114892]: [pid: 114892|app: 0|req: 11/13] 10.222.0.32 () {58 vars in 1248 bytes} [Thu Aug 12 17:33:25 2021] DELETE /compute/v2.1/os-volumes/d73bd91e-f059-4fd7-8e82-26a778499641 => generated 0 bytes in 380 msecs (HTTP/1.1 202) 9 headers in 361 bytes (1 switches on core 0)
Aug 12 17:33:25.628331 dv-cinder-788253-6-smb devstack@n-api.service[114893]: DEBUG nova.api.openstack.wsgi [None req-7249c7f1-2e5b-465e-a9ab-d79f871cff69 tempest-VolumesSnapshotsTestJSON-930229907 tempest-VolumesSnapshotsTestJSON-930229907-project] Calling method '.version_select at 0x7fe224f93d30>' {{(pid=114893) _process_stack /opt/stack/nova/nova/api/openstack/wsgi.py:513}}
Aug 12 17:33:25.765974 dv-cinder-788253-6-smb devstack@n-api.service[114892]: DEBUG nova.api.openstack.wsgi [None req-3a438cb8-fb2d-4d69-b471-786a6348dcd0 tempest-DeleteServersTestJSON-1484417788 tempest-DeleteServersTestJSON-1484417788-project] Calling method '>' {{(pid=114892) _process_stack /opt/stack/nova/nova/api/openstack/wsgi.py:513}}
Aug 12 17:33:25.768130 dv-cinder-788253-6-smb devstack@n-api.service[114892]: DEBUG nova.compute.api [None req-3a438cb8-fb2d-4d69-b471-786a6348dcd0 tempest-DeleteServersTestJSON-1484417788 tempest-DeleteServersTestJSON-1484417788-project] [instance: f514f398-3312-42c9-a641-6e0c0076c460] Fetching instance by UUID {{(pid=114892) get /opt/stack/nova/nova/compute/api.py:2791}}
Aug 12 17:33:25.818578 dv-cinder-788253-6-smb devstack@n-api.service[114893]: INFO nova.api.openstack.requestlog [None req-7249c7f1-2e5b-465e-a9ab-d79f871cff69 tempest-VolumesSnapshotsTestJSON-930229907 tempest-VolumesSnapshotsTestJSON-930229907-project] 10.222.0.32 "GET /compute/v2.1/os-volumes/d73bd91e-f059-4fd7-8e82-26a778499641" status: 200 len: 344 microversion: 2.1 time: 0.193865
Aug 12 17:33:25.819996 dv-cinder-788253-6-smb devstack@n-api.service[114893]: [pid: 114893|app: 0|req: 3/14] 10.222.0.32 () {58 vars in 1245 bytes} [Thu Aug 12 17:33:25 2021] GET /compute/v2.1/os-volumes/d73bd91e-f059-4fd7-8e82-26a778499641 => generated 344 bytes in 196 msecs (HTTP/1.1 200) 9 headers in 357 bytes (1 switches on core 0)
Aug 12 17:33:25.889973 dv-cinder-788253-6-smb devstack@n-api.service[114892]: DEBUG nova.policy [None req-3a438cb8-fb2d-4d69-b471-786a6348dcd0 tempest-DeleteServersTestJSON-1484417788 tempest-DeleteServersTestJSON-1484417788-project] Policy check for os_compute_api:os-extended-server-attributes failed with credentials {'is_admin': False, 'user_id': '3be2dc92a9d44c33844116cfb18a986d', 'user_domain_id': 'default', 'system_scope': None, 'domain_id': None, 'project_id': '3b33baebfc2b4229bae26867b30d8d90', 'project_domain_id': 'default', 'roles': ['member', 'reader'], 'is_admin_project': True, 'service_user_id': None, 'service_user_domain_id': None, 'service_project_id': None, 'service_project_domain_id': None, 'service_roles': []} {{(pid=114892) authorize /opt/stack/nova/nova/policy.py:199}}
Aug 12 17:33:25.897253 dv-cinder-788253-6-smb devstack@n-api.service[114892]: INFO nova.api.openstack.requestlog [None req-3a438cb8-fb2d-4d69-b471-786a6348dcd0 tempest-DeleteServersTestJSON-1484417788 tempest-DeleteServersTestJSON-1484417788-project] 10.222.0.32 "GET /compute/v2.1/servers/f514f398-3312-42c9-a641-6e0c0076c460" status: 200 len: 1215 microversion: 2.1 time: 0.144201
Aug 12 17:33:25.908423 dv-cinder-788253-6-smb devstack@n-api.service[114892]: [pid: 114892|app: 0|req: 12/15] 10.222.0.32 () {58 vars in 1236 bytes} [Thu Aug 12 17:33:25 2021] GET /compute/v2.1/servers/f514f398-3312-42c9-a641-6e0c0076c460 => generated 1215 bytes in 156 msecs (HTTP/1.1 200) 9 headers in 358 bytes (1 switches on core 0)
Aug 12 17:33:26.836955 dv-cinder-788253-6-smb devstack@n-api.service[114893]: DEBUG nova.api.openstack.wsgi [None req-7a21f186-135e-43c8-a079-e8904b31b421 tempest-VolumesSnapshotsTestJSON-930229907 tempest-VolumesSnapshotsTestJSON-930229907-project] Calling method '.version_select at 0x7fe224fa3670>' {{(pid=114893) _process_stack /opt/stack/nova/nova/api/openstack/wsgi.py:513}}
Aug 12 17:33:26.923890 dv-cinder-788253-6-smb devstack@n-api.service[114892]: DEBUG nova.api.openstack.wsgi [None req-54c3fb6e-6b52-4f55-85ae-acbd638c33bd tempest-DeleteServersTestJSON-1484417788 tempest-DeleteServersTestJSON-1484417788-project] Calling method '>' {{(pid=114892) _process_stack /opt/stack/nova/nova/api/openstack/wsgi.py:513}}
Aug 12 17:33:26.924578 dv-cinder-788253-6-smb devstack@n-api.service[114892]: DEBUG nova.compute.api [None req-54c3fb6e-6b52-4f55-85ae-acbd638c33bd tempest-DeleteServersTestJSON-1484417788 tempest-DeleteServersTestJSON-1484417788-project] [instance: f514f398-3312-42c9-a641-6e0c0076c460] Fetching instance by UUID {{(pid=114892) get /opt/stack/nova/nova/compute/api.py:2791}}
Aug 12 17:33:26.928111 dv-cinder-788253-6-smb devstack@n-api.service[114893]: INFO nova.api.openstack.wsgi [None req-7a21f186-135e-43c8-a079-e8904b31b421 tempest-VolumesSnapshotsTestJSON-930229907 tempest-VolumesSnapshotsTestJSON-930229907-project] HTTP exception thrown: Volume d73bd91e-f059-4fd7-8e82-26a778499641 could not be found.
Aug 12 17:33:26.928750 dv-cinder-788253-6-smb devstack@n-api.service[114893]: DEBUG nova.api.openstack.wsgi [None req-7a21f186-135e-43c8-a079-e8904b31b421 tempest-VolumesSnapshotsTestJSON-930229907 tempest-VolumesSnapshotsTestJSON-930229907-project] Returning 404 to user: Volume d73bd91e-f059-4fd7-8e82-26a778499641 could not be found. {{(pid=114893) __call__ /opt/stack/nova/nova/api/openstack/wsgi.py:927}}
Aug 12 17:33:26.935396 dv-cinder-788253-6-smb devstack@n-api.service[114893]: INFO nova.api.openstack.requestlog [None req-7a21f186-135e-43c8-a079-e8904b31b421 tempest-VolumesSnapshotsTestJSON-930229907 tempest-VolumesSnapshotsTestJSON-930229907-project] 10.222.0.32 "GET /compute/v2.1/os-volumes/d73bd91e-f059-4fd7-8e82-26a778499641" status: 404 len: 109 microversion: 2.1 time: 0.102806
Aug 12 17:33:26.937040 dv-cinder-788253-6-smb devstack@n-api.service[114892]: DEBUG oslo_concurrency.lockutils [None req-54c3fb6e-6b52-4f55-85ae-acbd638c33bd tempest-DeleteServersTestJSON-1484417788 tempest-DeleteServersTestJSON-1484417788-project] Lock "99d6a99c-9503-4e91-8b6f-f432457fb3cc" acquired by "nova.context.set_target_cell..get_or_set_cached_cell_and_set_connections" :: waited 0.000s {{(pid=114892) inner /usr/local/lib/python3.8/dist-packages/oslo_concurrency/lockutils.py:355}}
Aug 12 17:33:26.939242 dv-cinder-788253-6-smb devstack@n-api.service[114892]: DEBUG oslo_concurrency.lockutils [None req-54c3fb6e-6b52-4f55-85ae-acbd638c33bd tempest-DeleteServersTestJSON-1484417788 tempest-DeleteServersTestJSON-1484417788-project] Lock "99d6a99c-9503-4e91-8b6f-f432457fb3cc" released by "nova.context.set_target_cell..get_or_set_cached_cell_and_set_connections" :: held 0.002s {{(pid=114892) inner /usr/local/lib/python3.8/dist-packages/oslo_concurrency/lockutils.py:367}}
Aug 12 17:33:26.941025 dv-cinder-788253-6-smb devstack@n-api.service[114893]: [pid: 114893|app: 0|req: 4/16] 10.222.0.32 () {58 vars in 1245 bytes} [Thu Aug 12 17:33:26 2021] GET /compute/v2.1/os-volumes/d73bd91e-f059-4fd7-8e82-26a778499641 => generated 109 bytes in 106 msecs (HTTP/1.1 404) 9 headers in 379 bytes (1 switches on core 0)
