Jun 23 17:06:19.924162 dv-cinder-788253-3-iscsi devstack@c-api.service[99962]: DEBUG cinder.volume.api [None req-6d1d4ab7-fce0-4fdd-a7a7-cbcaf6312a54 tempest-AttachVolumeNegativeTest-493614759 tempest-AttachVolumeNegativeTest-493614759-project] Task 'cinder.volume.flows.api.create_volume.QuotaCommitTask;volume:create' (86454937-a906-4711-a5c5-017acf71f103) transitioned into state 'RUNNING' from state 'PENDING' {{(pid=99962) _task_receiver /usr/local/lib/python3.8/dist-packages/taskflow/listeners/logging.py:190}}
Jun 23 17:06:19.932189 dv-cinder-788253-3-iscsi devstack@c-api.service[99961]: /usr/local/lib/python3.8/dist-packages/oslo_context/context.py:105: DeprecationWarning: Policy enforcement is depending on the value of is_admin. This key is deprecated. Please update your policy file to use the standard policy values.
Jun 23 17:06:19.932189 dv-cinder-788253-3-iscsi devstack@c-api.service[99961]: warnings.warn('Policy enforcement is depending on the value of '
Jun 23 17:06:19.933648 dv-cinder-788253-3-iscsi devstack@c-api.service[99961]: INFO cinder.volume.api [None req-84b554f7-d0a4-4258-82ea-4776f1630aff tempest-SnapshotsActionsTest-2017207509 tempest-SnapshotsActionsTest-2017207509-project] Snapshot retrieved successfully.
Jun 23 17:06:19.940266 dv-cinder-788253-3-iscsi devstack@c-api.service[99961]: INFO cinder.api.openstack.wsgi [None req-84b554f7-d0a4-4258-82ea-4776f1630aff tempest-SnapshotsActionsTest-2017207509 tempest-SnapshotsActionsTest-2017207509-project] http://10.222.0.37/volume/v3/3810e04a242d48e6a7a23a553397ba8b/snapshots/4a791399-7bbc-44aa-ad08-e7e1a2f3f7b5 returned with HTTP 200
Jun 23 17:06:19.943655 dv-cinder-788253-3-iscsi devstack@c-api.service[99961]: [pid: 99961|app: 0|req: 117/238] 10.222.0.37 () {58 vars in 1331 bytes} [Wed Jun 23 17:06:19 2021] GET /volume/v3/3810e04a242d48e6a7a23a553397ba8b/snapshots/4a791399-7bbc-44aa-ad08-e7e1a2f3f7b5 => generated 438 bytes in 40 msecs (HTTP/1.1 200) 7 headers in 285 bytes (1 switches on core 0)
Jun 23 17:06:19.953598 dv-cinder-788253-3-iscsi devstack@c-api.service[99961]: INFO cinder.api.openstack.wsgi [None req-d23b56e3-8254-469f-a6a6-60ae56e8701b tempest-VolumeTypesAccessTest-925184406 tempest-VolumeTypesAccessTest-925184406-project-admin] POST http://10.222.0.37/volume/v3/3e914db3550c430680ac0eb28d242bbc/types/3c9ed685-351b-4788-b97e-d8fef0413fe7/action
Jun 23 17:06:19.956251 dv-cinder-788253-3-iscsi devstack@c-api.service[99961]: /usr/local/lib/python3.8/dist-packages/webob/acceptparse.py:1047: DeprecationWarning: The behavior of AcceptValidHeader.best_match is currently being maintained for backward compatibility, but it will be deprecated in the future, as it does not conform to the RFC.
Jun 23 17:06:19.956251 dv-cinder-788253-3-iscsi devstack@c-api.service[99961]: warnings.warn(
Jun 23 17:06:19.956868 dv-cinder-788253-3-iscsi devstack@c-api.service[99961]: DEBUG cinder.api.openstack.wsgi [None req-d23b56e3-8254-469f-a6a6-60ae56e8701b tempest-VolumeTypesAccessTest-925184406 tempest-VolumeTypesAccessTest-925184406-project-admin] Action body: b'{"removeProjectAccess": {"project": "ce6064f0246a4d12b0699b755c787b21"}}' {{(pid=99961) get_method /opt/stack/cinder/cinder/api/openstack/wsgi.py:981}}
Jun 23 17:06:19.957307 dv-cinder-788253-3-iscsi devstack@c-api.service[99961]: DEBUG cinder.api.openstack.wsgi [None req-d23b56e3-8254-469f-a6a6-60ae56e8701b tempest-VolumeTypesAccessTest-925184406 tempest-VolumeTypesAccessTest-925184406-project-admin] Action: 'action', calling method: _removeProjectAccess, body: {"removeProjectAccess": {"project": "ce6064f0246a4d12b0699b755c787b21"}} {{(pid=99961) _process_stack /opt/stack/cinder/cinder/api/openstack/wsgi.py:864}}
Jun 23 17:06:19.977996 dv-cinder-788253-3-iscsi devstack@c-api.service[99962]: DEBUG cinder.volume.api [None req-6d1d4ab7-fce0-4fdd-a7a7-cbcaf6312a54 tempest-AttachVolumeNegativeTest-493614759 tempest-AttachVolumeNegativeTest-493614759-project] Task 'cinder.volume.flows.api.create_volume.QuotaCommitTask;volume:create' (86454937-a906-4711-a5c5-017acf71f103) transitioned into state 'SUCCESS' from state 'RUNNING' with result '{'volume_properties': VolumeProperties(attach_status='detached',availability_zone='nova',cgsnapshot_id=None,consistencygroup_id=None,display_description=None,display_name='tempest-AttachVolumeNegativeTest-volume-244572572',encryption_key_id=None,group_id=None,group_type_id=,metadata={},multiattach=False,project_id='372048f944a242fdbffb70867a42779e',qos_specs=None,replication_status=,reservations=['982af963-87f5-44b3-bc1e-b6e320c04799','10c027dc-9d41-480c-ab08-7040524873bd','8ec521a2-0005-4fb6-88ca-4469ead4a365','22fe383e-0e03-419a-a69c-fb291ae85e40'],size=1,snapshot_id=None,source_replicaid=,source_volid=None,status='creating',user_id='008e07a6e1cb4d11b1bba6b6ba35775d',volume_type_id=521440ef-3918-4d35-97c2-f377a3f06759)}' {{(pid=99962) _task_receiver /usr/local/lib/python3.8/dist-packages/taskflow/listeners/logging.py:178}}
Jun 23 17:06:19.979991 dv-cinder-788253-3-iscsi devstack@c-api.service[99962]: DEBUG cinder.volume.api [None req-6d1d4ab7-fce0-4fdd-a7a7-cbcaf6312a54 tempest-AttachVolumeNegativeTest-493614759 tempest-AttachVolumeNegativeTest-493614759-project] Task 'cinder.volume.flows.api.create_volume.VolumeCastTask;volume:create' (b79e7013-a650-42c0-8e3f-e7712caf1075) transitioned into state 'RUNNING' from state 'PENDING' {{(pid=99962) _task_receiver /usr/local/lib/python3.8/dist-packages/taskflow/listeners/logging.py:190}}
Jun 23 17:06:19.986488 dv-cinder-788253-3-iscsi devstack@c-api.service[99961]: INFO cinder.api.openstack.wsgi [None req-d23b56e3-8254-469f-a6a6-60ae56e8701b tempest-VolumeTypesAccessTest-925184406 tempest-VolumeTypesAccessTest-925184406-project-admin] http://10.222.0.37/volume/v3/3e914db3550c430680ac0eb28d242bbc/types/3c9ed685-351b-4788-b97e-d8fef0413fe7/action returned with HTTP 202
Jun 23 17:06:19.987606 dv-cinder-788253-3-iscsi devstack@c-api.service[99961]: [pid: 99961|app: 0|req: 118/239] 10.222.0.37 () {60 vars in 1361 bytes} [Wed Jun 23 17:06:19 2021] POST /volume/v3/3e914db3550c430680ac0eb28d242bbc/types/3c9ed685-351b-4788-b97e-d8fef0413fe7/action => generated 0 bytes in 43 msecs (HTTP/1.1 202) 6 headers in 233 bytes (1 switches on core 0)
Jun 23 17:06:19.995191 dv-cinder-788253-3-iscsi devstack@c-api.service[99961]: INFO cinder.api.openstack.wsgi [None req-466a3314-b065-4581-84eb-a7ba4b53e392 tempest-DeleteServersTestJSON-1136254049 tempest-DeleteServersTestJSON-1136254049-project] GET http://10.222.0.37/volume/v3/4c13e1d9f637463898720b6ee9b82451/volumes/9d8c77a7-0614-4923-8704-2e7bae734860
Jun 23 17:06:19.995875 dv-cinder-788253-3-iscsi devstack@c-api.service[99961]: DEBUG cinder.api.openstack.wsgi [None req-466a3314-b065-4581-84eb-a7ba4b53e392 tempest-DeleteServersTestJSON-1136254049 tempest-DeleteServersTestJSON-1136254049-project] Empty body provided in request {{(pid=99961) get_body /opt/stack/cinder/cinder/api/openstack/wsgi.py:713}}
Jun 23 17:06:19.996677 dv-cinder-788253-3-iscsi devstack@c-api.service[99961]: DEBUG cinder.api.openstack.wsgi [None req-466a3314-b065-4581-84eb-a7ba4b53e392 tempest-DeleteServersTestJSON-1136254049 tempest-DeleteServersTestJSON-1136254049-project] Calling method 'show' {{(pid=99961) _process_stack /opt/stack/cinder/cinder/api/openstack/wsgi.py:866}}
Jun 23 17:06:20.011923 dv-cinder-788253-3-iscsi devstack@c-api.service[99962]: DEBUG cinder.volume.api [None req-6d1d4ab7-fce0-4fdd-a7a7-cbcaf6312a54 tempest-AttachVolumeNegativeTest-493614759 tempest-AttachVolumeNegativeTest-493614759-project] Task 'cinder.volume.flows.api.create_volume.VolumeCastTask;volume:create' (b79e7013-a650-42c0-8e3f-e7712caf1075) transitioned into state 'SUCCESS' from state 'RUNNING' with result 'None' {{(pid=99962) _task_receiver /usr/local/lib/python3.8/dist-packages/taskflow/listeners/logging.py:178}}
Jun 23 17:06:20.014787 dv-cinder-788253-3-iscsi devstack@c-api.service[99962]: DEBUG cinder.volume.api [None req-6d1d4ab7-fce0-4fdd-a7a7-cbcaf6312a54 tempest-AttachVolumeNegativeTest-493614759 tempest-AttachVolumeNegativeTest-493614759-project] Flow 'volume_create_api' (15c23a92-779d-48c3-99ff-f8f0770a5d26) transitioned into state 'SUCCESS' from state 'RUNNING' {{(pid=99962) _flow_receiver /usr/local/lib/python3.8/dist-packages/taskflow/listeners/logging.py:141}}
Jun 23 17:06:20.015031 dv-cinder-788253-3-iscsi devstack@c-api.service[99962]: INFO cinder.volume.api [None req-6d1d4ab7-fce0-4fdd-a7a7-cbcaf6312a54 tempest-AttachVolumeNegativeTest-493614759 tempest-AttachVolumeNegativeTest-493614759-project] Create volume request issued successfully.
Jun 23 17:06:20.032765 dv-cinder-788253-3-iscsi devstack@c-api.service[99961]: /usr/local/lib/python3.8/dist-packages/oslo_context/context.py:105: DeprecationWarning: Policy enforcement is depending on the value of is_admin. This key is deprecated. Please update your policy file to use the standard policy values.
Jun 23 17:06:20.032765 dv-cinder-788253-3-iscsi devstack@c-api.service[99961]: warnings.warn('Policy enforcement is depending on the value of '
Jun 23 17:06:20.034768 dv-cinder-788253-3-iscsi devstack@c-api.service[99962]: INFO cinder.api.openstack.wsgi [None req-6d1d4ab7-fce0-4fdd-a7a7-cbcaf6312a54 tempest-AttachVolumeNegativeTest-493614759 tempest-AttachVolumeNegativeTest-493614759-project] http://10.222.0.37/volume/v3/372048f944a242fdbffb70867a42779e/volumes returned with HTTP 202
Jun 23 17:06:20.035670 dv-cinder-788253-3-iscsi devstack@c-api.service[99962]: [pid: 99962|app: 0|req: 122/240] 10.222.0.37 () {60 vars in 1235 bytes} [Wed Jun 23 17:06:19 2021] POST /volume/v3/372048f944a242fdbffb70867a42779e/volumes => generated 823 bytes in 355 msecs (HTTP/1.1 202) 7 headers in 291 bytes (1 switches on core 0)
Jun 23 17:06:20.041706 dv-cinder-788253-3-iscsi devstack@c-api.service[99961]: INFO cinder.volume.api [None req-466a3314-b065-4581-84eb-a7ba4b53e392 tempest-DeleteServersTestJSON-1136254049 tempest-DeleteServersTestJSON-1136254049-project] Volume info retrieved successfully.
Jun 23 17:06:20.049130 dv-cinder-788253-3-iscsi devstack@c-api.service[99962]: INFO cinder.api.openstack.wsgi [None req-9522d70a-3c77-4f01-9a80-75a679e3102c tempest-VolumeTypesAccessTest-925184406 tempest-VolumeTypesAccessTest-925184406-project-admin] POST http://10.222.0.37/volume/v3/3e914db3550c430680ac0eb28d242bbc/types
Jun 23 17:06:20.049533 dv-cinder-788253-3-iscsi devstack@c-api.service[99962]: /usr/local/lib/python3.8/dist-packages/webob/acceptparse.py:1047: DeprecationWarning: The behavior of AcceptValidHeader.best_match is currently being maintained for backward compatibility, but it will be deprecated in the future, as it does not conform to the RFC.
Jun 23 17:06:20.049533 dv-cinder-788253-3-iscsi devstack@c-api.service[99962]: warnings.warn(
Jun 23 17:06:20.051655 dv-cinder-788253-3-iscsi devstack@c-api.service[99962]: DEBUG cinder.api.openstack.wsgi [None req-9522d70a-3c77-4f01-9a80-75a679e3102c tempest-VolumeTypesAccessTest-925184406 tempest-VolumeTypesAccessTest-925184406-project-admin] Action: 'create', calling method: _create, body: {"volume_type": {"name": "tempest-VolumeTypesAccessTest-volume-type-1246952677", "os-volume-type-access:is_public": false}} {{(pid=99962) _process_stack /opt/stack/cinder/cinder/api/openstack/wsgi.py:864}}
Jun 23 17:06:20.052790 dv-cinder-788253-3-iscsi devstack@c-api.service[99962]: /usr/local/lib/python3.8/dist-packages/oslo_context/context.py:105: DeprecationWarning: Policy enforcement is depending on the value of is_admin. This key is deprecated. Please update your policy file to use the standard policy values.
Jun 23 17:06:20.052790 dv-cinder-788253-3-iscsi devstack@c-api.service[99962]: warnings.warn('Policy enforcement is depending on the value of '
Jun 23 17:06:20.059621 dv-cinder-788253-3-iscsi devstack@c-api.service[99961]: INFO cinder.api.openstack.wsgi [None req-466a3314-b065-4581-84eb-a7ba4b53e392 tempest-DeleteServersTestJSON-1136254049 tempest-DeleteServersTestJSON-1136254049-project] http://10.222.0.37/volume/v3/4c13e1d9f637463898720b6ee9b82451/volumes/9d8c77a7-0614-4923-8704-2e7bae734860 returned with HTTP 200
Jun 23 17:06:20.060390 dv-cinder-788253-3-iscsi devstack@c-api.service[99961]: [pid: 99961|app: 0|req: 119/241] 10.222.0.37 () {58 vars in 1325 bytes} [Wed Jun 23 17:06:19 2021] GET /volume/v3/4c13e1d9f637463898720b6ee9b82451/volumes/9d8c77a7-0614-4923-8704-2e7bae734860 => generated 888 bytes in 72 msecs (HTTP/1.1 200) 7 headers in 285 bytes (1 switches on core 0)
Jun 23 17:06:20.060390 dv-cinder-788253-3-iscsi devstack@c-api.service[99961]: INFO cinder.api.openstack.wsgi [None req-d798656c-5348-462d-bfc2-34d1208bd206 tempest-AttachVolumeNegativeTest-493614759 tempest-AttachVolumeNegativeTest-493614759-project] GET http://10.222.0.37/volume/v3/372048f944a242fdbffb70867a42779e/volumes/65bdcede-214d-44e0-9c6e-b7328c9c6813
Jun 23 17:06:20.060390 dv-cinder-788253-3-iscsi devstack@c-api.service[99961]: DEBUG cinder.api.openstack.wsgi [None req-d798656c-5348-462d-bfc2-34d1208bd206 tempest-AttachVolumeNegativeTest-493614759 tempest-AttachVolumeNegativeTest-493614759-project] Empty body provided in request {{(pid=99961) get_body /opt/stack/cinder/cinder/api/openstack/wsgi.py:713}}
Jun 23 17:06:20.060390 dv-cinder-788253-3-iscsi devstack@c-api.service[99961]: /usr/local/lib/python3.8/dist-packages/webob/acceptparse.py:1047: DeprecationWarning: The behavior of AcceptValidHeader.best_match is currently being maintained for backward compatibility, but it will be deprecated in the future, as it does not conform to the RFC.
Jun 23 17:06:20.060390 dv-cinder-788253-3-iscsi devstack@c-api.service[99961]: warnings.warn(
Jun 23 17:06:20.060390 dv-cinder-788253-3-iscsi devstack@c-api.service[99961]: DEBUG cinder.api.openstack.wsgi [None req-d798656c-5348-462d-bfc2-34d1208bd206 tempest-AttachVolumeNegativeTest-493614759 tempest-AttachVolumeNegativeTest-493614759-project] Calling method 'show' {{(pid=99961) _process_stack /opt/stack/cinder/cinder/api/openstack/wsgi.py:866}}
Jun 23 17:06:20.092358 dv-cinder-788253-3-iscsi devstack@c-api.service[99961]: /usr/local/lib/python3.8/dist-packages/oslo_context/context.py:105: DeprecationWarning: Policy enforcement is depending on the value of is_admin. This key is deprecated. Please update your policy file to use the standard policy values.
Jun 23 17:06:20.092358 dv-cinder-788253-3-iscsi devstack@c-api.service[99961]: warnings.warn('Policy enforcement is depending on the value of '
Jun 23 17:06:20.095059 dv-cinder-788253-3-iscsi devstack@c-api.service[99962]: INFO cinder.api.openstack.wsgi [None req-9522d70a-3c77-4f01-9a80-75a679e3102c tempest-VolumeTypesAccessTest-925184406 tempest-VolumeTypesAccessTest-925184406-project-admin] http://10.222.0.37/volume/v3/3e914db3550c430680ac0eb28d242bbc/types returned with HTTP 200
Jun 23 17:06:20.096862 dv-cinder-788253-3-iscsi devstack@c-api.service[99962]: [pid: 99962|app: 0|req: 123/242] 10.222.0.37 () {60 vars in 1230 bytes} [Wed Jun 23 17:06:20 2021] POST /volume/v3/3e914db3550c430680ac0eb28d242bbc/types => generated 229 bytes in 61 msecs (HTTP/1.1 200) 7 headers in 285 bytes (1 switches on core 0)
Jun 23 17:06:20.109225 dv-cinder-788253-3-iscsi devstack@c-api.service[99962]: INFO cinder.api.openstack.wsgi [None req-0322acbd-f300-496c-b35a-5e2451da486d tempest-VolumeTypesAccessTest-925184406 tempest-VolumeTypesAccessTest-925184406-project-admin] POST http://10.222.0.37/volume/v3/3e914db3550c430680ac0eb28d242bbc/types/420e5504-5fb6-4e66-8470-7333db78793d/action
Jun 23 17:06:20.110259 dv-cinder-788253-3-iscsi devstack@c-api.service[99961]: INFO cinder.volume.api [None req-d798656c-5348-462d-bfc2-34d1208bd206 tempest-AttachVolumeNegativeTest-493614759 tempest-AttachVolumeNegativeTest-493614759-project] Volume info retrieved successfully.
Jun 23 17:06:20.112972 dv-cinder-788253-3-iscsi devstack@c-api.service[99962]: DEBUG cinder.api.openstack.wsgi [None req-0322acbd-f300-496c-b35a-5e2451da486d tempest-VolumeTypesAccessTest-925184406 tempest-VolumeTypesAccessTest-925184406-project-admin] Action body: b'{"addProjectAccess": {"project": "ce6064f0246a4d12b0699b755c787b21"}}' {{(pid=99962) get_method /opt/stack/cinder/cinder/api/openstack/wsgi.py:981}}
Jun 23 17:06:20.114813 dv-cinder-788253-3-iscsi devstack@c-api.service[99962]: DEBUG cinder.api.openstack.wsgi [None req-0322acbd-f300-496c-b35a-5e2451da486d tempest-VolumeTypesAccessTest-925184406 tempest-VolumeTypesAccessTest-925184406-project-admin] Action: 'action', calling method: _addProjectAccess, body: {"addProjectAccess": {"project": "ce6064f0246a4d12b0699b755c787b21"}} {{(pid=99962) _process_stack /opt/stack/cinder/cinder/api/openstack/wsgi.py:864}}
Jun 23 17:06:20.129194 dv-cinder-788253-3-iscsi devstack@c-api.service[99961]: INFO cinder.api.openstack.wsgi [None req-d798656c-5348-462d-bfc2-34d1208bd206 tempest-AttachVolumeNegativeTest-493614759 tempest-AttachVolumeNegativeTest-493614759-project] http://10.222.0.37/volume/v3/372048f944a242fdbffb70867a42779e/volumes/65bdcede-214d-44e0-9c6e-b7328c9c6813 returned with HTTP 200
Jun 23 17:06:20.129997 dv-cinder-788253-3-iscsi devstack@c-api.service[99961]: [pid: 99961|app: 0|req: 120/243] 10.222.0.37 () {58 vars in 1325 bytes} [Wed Jun 23 17:06:20 2021] GET /volume/v3/372048f944a242fdbffb70867a42779e/volumes/65bdcede-214d-44e0-9c6e-b7328c9c6813 => generated 891 bytes in 69 msecs (HTTP/1.1 200) 7 headers in 285 bytes (1 switches on core 0)
Jun 23 17:06:20.151868 dv-cinder-788253-3-iscsi devstack@c-api.service[99962]: INFO cinder.api.openstack.wsgi [None req-0322acbd-f300-496c-b35a-5e2451da486d tempest-VolumeTypesAccessTest-925184406 tempest-VolumeTypesAccessTest-925184406-project-admin] http://10.222.0.37/volume/v3/3e914db3550c430680ac0eb28d242bbc/types/420e5504-5fb6-4e66-8470-7333db78793d/action returned with HTTP 202
Jun 23 17:06:20.160477 dv-cinder-788253-3-iscsi devstack@c-api.service[99962]: [pid: 99962|app: 0|req: 124/244] 10.222.0.37 () {60 vars in 1361 bytes} [Wed Jun 23 17:06:20 2021] POST /volume/v3/3e914db3550c430680ac0eb28d242bbc/types/420e5504-5fb6-4e66-8470-7333db78793d/action => generated 0 bytes in 52 msecs (HTTP/1.1 202) 6 headers in 233 bytes (1 switches on core 0)
Jun 23 17:06:20.164167 dv-cinder-788253-3-iscsi devstack@c-api.service[99961]: INFO cinder.api.openstack.wsgi [None req-0c08b2ec-50cb-4594-b512-4d36fef44c64 tempest-VolumeTypesAccessTest-925184406 tempest-VolumeTypesAccessTest-925184406-project-admin] POST http://10.222.0.37/volume/v3/3e914db3550c430680ac0eb28d242bbc/types/420e5504-5fb6-4e66-8470-7333db78793d/action
Jun 23 17:06:20.164622 dv-cinder-788253-3-iscsi devstack@c-api.service[99961]: /usr/local/lib/python3.8/dist-packages/webob/acceptparse.py:1047: DeprecationWarning: The behavior of AcceptValidHeader.best_match is currently being maintained for backward compatibility, but it will be deprecated in the future, as it does not conform to the RFC.
Jun 23 17:06:20.164622 dv-cinder-788253-3-iscsi devstack@c-api.service[99961]: warnings.warn(
Jun 23 17:06:20.165010 dv-cinder-788253-3-iscsi devstack@c-api.service[99961]: DEBUG cinder.api.openstack.wsgi [None req-0c08b2ec-50cb-4594-b512-4d36fef44c64 tempest-VolumeTypesAccessTest-925184406 tempest-VolumeTypesAccessTest-925184406-project-admin] Action body: b'{"addProjectAccess": {"project": "2f5a7e277e3a41ffac0bbf03cc94f00d"}}' {{(pid=99961) get_method /opt/stack/cinder/cinder/api/openstack/wsgi.py:981}}
Jun 23 17:06:20.165349 dv-cinder-788253-3-iscsi devstack@c-api.service[99961]: DEBUG cinder.api.openstack.wsgi [None req-0c08b2ec-50cb-4594-b512-4d36fef44c64 tempest-VolumeTypesAccessTest-925184406 tempest-VolumeTypesAccessTest-925184406-project-admin] Action: 'action', calling method: _addProjectAccess, body: {"addProjectAccess": {"project": "2f5a7e277e3a41ffac0bbf03cc94f00d"}} {{(pid=99961) _process_stack /opt/stack/cinder/cinder/api/openstack/wsgi.py:864}}
Jun 23 17:06:20.185300 dv-cinder-788253-3-iscsi devstack@c-api.service[99961]: INFO cinder.api.openstack.wsgi [None req-0c08b2ec-50cb-4594-b512-4d36fef44c64 tempest-VolumeTypesAccessTest-925184406 tempest-VolumeTypesAccessTest-925184406-project-admin] http://10.222.0.37/volume/v3/3e914db3550c430680ac0eb28d242bbc/types/420e5504-5fb6-4e66-8470-7333db78793d/action returned with HTTP 202
Jun 23 17:06:20.186332 dv-cinder-788253-3-iscsi devstack@c-api.service[99961]: [pid: 99961|app: 0|req: 121/245] 10.222.0.37 () {60 vars in 1361 bytes} [Wed Jun 23 17:06:20 2021] POST /volume/v3/3e914db3550c430680ac0eb28d242bbc/types/420e5504-5fb6-4e66-8470-7333db78793d/action => generated 0 bytes in 27 msecs (HTTP/1.1 202) 6 headers in 233 bytes (1 switches on core 0)
Jun 23 17:06:20.196272 dv-cinder-788253-3-iscsi devstack@c-api.service[99962]: INFO cinder.api.openstack.wsgi [None req-52d4c7ca-6ad2-45a9-9cea-c956686e9299 tempest-VolumeTypesAccessTest-925184406 tempest-VolumeTypesAccessTest-925184406-project-admin] GET http://10.222.0.37/volume/v3/3e914db3550c430680ac0eb28d242bbc/types/420e5504-5fb6-4e66-8470-7333db78793d/os-volume-type-access
Jun 23 17:06:20.210458 dv-cinder-788253-3-iscsi devstack@c-api.service[99962]: DEBUG cinder.api.openstack.wsgi [None req-52d4c7ca-6ad2-45a9-9cea-c956686e9299 tempest-VolumeTypesAccessTest-925184406 tempest-VolumeTypesAccessTest-925184406-project-admin] Empty body provided in request {{(pid=99962) get_body /opt/stack/cinder/cinder/api/openstack/wsgi.py:713}}
Jun 23 17:06:20.211109 dv-cinder-788253-3-iscsi devstack@c-api.service[99962]: DEBUG cinder.api.openstack.wsgi [None req-52d4c7ca-6ad2-45a9-9cea-c956686e9299 tempest-VolumeTypesAccessTest-925184406 tempest-VolumeTypesAccessTest-925184406-project-admin] Calling method 'index' {{(pid=99962) _process_stack /opt/stack/cinder/cinder/api/openstack/wsgi.py:866}}
Jun 23 17:06:20.228266 dv-cinder-788253-3-iscsi devstack@c-api.service[99962]: INFO cinder.api.openstack.wsgi [None req-52d4c7ca-6ad2-45a9-9cea-c956686e9299 tempest-VolumeTypesAccessTest-925184406 tempest-VolumeTypesAccessTest-925184406-project-admin] http://10.222.0.37/volume/v3/3e914db3550c430680ac0eb28d242bbc/types/420e5504-5fb6-4e66-8470-7333db78793d/os-volume-type-access returned with HTTP 200
Jun 23 17:06:20.229036 dv-cinder-788253-3-iscsi devstack@c-api.service[99962]: [pid: 99962|app: 0|req: 125/246] 10.222.0.37 () {58 vars in 1385 bytes} [Wed Jun 23 17:06:20 2021] GET /volume/v3/3e914db3550c430680ac0eb28d242bbc/types/420e5504-5fb6-4e66-8470-7333db78793d/os-volume-type-access => generated 244 bytes in 39 msecs (HTTP/1.1 200) 7 headers in 285 bytes (1 switches on core 0)
Jun 23 17:06:20.238509 dv-cinder-788253-3-iscsi devstack@c-api.service[99961]: INFO cinder.api.openstack.wsgi [None req-1ebc1e84-3586-4db3-b1b8-c05970230405 tempest-VolumeTypesAccessTest-925184406 tempest-VolumeTypesAccessTest-925184406-project-admin] POST http://10.222.0.37/volume/v3/3e914db3550c430680ac0eb28d242bbc/types/420e5504-5fb6-4e66-8470-7333db78793d/action
Jun 23 17:06:20.239271 dv-cinder-788253-3-iscsi devstack@c-api.service[99961]: DEBUG cinder.api.openstack.wsgi [None req-1ebc1e84-3586-4db3-b1b8-c05970230405 tempest-VolumeTypesAccessTest-925184406 tempest-VolumeTypesAccessTest-925184406-project-admin] Action body: b'{"removeProjectAccess": {"project": "2f5a7e277e3a41ffac0bbf03cc94f00d"}}' {{(pid=99961) get_method /opt/stack/cinder/cinder/api/openstack/wsgi.py:981}}
Jun 23 17:06:20.239692 dv-cinder-788253-3-iscsi devstack@c-api.service[99961]: DEBUG cinder.api.openstack.wsgi [None req-1ebc1e84-3586-4db3-b1b8-c05970230405 tempest-VolumeTypesAccessTest-925184406 tempest-VolumeTypesAccessTest-925184406-project-admin] Action: 'action', calling method: _removeProjectAccess, body: {"removeProjectAccess": {"project": "2f5a7e277e3a41ffac0bbf03cc94f00d"}} {{(pid=99961) _process_stack /opt/stack/cinder/cinder/api/openstack/wsgi.py:864}}
Jun 23 17:06:20.259409 dv-cinder-788253-3-iscsi devstack@c-api.service[99961]: INFO cinder.api.openstack.wsgi [None req-1ebc1e84-3586-4db3-b1b8-c05970230405 tempest-VolumeTypesAccessTest-925184406 tempest-VolumeTypesAccessTest-925184406-project-admin] http://10.222.0.37/volume/v3/3e914db3550c430680ac0eb28d242bbc/types/420e5504-5fb6-4e66-8470-7333db78793d/action returned with HTTP 202
Jun 23 17:06:20.260298 dv-cinder-788253-3-iscsi devstack@c-api.service[99961]: [pid: 99961|app: 0|req: 122/247] 10.222.0.37 () {60 vars in 1361 bytes} [Wed Jun 23 17:06:20 2021] POST /volume/v3/3e914db3550c430680ac0eb28d242bbc/types/420e5504-5fb6-4e66-8470-7333db78793d/action => generated 0 bytes in 26 msecs (HTTP/1.1 202) 6 headers in 233 bytes (2 switches on core 0)
Jun 23 17:06:20.270147 dv-cinder-788253-3-iscsi devstack@c-api.service[99962]: INFO cinder.api.openstack.wsgi [None req-4b050328-249e-473f-b779-387fbd8fc36b tempest-VolumeTypesAccessTest-925184406 tempest-VolumeTypesAccessTest-925184406-project-admin] POST http://10.222.0.37/volume/v3/3e914db3550c430680ac0eb28d242bbc/types/420e5504-5fb6-4e66-8470-7333db78793d/action
Jun 23 17:06:20.270852 dv-cinder-788253-3-iscsi devstack@c-api.service[99962]: DEBUG cinder.api.openstack.wsgi [None req-4b050328-249e-473f-b779-387fbd8fc36b tempest-VolumeTypesAccessTest-925184406 tempest-VolumeTypesAccessTest-925184406-project-admin] Action body: b'{"removeProjectAccess": {"project": "ce6064f0246a4d12b0699b755c787b21"}}' {{(pid=99962) get_method /opt/stack/cinder/cinder/api/openstack/wsgi.py:981}}
Jun 23 17:06:20.271430 dv-cinder-788253-3-iscsi devstack@c-api.service[99962]: DEBUG cinder.api.openstack.wsgi [None req-4b050328-249e-473f-b779-387fbd8fc36b tempest-VolumeTypesAccessTest-925184406 tempest-VolumeTypesAccessTest-925184406-project-admin] Action: 'action', calling method: _removeProjectAccess, body: {"removeProjectAccess": {"project": "ce6064f0246a4d12b0699b755c787b21"}} {{(pid=99962) _process_stack /opt/stack/cinder/cinder/api/openstack/wsgi.py:864}}
Jun 23 17:06:20.294282 dv-cinder-788253-3-iscsi devstack@c-api.service[99962]: INFO cinder.api.openstack.wsgi [None req-4b050328-249e-473f-b779-387fbd8fc36b tempest-VolumeTypesAccessTest-925184406 tempest-VolumeTypesAccessTest-925184406-project-admin] http://10.222.0.37/volume/v3/3e914db3550c430680ac0eb28d242bbc/types/420e5504-5fb6-4e66-8470-7333db78793d/action returned with HTTP 202
Jun 23 17:06:20.295092 dv-cinder-788253-3-iscsi devstack@c-api.service[99962]: [pid: 99962|app: 0|req: 126/248] 10.222.0.37 () {60 vars in 1361 bytes} [Wed Jun 23 17:06:20 2021] POST /volume/v3/3e914db3550c430680ac0eb28d242bbc/types/420e5504-5fb6-4e66-8470-7333db78793d/action => generated 0 bytes in 31 msecs (HTTP/1.1 202) 6 headers in 233 bytes (2 switches on core 0)
Jun 23 17:06:20.303632 dv-cinder-788253-3-iscsi devstack@c-api.service[99961]: INFO cinder.api.openstack.wsgi [None req-94f2255c-5c5e-4cdf-b6f7-6b350a72a725 tempest-VolumeTypesAccessTest-925184406 tempest-VolumeTypesAccessTest-925184406-project-admin] DELETE http://10.222.0.37/volume/v3/3e914db3550c430680ac0eb28d242bbc/types/420e5504-5fb6-4e66-8470-7333db78793d
Jun 23 17:06:20.304371 dv-cinder-788253-3-iscsi devstack@c-api.service[99961]: DEBUG cinder.api.openstack.wsgi [None req-94f2255c-5c5e-4cdf-b6f7-6b350a72a725 tempest-VolumeTypesAccessTest-925184406 tempest-VolumeTypesAccessTest-925184406-project-admin] Empty body provided in request {{(pid=99961) get_body /opt/stack/cinder/cinder/api/openstack/wsgi.py:713}}
Jun 23 17:06:20.304811 dv-cinder-788253-3-iscsi devstack@c-api.service[99961]: DEBUG cinder.api.openstack.wsgi [None req-94f2255c-5c5e-4cdf-b6f7-6b350a72a725 tempest-VolumeTypesAccessTest-925184406 tempest-VolumeTypesAccessTest-925184406-project-admin] Calling method '_delete' {{(pid=99961) _process_stack /opt/stack/cinder/cinder/api/openstack/wsgi.py:866}}
Jun 23 17:06:20.317098 dv-cinder-788253-3-iscsi devstack@c-api.service[99962]: INFO cinder.api.openstack.wsgi [None req-a16b705e-8873-41a3-a0ec-bd999ef5504f tempest-GroupsTest-1944562696 tempest-GroupsTest-1944562696-project] GET http://10.222.0.37/volume/v3/e77e75eea42447dcbf6f57692e5ba3b2/groups/53b90bab-6748-4fea-9b10-1b4ef2d28bca
Jun 23 17:06:20.317924 dv-cinder-788253-3-iscsi devstack@c-api.service[99962]: DEBUG cinder.api.openstack.wsgi [None req-a16b705e-8873-41a3-a0ec-bd999ef5504f tempest-GroupsTest-1944562696 tempest-GroupsTest-1944562696-project] Empty body provided in request {{(pid=99962) get_body /opt/stack/cinder/cinder/api/openstack/wsgi.py:713}}
Jun 23 17:06:20.318539 dv-cinder-788253-3-iscsi devstack@c-api.service[99962]: DEBUG cinder.api.openstack.wsgi [None req-a16b705e-8873-41a3-a0ec-bd999ef5504f tempest-GroupsTest-1944562696 tempest-GroupsTest-1944562696-project] Calling method 'version_select' {{(pid=99962) _process_stack /opt/stack/cinder/cinder/api/openstack/wsgi.py:866}}
Jun 23 17:06:20.319087 dv-cinder-788253-3-iscsi devstack@c-api.service[99962]: DEBUG cinder.api.v3.groups [None req-a16b705e-8873-41a3-a0ec-bd999ef5504f tempest-GroupsTest-1944562696 tempest-GroupsTest-1944562696-project] show called for member 53b90bab-6748-4fea-9b10-1b4ef2d28bca {{(pid=99962) show /opt/stack/cinder/cinder/api/v3/groups.py:58}}
Jun 23 17:06:20.325103 dv-cinder-788253-3-iscsi devstack@c-api.service[99962]: /usr/local/lib/python3.8/dist-packages/oslo_context/context.py:105: DeprecationWarning: Policy enforcement is depending on the value of is_admin. This key is deprecated. Please update your policy file to use the standard policy values.
Jun 23 17:06:20.325103 dv-cinder-788253-3-iscsi devstack@c-api.service[99962]: warnings.warn('Policy enforcement is depending on the value of '
Jun 23 17:06:20.341799 dv-cinder-788253-3-iscsi devstack@c-api.service[99962]: INFO cinder.api.openstack.wsgi [None req-a16b705e-8873-41a3-a0ec-bd999ef5504f tempest-GroupsTest-1944562696 tempest-GroupsTest-1944562696-project] http://10.222.0.37/volume/v3/e77e75eea42447dcbf6f57692e5ba3b2/groups/53b90bab-6748-4fea-9b10-1b4ef2d28bca returned with HTTP 200
Jun 23 17:06:20.342743 dv-cinder-788253-3-iscsi devstack@c-api.service[99962]: [pid: 99962|app: 0|req: 127/249] 10.222.0.37 () {60 vars in 1363 bytes} [Wed Jun 23 17:06:20 2021] GET /volume/v3/e77e75eea42447dcbf6f57692e5ba3b2/groups/53b90bab-6748-4fea-9b10-1b4ef2d28bca => generated 324 bytes in 30 msecs (HTTP/1.1 200) 7 headers in 286 bytes (2 switches on core 0)
Jun 23 17:06:20.352751 dv-cinder-788253-3-iscsi devstack@c-api.service[99962]: INFO cinder.api.openstack.wsgi [None req-b081ee77-33d2-4a8e-8327-5e06ceaedd23 tempest-GroupsTest-1944562696 tempest-GroupsTest-1944562696-project] GET http://10.222.0.37/volume/v3/e77e75eea42447dcbf6f57692e5ba3b2/groups/53b90bab-6748-4fea-9b10-1b4ef2d28bca
Jun 23 17:06:20.353019 dv-cinder-788253-3-iscsi devstack@c-api.service[99961]: INFO cinder.api.openstack.wsgi [None req-94f2255c-5c5e-4cdf-b6f7-6b350a72a725 tempest-VolumeTypesAccessTest-925184406 tempest-VolumeTypesAccessTest-925184406-project-admin] http://10.222.0.37/volume/v3/3e914db3550c430680ac0eb28d242bbc/types/420e5504-5fb6-4e66-8470-7333db78793d returned with HTTP 202
Jun 23 17:06:20.353243 dv-cinder-788253-3-iscsi devstack@c-api.service[99962]: DEBUG cinder.api.openstack.wsgi [None req-b081ee77-33d2-4a8e-8327-5e06ceaedd23 tempest-GroupsTest-1944562696 tempest-GroupsTest-1944562696-project] Empty body provided in request {{(pid=99962) get_body /opt/stack/cinder/cinder/api/openstack/wsgi.py:713}}
Jun 23 17:06:20.353614 dv-cinder-788253-3-iscsi devstack@c-api.service[99962]: /usr/local/lib/python3.8/dist-packages/webob/acceptparse.py:1047: DeprecationWarning: The behavior of AcceptValidHeader.best_match is currently being maintained for backward compatibility, but it will be deprecated in the future, as it does not conform to the RFC.
Jun 23 17:06:20.353614 dv-cinder-788253-3-iscsi devstack@c-api.service[99962]: warnings.warn(
Jun 23 17:06:20.354111 dv-cinder-788253-3-iscsi devstack@c-api.service[99962]: DEBUG cinder.api.openstack.wsgi [None req-b081ee77-33d2-4a8e-8327-5e06ceaedd23 tempest-GroupsTest-1944562696 tempest-GroupsTest-1944562696-project] Calling method 'version_select' {{(pid=99962) _process_stack /opt/stack/cinder/cinder/api/openstack/wsgi.py:866}}
Jun 23 17:06:20.354234 dv-cinder-788253-3-iscsi devstack@c-api.service[99961]: [pid: 99961|app: 0|req: 123/250] 10.222.0.37 () {58 vars in 1322 bytes} [Wed Jun 23 17:06:20 2021] DELETE /volume/v3/3e914db3550c430680ac0eb28d242bbc/types/420e5504-5fb6-4e66-8470-7333db78793d => generated 0 bytes in 54 msecs (HTTP/1.1 202) 6 headers in 233 bytes (2 switches on core 0)
Jun 23 17:06:20.354743 dv-cinder-788253-3-iscsi devstack@c-api.service[99962]: DEBUG cinder.api.v3.groups [None req-b081ee77-33d2-4a8e-8327-5e06ceaedd23 tempest-GroupsTest-1944562696 tempest-GroupsTest-1944562696-project] show called for member 53b90bab-6748-4fea-9b10-1b4ef2d28bca {{(pid=99962) show /opt/stack/cinder/cinder/api/v3/groups.py:58}}
Jun 23 17:06:20.362140 dv-cinder-788253-3-iscsi devstack@c-api.service[99961]: INFO cinder.api.openstack.wsgi [None req-fec6d3d9-2348-4ebc-ab4f-61141f39a075 tempest-VolumeTypesAccessTest-925184406 tempest-VolumeTypesAccessTest-925184406-project-admin] GET http://10.222.0.37/volume/v3/3e914db3550c430680ac0eb28d242bbc/types/420e5504-5fb6-4e66-8470-7333db78793d
Jun 23 17:06:20.362845 dv-cinder-788253-3-iscsi devstack@c-api.service[99961]: DEBUG cinder.api.openstack.wsgi [None req-fec6d3d9-2348-4ebc-ab4f-61141f39a075 tempest-VolumeTypesAccessTest-925184406 tempest-VolumeTypesAccessTest-925184406-project-admin] Empty body provided in request {{(pid=99961) get_body /opt/stack/cinder/cinder/api/openstack/wsgi.py:713}}
Jun 23 17:06:20.363597 dv-cinder-788253-3-iscsi devstack@c-api.service[99961]: DEBUG cinder.api.openstack.wsgi [None req-fec6d3d9-2348-4ebc-ab4f-61141f39a075 tempest-VolumeTypesAccessTest-925184406 tempest-VolumeTypesAccessTest-925184406-project-admin] Calling method 'show' {{(pid=99961) _process_stack /opt/stack/cinder/cinder/api/openstack/wsgi.py:866}}
Jun 23 17:06:20.365214 dv-cinder-788253-3-iscsi devstack@c-api.service[99962]: /usr/local/lib/python3.8/dist-packages/oslo_context/context.py:105: DeprecationWarning: Policy enforcement is depending on the value of is_admin. This key is deprecated. Please update your policy file to use the standard policy values.
Jun 23 17:06:20.365214 dv-cinder-788253-3-iscsi devstack@c-api.service[99962]: warnings.warn('Policy enforcement is depending on the value of '
Jun 23 17:06:20.372728 dv-cinder-788253-3-iscsi devstack@c-api.service[99961]: INFO cinder.api.openstack.wsgi [None req-fec6d3d9-2348-4ebc-ab4f-61141f39a075 tempest-VolumeTypesAccessTest-925184406 tempest-VolumeTypesAccessTest-925184406-project-admin] http://10.222.0.37/volume/v3/3e914db3550c430680ac0eb28d242bbc/types/420e5504-5fb6-4e66-8470-7333db78793d returned with HTTP 404
Jun 23 17:06:20.381470 dv-cinder-788253-3-iscsi devstack@c-api.service[99962]: INFO cinder.api.openstack.wsgi [None req-b081ee77-33d2-4a8e-8327-5e06ceaedd23 tempest-GroupsTest-1944562696 tempest-GroupsTest-1944562696-project] http://10.222.0.37/volume/v3/e77e75eea42447dcbf6f57692e5ba3b2/groups/53b90bab-6748-4fea-9b10-1b4ef2d28bca returned with HTTP 200
Jun 23 17:06:20.383026 dv-cinder-788253-3-iscsi devstack@c-api.service[99962]: [pid: 99962|app: 0|req: 128/251] 10.222.0.37 () {60 vars in 1363 bytes} [Wed Jun 23 17:06:20 2021] GET /volume/v3/e77e75eea42447dcbf6f57692e5ba3b2/groups/53b90bab-6748-4fea-9b10-1b4ef2d28bca => generated 324 bytes in 34 msecs (HTTP/1.1 200) 7 headers in 286 bytes (2 switches on core 0)
Jun 23 17:06:20.385870 dv-cinder-788253-3-iscsi devstack@c-api.service[99961]: [pid: 99961|app: 0|req: 124/252] 10.222.0.37 () {58 vars in 1319 bytes} [Wed Jun 23 17:06:20 2021] GET /volume/v3/3e914db3550c430680ac0eb28d242bbc/types/420e5504-5fb6-4e66-8470-7333db78793d => generated 114 bytes in 28 msecs (HTTP/1.1 404) 7 headers in 292 bytes (1 switches on core 0)
Jun 23 17:06:20.387351 dv-cinder-788253-3-iscsi devstack@c-api.service[99962]: INFO cinder.api.openstack.wsgi [None req-5f0ed799-b0c5-4ff6-9130-88752083b3bf tempest-VolumeTypesAccessTest-237165394 tempest-VolumeTypesAccessTest-237165394-project] DELETE http://10.222.0.37/volume/v3/ce6064f0246a4d12b0699b755c787b21/volumes/9fd0935b-b706-4c02-ad59-df81125a1157
Jun 23 17:06:20.388380 dv-cinder-788253-3-iscsi devstack@c-api.service[99962]: DEBUG cinder.api.openstack.wsgi [None req-5f0ed799-b0c5-4ff6-9130-88752083b3bf tempest-VolumeTypesAccessTest-237165394 tempest-VolumeTypesAccessTest-237165394-project] Empty body provided in request {{(pid=99962) get_body /opt/stack/cinder/cinder/api/openstack/wsgi.py:713}}
Jun 23 17:06:20.388654 dv-cinder-788253-3-iscsi devstack@c-api.service[99962]: /usr/local/lib/python3.8/dist-packages/webob/acceptparse.py:1047: DeprecationWarning: The behavior of AcceptValidHeader.best_match is currently being maintained for backward compatibility, but it will be deprecated in the future, as it does not conform to the RFC.
Jun 23 17:06:20.388654 dv-cinder-788253-3-iscsi devstack@c-api.service[99962]: warnings.warn(
Jun 23 17:06:20.389229 dv-cinder-788253-3-iscsi devstack@c-api.service[99962]: DEBUG cinder.api.openstack.wsgi [None req-5f0ed799-b0c5-4ff6-9130-88752083b3bf tempest-VolumeTypesAccessTest-237165394 tempest-VolumeTypesAccessTest-237165394-project] Calling method 'delete' {{(pid=99962) _process_stack /opt/stack/cinder/cinder/api/openstack/wsgi.py:866}}
Jun 23 17:06:20.389755 dv-cinder-788253-3-iscsi devstack@c-api.service[99962]: INFO cinder.api.v3.volumes [None req-5f0ed799-b0c5-4ff6-9130-88752083b3bf tempest-VolumeTypesAccessTest-237165394 tempest-VolumeTypesAccessTest-237165394-project] Delete volume with id: 9fd0935b-b706-4c02-ad59-df81125a1157
Jun 23 17:06:20.396231 dv-cinder-788253-3-iscsi devstack@c-api.service[99961]: INFO cinder.api.openstack.wsgi [None req-b13f6eed-1b81-4a95-9ffb-51bf20776787 tempest-GroupsTest-1944562696 tempest-GroupsTest-1944562696-project] GET http://10.222.0.37/volume/v3/e77e75eea42447dcbf6f57692e5ba3b2/volumes/detail
Jun 23 17:06:20.396559 dv-cinder-788253-3-iscsi devstack@c-api.service[99961]: DEBUG cinder.api.openstack.wsgi [None req-b13f6eed-1b81-4a95-9ffb-51bf20776787 tempest-GroupsTest-1944562696 tempest-GroupsTest-1944562696-project] Empty body provided in request {{(pid=99961) get_body /opt/stack/cinder/cinder/api/openstack/wsgi.py:713}}
Jun 23 17:06:20.396716 dv-cinder-788253-3-iscsi devstack@c-api.service[99961]: DEBUG cinder.api.openstack.wsgi [None req-b13f6eed-1b81-4a95-9ffb-51bf20776787 tempest-GroupsTest-1944562696 tempest-GroupsTest-1944562696-project] Calling method 'detail' {{(pid=99961) _process_stack /opt/stack/cinder/cinder/api/openstack/wsgi.py:866}}
Jun 23 17:06:20.397417 dv-cinder-788253-3-iscsi devstack@c-api.service[99961]: DEBUG cinder.api.api_utils [None req-b13f6eed-1b81-4a95-9ffb-51bf20776787 tempest-GroupsTest-1944562696 tempest-GroupsTest-1944562696-project] Removing options '' from query. {{(pid=99961) remove_invalid_filter_options /opt/stack/cinder/cinder/api/api_utils.py:73}}
Jun 23 17:06:20.399039 dv-cinder-788253-3-iscsi devstack@c-api.service[99961]: DEBUG cinder.volume.api [None req-b13f6eed-1b81-4a95-9ffb-51bf20776787 tempest-GroupsTest-1944562696 tempest-GroupsTest-1944562696-project] Searching by: MultiDict([('no_migration_targets', True)]). {{(pid=99961) get_all /opt/stack/cinder/cinder/volume/api.py:617}}
Jun 23 17:06:20.412578 dv-cinder-788253-3-iscsi devstack@c-api.service[99962]: /usr/local/lib/python3.8/dist-packages/oslo_context/context.py:105: DeprecationWarning: Policy enforcement is depending on the value of is_admin. This key is deprecated. Please update your policy file to use the standard policy values.
Jun 23 17:06:20.412578 dv-cinder-788253-3-iscsi devstack@c-api.service[99962]: warnings.warn('Policy enforcement is depending on the value of '
Jun 23 17:06:20.414063 dv-cinder-788253-3-iscsi devstack@c-api.service[99962]: INFO cinder.volume.api [None req-5f0ed799-b0c5-4ff6-9130-88752083b3bf tempest-VolumeTypesAccessTest-237165394 tempest-VolumeTypesAccessTest-237165394-project] Volume info retrieved successfully.
Jun 23 17:06:20.445956 dv-cinder-788253-3-iscsi devstack@c-api.service[99962]: INFO cinder.volume.api [None req-5f0ed799-b0c5-4ff6-9130-88752083b3bf tempest-VolumeTypesAccessTest-237165394 tempest-VolumeTypesAccessTest-237165394-project] Delete volume request issued successfully.
Jun 23 17:06:20.446418 dv-cinder-788253-3-iscsi devstack@c-api.service[99962]: INFO cinder.api.openstack.wsgi [None req-5f0ed799-b0c5-4ff6-9130-88752083b3bf tempest-VolumeTypesAccessTest-237165394 tempest-VolumeTypesAccessTest-237165394-project] http://10.222.0.37/volume/v3/ce6064f0246a4d12b0699b755c787b21/volumes/9fd0935b-b706-4c02-ad59-df81125a1157 returned with HTTP 202
Jun 23 17:06:20.447253 dv-cinder-788253-3-iscsi devstack@c-api.service[99962]: [pid: 99962|app: 0|req: 129/253] 10.222.0.37 () {58 vars in 1328 bytes} [Wed Jun 23 17:06:20 2021] DELETE /volume/v3/ce6064f0246a4d12b0699b755c787b21/volumes/9fd0935b-b706-4c02-ad59-df81125a1157 => generated 0 bytes in 64 msecs (HTTP/1.1 202) 6 headers in 233 bytes (1 switches on core 0)
Jun 23 17:06:20.448873 dv-cinder-788253-3-iscsi devstack@c-api.service[99961]: INFO cinder.volume.api [None req-b13f6eed-1b81-4a95-9ffb-51bf20776787 tempest-GroupsTest-1944562696 tempest-GroupsTest-1944562696-project] Get all volumes completed successfully.
Jun 23 17:06:20.451091 dv-cinder-788253-3-iscsi devstack@c-api.service[99961]: WARNING stevedore.named [None req-b13f6eed-1b81-4a95-9ffb-51bf20776787 tempest-GroupsTest-1944562696 tempest-GroupsTest-1944562696-project] Could not load cinder.keymgr.conf_key_mgr.ConfKeyManager
Jun 23 17:06:20.451486 dv-cinder-788253-3-iscsi devstack@c-api.service[99961]: WARNING castellan.key_manager [None req-b13f6eed-1b81-4a95-9ffb-51bf20776787 tempest-GroupsTest-1944562696 tempest-GroupsTest-1944562696-project] Deprecation Warning : cinder.keymgr.conf_key_mgr.ConfKeyManager is not a stevedore based driver, trying to load it as a class: stevedore.exception.NoMatches: No 'castellan.drivers' driver found, looking for 'cinder.keymgr.conf_key_mgr.ConfKeyManager'
Jun 23 17:06:20.454578 dv-cinder-788253-3-iscsi devstack@c-api.service[99962]: INFO cinder.api.openstack.wsgi [None req-5b6bf826-9f97-4717-9f71-883ca8c39a97 tempest-VolumeTypesAccessTest-237165394 tempest-VolumeTypesAccessTest-237165394-project] GET http://10.222.0.37/volume/v3/ce6064f0246a4d12b0699b755c787b21/volumes/9fd0935b-b706-4c02-ad59-df81125a1157
Jun 23 17:06:20.455093 dv-cinder-788253-3-iscsi devstack@c-api.service[99962]: DEBUG cinder.api.openstack.wsgi [None req-5b6bf826-9f97-4717-9f71-883ca8c39a97 tempest-VolumeTypesAccessTest-237165394 tempest-VolumeTypesAccessTest-237165394-project] Empty body provided in request {{(pid=99962) get_body /opt/stack/cinder/cinder/api/openstack/wsgi.py:713}}
Jun 23 17:06:20.455327 dv-cinder-788253-3-iscsi devstack@c-api.service[99962]: /usr/local/lib/python3.8/dist-packages/webob/acceptparse.py:1047: DeprecationWarning: The behavior of AcceptValidHeader.best_match is currently being maintained for backward compatibility, but it will be deprecated in the future, as it does not conform to the RFC.
Jun 23 17:06:20.455327 dv-cinder-788253-3-iscsi devstack@c-api.service[99962]: warnings.warn(
Jun 23 17:06:20.455701 dv-cinder-788253-3-iscsi devstack@c-api.service[99962]: DEBUG cinder.api.openstack.wsgi [None req-5b6bf826-9f97-4717-9f71-883ca8c39a97 tempest-VolumeTypesAccessTest-237165394 tempest-VolumeTypesAccessTest-237165394-project] Calling method 'show' {{(pid=99962) _process_stack /opt/stack/cinder/cinder/api/openstack/wsgi.py:866}}
Jun 23 17:06:20.458759 dv-cinder-788253-3-iscsi devstack@c-api.service[99961]: DEBUG oslo_db.sqlalchemy.engines [None req-b13f6eed-1b81-4a95-9ffb-51bf20776787 tempest-GroupsTest-1944562696 tempest-GroupsTest-1944562696-project] MySQL server mode set to STRICT_TRANS_TABLES,STRICT_ALL_TABLES,NO_ZERO_IN_DATE,NO_ZERO_DATE,ERROR_FOR_DIVISION_BY_ZERO,TRADITIONAL,NO_ENGINE_SUBSTITUTION {{(pid=99961) _check_effective_sql_mode /usr/local/lib/python3.8/dist-packages/oslo_db/sqlalchemy/engines.py:314}}
Jun 23 17:06:20.464210 dv-cinder-788253-3-iscsi devstack@c-api.service[99961]: /usr/local/lib/python3.8/dist-packages/oslo_context/context.py:105: DeprecationWarning: Policy enforcement is depending on the value of is_admin. This key is deprecated. Please update your policy file to use the standard policy values.
Jun 23 17:06:20.464210 dv-cinder-788253-3-iscsi devstack@c-api.service[99961]: warnings.warn('Policy enforcement is depending on the value of '
Jun 23 17:06:20.469917 dv-cinder-788253-3-iscsi devstack@c-api.service[99962]: /usr/local/lib/python3.8/dist-packages/oslo_context/context.py:105: DeprecationWarning: Policy enforcement is depending on the value of is_admin. This key is deprecated. Please update your policy file to use the standard policy values.
Jun 23 17:06:20.469917 dv-cinder-788253-3-iscsi devstack@c-api.service[99962]: warnings.warn('Policy enforcement is depending on the value of '
Jun 23 17:06:20.477304 dv-cinder-788253-3-iscsi devstack@c-api.service[99962]: INFO cinder.volume.api [None req-5b6bf826-9f97-4717-9f71-883ca8c39a97 tempest-VolumeTypesAccessTest-237165394 tempest-VolumeTypesAccessTest-237165394-project] Volume info retrieved successfully.
Jun 23 17:06:20.478382 dv-cinder-788253-3-iscsi devstack@c-api.service[99961]: INFO cinder.api.openstack.wsgi [None req-b13f6eed-1b81-4a95-9ffb-51bf20776787 tempest-GroupsTest-1944562696 tempest-GroupsTest-1944562696-project] http://10.222.0.37/volume/v3/e77e75eea42447dcbf6f57692e5ba3b2/volumes/detail returned with HTTP 200
Jun 23 17:06:20.479154 dv-cinder-788253-3-iscsi devstack@c-api.service[99961]: [pid: 99961|app: 0|req: 125/254] 10.222.0.37 () {60 vars in 1276 bytes} [Wed Jun 23 17:06:20 2021] GET /volume/v3/e77e75eea42447dcbf6f57692e5ba3b2/volumes/detail => generated 1926 bytes in 87 msecs (HTTP/1.1 200) 7 headers in 287 bytes (1 switches on core 0)
Jun 23 17:06:20.493072 dv-cinder-788253-3-iscsi devstack@c-api.service[99962]: INFO cinder.api.openstack.wsgi [None req-5b6bf826-9f97-4717-9f71-883ca8c39a97 tempest-VolumeTypesAccessTest-237165394 tempest-VolumeTypesAccessTest-237165394-project] http://10.222.0.37/volume/v3/ce6064f0246a4d12b0699b755c787b21/volumes/9fd0935b-b706-4c02-ad59-df81125a1157 returned with HTTP 200
Jun 23 17:06:20.493880 dv-cinder-788253-3-iscsi devstack@c-api.service[99962]: [pid: 99962|app: 0|req: 130/255] 10.222.0.37 () {58 vars in 1325 bytes} [Wed Jun 23 17:06:20 2021] GET /volume/v3/ce6064f0246a4d12b0699b755c787b21/volumes/9fd0935b-b706-4c02-ad59-df81125a1157 => generated 952 bytes in 43 msecs (HTTP/1.1 200) 7 headers in 285 bytes (2 switches on core 0)
Jun 23 17:06:20.495334 dv-cinder-788253-3-iscsi devstack@c-api.service[99961]: INFO cinder.api.openstack.wsgi [None req-0770c094-b815-4a91-9be0-3ebd8726b99b tempest-GroupsTest-1944562696 tempest-GroupsTest-1944562696-project] PUT http://10.222.0.37/volume/v3/e77e75eea42447dcbf6f57692e5ba3b2/groups/53b90bab-6748-4fea-9b10-1b4ef2d28bca
Jun 23 17:06:20.495936 dv-cinder-788253-3-iscsi devstack@c-api.service[99961]: /usr/local/lib/python3.8/dist-packages/webob/acceptparse.py:1047: DeprecationWarning: The behavior of AcceptValidHeader.best_match is currently being maintained for backward compatibility, but it will be deprecated in the future, as it does not conform to the RFC.
Jun 23 17:06:20.495936 dv-cinder-788253-3-iscsi devstack@c-api.service[99961]: warnings.warn(
Jun 23 17:06:20.496507 dv-cinder-788253-3-iscsi devstack@c-api.service[99961]: DEBUG cinder.api.openstack.wsgi [None req-0770c094-b815-4a91-9be0-3ebd8726b99b tempest-GroupsTest-1944562696 tempest-GroupsTest-1944562696-project] Action: 'update', calling method: version_select, body: {"group": {"add_volumes": "da8e7c55-f44a-46ba-be1d-53d7c22dfd8f"}} {{(pid=99961) _process_stack /opt/stack/cinder/cinder/api/openstack/wsgi.py:864}}
Jun 23 17:06:20.506237 dv-cinder-788253-3-iscsi devstack@c-api.service[99961]: DEBUG cinder.api.v3.groups [None req-0770c094-b815-4a91-9be0-3ebd8726b99b tempest-GroupsTest-1944562696 tempest-GroupsTest-1944562696-project] Update called for group 53b90bab-6748-4fea-9b10-1b4ef2d28bca. {{(pid=99961) update /opt/stack/cinder/cinder/api/v3/groups.py:302}}
Jun 23 17:06:20.506856 dv-cinder-788253-3-iscsi devstack@c-api.service[99961]: INFO cinder.api.v3.groups [None req-0770c094-b815-4a91-9be0-3ebd8726b99b tempest-GroupsTest-1944562696 tempest-GroupsTest-1944562696-project] Updating group 53b90bab-6748-4fea-9b10-1b4ef2d28bca with name None description: None add_volumes: da8e7c55-f44a-46ba-be1d-53d7c22dfd8f remove_volumes: None.
Jun 23 17:06:20.512561 dv-cinder-788253-3-iscsi devstack@c-api.service[99961]: /usr/local/lib/python3.8/dist-packages/oslo_context/context.py:105: DeprecationWarning: Policy enforcement is depending on the value of is_admin. This key is deprecated. Please update your policy file to use the standard policy values.
Jun 23 17:06:20.512561 dv-cinder-788253-3-iscsi devstack@c-api.service[99961]: warnings.warn('Policy enforcement is depending on the value of '
Jun 23 17:06:20.576181 dv-cinder-788253-3-iscsi devstack@c-api.service[99961]: INFO cinder.api.openstack.wsgi [None req-0770c094-b815-4a91-9be0-3ebd8726b99b tempest-GroupsTest-1944562696 tempest-GroupsTest-1944562696-project] http://10.222.0.37/volume/v3/e77e75eea42447dcbf6f57692e5ba3b2/groups/53b90bab-6748-4fea-9b10-1b4ef2d28bca returned with HTTP 202
Jun 23 17:06:20.577131 dv-cinder-788253-3-iscsi devstack@c-api.service[99961]: [pid: 99961|app: 0|req: 126/256] 10.222.0.37 () {62 vars in 1383 bytes} [Wed Jun 23 17:06:20 2021] PUT /volume/v3/e77e75eea42447dcbf6f57692e5ba3b2/groups/53b90bab-6748-4fea-9b10-1b4ef2d28bca => generated 0 bytes in 86 msecs (HTTP/1.1 202) 6 headers in 234 bytes (2 switches on core 0)
Jun 23 17:06:20.586590 dv-cinder-788253-3-iscsi devstack@c-api.service[99962]: INFO cinder.api.openstack.wsgi [None req-22e39aa6-ec08-424f-ba03-f933a70a2172 tempest-GroupsTest-1944562696 tempest-GroupsTest-1944562696-project] GET http://10.222.0.37/volume/v3/e77e75eea42447dcbf6f57692e5ba3b2/groups/53b90bab-6748-4fea-9b10-1b4ef2d28bca
