Nov 18 18:22:18.933014 dv-cinder-787764-6-smb neutron-server[102591]: DEBUG neutron.plugins.ml2.managers [req-18383f56-b3b4-41e9-88df-3b7ada1d867a req-ac5b7ea0-db09-426d-b859-755215e7b234 service neutron] Attempting to bind port a7d471cd-31e3-4d0a-8e43-effafc7dcc34 by drivers openvswitch,hyperv on host hv-cinder-78776 at level 0 using segments [{'id': 'ea005267-9ba0-488e-8420-5e10d9b0d141', 'network_type': 'vlan', 'physical_network': 'physnet1', 'segmentation_id': 1254, 'network_id': '45b24624-d762-448f-bbf4-33588bc42052'}] {{(pid=102591) _bind_port_level /opt/stack/neutron/neutron/plugins/ml2/managers.py:820}}
Nov 18 18:22:18.933132 dv-cinder-787764-6-smb neutron-server[102593]: DEBUG neutron.api.rpc.handlers.resources_rpc [None req-c8f77876-e075-486a-b704-aa803aaea8ad None None] Pushing event updated for resources: {'Port': ['ID=9f615406-1bfd-4e5e-9895-ffee88dd8e5e,revision_number=4']} {{(pid=102593) push /opt/stack/neutron/neutron/api/rpc/handlers/resources_rpc.py:237}}
Nov 18 18:22:18.933690 dv-cinder-787764-6-smb neutron-server[102591]: DEBUG neutron.plugins.ml2.drivers.mech_agent [req-18383f56-b3b4-41e9-88df-3b7ada1d867a req-ac5b7ea0-db09-426d-b859-755215e7b234 service neutron] Attempting to bind port a7d471cd-31e3-4d0a-8e43-effafc7dcc34 on network 45b24624-d762-448f-bbf4-33588bc42052 {{(pid=102591) bind_port /opt/stack/neutron/neutron/plugins/ml2/drivers/mech_agent.py:91}}
Nov 18 18:22:18.934853 dv-cinder-787764-6-smb neutron-server[102592]: INFO neutron.wsgi [None req-6c4478b1-b867-470e-9a95-01de64769b44 admin admin] 10.222.0.75 "GET /v2.0/security-groups?tenant_id=79347d41bda547e184e7bfd7dfc3fd97&name=default HTTP/1.1" status: 200 len: 2996 time: 0.4582002
Nov 18 18:22:18.937731 dv-cinder-787764-6-smb neutron-server[102592]: DEBUG neutron.wsgi [-] (102592) accepted ('10.222.0.75', 51554) {{(pid=102592) server /usr/local/lib/python3.8/dist-packages/eventlet/wsgi.py:1004}}
Nov 18 18:22:18.939953 dv-cinder-787764-6-smb neutron-server[102591]: DEBUG neutron.plugins.ml2.drivers.mech_agent [req-18383f56-b3b4-41e9-88df-3b7ada1d867a req-ac5b7ea0-db09-426d-b859-755215e7b234 service neutron] Port a7d471cd-31e3-4d0a-8e43-effafc7dcc34 on network 45b24624-d762-448f-bbf4-33588bc42052 not bound, no agent of type Open vSwitch agent registered on host hv-cinder-78776 {{(pid=102591) bind_port /opt/stack/neutron/neutron/plugins/ml2/drivers/mech_agent.py:103}}
Nov 18 18:22:18.940254 dv-cinder-787764-6-smb neutron-server[102592]: DEBUG neutron.api.rpc.handlers.resources_rpc [None req-6c4478b1-b867-470e-9a95-01de64769b44 admin admin] Pushing event updated for resources: {'SecurityGroup': ['ID=864924e8-730f-4db2-8b4f-28cf62fa3169,revision_number=1']} {{(pid=102592) push /opt/stack/neutron/neutron/api/rpc/handlers/resources_rpc.py:237}}
Nov 18 18:22:18.940460 dv-cinder-787764-6-smb neutron-server[102591]: DEBUG neutron.plugins.ml2.drivers.mech_agent [req-18383f56-b3b4-41e9-88df-3b7ada1d867a req-ac5b7ea0-db09-426d-b859-755215e7b234 service neutron] Attempting to bind port a7d471cd-31e3-4d0a-8e43-effafc7dcc34 on network 45b24624-d762-448f-bbf4-33588bc42052 {{(pid=102591) bind_port /opt/stack/neutron/neutron/plugins/ml2/drivers/mech_agent.py:91}}
Nov 18 18:22:18.941872 dv-cinder-787764-6-smb neutron-server[102593]: DEBUG neutron.api.rpc.callbacks.version_manager [None req-c8f77876-e075-486a-b704-aa803aaea8ad None None] Version for resource type AddressGroup changed None to 1.2 on consumer Open vSwitch agent@dv-cinder-787764-6-smb {{(pid=102593) _set_version /opt/stack/neutron/neutron/api/rpc/callbacks/version_manager.py:113}}
Nov 18 18:22:18.942233 dv-cinder-787764-6-smb neutron-server[102593]: DEBUG neutron.api.rpc.callbacks.version_manager [None req-c8f77876-e075-486a-b704-aa803aaea8ad None None] Version for resource type ConntrackHelper changed None to 1.0 on consumer Open vSwitch agent@dv-cinder-787764-6-smb {{(pid=102593) _set_version /opt/stack/neutron/neutron/api/rpc/callbacks/version_manager.py:113}}
Nov 18 18:22:18.942761 dv-cinder-787764-6-smb neutron-server[102593]: DEBUG neutron.api.rpc.callbacks.version_manager [None req-c8f77876-e075-486a-b704-aa803aaea8ad None None] Version for resource type Log changed None to 1.0 on consumer Open vSwitch agent@dv-cinder-787764-6-smb {{(pid=102593) _set_version /opt/stack/neutron/neutron/api/rpc/callbacks/version_manager.py:113}}
Nov 18 18:22:18.943116 dv-cinder-787764-6-smb neutron-server[102593]: DEBUG neutron.api.rpc.callbacks.version_manager [None req-c8f77876-e075-486a-b704-aa803aaea8ad None None] Version for resource type Network changed None to 1.1 on consumer Open vSwitch agent@dv-cinder-787764-6-smb {{(pid=102593) _set_version /opt/stack/neutron/neutron/api/rpc/callbacks/version_manager.py:113}}
Nov 18 18:22:18.943523 dv-cinder-787764-6-smb neutron-server[102593]: DEBUG neutron.api.rpc.callbacks.version_manager [None req-c8f77876-e075-486a-b704-aa803aaea8ad None None] Version for resource type Port changed None to 1.7 on consumer Open vSwitch agent@dv-cinder-787764-6-smb {{(pid=102593) _set_version /opt/stack/neutron/neutron/api/rpc/callbacks/version_manager.py:113}}
Nov 18 18:22:18.943867 dv-cinder-787764-6-smb neutron-server[102593]: DEBUG neutron.api.rpc.callbacks.version_manager [None req-c8f77876-e075-486a-b704-aa803aaea8ad None None] Version for resource type PortForwarding changed None to 1.2 on consumer Open vSwitch agent@dv-cinder-787764-6-smb {{(pid=102593) _set_version /opt/stack/neutron/neutron/api/rpc/callbacks/version_manager.py:113}}
Nov 18 18:22:18.944209 dv-cinder-787764-6-smb neutron-server[102593]: DEBUG neutron.api.rpc.callbacks.version_manager [None req-c8f77876-e075-486a-b704-aa803aaea8ad None None] Version for resource type QosPolicy changed None to 1.10 on consumer Open vSwitch agent@dv-cinder-787764-6-smb {{(pid=102593) _set_version /opt/stack/neutron/neutron/api/rpc/callbacks/version_manager.py:113}}
Nov 18 18:22:18.945052 dv-cinder-787764-6-smb neutron-server[102593]: DEBUG neutron.api.rpc.callbacks.version_manager [None req-c8f77876-e075-486a-b704-aa803aaea8ad None None] Version for resource type SecurityGroup changed None to 1.5 on consumer Open vSwitch agent@dv-cinder-787764-6-smb {{(pid=102593) _set_version /opt/stack/neutron/neutron/api/rpc/callbacks/version_manager.py:113}}
Nov 18 18:22:18.945415 dv-cinder-787764-6-smb neutron-server[102593]: DEBUG neutron.api.rpc.callbacks.version_manager [None req-c8f77876-e075-486a-b704-aa803aaea8ad None None] Version for resource type SecurityGroupRule changed None to 1.2 on consumer Open vSwitch agent@dv-cinder-787764-6-smb {{(pid=102593) _set_version /opt/stack/neutron/neutron/api/rpc/callbacks/version_manager.py:113}}
Nov 18 18:22:18.945911 dv-cinder-787764-6-smb neutron-server[102593]: DEBUG neutron.api.rpc.callbacks.version_manager [None req-c8f77876-e075-486a-b704-aa803aaea8ad None None] Version for resource type SubPort changed None to 1.0 on consumer Open vSwitch agent@dv-cinder-787764-6-smb {{(pid=102593) _set_version /opt/stack/neutron/neutron/api/rpc/callbacks/version_manager.py:113}}
Nov 18 18:22:18.946263 dv-cinder-787764-6-smb neutron-server[102593]: DEBUG neutron.api.rpc.callbacks.version_manager [None req-c8f77876-e075-486a-b704-aa803aaea8ad None None] Version for resource type Subnet changed None to 1.1 on consumer Open vSwitch agent@dv-cinder-787764-6-smb {{(pid=102593) _set_version /opt/stack/neutron/neutron/api/rpc/callbacks/version_manager.py:113}}
Nov 18 18:22:18.946596 dv-cinder-787764-6-smb neutron-server[102593]: DEBUG neutron.api.rpc.callbacks.version_manager [None req-c8f77876-e075-486a-b704-aa803aaea8ad None None] Version for resource type Trunk changed None to 1.1 on consumer Open vSwitch agent@dv-cinder-787764-6-smb {{(pid=102593) _set_version /opt/stack/neutron/neutron/api/rpc/callbacks/version_manager.py:113}}
Nov 18 18:22:18.957699 dv-cinder-787764-6-smb neutron-server[102591]: DEBUG neutron.plugins.ml2.drivers.mech_agent [req-18383f56-b3b4-41e9-88df-3b7ada1d867a req-ac5b7ea0-db09-426d-b859-755215e7b234 service neutron] Checking agent: {'id': '481185e0-79a8-479d-ad63-d1fcc1ecdc06', 'agent_type': 'HyperV agent', 'binary': 'neutron-hyperv-agent', 'topic': 'N/A', 'host': 'hv-cinder-78776', 'admin_state_up': True, 'created_at': datetime.datetime(2021, 11, 18, 18, 19, 22), 'started_at': datetime.datetime(2021, 11, 18, 18, 19, 22), 'heartbeat_timestamp': datetime.datetime(2021, 11, 18, 18, 21, 52), 'description': None, 'resources_synced': None, 'availability_zone': None, 'alive': True, 'configurations': {'vswitch_mappings': {'physnet1$': 'br-data'}}, 'resource_versions': {}} {{(pid=102591) bind_port /opt/stack/neutron/neutron/plugins/ml2/drivers/mech_agent.py:110}}
Nov 18 18:22:18.957699 dv-cinder-787764-6-smb neutron-server[102591]: DEBUG neutron.plugins.ml2.drivers.mech_agent [req-18383f56-b3b4-41e9-88df-3b7ada1d867a req-ac5b7ea0-db09-426d-b859-755215e7b234 service neutron] Checking segment: {'id': 'ea005267-9ba0-488e-8420-5e10d9b0d141', 'network_type': 'vlan', 'physical_network': 'physnet1', 'segmentation_id': 1254, 'network_id': '45b24624-d762-448f-bbf4-33588bc42052'} for mappings: {'physnet1$': 'br-data'} with network types: ['local', 'flat', 'vlan'] {{(pid=102591) check_segment_for_agent /opt/stack/neutron/neutron/plugins/ml2/drivers/mech_agent.py:371}}
Nov 18 18:22:18.958026 dv-cinder-787764-6-smb neutron-server[102591]: DEBUG neutron.plugins.ml2.drivers.mech_agent [req-18383f56-b3b4-41e9-88df-3b7ada1d867a req-ac5b7ea0-db09-426d-b859-755215e7b234 service neutron] Bound using segment: {'id': 'ea005267-9ba0-488e-8420-5e10d9b0d141', 'network_type': 'vlan', 'physical_network': 'physnet1', 'segmentation_id': 1254, 'network_id': '45b24624-d762-448f-bbf4-33588bc42052'} {{(pid=102591) bind_port /opt/stack/neutron/neutron/plugins/ml2/drivers/mech_agent.py:120}}
Nov 18 18:22:18.958369 dv-cinder-787764-6-smb neutron-server[102591]: DEBUG neutron.plugins.ml2.managers [req-18383f56-b3b4-41e9-88df-3b7ada1d867a req-ac5b7ea0-db09-426d-b859-755215e7b234 service neutron] Bound port: a7d471cd-31e3-4d0a-8e43-effafc7dcc34, host: hv-cinder-78776, vif_type: hyperv, vif_details: {"connectivity": "legacy", "port_filter": false}, binding_levels: [{'bound_driver': 'hyperv', 'bound_segment': {'id': 'ea005267-9ba0-488e-8420-5e10d9b0d141', 'network_type': 'vlan', 'physical_network': 'physnet1', 'segmentation_id': 1254, 'network_id': '45b24624-d762-448f-bbf4-33588bc42052'}}] {{(pid=102591) _bind_port_level /opt/stack/neutron/neutron/plugins/ml2/managers.py:932}}
Nov 18 18:22:18.958729 dv-cinder-787764-6-smb neutron-server[102591]: DEBUG neutron_lib.callbacks.manager [req-18383f56-b3b4-41e9-88df-3b7ada1d867a req-ac5b7ea0-db09-426d-b859-755215e7b234 service neutron] Publish callbacks ['neutron.plugins.ml2.plugin.SecurityGroupDbMixin._ensure_default_security_group_handler-7791113'] for port, before_update {{(pid=102591) _notify_loop /usr/local/lib/python3.8/dist-packages/neutron_lib/callbacks/manager.py:175}}
Nov 18 18:22:18.969421 dv-cinder-787764-6-smb neutron-server[102592]: DEBUG neutron.pecan_wsgi.hooks.policy_enforcement [req-bd251f68-b004-4ea7-93d4-1681c54d2829 req-53333be8-971c-42d2-8f0b-df086ae22e55 tempest-AttachVolumeNegativeTest-1308012027 tempest-AttachVolumeNegativeTest-1308012027-project] Attributes excluded by policy engine: ['standard_attr_id', 'binding:profile', 'binding:host_id', 'binding:vif_type', 'binding:vif_details'] {{(pid=102592) _exclude_attributes_by_policy /opt/stack/neutron/neutron/pecan_wsgi/hooks/policy_enforcement.py:255}}
Nov 18 18:22:18.971277 dv-cinder-787764-6-smb neutron-server[102592]: INFO neutron.wsgi [req-bd251f68-b004-4ea7-93d4-1681c54d2829 req-53333be8-971c-42d2-8f0b-df086ae22e55 tempest-AttachVolumeNegativeTest-1308012027 tempest-AttachVolumeNegativeTest-1308012027-project] 10.222.0.75 "GET /v2.0/ports?device_id=2b82f788-668c-4000-8281-6693ea545813 HTTP/1.1" status: 200 len: 943 time: 0.2065437
Nov 18 18:22:19.037256 dv-cinder-787764-6-smb neutron-server[102592]: DEBUG neutron_lib.callbacks.manager [None req-2668637a-fb50-47b1-9177-a84207e2d2a3 admin admin] Publish callbacks [] for security_group, before_delete {{(pid=102592) _notify_loop /usr/local/lib/python3.8/dist-packages/neutron_lib/callbacks/manager.py:175}}
Nov 18 18:22:19.082933 dv-cinder-787764-6-smb neutron-server[102592]: INFO neutron.wsgi [req-bd251f68-b004-4ea7-93d4-1681c54d2829 req-df0d60fe-e4ec-4682-af88-2346faa588b1 tempest-AttachVolumeNegativeTest-1308012027 tempest-AttachVolumeNegativeTest-1308012027-project] 10.222.0.75 "GET /v2.0/security-groups?id=f75c82fa-0050-4129-ba83-f2cc050a00d8&fields=id&fields=name HTTP/1.1" status: 200 len: 286 time: 0.1044204
Nov 18 18:22:19.084762 dv-cinder-787764-6-smb neutron-server[102592]: DEBUG neutron_lib.callbacks.manager [None req-2668637a-fb50-47b1-9177-a84207e2d2a3 admin admin] Publish callbacks [] for security_group, precommit_delete {{(pid=102592) _notify_loop /usr/local/lib/python3.8/dist-packages/neutron_lib/callbacks/manager.py:175}}
Nov 18 18:22:19.116171 dv-cinder-787764-6-smb neutron-server[102591]: INFO neutron.wsgi [req-a5aeef86-9a1e-40e9-a5de-831bbd6f032a req-13c8c797-6b56-4dac-9ed8-d780e7ffa423 service neutron] 10.222.0.79 "GET /v2.0/networks/87655223-f3ad-46a9-937f-4b1146b1b98d?fields=provider%3Aphysical_network&fields=provider%3Anetwork_type HTTP/1.1" status: 200 len: 281 time: 0.1601274
Nov 18 18:22:19.116171 dv-cinder-787764-6-smb neutron-server[102591]: DEBUG neutron.plugins.ml2.db [req-18383f56-b3b4-41e9-88df-3b7ada1d867a req-ac5b7ea0-db09-426d-b859-755215e7b234 service neutron] For port a7d471cd-31e3-4d0a-8e43-effafc7dcc34, host hv-cinder-78776, cleared binding levels {{(pid=102591) clear_binding_levels /opt/stack/neutron/neutron/plugins/ml2/db.py:87}}
Nov 18 18:22:19.121257 dv-cinder-787764-6-smb neutron-server[102591]: DEBUG neutron.plugins.ml2.db [req-18383f56-b3b4-41e9-88df-3b7ada1d867a req-ac5b7ea0-db09-426d-b859-755215e7b234 service neutron] For port a7d471cd-31e3-4d0a-8e43-effafc7dcc34, host hv-cinder-78776, set binding levels [PortBindingLevel(driver='hyperv',host='hv-cinder-78776',level=0,port_id=a7d471cd-31e3-4d0a-8e43-effafc7dcc34,segment=NetworkSegment(ea005267-9ba0-488e-8420-5e10d9b0d141),segment_id=ea005267-9ba0-488e-8420-5e10d9b0d141)] {{(pid=102591) set_binding_levels /opt/stack/neutron/neutron/plugins/ml2/db.py:59}}
Nov 18 18:22:19.126460 dv-cinder-787764-6-smb neutron-server[102591]: DEBUG neutron_lib.callbacks.manager [req-18383f56-b3b4-41e9-88df-3b7ada1d867a req-ac5b7ea0-db09-426d-b859-755215e7b234 service neutron] Publish callbacks ['neutron.plugins.ml2.plugin.SecurityGroupServerNotifierRpcMixin._notify_sg_on_port_change-7791182', 'neutron.plugins.ml2.ovo_rpc._ObjectChangeHandler.handle_event-8296574', 'neutron.api.rpc.agentnotifiers.dhcp_rpc_agent_api.DhcpAgentNotifyAPI._native_event_send_dhcp_notification-7799772', 'neutron.db.l3_db.L3RpcNotifierMixin._notify_gateway_port_ip_changed-8755907313695', 'neutron.db.l3_dvrscheduler_db._notify_l3_agent_port_update-8755906859331', 'neutron.db.l3_hascheduler_db._notify_l3_agent_ha_port_update-8755906859349', 'neutron.services.segments.plugin.NovaSegmentNotifier._notify_port_updated-3777646'] for port, after_update {{(pid=102591) _notify_loop /usr/local/lib/python3.8/dist-packages/neutron_lib/callbacks/manager.py:175}}
Nov 18 18:22:19.153231 dv-cinder-787764-6-smb neutron-server[102592]: DEBUG neutron_lib.callbacks.manager [None req-2668637a-fb50-47b1-9177-a84207e2d2a3 admin admin] Publish callbacks ['neutron.plugins.ml2.ovo_rpc._ObjectChangeHandler.handle_event-7849177'] for security_group, after_delete {{(pid=102592) _notify_loop /usr/local/lib/python3.8/dist-packages/neutron_lib/callbacks/manager.py:175}}
Nov 18 18:22:19.155370 dv-cinder-787764-6-smb neutron-server[102592]: DEBUG neutron_lib.callbacks.manager [None req-2668637a-fb50-47b1-9177-a84207e2d2a3 admin admin] Publish callbacks [] for security_group, before_response {{(pid=102592) _notify_loop /usr/local/lib/python3.8/dist-packages/neutron_lib/callbacks/manager.py:175}}
Nov 18 18:22:19.166069 dv-cinder-787764-6-smb neutron-server[102592]: INFO neutron.wsgi [None req-2668637a-fb50-47b1-9177-a84207e2d2a3 admin admin] 10.222.0.75 "DELETE /v2.0/security-groups/864924e8-730f-4db2-8b4f-28cf62fa3169 HTTP/1.1" status: 204 len: 168 time: 0.2203398
Nov 18 18:22:19.170664 dv-cinder-787764-6-smb neutron-server[102591]: DEBUG neutron.pecan_wsgi.hooks.policy_enforcement [req-18383f56-b3b4-41e9-88df-3b7ada1d867a req-ac5b7ea0-db09-426d-b859-755215e7b234 service neutron] Attributes excluded by policy engine: ['standard_attr_id'] {{(pid=102591) _exclude_attributes_by_policy /opt/stack/neutron/neutron/pecan_wsgi/hooks/policy_enforcement.py:255}}
Nov 18 18:22:19.171867 dv-cinder-787764-6-smb neutron-server[102591]: DEBUG neutron_lib.callbacks.manager [req-18383f56-b3b4-41e9-88df-3b7ada1d867a req-ac5b7ea0-db09-426d-b859-755215e7b234 service neutron] Publish callbacks ['neutron.notifiers.nova.Notifier._send_nova_notification-9900'] for port, before_response {{(pid=102591) _notify_loop /usr/local/lib/python3.8/dist-packages/neutron_lib/callbacks/manager.py:175}}
Nov 18 18:22:19.173373 dv-cinder-787764-6-smb neutron-server[102591]: INFO neutron.wsgi [req-18383f56-b3b4-41e9-88df-3b7ada1d867a req-ac5b7ea0-db09-426d-b859-755215e7b234 service neutron] 10.222.0.79 "PUT /v2.0/ports/a7d471cd-31e3-4d0a-8e43-effafc7dcc34 HTTP/1.1" status: 200 len: 1093 time: 1.5703347
Nov 18 18:22:19.176034 dv-cinder-787764-6-smb neutron-server[102591]: DEBUG neutron.notifiers.nova [-] Sending events: [{'name': 'network-changed', 'server_uuid': '2b82f788-668c-4000-8281-6693ea545813', 'tag': 'a7d471cd-31e3-4d0a-8e43-effafc7dcc34'}] {{(pid=102591) send_events /opt/stack/neutron/neutron/notifiers/nova.py:262}}
Nov 18 18:22:19.177443 dv-cinder-787764-6-smb neutron-server[102592]: DEBUG neutron.api.rpc.handlers.resources_rpc [None req-2668637a-fb50-47b1-9177-a84207e2d2a3 admin admin] Pushing event deleted for resources: {'SecurityGroup': ['ID=864924e8-730f-4db2-8b4f-28cf62fa3169,revision_number=None']} {{(pid=102592) push /opt/stack/neutron/neutron/api/rpc/handlers/resources_rpc.py:237}}
Nov 18 18:22:19.179824 dv-cinder-787764-6-smb neutron-server[102591]: DEBUG novaclient.v2.client [-] REQ: curl -g -i --cacert "/opt/stack/data/ca-bundle.pem" -X POST http://10.222.0.75/compute/v2.1/os-server-external-events -H "Accept: application/json" -H "Content-Type: application/json" -H "User-Agent: python-novaclient" -H "X-Auth-Token: {SHA256}fb7e96f9b950fbd2052f58dbf11122350575f160c8c54201cafc87706f438663" -H "X-OpenStack-Nova-API-Version: 2.1" -H "X-OpenStack-Request-ID: req-e59a2728-6eea-41db-9b7c-b24b36dccba1" -d '{"events": [{"name": "network-changed", "server_uuid": "2b82f788-668c-4000-8281-6693ea545813", "tag": "a7d471cd-31e3-4d0a-8e43-effafc7dcc34"}]}' {{(pid=102591) _http_log_request /usr/local/lib/python3.8/dist-packages/keystoneauth1/session.py:519}}
Nov 18 18:22:19.232107 dv-cinder-787764-6-smb neutron-server[102591]: DEBUG neutron.api.rpc.handlers.resources_rpc [None req-ac5b7ea0-db09-426d-b859-755215e7b234 service neutron] Pushing event updated for resources: {'Port': ['ID=a7d471cd-31e3-4d0a-8e43-effafc7dcc34,revision_number=3']} {{(pid=102591) push /opt/stack/neutron/neutron/api/rpc/handlers/resources_rpc.py:237}}
Nov 18 18:22:19.237501 dv-cinder-787764-6-smb neutron-server[102591]: DEBUG novaclient.v2.client [-] RESP: [200] Connection: close Content-Length: 179 Content-Type: application/json Date: Thu, 18 Nov 2021 18:22:19 GMT OpenStack-API-Version: compute 2.1 Server: Apache/2.4.41 (Ubuntu) Vary: OpenStack-API-Version,X-OpenStack-Nova-API-Version X-OpenStack-Nova-API-Version: 2.1 x-compute-request-id: req-6df09033-ebd4-417f-8e4e-67390097123a x-openstack-request-id: req-6df09033-ebd4-417f-8e4e-67390097123a {{(pid=102591) _http_log_response /usr/local/lib/python3.8/dist-packages/keystoneauth1/session.py:550}}
Nov 18 18:22:19.237798 dv-cinder-787764-6-smb neutron-server[102591]: DEBUG novaclient.v2.client [-] RESP BODY: {"events": [{"name": "network-changed", "server_uuid": "2b82f788-668c-4000-8281-6693ea545813", "tag": "a7d471cd-31e3-4d0a-8e43-effafc7dcc34", "status": "completed", "code": 200}]} {{(pid=102591) _http_log_response /usr/local/lib/python3.8/dist-packages/keystoneauth1/session.py:582}}
Nov 18 18:22:19.238056 dv-cinder-787764-6-smb neutron-server[102591]: DEBUG novaclient.v2.client [-] POST call to compute for http://10.222.0.75/compute/v2.1/os-server-external-events used request id req-6df09033-ebd4-417f-8e4e-67390097123a {{(pid=102591) request /usr/local/lib/python3.8/dist-packages/keystoneauth1/session.py:954}}
Nov 18 18:22:19.238623 dv-cinder-787764-6-smb neutron-server[102591]: INFO neutron.notifiers.nova [-] Nova event response: {'name': 'network-changed', 'server_uuid': '2b82f788-668c-4000-8281-6693ea545813', 'tag': 'a7d471cd-31e3-4d0a-8e43-effafc7dcc34', 'status': 'completed', 'code': 200}
Nov 18 18:22:19.306741 dv-cinder-787764-6-smb neutron-server[102591]: DEBUG neutron.pecan_wsgi.hooks.policy_enforcement [req-18383f56-b3b4-41e9-88df-3b7ada1d867a req-ae5bdbd7-5e6f-492a-849d-4b6ee715f918 service neutron] Attributes excluded by policy engine: ['standard_attr_id'] {{(pid=102591) _exclude_attributes_by_policy /opt/stack/neutron/neutron/pecan_wsgi/hooks/policy_enforcement.py:255}}
Nov 18 18:22:19.308429 dv-cinder-787764-6-smb neutron-server[102591]: INFO neutron.wsgi [req-18383f56-b3b4-41e9-88df-3b7ada1d867a req-ae5bdbd7-5e6f-492a-849d-4b6ee715f918 service neutron] 10.222.0.79 "GET /v2.0/ports?tenant_id=b569fd4fe3914e6cbb0cf57520f22772&device_id=2b82f788-668c-4000-8281-6693ea545813 HTTP/1.1" status: 200 len: 1096 time: 0.0499194
Nov 18 18:22:19.349186 dv-cinder-787764-6-smb neutron-server[102593]: DEBUG neutron.plugins.ml2.db [None req-c8f77876-e075-486a-b704-aa803aaea8ad None None] get_ports_and_sgs() called for port_ids ['9f615406-1bfd-4e5e-9895-ffee88dd8e5e'] {{(pid=102593) get_ports_and_sgs /opt/stack/neutron/neutron/plugins/ml2/db.py:156}}
Nov 18 18:22:19.395282 dv-cinder-787764-6-smb neutron-server[102591]: INFO neutron.wsgi [req-18383f56-b3b4-41e9-88df-3b7ada1d867a req-28789125-87a8-40df-bb5e-4dc91701c525 service neutron] 10.222.0.79 "GET /v2.0/floatingips?fixed_ip_address=172.20.0.8&port_id=a7d471cd-31e3-4d0a-8e43-effafc7dcc34 HTTP/1.1" status: 200 len: 217 time: 0.0604758
Nov 18 18:22:19.475502 dv-cinder-787764-6-smb neutron-server[102591]: DEBUG neutron.pecan_wsgi.hooks.policy_enforcement [req-18383f56-b3b4-41e9-88df-3b7ada1d867a req-8f89ed0e-66f3-4a79-b1be-d4a3a163dcbc service neutron] Attributes excluded by policy engine: ['standard_attr_id', 'shared', 'segment_id'] {{(pid=102591) _exclude_attributes_by_policy /opt/stack/neutron/neutron/pecan_wsgi/hooks/policy_enforcement.py:255}}
Nov 18 18:22:19.477300 dv-cinder-787764-6-smb neutron-server[102591]: INFO neutron.wsgi [req-18383f56-b3b4-41e9-88df-3b7ada1d867a req-8f89ed0e-66f3-4a79-b1be-d4a3a163dcbc service neutron] 10.222.0.79 "GET /v2.0/subnets?id=bbf3fe42-6489-44ca-83eb-ffcdcc569741 HTTP/1.1" status: 200 len: 855 time: 0.0637934
Nov 18 18:22:19.535716 dv-cinder-787764-6-smb neutron-server[102591]: INFO neutron.wsgi [req-18383f56-b3b4-41e9-88df-3b7ada1d867a req-c3e437bb-0fc6-4684-9a7c-2ff0f7e5e9c7 service neutron] 10.222.0.79 "GET /v2.0/ports?network_id=45b24624-d762-448f-bbf4-33588bc42052&device_owner=network%3Adhcp HTTP/1.1" status: 200 len: 210 time: 0.0378191
Nov 18 18:22:19.688403 dv-cinder-787764-6-smb neutron-server[102591]: INFO neutron.wsgi [req-18383f56-b3b4-41e9-88df-3b7ada1d867a req-8f29a8cc-36ca-4c65-aa28-74807a55a9da service neutron] 10.222.0.79 "GET /v2.0/networks/45b24624-d762-448f-bbf4-33588bc42052?fields=segments HTTP/1.1" status: 200 len: 212 time: 0.1343987
Nov 18 18:22:19.702496 dv-cinder-787764-6-smb neutron-server[102591]: DEBUG neutron.pecan_wsgi.hooks.policy_enforcement [req-8c0591d6-d4fc-4e48-9e1d-9dfadb7dfa09 req-76a3ae0b-1c77-4955-9643-43ff5274c85c tempest-VolumesActionsTest-1714454111 tempest-VolumesActionsTest-1714454111-project] Attributes excluded by policy engine: ['standard_attr_id', 'binding:profile', 'binding:host_id', 'binding:vif_type', 'binding:vif_details'] {{(pid=102591) _exclude_attributes_by_policy /opt/stack/neutron/neutron/pecan_wsgi/hooks/policy_enforcement.py:255}}
Nov 18 18:22:19.704017 dv-cinder-787764-6-smb neutron-server[102591]: INFO neutron.wsgi [req-8c0591d6-d4fc-4e48-9e1d-9dfadb7dfa09 req-76a3ae0b-1c77-4955-9643-43ff5274c85c tempest-VolumesActionsTest-1714454111 tempest-VolumesActionsTest-1714454111-project] 10.222.0.75 "GET /v2.0/ports?device_id=ea90c820-0b67-4261-8376-ddd478f6a3ed HTTP/1.1" status: 200 len: 945 time: 0.0832429
Nov 18 18:22:19.832953 dv-cinder-787764-6-smb neutron-server[102591]: INFO neutron.wsgi [req-8c0591d6-d4fc-4e48-9e1d-9dfadb7dfa09 req-167a37d0-8bff-46ac-830c-06f50f6dea51 tempest-VolumesActionsTest-1714454111 tempest-VolumesActionsTest-1714454111-project] 10.222.0.75 "GET /v2.0/security-groups?id=f548e013-f851-4407-a231-91e60bd26201&fields=id&fields=name HTTP/1.1" status: 200 len: 286 time: 0.1133308
Nov 18 18:22:19.856901 dv-cinder-787764-6-smb neutron-server[102591]: INFO neutron.wsgi [req-18383f56-b3b4-41e9-88df-3b7ada1d867a req-7589bc90-10c5-4722-a7a0-7efd1d32b1f0 service neutron] 10.222.0.79 "GET /v2.0/networks/45b24624-d762-448f-bbf4-33588bc42052?fields=provider%3Aphysical_network&fields=provider%3Anetwork_type HTTP/1.1" status: 200 len: 281 time: 0.1459441
Nov 18 18:22:20.000008 dv-cinder-787764-6-smb neutron-server[102591]: DEBUG neutron.pecan_wsgi.hooks.policy_enforcement [req-e59a2728-6eea-41db-9b7c-b24b36dccba1 req-e5a5db0a-4527-4910-9426-67642ebfecb7 service neutron] Attributes excluded by policy engine: ['standard_attr_id'] {{(pid=102591) _exclude_attributes_by_policy /opt/stack/neutron/neutron/pecan_wsgi/hooks/policy_enforcement.py:255}}
Nov 18 18:22:20.001562 dv-cinder-787764-6-smb neutron-server[102591]: INFO neutron.wsgi [req-e59a2728-6eea-41db-9b7c-b24b36dccba1 req-e5a5db0a-4527-4910-9426-67642ebfecb7 service neutron] 10.222.0.79 "GET /v2.0/ports?tenant_id=b569fd4fe3914e6cbb0cf57520f22772&device_id=2b82f788-668c-4000-8281-6693ea545813 HTTP/1.1" status: 200 len: 1096 time: 0.0516605
Nov 18 18:22:20.031749 dv-cinder-787764-6-smb neutron-server[102592]: DEBUG neutron.pecan_wsgi.hooks.policy_enforcement [req-372109b1-0821-4325-a0c4-e14aa6e5096e req-c92a3127-8e8e-46ed-9ec2-c729f7174d70 tempest-ServerRescueNegativeTestJSON-1839039379 tempest-ServerRescueNegativeTestJSON-1839039379-project] Attributes excluded by policy engine: ['standard_attr_id', 'binding:profile', 'binding:host_id', 'binding:vif_type', 'binding:vif_details'] {{(pid=102592) _exclude_attributes_by_policy /opt/stack/neutron/neutron/pecan_wsgi/hooks/policy_enforcement.py:255}}
Nov 18 18:22:20.040854 dv-cinder-787764-6-smb neutron-server[102592]: INFO neutron.wsgi [req-372109b1-0821-4325-a0c4-e14aa6e5096e req-c92a3127-8e8e-46ed-9ec2-c729f7174d70 tempest-ServerRescueNegativeTestJSON-1839039379 tempest-ServerRescueNegativeTestJSON-1839039379-project] 10.222.0.75 "GET /v2.0/ports?device_id=be9934d5-618e-4248-8974-28a1ca91aef7 HTTP/1.1" status: 200 len: 946 time: 0.0533125
Nov 18 18:22:20.102398 dv-cinder-787764-6-smb neutron-server[102592]: INFO neutron.wsgi [req-372109b1-0821-4325-a0c4-e14aa6e5096e req-8aafb758-479d-44a0-8e04-c2de59541189 tempest-ServerRescueNegativeTestJSON-1839039379 tempest-ServerRescueNegativeTestJSON-1839039379-project] 10.222.0.75 "GET /v2.0/security-groups?id=df00d19a-4ee5-445f-99e8-c5e147cb5a5d&fields=id&fields=name HTTP/1.1" status: 200 len: 286 time: 0.0603909
Nov 18 18:22:20.125392 dv-cinder-787764-6-smb neutron-server[102591]: DEBUG neutron.pecan_wsgi.hooks.policy_enforcement [req-e59a2728-6eea-41db-9b7c-b24b36dccba1 req-d511a1ce-ee8f-45f1-afb5-390a99f61890 service neutron] Attributes excluded by policy engine: ['standard_attr_id', 'vlan_transparent'] {{(pid=102591) _exclude_attributes_by_policy /opt/stack/neutron/neutron/pecan_wsgi/hooks/policy_enforcement.py:255}}
Nov 18 18:22:20.127722 dv-cinder-787764-6-smb neutron-server[102591]: INFO neutron.wsgi [req-e59a2728-6eea-41db-9b7c-b24b36dccba1 req-d511a1ce-ee8f-45f1-afb5-390a99f61890 service neutron] 10.222.0.79 "GET /v2.0/networks?id=45b24624-d762-448f-bbf4-33588bc42052 HTTP/1.1" status: 200 len: 917 time: 0.1136317
Nov 18 18:22:20.185652 dv-cinder-787764-6-smb neutron-server[102591]: INFO neutron.wsgi [req-e59a2728-6eea-41db-9b7c-b24b36dccba1 req-59b40d92-defe-4999-b64c-280e5ba2ec68 service neutron] 10.222.0.79 "GET /v2.0/floatingips?fixed_ip_address=172.20.0.8&port_id=a7d471cd-31e3-4d0a-8e43-effafc7dcc34 HTTP/1.1" status: 200 len: 217 time: 0.0491841
Nov 18 18:22:20.276456 dv-cinder-787764-6-smb neutron-server[102591]: DEBUG neutron.pecan_wsgi.hooks.policy_enforcement [req-84f7ef88-fe70-471e-b047-ae90bb2d24bb req-5ae303e0-fe12-4b21-af19-edece3486b59 tempest-AttachVolumeNegativeTest-1308012027 tempest-AttachVolumeNegativeTest-1308012027-project] Attributes excluded by policy engine: ['standard_attr_id', 'binding:profile', 'binding:host_id', 'binding:vif_type', 'binding:vif_details'] {{(pid=102591) _exclude_attributes_by_policy /opt/stack/neutron/neutron/pecan_wsgi/hooks/policy_enforcement.py:255}}
Nov 18 18:22:20.278240 dv-cinder-787764-6-smb neutron-server[102591]: INFO neutron.wsgi [req-84f7ef88-fe70-471e-b047-ae90bb2d24bb req-5ae303e0-fe12-4b21-af19-edece3486b59 tempest-AttachVolumeNegativeTest-1308012027 tempest-AttachVolumeNegativeTest-1308012027-project] 10.222.0.75 "GET /v2.0/ports?device_id=2b82f788-668c-4000-8281-6693ea545813 HTTP/1.1" status: 200 len: 943 time: 0.0916772
Nov 18 18:22:20.280245 dv-cinder-787764-6-smb neutron-server[102591]: DEBUG neutron.pecan_wsgi.hooks.policy_enforcement [req-e59a2728-6eea-41db-9b7c-b24b36dccba1 req-aa449b39-58e0-4f57-a1d7-3550a4a2d323 service neutron] Attributes excluded by policy engine: ['standard_attr_id', 'shared', 'segment_id'] {{(pid=102591) _exclude_attributes_by_policy /opt/stack/neutron/neutron/pecan_wsgi/hooks/policy_enforcement.py:255}}
Nov 18 18:22:20.282011 dv-cinder-787764-6-smb neutron-server[102591]: INFO neutron.wsgi [req-e59a2728-6eea-41db-9b7c-b24b36dccba1 req-aa449b39-58e0-4f57-a1d7-3550a4a2d323 service neutron] 10.222.0.79 "GET /v2.0/subnets?id=bbf3fe42-6489-44ca-83eb-ffcdcc569741 HTTP/1.1" status: 200 len: 855 time: 0.0860138
Nov 18 18:22:20.339329 dv-cinder-787764-6-smb neutron-server[102591]: INFO neutron.wsgi [req-e59a2728-6eea-41db-9b7c-b24b36dccba1 req-5eab3262-6969-4e6d-bd5d-c491c3144713 service neutron] 10.222.0.79 "GET /v2.0/ports?network_id=45b24624-d762-448f-bbf4-33588bc42052&device_owner=network%3Adhcp HTTP/1.1" status: 200 len: 210 time: 0.0324993
Nov 18 18:22:20.360576 dv-cinder-787764-6-smb neutron-server[102591]: INFO neutron.wsgi [req-84f7ef88-fe70-471e-b047-ae90bb2d24bb req-bdea3200-56cb-4d4a-99dc-ca60bb1fc54e tempest-AttachVolumeNegativeTest-1308012027 tempest-AttachVolumeNegativeTest-1308012027-project] 10.222.0.75 "GET /v2.0/security-groups?id=f75c82fa-0050-4129-ba83-f2cc050a00d8&fields=id&fields=name HTTP/1.1" status: 200 len: 286 time: 0.0745311
Nov 18 18:22:20.462700 dv-cinder-787764-6-smb neutron-server[102591]: INFO neutron.wsgi [req-e59a2728-6eea-41db-9b7c-b24b36dccba1 req-d385ab08-1751-403d-ab45-1b4fb8f777af service neutron] 10.222.0.79 "GET /v2.0/networks/45b24624-d762-448f-bbf4-33588bc42052?fields=segments HTTP/1.1" status: 200 len: 212 time: 0.1008883
Nov 18 18:22:20.579516 dv-cinder-787764-6-smb neutron-server[102591]: INFO neutron.wsgi [req-e59a2728-6eea-41db-9b7c-b24b36dccba1 req-5e21eb01-fd1e-48c5-ae66-e8ca4b69575a service neutron] 10.222.0.79 "GET /v2.0/networks/45b24624-d762-448f-bbf4-33588bc42052?fields=provider%3Aphysical_network&fields=provider%3Anetwork_type HTTP/1.1" status: 200 len: 281 time: 0.1011868
Nov 18 18:22:20.591329 dv-cinder-787764-6-smb neutron-server[102593]: DEBUG neutron.plugins.ml2.rpc [None req-c8f77876-e075-486a-b704-aa803aaea8ad None None] Device 9f615406-1bfd-4e5e-9895-ffee88dd8e5e up at agent hyperv_hv-cinder-78776 {{(pid=102593) update_device_up /opt/stack/neutron/neutron/plugins/ml2/rpc.py:296}}
Nov 18 18:22:20.640794 dv-cinder-787764-6-smb neutron-server[102593]: DEBUG neutron.db.provisioning_blocks [None req-c8f77876-e075-486a-b704-aa803aaea8ad None None] Provisioning for port 9f615406-1bfd-4e5e-9895-ffee88dd8e5e completed by entity L2. {{(pid=102593) provisioning_complete /opt/stack/neutron/neutron/db/provisioning_blocks.py:133}}
Nov 18 18:22:20.644924 dv-cinder-787764-6-smb neutron-server[102593]: DEBUG neutron.db.provisioning_blocks [None req-c8f77876-e075-486a-b704-aa803aaea8ad None None] Provisioning complete for port 9f615406-1bfd-4e5e-9895-ffee88dd8e5e triggered by entity L2. {{(pid=102593) provisioning_complete /opt/stack/neutron/neutron/db/provisioning_blocks.py:139}}
Nov 18 18:22:20.645302 dv-cinder-787764-6-smb neutron-server[102593]: DEBUG neutron_lib.callbacks.manager [None req-c8f77876-e075-486a-b704-aa803aaea8ad None None] Publish callbacks ['neutron.plugins.ml2.plugin.Ml2Plugin._port_provisioned-7787785'] for port, provisioning_complete {{(pid=102593) _notify_loop /usr/local/lib/python3.8/dist-packages/neutron_lib/callbacks/manager.py:175}}
Nov 18 18:22:20.724404 dv-cinder-787764-6-smb neutron-server[102593]: DEBUG neutron_lib.callbacks.manager [None req-c8f77876-e075-486a-b704-aa803aaea8ad None None] Publish callbacks ['neutron.plugins.ml2.plugin.SecurityGroupDbMixin._ensure_default_security_group_handler-7791113'] for port, before_update {{(pid=102593) _notify_loop /usr/local/lib/python3.8/dist-packages/neutron_lib/callbacks/manager.py:175}}
Nov 18 18:22:20.747801 dv-cinder-787764-6-smb neutron-server[102593]: DEBUG neutron.notifiers.nova [-] Sending events: [{'server_uuid': 'ea90c820-0b67-4261-8376-ddd478f6a3ed', 'name': 'network-vif-plugged', 'status': 'completed', 'tag': '9f615406-1bfd-4e5e-9895-ffee88dd8e5e'}] {{(pid=102593) send_events /opt/stack/neutron/neutron/notifiers/nova.py:262}}
Nov 18 18:22:20.750224 dv-cinder-787764-6-smb neutron-server[102593]: DEBUG novaclient.v2.client [-] REQ: curl -g -i --cacert "/opt/stack/data/ca-bundle.pem" -X POST http://10.222.0.75/compute/v2.1/os-server-external-events -H "Accept: application/json" -H "Content-Type: application/json" -H "User-Agent: python-novaclient" -H "X-Auth-Token: {SHA256}2a5b73fcbc839ea041c261bf59f7f65d69ac2069fd016af96fef487657d0b4f5" -H "X-OpenStack-Nova-API-Version: 2.1" -H "X-OpenStack-Request-ID: req-dc139dc6-f372-42ab-bae4-1f4b3733972d" -d '{"events": [{"server_uuid": "ea90c820-0b67-4261-8376-ddd478f6a3ed", "name": "network-vif-plugged", "status": "completed", "tag": "9f615406-1bfd-4e5e-9895-ffee88dd8e5e"}]}' {{(pid=102593) _http_log_request /usr/local/lib/python3.8/dist-packages/keystoneauth1/session.py:519}}
Nov 18 18:22:20.763647 dv-cinder-787764-6-smb neutron-server[102593]: DEBUG neutron.plugins.ml2.db [None req-c8f77876-e075-486a-b704-aa803aaea8ad None None] For port 9f615406-1bfd-4e5e-9895-ffee88dd8e5e, host hv-cinder-78776, got binding levels [PortBindingLevel(driver='hyperv',host='hv-cinder-78776',level=0,port_id=9f615406-1bfd-4e5e-9895-ffee88dd8e5e,segment=NetworkSegment(2d99679c-5c81-425f-be3d-cb46cdc157ab),segment_id=2d99679c-5c81-425f-be3d-cb46cdc157ab)] {{(pid=102593) get_binding_level_objs /opt/stack/neutron/neutron/plugins/ml2/db.py:74}}
Nov 18 18:22:20.768920 dv-cinder-787764-6-smb neutron-server[102593]: DEBUG neutron_lib.callbacks.manager [None req-c8f77876-e075-486a-b704-aa803aaea8ad None None] Publish callbacks ['neutron.plugins.ml2.plugin.SecurityGroupServerNotifierRpcMixin._notify_sg_on_port_change-7791182', 'neutron.plugins.ml2.ovo_rpc._ObjectChangeHandler.handle_event-8296574', 'neutron.api.rpc.agentnotifiers.dhcp_rpc_agent_api.DhcpAgentNotifyAPI._native_event_send_dhcp_notification-7799772', 'neutron.db.l3_db.L3RpcNotifierMixin._notify_gateway_port_ip_changed-8755907313695', 'neutron.db.l3_dvrscheduler_db._notify_l3_agent_port_update-8755906859331', 'neutron.db.l3_hascheduler_db._notify_l3_agent_ha_port_update-8755906859349'] for port, after_update {{(pid=102593) _notify_loop /usr/local/lib/python3.8/dist-packages/neutron_lib/callbacks/manager.py:175}}
Nov 18 18:22:20.796105 dv-cinder-787764-6-smb neutron-server[102593]: DEBUG novaclient.v2.client [-] RESP: [200] Connection: close Content-Length: 183 Content-Type: application/json Date: Thu, 18 Nov 2021 18:22:20 GMT OpenStack-API-Version: compute 2.1 Server: Apache/2.4.41 (Ubuntu) Vary: OpenStack-API-Version,X-OpenStack-Nova-API-Version X-OpenStack-Nova-API-Version: 2.1 x-compute-request-id: req-527ff641-188f-4b2b-a841-621a2419443b x-openstack-request-id: req-527ff641-188f-4b2b-a841-621a2419443b {{(pid=102593) _http_log_response /usr/local/lib/python3.8/dist-packages/keystoneauth1/session.py:550}}
Nov 18 18:22:20.796398 dv-cinder-787764-6-smb neutron-server[102593]: DEBUG novaclient.v2.client [-] RESP BODY: {"events": [{"server_uuid": "ea90c820-0b67-4261-8376-ddd478f6a3ed", "name": "network-vif-plugged", "status": "completed", "tag": "9f615406-1bfd-4e5e-9895-ffee88dd8e5e", "code": 200}]} {{(pid=102593) _http_log_response /usr/local/lib/python3.8/dist-packages/keystoneauth1/session.py:582}}
Nov 18 18:22:20.796678 dv-cinder-787764-6-smb neutron-server[102593]: DEBUG novaclient.v2.client [-] POST call to compute for http://10.222.0.75/compute/v2.1/os-server-external-events used request id req-527ff641-188f-4b2b-a841-621a2419443b {{(pid=102593) request /usr/local/lib/python3.8/dist-packages/keystoneauth1/session.py:954}}
Nov 18 18:22:20.797073 dv-cinder-787764-6-smb neutron-server[102593]: INFO neutron.notifiers.nova [-] Nova event response: {'server_uuid': 'ea90c820-0b67-4261-8376-ddd478f6a3ed', 'name': 'network-vif-plugged', 'status': 'completed', 'tag': '9f615406-1bfd-4e5e-9895-ffee88dd8e5e', 'code': 200}
Nov 18 18:22:20.834129 dv-cinder-787764-6-smb neutron-server[102593]: DEBUG neutron.api.rpc.handlers.resources_rpc [None req-c8f77876-e075-486a-b704-aa803aaea8ad None None] Pushing event updated for resources: {'Port': ['ID=9f615406-1bfd-4e5e-9895-ffee88dd8e5e,revision_number=5']} {{(pid=102593) push /opt/stack/neutron/neutron/api/rpc/handlers/resources_rpc.py:237}}
Nov 18 18:22:20.995931 dv-cinder-787764-6-smb neutron-server[102591]: DEBUG neutron.pecan_wsgi.hooks.policy_enforcement [req-2c782d6e-4b93-4cc2-9471-83879cd28ff6 req-b481afaa-9dc4-4a73-a03d-bf336aefa014 tempest-VolumesActionsTest-1714454111 tempest-VolumesActionsTest-1714454111-project] Attributes excluded by policy engine: ['standard_attr_id', 'binding:profile', 'binding:host_id', 'binding:vif_type', 'binding:vif_details'] {{(pid=102591) _exclude_attributes_by_policy /opt/stack/neutron/neutron/pecan_wsgi/hooks/policy_enforcement.py:255}}
Nov 18 18:22:20.997847 dv-cinder-787764-6-smb neutron-server[102591]: INFO neutron.wsgi [req-2c782d6e-4b93-4cc2-9471-83879cd28ff6 req-b481afaa-9dc4-4a73-a03d-bf336aefa014 tempest-VolumesActionsTest-1714454111 tempest-VolumesActionsTest-1714454111-project] 10.222.0.75 "GET /v2.0/ports?device_id=ea90c820-0b67-4261-8376-ddd478f6a3ed HTTP/1.1" status: 200 len: 946 time: 0.0563772
Nov 18 18:22:21.076904 dv-cinder-787764-6-smb neutron-server[102591]: INFO neutron.wsgi [req-2c782d6e-4b93-4cc2-9471-83879cd28ff6 req-e0e888ea-f838-4422-822c-f7e10b6613a1 tempest-VolumesActionsTest-1714454111 tempest-VolumesActionsTest-1714454111-project] 10.222.0.75 "GET /v2.0/security-groups?id=f548e013-f851-4407-a231-91e60bd26201&fields=id&fields=name HTTP/1.1" status: 200 len: 286 time: 0.0725272
Nov 18 18:22:21.083007 dv-cinder-787764-6-smb neutron-server[102591]: DEBUG neutron.pecan_wsgi.hooks.policy_enforcement [req-5ddcfc65-abb2-4913-8fa8-dcf59ba028ed req-f61a355d-90ed-47b3-87e3-b99ff6d27e5a service neutron] Attributes excluded by policy engine: ['standard_attr_id'] {{(pid=102591) _exclude_attributes_by_policy /opt/stack/neutron/neutron/pecan_wsgi/hooks/policy_enforcement.py:255}}
Nov 18 18:22:21.084442 dv-cinder-787764-6-smb neutron-server[102591]: INFO neutron.wsgi [req-5ddcfc65-abb2-4913-8fa8-dcf59ba028ed req-f61a355d-90ed-47b3-87e3-b99ff6d27e5a service neutron] 10.222.0.79 "GET /v2.0/ports?device_id=ea90c820-0b67-4261-8376-ddd478f6a3ed HTTP/1.1" status: 200 len: 1099 time: 0.0640693
Nov 18 18:22:21.146988 dv-cinder-787764-6-smb neutron-server[102591]: INFO neutron.wsgi [req-5ddcfc65-abb2-4913-8fa8-dcf59ba028ed req-797f65fa-b20a-4081-82cb-3af462306f61 service neutron] 10.222.0.79 "GET /v2.0/security-groups?id=f548e013-f851-4407-a231-91e60bd26201&fields=id&fields=name HTTP/1.1" status: 200 len: 286 time: 0.0386260
Nov 18 18:22:21.225606 dv-cinder-787764-6-smb neutron-server[102592]: DEBUG neutron.pecan_wsgi.hooks.policy_enforcement [req-7bddef4e-55bb-457d-98dd-4ba9620b0755 req-af709917-371c-4b8c-b8ec-0df92f126334 tempest-ServerRescueNegativeTestJSON-1839039379 tempest-ServerRescueNegativeTestJSON-1839039379-project] Attributes excluded by policy engine: ['standard_attr_id', 'binding:profile', 'binding:host_id', 'binding:vif_type', 'binding:vif_details'] {{(pid=102592) _exclude_attributes_by_policy /opt/stack/neutron/neutron/pecan_wsgi/hooks/policy_enforcement.py:255}}
Nov 18 18:22:21.227184 dv-cinder-787764-6-smb neutron-server[102592]: INFO neutron.wsgi [req-7bddef4e-55bb-457d-98dd-4ba9620b0755 req-af709917-371c-4b8c-b8ec-0df92f126334 tempest-ServerRescueNegativeTestJSON-1839039379 tempest-ServerRescueNegativeTestJSON-1839039379-project] 10.222.0.75 "GET /v2.0/ports?device_id=be9934d5-618e-4248-8974-28a1ca91aef7 HTTP/1.1" status: 200 len: 946 time: 0.0520759
Nov 18 18:22:21.277756 dv-cinder-787764-6-smb neutron-server[102592]: INFO neutron.wsgi [req-7bddef4e-55bb-457d-98dd-4ba9620b0755 req-e5c2228b-fb5b-4de3-8db1-c81ef1efa533 tempest-ServerRescueNegativeTestJSON-1839039379 tempest-ServerRescueNegativeTestJSON-1839039379-project] 10.222.0.75 "GET /v2.0/security-groups?id=df00d19a-4ee5-445f-99e8-c5e147cb5a5d&fields=id&fields=name HTTP/1.1" status: 200 len: 286 time: 0.0434294
Nov 18 18:22:21.478337 dv-cinder-787764-6-smb neutron-server[102591]: DEBUG neutron.pecan_wsgi.hooks.policy_enforcement [req-90668f5e-3b0f-4da5-ae90-fb9d9ca23b12 req-a0146b74-88d5-42c3-8a43-3c17a2db3e2c tempest-AttachVolumeNegativeTest-1308012027 tempest-AttachVolumeNegativeTest-1308012027-project] Attributes excluded by policy engine: ['standard_attr_id', 'binding:profile', 'binding:host_id', 'binding:vif_type', 'binding:vif_details'] {{(pid=102591) _exclude_attributes_by_policy /opt/stack/neutron/neutron/pecan_wsgi/hooks/policy_enforcement.py:255}}
Nov 18 18:22:21.479815 dv-cinder-787764-6-smb neutron-server[102591]: INFO neutron.wsgi [req-90668f5e-3b0f-4da5-ae90-fb9d9ca23b12 req-a0146b74-88d5-42c3-8a43-3c17a2db3e2c tempest-AttachVolumeNegativeTest-1308012027 tempest-AttachVolumeNegativeTest-1308012027-project] 10.222.0.75 "GET /v2.0/ports?device_id=2b82f788-668c-4000-8281-6693ea545813 HTTP/1.1" status: 200 len: 943 time: 0.0509186
Nov 18 18:22:21.528967 dv-cinder-787764-6-smb neutron-server[102591]: INFO neutron.wsgi [req-90668f5e-3b0f-4da5-ae90-fb9d9ca23b12 req-dcac781a-94a8-43cb-b5a0-00f9e7c82bff tempest-AttachVolumeNegativeTest-1308012027 tempest-AttachVolumeNegativeTest-1308012027-project] 10.222.0.75 "GET /v2.0/security-groups?id=f75c82fa-0050-4129-ba83-f2cc050a00d8&fields=id&fields=name HTTP/1.1" status: 200 len: 286 time: 0.0433705
Nov 18 18:22:21.762637 dv-cinder-787764-6-smb neutron-server[102593]: DEBUG neutron_lib.callbacks.manager [None req-c8f77876-e075-486a-b704-aa803aaea8ad None None] Publish callbacks ['neutron.services.segments.db._update_segment_host_mapping_for_agent-8755907184276', 'neutron.plugins.ml2.plugin.Ml2Plugin._retry_binding_revived_agents-7787896'] for agent, after_update {{(pid=102593) _notify_loop /usr/local/lib/python3.8/dist-packages/neutron_lib/callbacks/manager.py:175}}
Nov 18 18:22:22.207492 dv-cinder-787764-6-smb neutron-server[102592]: DEBUG neutron.pecan_wsgi.hooks.policy_enforcement [req-a3b10ac3-8ef2-467f-8ba8-69e38046d508 req-762dc294-0fd3-4210-b84e-dfe7cf8ee71e tempest-VolumesActionsTest-1714454111 tempest-VolumesActionsTest-1714454111-project] Attributes excluded by policy engine: ['standard_attr_id', 'binding:profile', 'binding:host_id', 'binding:vif_type', 'binding:vif_details'] {{(pid=102592) _exclude_attributes_by_policy /opt/stack/neutron/neutron/pecan_wsgi/hooks/policy_enforcement.py:255}}
Nov 18 18:22:22.209060 dv-cinder-787764-6-smb neutron-server[102592]: INFO neutron.wsgi [req-a3b10ac3-8ef2-467f-8ba8-69e38046d508 req-762dc294-0fd3-4210-b84e-dfe7cf8ee71e tempest-VolumesActionsTest-1714454111 tempest-VolumesActionsTest-1714454111-project] 10.222.0.75 "GET /v2.0/ports?device_id=ea90c820-0b67-4261-8376-ddd478f6a3ed HTTP/1.1" status: 200 len: 946 time: 0.0559890
Nov 18 18:22:22.258204 dv-cinder-787764-6-smb neutron-server[102592]: INFO neutron.wsgi [req-a3b10ac3-8ef2-467f-8ba8-69e38046d508 req-e07ee09f-ed4a-47f8-a8fb-1b02a0073883 tempest-VolumesActionsTest-1714454111 tempest-VolumesActionsTest-1714454111-project] 10.222.0.75 "GET /v2.0/security-groups?id=f548e013-f851-4407-a231-91e60bd26201&fields=id&fields=name HTTP/1.1" status: 200 len: 286 time: 0.0430913
Nov 18 18:22:22.297410 dv-cinder-787764-6-smb neutron-server[102592]: DEBUG neutron.wsgi [-] (102592) accepted ('10.222.0.75', 51686) {{(pid=102592) server /usr/local/lib/python3.8/dist-packages/eventlet/wsgi.py:1004}}
Nov 18 18:22:22.399507 dv-cinder-787764-6-smb neutron-server[102591]: DEBUG neutron.pecan_wsgi.hooks.policy_enforcement [req-e1e35e2d-0966-4e7a-b13a-ec363efb11ed req-9bbafeeb-4855-437e-b0d3-e180f4880644 tempest-ServerRescueNegativeTestJSON-1839039379 tempest-ServerRescueNegativeTestJSON-1839039379-project] Attributes excluded by policy engine: ['standard_attr_id', 'binding:profile', 'binding:host_id', 'binding:vif_type', 'binding:vif_details'] {{(pid=102591) _exclude_attributes_by_policy /opt/stack/neutron/neutron/pecan_wsgi/hooks/policy_enforcement.py:255}}
Nov 18 18:22:22.401054 dv-cinder-787764-6-smb neutron-server[102591]: INFO neutron.wsgi [req-e1e35e2d-0966-4e7a-b13a-ec363efb11ed req-9bbafeeb-4855-437e-b0d3-e180f4880644 tempest-ServerRescueNegativeTestJSON-1839039379 tempest-ServerRescueNegativeTestJSON-1839039379-project] 10.222.0.75 "GET /v2.0/ports?device_id=be9934d5-618e-4248-8974-28a1ca91aef7 HTTP/1.1" status: 200 len: 946 time: 0.0522265
Nov 18 18:22:22.409742 dv-cinder-787764-6-smb neutron-server[102592]: DEBUG neutron_lib.callbacks.manager [None req-32853e71-10c4-48b6-b657-0e0aa6292a42 admin admin] Publish callbacks [] for security_group, before_create {{(pid=102592) _notify_loop /usr/local/lib/python3.8/dist-packages/neutron_lib/callbacks/manager.py:175}}
Nov 18 18:22:22.450958 dv-cinder-787764-6-smb neutron-server[102591]: INFO neutron.wsgi [req-e1e35e2d-0966-4e7a-b13a-ec363efb11ed req-1dabb008-0e11-443f-b6b0-a3ebbc1c14d2 tempest-ServerRescueNegativeTestJSON-1839039379 tempest-ServerRescueNegativeTestJSON-1839039379-project] 10.222.0.75 "GET /v2.0/security-groups?id=df00d19a-4ee5-445f-99e8-c5e147cb5a5d&fields=id&fields=name HTTP/1.1" status: 200 len: 286 time: 0.0434391
Nov 18 18:22:22.489480 dv-cinder-787764-6-smb neutron-server[102592]: DEBUG neutron_lib.callbacks.manager [None req-32853e71-10c4-48b6-b657-0e0aa6292a42 admin admin] Publish callbacks [] for security_group, precommit_create {{(pid=102592) _notify_loop /usr/local/lib/python3.8/dist-packages/neutron_lib/callbacks/manager.py:175}}
Nov 18 18:22:22.493333 dv-cinder-787764-6-smb neutron-server[102592]: DEBUG neutron_lib.callbacks.manager [None req-32853e71-10c4-48b6-b657-0e0aa6292a42 admin admin] Publish callbacks ['neutron.plugins.ml2.ovo_rpc._ObjectChangeHandler.handle_event-7849177'] for security_group, after_create {{(pid=102592) _notify_loop /usr/local/lib/python3.8/dist-packages/neutron_lib/callbacks/manager.py:175}}
Nov 18 18:22:22.534467 dv-cinder-787764-6-smb neutron-server[102592]: INFO neutron.wsgi [None req-32853e71-10c4-48b6-b657-0e0aa6292a42 admin admin] 10.222.0.75 "GET /v2.0/security-groups?tenant_id=ced36816e6b44ec49147e92bf8381464&name=default HTTP/1.1" status: 200 len: 2996 time: 0.2359741
Nov 18 18:22:22.535319 dv-cinder-787764-6-smb neutron-server[102592]: DEBUG neutron.api.rpc.handlers.resources_rpc [None req-32853e71-10c4-48b6-b657-0e0aa6292a42 admin admin] Pushing event updated for resources: {'SecurityGroup': ['ID=894f6f4e-0c28-45c6-a122-823326dbba75,revision_number=1']} {{(pid=102592) push /opt/stack/neutron/neutron/api/rpc/handlers/resources_rpc.py:237}}
Nov 18 18:22:22.537472 dv-cinder-787764-6-smb neutron-server[102591]: DEBUG neutron.wsgi [-] (102591) accepted ('10.222.0.75', 51692) {{(pid=102591) server /usr/local/lib/python3.8/dist-packages/eventlet/wsgi.py:1004}}
Nov 18 18:22:22.585312 dv-cinder-787764-6-smb neutron-server[102591]: DEBUG neutron_lib.callbacks.manager [None req-b8e64a77-b694-401c-ac59-ea3098b8f13c admin admin] Publish callbacks [] for security_group, before_delete {{(pid=102591) _notify_loop /usr/local/lib/python3.8/dist-packages/neutron_lib/callbacks/manager.py:175}}
Nov 18 18:22:22.607125 dv-cinder-787764-6-smb neutron-server[102591]: DEBUG neutron_lib.callbacks.manager [None req-b8e64a77-b694-401c-ac59-ea3098b8f13c admin admin] Publish callbacks [] for security_group, precommit_delete {{(pid=102591) _notify_loop /usr/local/lib/python3.8/dist-packages/neutron_lib/callbacks/manager.py:175}}
Nov 18 18:22:22.644765 dv-cinder-787764-6-smb neutron-server[102592]: DEBUG neutron.pecan_wsgi.hooks.policy_enforcement [req-7f276354-ee38-4059-83b3-9b5f508a71fa req-f970fb74-701e-4836-91c4-da1416b71961 tempest-AttachVolumeNegativeTest-1308012027 tempest-AttachVolumeNegativeTest-1308012027-project] Attributes excluded by policy engine: ['standard_attr_id', 'binding:profile', 'binding:host_id', 'binding:vif_type', 'binding:vif_details'] {{(pid=102592) _exclude_attributes_by_policy /opt/stack/neutron/neutron/pecan_wsgi/hooks/policy_enforcement.py:255}}
