Sep 16 10:38:00.351459 dv-cinder-787764-4-smb neutron-server[94148]: DEBUG neutron.plugins.ml2.rpc [None req-fb31fa05-651b-4bc4-9235-c467b9fc1e55 None None] Returning: {'device': '9dc2bce4-5342-4104-9d78-f01b80b22942', 'network_id': '4b3e1c90-4865-41a2-bbad-06c7efa3110d', 'port_id': '9dc2bce4-5342-4104-9d78-f01b80b22942', 'mac_address': 'fa:16:3e:cf:1a:e8', 'admin_state_up': True, 'network_type': 'vlan', 'segmentation_id': 332, 'physical_network': 'physnet1', 'mtu': 1500, 'fixed_ips': [{'subnet_id': '9530db12-09cf-470f-8c80-2410e4a770d8', 'ip_address': '172.20.0.3'}], 'device_owner': 'compute:nova', 'allowed_address_pairs': [], 'port_security_enabled': True, 'qos_policy_id': None, 'network_qos_policy_id': None, 'profile': {}, 'propagate_uplink_status': False} {{(pid=94148) _get_device_details /opt/stack/neutron/neutron/plugins/ml2/rpc.py:184}}
Sep 16 10:38:00.390424 dv-cinder-787764-4-smb neutron-server[94146]: DEBUG neutron.plugins.ml2.managers [req-50859471-3d9b-4ea7-ba55-ef629b3396d3 req-09efb25f-2b98-4e3c-97b6-a228f8681812 service neutron] Attempting to bind port 5063704a-363f-4775-a57e-ffc520de4996 on host hv-cinder-78776 for vnic_type normal with profile {{(pid=94146) bind_port /opt/stack/neutron/neutron/plugins/ml2/managers.py:790}}
Sep 16 10:38:00.390865 dv-cinder-787764-4-smb neutron-server[94146]: DEBUG neutron.plugins.ml2.managers [req-50859471-3d9b-4ea7-ba55-ef629b3396d3 req-09efb25f-2b98-4e3c-97b6-a228f8681812 service neutron] Attempting to bind port 5063704a-363f-4775-a57e-ffc520de4996 by drivers openvswitch,hyperv on host hv-cinder-78776 at level 0 using segments [{'id': 'e1b8f14c-e8e7-472e-b0b0-9131366d7bcb', 'network_type': 'vlan', 'physical_network': 'physnet1', 'segmentation_id': 324, 'network_id': '3149c3fd-4825-48c0-accd-b8aafc63f188'}] {{(pid=94146) _bind_port_level /opt/stack/neutron/neutron/plugins/ml2/managers.py:815}}
Sep 16 10:38:00.391336 dv-cinder-787764-4-smb neutron-server[94146]: DEBUG neutron.plugins.ml2.drivers.mech_agent [req-50859471-3d9b-4ea7-ba55-ef629b3396d3 req-09efb25f-2b98-4e3c-97b6-a228f8681812 service neutron] Attempting to bind port 5063704a-363f-4775-a57e-ffc520de4996 on network 3149c3fd-4825-48c0-accd-b8aafc63f188 {{(pid=94146) bind_port /opt/stack/neutron/neutron/plugins/ml2/drivers/mech_agent.py:91}}
Sep 16 10:38:00.402894 dv-cinder-787764-4-smb neutron-server[94146]: DEBUG neutron.plugins.ml2.drivers.mech_agent [req-50859471-3d9b-4ea7-ba55-ef629b3396d3 req-09efb25f-2b98-4e3c-97b6-a228f8681812 service neutron] Port 5063704a-363f-4775-a57e-ffc520de4996 on network 3149c3fd-4825-48c0-accd-b8aafc63f188 not bound, no agent of type Open vSwitch agent registered on host hv-cinder-78776 {{(pid=94146) bind_port /opt/stack/neutron/neutron/plugins/ml2/drivers/mech_agent.py:103}}
Sep 16 10:38:00.403949 dv-cinder-787764-4-smb neutron-server[94146]: DEBUG neutron.plugins.ml2.drivers.mech_agent [req-50859471-3d9b-4ea7-ba55-ef629b3396d3 req-09efb25f-2b98-4e3c-97b6-a228f8681812 service neutron] Attempting to bind port 5063704a-363f-4775-a57e-ffc520de4996 on network 3149c3fd-4825-48c0-accd-b8aafc63f188 {{(pid=94146) bind_port /opt/stack/neutron/neutron/plugins/ml2/drivers/mech_agent.py:91}}
Sep 16 10:38:00.430000 dv-cinder-787764-4-smb neutron-server[94146]: DEBUG neutron.db.db_base_plugin_common [req-1dd58849-8687-4549-82a5-0708ca2ae355 req-493ff4ff-79b6-4639-9438-141780e48152 tempest-ServerRescueNegativeTestJSON-1096781819 tempest-ServerRescueNegativeTestJSON-1096781819-project] Allocated IP 172.20.0.7 (3149c3fd-4825-48c0-accd-b8aafc63f188/8a01b9df-45d8-4353-9718-95b4cfe81caf/1ae9c51f-b8cb-4614-8e9a-5004bda7d792) {{(pid=94146) _store_ip_allocation /opt/stack/neutron/neutron/db/db_base_plugin_common.py:131}}
Sep 16 10:38:00.433974 dv-cinder-787764-4-smb neutron-server[94146]: DEBUG neutron.plugins.ml2.drivers.mech_agent [req-50859471-3d9b-4ea7-ba55-ef629b3396d3 req-09efb25f-2b98-4e3c-97b6-a228f8681812 service neutron] Checking agent: {'id': '9d0af4fe-41c9-4b9e-9c7d-1faee5f95a10', 'agent_type': 'HyperV agent', 'binary': 'neutron-hyperv-agent', 'topic': 'N/A', 'host': 'hv-cinder-78776', 'admin_state_up': True, 'created_at': datetime.datetime(2021, 9, 16, 10, 35, 31), 'started_at': datetime.datetime(2021, 9, 16, 10, 35, 31), 'heartbeat_timestamp': datetime.datetime(2021, 9, 16, 10, 37, 31), 'description': None, 'resources_synced': None, 'availability_zone': None, 'alive': True, 'configurations': {'vswitch_mappings': {'physnet1$': 'br-data'}}, 'resource_versions': {}} {{(pid=94146) bind_port /opt/stack/neutron/neutron/plugins/ml2/drivers/mech_agent.py:110}}
Sep 16 10:38:00.441196 dv-cinder-787764-4-smb neutron-server[94146]: DEBUG neutron.plugins.ml2.drivers.mech_agent [req-50859471-3d9b-4ea7-ba55-ef629b3396d3 req-09efb25f-2b98-4e3c-97b6-a228f8681812 service neutron] Checking segment: {'id': 'e1b8f14c-e8e7-472e-b0b0-9131366d7bcb', 'network_type': 'vlan', 'physical_network': 'physnet1', 'segmentation_id': 324, 'network_id': '3149c3fd-4825-48c0-accd-b8aafc63f188'} for mappings: {'physnet1$': 'br-data'} with network types: ['local', 'flat', 'vlan'] {{(pid=94146) check_segment_for_agent /opt/stack/neutron/neutron/plugins/ml2/drivers/mech_agent.py:358}}
Sep 16 10:38:00.441886 dv-cinder-787764-4-smb neutron-server[94146]: DEBUG neutron.plugins.ml2.drivers.mech_agent [req-50859471-3d9b-4ea7-ba55-ef629b3396d3 req-09efb25f-2b98-4e3c-97b6-a228f8681812 service neutron] Bound using segment: {'id': 'e1b8f14c-e8e7-472e-b0b0-9131366d7bcb', 'network_type': 'vlan', 'physical_network': 'physnet1', 'segmentation_id': 324, 'network_id': '3149c3fd-4825-48c0-accd-b8aafc63f188'} {{(pid=94146) bind_port /opt/stack/neutron/neutron/plugins/ml2/drivers/mech_agent.py:120}}
Sep 16 10:38:00.442569 dv-cinder-787764-4-smb neutron-server[94146]: DEBUG neutron.plugins.ml2.managers [req-50859471-3d9b-4ea7-ba55-ef629b3396d3 req-09efb25f-2b98-4e3c-97b6-a228f8681812 service neutron] Bound port: 5063704a-363f-4775-a57e-ffc520de4996, host: hv-cinder-78776, vif_type: hyperv, vif_details: {"connectivity": "legacy", "port_filter": false}, binding_levels: [{'bound_driver': 'hyperv', 'bound_segment': {'id': 'e1b8f14c-e8e7-472e-b0b0-9131366d7bcb', 'network_type': 'vlan', 'physical_network': 'physnet1', 'segmentation_id': 324, 'network_id': '3149c3fd-4825-48c0-accd-b8aafc63f188'}}] {{(pid=94146) _bind_port_level /opt/stack/neutron/neutron/plugins/ml2/managers.py:928}}
Sep 16 10:38:00.443150 dv-cinder-787764-4-smb neutron-server[94146]: DEBUG neutron_lib.callbacks.manager [req-50859471-3d9b-4ea7-ba55-ef629b3396d3 req-09efb25f-2b98-4e3c-97b6-a228f8681812 service neutron] Notify callbacks ['neutron.plugins.ml2.plugin.SecurityGroupDbMixin._ensure_default_security_group_handler-566467'] for port, before_update {{(pid=94146) _notify_loop /usr/local/lib/python3.8/dist-packages/neutron_lib/callbacks/manager.py:192}}
Sep 16 10:38:00.444813 dv-cinder-787764-4-smb neutron-server[94148]: DEBUG neutron_lib.callbacks.manager [None req-fb31fa05-651b-4bc4-9235-c467b9fc1e55 None None] Notify callbacks ['neutron.plugins.ml2.plugin.SecurityGroupDbMixin._ensure_default_security_group_handler-566467'] for port, before_update {{(pid=94148) _notify_loop /usr/local/lib/python3.8/dist-packages/neutron_lib/callbacks/manager.py:192}}
Sep 16 10:38:00.481165 dv-cinder-787764-4-smb neutron-server[94148]: DEBUG neutron.notifiers.nova [None req-fb31fa05-651b-4bc4-9235-c467b9fc1e55 None None] Ignoring state change previous_port_status: DOWN current_port_status: BUILD port_id 9dc2bce4-5342-4104-9d78-f01b80b22942 {{(pid=94148) record_port_status_changed /opt/stack/neutron/neutron/notifiers/nova.py:224}}
Sep 16 10:38:00.496099 dv-cinder-787764-4-smb neutron-server[94147]: INFO neutron.wsgi [req-97407c53-871e-457b-8c60-7bcf813b37b1 req-153526f0-16d7-47da-8ade-542831d9a9aa service neutron] 10.222.0.21 "GET /v2.0/networks/5c72a657-50db-4c10-a9b5-d70c686eee82?fields=provider%3Aphysical_network&fields=provider%3Anetwork_type HTTP/1.1" status: 200 len: 281 time: 0.1550629
Sep 16 10:38:00.535746 dv-cinder-787764-4-smb neutron-server[94148]: DEBUG neutron.plugins.ml2.db [None req-fb31fa05-651b-4bc4-9235-c467b9fc1e55 None None] For port 9dc2bce4-5342-4104-9d78-f01b80b22942, host hv-cinder-78776, got binding levels [PortBindingLevel(driver='hyperv',host='hv-cinder-78776',level=0,port_id=9dc2bce4-5342-4104-9d78-f01b80b22942,segment=NetworkSegment(a64c5f08-37ad-491d-a3b3-8837e6797c29),segment_id=a64c5f08-37ad-491d-a3b3-8837e6797c29)] {{(pid=94148) get_binding_level_objs /opt/stack/neutron/neutron/plugins/ml2/db.py:74}}
Sep 16 10:38:00.541532 dv-cinder-787764-4-smb neutron-server[94148]: DEBUG neutron_lib.callbacks.manager [None req-fb31fa05-651b-4bc4-9235-c467b9fc1e55 None None] Notify callbacks ['neutron.plugins.ml2.plugin.SecurityGroupServerNotifierRpcMixin._notify_sg_on_port_change-566402', 'neutron.plugins.ml2.ovo_rpc._ObjectChangeHandler.handle_event-36453', 'neutron.api.rpc.agentnotifiers.dhcp_rpc_agent_api.DhcpAgentNotifyAPI._native_event_send_dhcp_notification-1577264', 'neutron.db.l3_db.L3RpcNotifierMixin._notify_gateway_port_ip_changed-8795001885965', 'neutron.db.l3_dvrscheduler_db._notify_l3_agent_port_update-8795001348572', 'neutron.db.l3_hascheduler_db._notify_l3_agent_ha_port_update-8795001348590'] for port, after_update {{(pid=94148) _notify_loop /usr/local/lib/python3.8/dist-packages/neutron_lib/callbacks/manager.py:192}}
Sep 16 10:38:00.543006 dv-cinder-787764-4-smb neutron-server[94148]: DEBUG neutron.plugins.ml2.rpc [None req-fb31fa05-651b-4bc4-9235-c467b9fc1e55 None None] Device 775729d7-7169-42d7-8c4d-e5dd9df71bba details requested by agent hyperv_hv-cinder-78776 with host hv-cinder-78776 {{(pid=94148) get_device_details /opt/stack/neutron/neutron/plugins/ml2/rpc.py:102}}
Sep 16 10:38:00.581834 dv-cinder-787764-4-smb neutron-server[94148]: DEBUG neutron_lib.callbacks.manager [None req-e9a518d2-20b3-4a74-979b-c4002bda9280 None None] Notify callbacks ['neutron.services.segments.db._update_segment_host_mapping_for_agent-8795001893771', 'neutron.plugins.ml2.plugin.Ml2Plugin._retry_binding_revived_agents-761588'] for agent, after_update {{(pid=94148) _notify_loop /usr/local/lib/python3.8/dist-packages/neutron_lib/callbacks/manager.py:192}}
Sep 16 10:38:00.669427 dv-cinder-787764-4-smb neutron-server[94146]: DEBUG neutron.pecan_wsgi.hooks.policy_enforcement [req-6f6d5b8c-1cca-4f66-a688-7ab4af725603 req-0502a45e-3b70-454e-9b1b-27c9484b9f31 tempest-DeleteServersTestJSON-1166414507 tempest-DeleteServersTestJSON-1166414507-project] Attributes excluded by policy engine: ['standard_attr_id', 'binding:profile', 'binding:host_id', 'binding:vif_type', 'binding:vif_details'] {{(pid=94146) _exclude_attributes_by_policy /opt/stack/neutron/neutron/pecan_wsgi/hooks/policy_enforcement.py:255}}
Sep 16 10:38:00.676542 dv-cinder-787764-4-smb neutron-server[94146]: INFO neutron.wsgi [req-6f6d5b8c-1cca-4f66-a688-7ab4af725603 req-0502a45e-3b70-454e-9b1b-27c9484b9f31 tempest-DeleteServersTestJSON-1166414507 tempest-DeleteServersTestJSON-1166414507-project] 10.222.0.20 "GET /v2.0/ports?device_id=57174494-4f70-495a-bf24-cdb6c9f7db5d HTTP/1.1" status: 200 len: 944 time: 0.1235580
Sep 16 10:38:00.691625 dv-cinder-787764-4-smb neutron-server[94148]: DEBUG neutron.api.rpc.handlers.resources_rpc [None req-fb31fa05-651b-4bc4-9235-c467b9fc1e55 None None] Pushing event updated for resources: {'Port': ['ID=9dc2bce4-5342-4104-9d78-f01b80b22942,revision_number=4']} {{(pid=94148) push /opt/stack/neutron/neutron/api/rpc/handlers/resources_rpc.py:237}}
Sep 16 10:38:00.710245 dv-cinder-787764-4-smb neutron-server[94146]: DEBUG neutron.plugins.ml2.db [req-50859471-3d9b-4ea7-ba55-ef629b3396d3 req-09efb25f-2b98-4e3c-97b6-a228f8681812 service neutron] For port 5063704a-363f-4775-a57e-ffc520de4996, host hv-cinder-78776, cleared binding levels {{(pid=94146) clear_binding_levels /opt/stack/neutron/neutron/plugins/ml2/db.py:87}}
Sep 16 10:38:00.725957 dv-cinder-787764-4-smb neutron-server[94148]: DEBUG neutron.plugins.ml2.db [None req-fb31fa05-651b-4bc4-9235-c467b9fc1e55 None None] For port 775729d7-7169-42d7-8c4d-e5dd9df71bba, host hv-cinder-78776, got binding levels [PortBindingLevel(driver='hyperv',host='hv-cinder-78776',level=0,port_id=775729d7-7169-42d7-8c4d-e5dd9df71bba,segment=NetworkSegment(3ca4f1f0-d89a-4cd1-b303-fea28ba762db),segment_id=3ca4f1f0-d89a-4cd1-b303-fea28ba762db)] {{(pid=94148) get_binding_level_objs /opt/stack/neutron/neutron/plugins/ml2/db.py:74}}
Sep 16 10:38:00.739999 dv-cinder-787764-4-smb neutron-server[94148]: DEBUG neutron.plugins.ml2.rpc [None req-fb31fa05-651b-4bc4-9235-c467b9fc1e55 None None] Returning: {'device': '775729d7-7169-42d7-8c4d-e5dd9df71bba', 'network_id': '32a79ed2-00a9-483a-9ede-14cc5a48b890', 'port_id': '775729d7-7169-42d7-8c4d-e5dd9df71bba', 'mac_address': 'fa:16:3e:30:52:27', 'admin_state_up': True, 'network_type': 'vlan', 'segmentation_id': 307, 'physical_network': 'physnet1', 'mtu': 1500, 'fixed_ips': [{'subnet_id': 'cfea838e-8ea3-42da-a224-5d7d70e5a5c6', 'ip_address': '172.20.0.5'}], 'device_owner': 'compute:nova', 'allowed_address_pairs': [], 'port_security_enabled': True, 'qos_policy_id': None, 'network_qos_policy_id': None, 'profile': {}, 'propagate_uplink_status': False} {{(pid=94148) _get_device_details /opt/stack/neutron/neutron/plugins/ml2/rpc.py:184}}
Sep 16 10:38:00.746517 dv-cinder-787764-4-smb neutron-server[94146]: DEBUG neutron.plugins.ml2.db [req-50859471-3d9b-4ea7-ba55-ef629b3396d3 req-09efb25f-2b98-4e3c-97b6-a228f8681812 service neutron] For port 5063704a-363f-4775-a57e-ffc520de4996, host hv-cinder-78776, set binding levels [PortBindingLevel(driver='hyperv',host='hv-cinder-78776',level=0,port_id=5063704a-363f-4775-a57e-ffc520de4996,segment=NetworkSegment(e1b8f14c-e8e7-472e-b0b0-9131366d7bcb),segment_id=e1b8f14c-e8e7-472e-b0b0-9131366d7bcb)] {{(pid=94146) set_binding_levels /opt/stack/neutron/neutron/plugins/ml2/db.py:59}}
Sep 16 10:38:00.762031 dv-cinder-787764-4-smb neutron-server[94146]: DEBUG neutron_lib.callbacks.manager [req-50859471-3d9b-4ea7-ba55-ef629b3396d3 req-09efb25f-2b98-4e3c-97b6-a228f8681812 service neutron] Notify callbacks ['neutron.plugins.ml2.plugin.SecurityGroupServerNotifierRpcMixin._notify_sg_on_port_change-566402', 'neutron.plugins.ml2.ovo_rpc._ObjectChangeHandler.handle_event-36453', 'neutron.api.rpc.agentnotifiers.dhcp_rpc_agent_api.DhcpAgentNotifyAPI._native_event_send_dhcp_notification-1577264', 'neutron.db.l3_db.L3RpcNotifierMixin._notify_gateway_port_ip_changed-8795001885965', 'neutron.db.l3_dvrscheduler_db._notify_l3_agent_port_update-8795001348572', 'neutron.db.l3_hascheduler_db._notify_l3_agent_ha_port_update-8795001348590'] for port, after_update {{(pid=94146) _notify_loop /usr/local/lib/python3.8/dist-packages/neutron_lib/callbacks/manager.py:192}}
Sep 16 10:38:00.802211 dv-cinder-787764-4-smb neutron-server[94148]: DEBUG neutron_lib.callbacks.manager [None req-fb31fa05-651b-4bc4-9235-c467b9fc1e55 None None] Notify callbacks ['neutron.plugins.ml2.plugin.SecurityGroupDbMixin._ensure_default_security_group_handler-566467'] for port, before_update {{(pid=94148) _notify_loop /usr/local/lib/python3.8/dist-packages/neutron_lib/callbacks/manager.py:192}}
Sep 16 10:38:00.818407 dv-cinder-787764-4-smb neutron-server[94146]: INFO neutron.wsgi [req-6f6d5b8c-1cca-4f66-a688-7ab4af725603 req-171fca28-60ad-419a-9fcd-c6617f206681 tempest-DeleteServersTestJSON-1166414507 tempest-DeleteServersTestJSON-1166414507-project] 10.222.0.20 "GET /v2.0/security-groups?id=4945d6b4-0c79-4c36-acf9-fc7bc28452c3&fields=id&fields=name HTTP/1.1" status: 200 len: 286 time: 0.1408701
Sep 16 10:38:00.829348 dv-cinder-787764-4-smb neutron-server[94148]: DEBUG neutron.notifiers.nova [None req-fb31fa05-651b-4bc4-9235-c467b9fc1e55 None None] Ignoring state change previous_port_status: DOWN current_port_status: BUILD port_id 775729d7-7169-42d7-8c4d-e5dd9df71bba {{(pid=94148) record_port_status_changed /opt/stack/neutron/neutron/notifiers/nova.py:224}}
Sep 16 10:38:00.863300 dv-cinder-787764-4-smb neutron-server[94148]: DEBUG neutron.plugins.ml2.db [None req-fb31fa05-651b-4bc4-9235-c467b9fc1e55 None None] For port 775729d7-7169-42d7-8c4d-e5dd9df71bba, host hv-cinder-78776, got binding levels [PortBindingLevel(driver='hyperv',host='hv-cinder-78776',level=0,port_id=775729d7-7169-42d7-8c4d-e5dd9df71bba,segment=NetworkSegment(3ca4f1f0-d89a-4cd1-b303-fea28ba762db),segment_id=3ca4f1f0-d89a-4cd1-b303-fea28ba762db)] {{(pid=94148) get_binding_level_objs /opt/stack/neutron/neutron/plugins/ml2/db.py:74}}
Sep 16 10:38:00.870021 dv-cinder-787764-4-smb neutron-server[94148]: DEBUG neutron_lib.callbacks.manager [None req-fb31fa05-651b-4bc4-9235-c467b9fc1e55 None None] Notify callbacks ['neutron.plugins.ml2.plugin.SecurityGroupServerNotifierRpcMixin._notify_sg_on_port_change-566402', 'neutron.plugins.ml2.ovo_rpc._ObjectChangeHandler.handle_event-36453', 'neutron.api.rpc.agentnotifiers.dhcp_rpc_agent_api.DhcpAgentNotifyAPI._native_event_send_dhcp_notification-1577264', 'neutron.db.l3_db.L3RpcNotifierMixin._notify_gateway_port_ip_changed-8795001885965', 'neutron.db.l3_dvrscheduler_db._notify_l3_agent_port_update-8795001348572', 'neutron.db.l3_hascheduler_db._notify_l3_agent_ha_port_update-8795001348590'] for port, after_update {{(pid=94148) _notify_loop /usr/local/lib/python3.8/dist-packages/neutron_lib/callbacks/manager.py:192}}
Sep 16 10:38:00.886574 dv-cinder-787764-4-smb neutron-server[94146]: DEBUG neutron_lib.callbacks.manager [req-1dd58849-8687-4549-82a5-0708ca2ae355 req-493ff4ff-79b6-4639-9438-141780e48152 tempest-ServerRescueNegativeTestJSON-1096781819 tempest-ServerRescueNegativeTestJSON-1096781819-project] Notify callbacks [] for port, precommit_create {{(pid=94146) _notify_loop /usr/local/lib/python3.8/dist-packages/neutron_lib/callbacks/manager.py:192}}
Sep 16 10:38:00.922510 dv-cinder-787764-4-smb neutron-server[94146]: DEBUG neutron.pecan_wsgi.hooks.policy_enforcement [req-50859471-3d9b-4ea7-ba55-ef629b3396d3 req-09efb25f-2b98-4e3c-97b6-a228f8681812 service neutron] Attributes excluded by policy engine: ['standard_attr_id'] {{(pid=94146) _exclude_attributes_by_policy /opt/stack/neutron/neutron/pecan_wsgi/hooks/policy_enforcement.py:255}}
Sep 16 10:38:00.922871 dv-cinder-787764-4-smb neutron-server[94146]: DEBUG neutron_lib.callbacks.manager [req-50859471-3d9b-4ea7-ba55-ef629b3396d3 req-09efb25f-2b98-4e3c-97b6-a228f8681812 service neutron] Notify callbacks ['neutron.notifiers.nova.Notifier._send_nova_notification-106730', 'neutron.api.rpc.agentnotifiers.dhcp_rpc_agent_api.DhcpAgentNotifyAPI._send_dhcp_notification-1577250'] for port, before_response {{(pid=94146) _notify_loop /usr/local/lib/python3.8/dist-packages/neutron_lib/callbacks/manager.py:192}}
Sep 16 10:38:00.924537 dv-cinder-787764-4-smb neutron-server[94146]: INFO neutron.wsgi [req-50859471-3d9b-4ea7-ba55-ef629b3396d3 req-09efb25f-2b98-4e3c-97b6-a228f8681812 service neutron] 10.222.0.21 "PUT /v2.0/ports/5063704a-363f-4775-a57e-ffc520de4996 HTTP/1.1" status: 200 len: 1094 time: 1.4109924
Sep 16 10:38:00.925193 dv-cinder-787764-4-smb neutron-server[94146]: DEBUG neutron.notifiers.nova [-] Sending events: [{'name': 'network-changed', 'server_uuid': '240616f7-790e-4b0b-82c6-38de7c370c3a', 'tag': '5063704a-363f-4775-a57e-ffc520de4996'}] {{(pid=94146) send_events /opt/stack/neutron/neutron/notifiers/nova.py:262}}
Sep 16 10:38:00.927974 dv-cinder-787764-4-smb neutron-server[94146]: DEBUG novaclient.v2.client [-] REQ: curl -g -i --cacert "/opt/stack/data/ca-bundle.pem" -X POST http://10.222.0.20/compute/v2.1/os-server-external-events -H "Accept: application/json" -H "Content-Type: application/json" -H "User-Agent: python-novaclient" -H "X-Auth-Token: {SHA256}9d445838bdfecab0ae4708479c35702deee5ed151b8654cf41a0f3909f102773" -H "X-OpenStack-Nova-API-Version: 2.1" -H "X-OpenStack-Request-ID: req-efec3f0e-d94a-4927-acf7-afff7e1b4b68" -d '{"events": [{"name": "network-changed", "server_uuid": "240616f7-790e-4b0b-82c6-38de7c370c3a", "tag": "5063704a-363f-4775-a57e-ffc520de4996"}]}' {{(pid=94146) _http_log_request /usr/local/lib/python3.8/dist-packages/keystoneauth1/session.py:519}}
Sep 16 10:38:00.939092 dv-cinder-787764-4-smb neutron-server[94146]: INFO neutron.wsgi [req-b94d4e4b-c2d6-4ee6-84e3-eee3523532e1 req-1ccb1c6f-5f87-4163-9b49-957228a89e65 tempest-ServerRescueNegativeTestJSON-1096781819 tempest-ServerRescueNegativeTestJSON-1096781819-project] 10.222.0.20 "GET /v2.0/ports?device_id=23a1b745-83c1-42cf-b908-f72ca407f41c HTTP/1.1" status: 200 len: 210 time: 0.1151748
Sep 16 10:38:00.940283 dv-cinder-787764-4-smb neutron-server[94148]: DEBUG neutron.api.rpc.handlers.resources_rpc [None req-fb31fa05-651b-4bc4-9235-c467b9fc1e55 None None] Pushing event updated for resources: {'Port': ['ID=775729d7-7169-42d7-8c4d-e5dd9df71bba,revision_number=4']} {{(pid=94148) push /opt/stack/neutron/neutron/api/rpc/handlers/resources_rpc.py:237}}
Sep 16 10:38:01.075553 dv-cinder-787764-4-smb neutron-server[94146]: DEBUG neutron.api.rpc.handlers.resources_rpc [None req-09efb25f-2b98-4e3c-97b6-a228f8681812 service neutron] Pushing event updated for resources: {'Port': ['ID=5063704a-363f-4775-a57e-ffc520de4996,revision_number=3']} {{(pid=94146) push /opt/stack/neutron/neutron/api/rpc/handlers/resources_rpc.py:237}}
Sep 16 10:38:01.080454 dv-cinder-787764-4-smb neutron-server[94146]: DEBUG novaclient.v2.client [-] RESP: [200] Connection: close Content-Length: 179 Content-Type: application/json Date: Thu, 16 Sep 2021 10:38:00 GMT OpenStack-API-Version: compute 2.1 Server: Apache/2.4.41 (Ubuntu) Vary: OpenStack-API-Version,X-OpenStack-Nova-API-Version X-OpenStack-Nova-API-Version: 2.1 x-compute-request-id: req-d380805f-64d6-4393-9d29-0dc4ef78dde0 x-openstack-request-id: req-d380805f-64d6-4393-9d29-0dc4ef78dde0 {{(pid=94146) _http_log_response /usr/local/lib/python3.8/dist-packages/keystoneauth1/session.py:550}}
Sep 16 10:38:01.080749 dv-cinder-787764-4-smb neutron-server[94146]: DEBUG novaclient.v2.client [-] RESP BODY: {"events": [{"name": "network-changed", "server_uuid": "240616f7-790e-4b0b-82c6-38de7c370c3a", "tag": "5063704a-363f-4775-a57e-ffc520de4996", "status": "completed", "code": 200}]} {{(pid=94146) _http_log_response /usr/local/lib/python3.8/dist-packages/keystoneauth1/session.py:582}}
Sep 16 10:38:01.081028 dv-cinder-787764-4-smb neutron-server[94146]: DEBUG novaclient.v2.client [-] POST call to compute for http://10.222.0.20/compute/v2.1/os-server-external-events used request id req-d380805f-64d6-4393-9d29-0dc4ef78dde0 {{(pid=94146) request /usr/local/lib/python3.8/dist-packages/keystoneauth1/session.py:954}}
Sep 16 10:38:01.081427 dv-cinder-787764-4-smb neutron-server[94146]: INFO neutron.notifiers.nova [-] Nova event response: {'name': 'network-changed', 'server_uuid': '240616f7-790e-4b0b-82c6-38de7c370c3a', 'tag': '5063704a-363f-4775-a57e-ffc520de4996', 'status': 'completed', 'code': 200}
Sep 16 10:38:01.127993 dv-cinder-787764-4-smb neutron-server[94146]: DEBUG neutron.pecan_wsgi.hooks.policy_enforcement [req-34d49f59-004b-4808-84aa-9b25a7689f3f req-42f65a9f-1249-4237-817f-dbbad4651abc tempest-AttachVolumeNegativeTest-898945520 tempest-AttachVolumeNegativeTest-898945520-project] Attributes excluded by policy engine: ['standard_attr_id', 'binding:profile', 'binding:host_id', 'binding:vif_type', 'binding:vif_details'] {{(pid=94146) _exclude_attributes_by_policy /opt/stack/neutron/neutron/pecan_wsgi/hooks/policy_enforcement.py:255}}
Sep 16 10:38:01.129528 dv-cinder-787764-4-smb neutron-server[94146]: INFO neutron.wsgi [req-34d49f59-004b-4808-84aa-9b25a7689f3f req-42f65a9f-1249-4237-817f-dbbad4651abc tempest-AttachVolumeNegativeTest-898945520 tempest-AttachVolumeNegativeTest-898945520-project] 10.222.0.20 "GET /v2.0/ports?device_id=7405ee94-50c2-4d16-8800-1a56741917e3 HTTP/1.1" status: 200 len: 944 time: 0.1978772
Sep 16 10:38:01.172961 dv-cinder-787764-4-smb neutron-server[94146]: DEBUG neutron.pecan_wsgi.hooks.policy_enforcement [req-50859471-3d9b-4ea7-ba55-ef629b3396d3 req-4d0c710d-cacf-41ac-a290-c9422ffd1eb0 service neutron] Attributes excluded by policy engine: ['standard_attr_id'] {{(pid=94146) _exclude_attributes_by_policy /opt/stack/neutron/neutron/pecan_wsgi/hooks/policy_enforcement.py:255}}
Sep 16 10:38:01.174464 dv-cinder-787764-4-smb neutron-server[94146]: INFO neutron.wsgi [req-50859471-3d9b-4ea7-ba55-ef629b3396d3 req-4d0c710d-cacf-41ac-a290-c9422ffd1eb0 service neutron] 10.222.0.21 "GET /v2.0/ports?tenant_id=436d8fee1efe47619a3ca6f1179f62de&device_id=240616f7-790e-4b0b-82c6-38de7c370c3a HTTP/1.1" status: 200 len: 1097 time: 0.1464884
Sep 16 10:38:01.182995 dv-cinder-787764-4-smb neutron-server[94146]: DEBUG neutron_lib.callbacks.manager [req-1dd58849-8687-4549-82a5-0708ca2ae355 req-493ff4ff-79b6-4639-9438-141780e48152 tempest-ServerRescueNegativeTestJSON-1096781819 tempest-ServerRescueNegativeTestJSON-1096781819-project] Notify callbacks ['neutron.plugins.ml2.plugin.SecurityGroupServerNotifierRpcMixin._notify_sg_on_port_change-566402', 'neutron.plugins.ml2.ovo_rpc._ObjectChangeHandler.handle_event-36453', 'neutron.api.rpc.agentnotifiers.dhcp_rpc_agent_api.DhcpAgentNotifyAPI._native_event_send_dhcp_notification-1577264', 'neutron.db.l3_dvrscheduler_db._notify_l3_agent_new_port-8795001348554'] for port, after_create {{(pid=94146) _notify_loop /usr/local/lib/python3.8/dist-packages/neutron_lib/callbacks/manager.py:192}}
Sep 16 10:38:01.254445 dv-cinder-787764-4-smb neutron-server[94146]: INFO neutron.wsgi [req-34d49f59-004b-4808-84aa-9b25a7689f3f req-f698175e-1f9c-4b58-96e0-b10ce9d7e0bd tempest-AttachVolumeNegativeTest-898945520 tempest-AttachVolumeNegativeTest-898945520-project] 10.222.0.20 "GET /v2.0/security-groups?id=fc031cbc-c1eb-4b8c-a18c-0cefda8b7c35&fields=id&fields=name HTTP/1.1" status: 200 len: 286 time: 0.1071806
Sep 16 10:38:01.284719 dv-cinder-787764-4-smb neutron-server[94146]: INFO neutron.wsgi [req-50859471-3d9b-4ea7-ba55-ef629b3396d3 req-b02be09d-1555-41d8-9724-d304a1aef61b service neutron] 10.222.0.21 "GET /v2.0/floatingips?fixed_ip_address=172.20.0.11&port_id=5063704a-363f-4775-a57e-ffc520de4996 HTTP/1.1" status: 200 len: 217 time: 0.0982125
Sep 16 10:38:01.309183 dv-cinder-787764-4-smb neutron-server[94148]: DEBUG neutron.plugins.ml2.db [None req-fb31fa05-651b-4bc4-9235-c467b9fc1e55 None None] get_ports_and_sgs() called for port_ids ['9dc2bce4-5342-4104-9d78-f01b80b22942'] {{(pid=94148) get_ports_and_sgs /opt/stack/neutron/neutron/plugins/ml2/db.py:156}}
Sep 16 10:38:01.310137 dv-cinder-787764-4-smb neutron-server[94146]: DEBUG neutron.scheduler.dhcp_agent_scheduler [req-1dd58849-8687-4549-82a5-0708ca2ae355 req-493ff4ff-79b6-4639-9438-141780e48152 tempest-ServerRescueNegativeTestJSON-1096781819 tempest-ServerRescueNegativeTestJSON-1096781819-project] Network 3149c3fd-4825-48c0-accd-b8aafc63f188 is already hosted by enough agents. {{(pid=94146) _get_dhcp_agents_hosting_network /opt/stack/neutron/neutron/scheduler/dhcp_agent_scheduler.py:275}}
Sep 16 10:38:01.335803 dv-cinder-787764-4-smb neutron-server[94146]: DEBUG neutron.scheduler.base_scheduler [req-1dd58849-8687-4549-82a5-0708ca2ae355 req-493ff4ff-79b6-4639-9438-141780e48152 tempest-ServerRescueNegativeTestJSON-1096781819 tempest-ServerRescueNegativeTestJSON-1096781819-project] Resources bound (agent type, host, resource id): {{(pid=94146) schedule /opt/stack/neutron/neutron/scheduler/base_scheduler.py:57}}
Sep 16 10:38:01.348839 dv-cinder-787764-4-smb neutron-server[94146]: DEBUG neutron.db.l3_dvrscheduler_db [req-1dd58849-8687-4549-82a5-0708ca2ae355 req-493ff4ff-79b6-4639-9438-141780e48152 tempest-ServerRescueNegativeTestJSON-1096781819 tempest-ServerRescueNegativeTestJSON-1096781819-project] Received port after_create {{(pid=94146) _notify_l3_agent_new_port /opt/stack/neutron/neutron/db/l3_dvrscheduler_db.py:535}}
Sep 16 10:38:01.354338 dv-cinder-787764-4-smb neutron-server[94146]: DEBUG neutron.pecan_wsgi.hooks.policy_enforcement [req-1dd58849-8687-4549-82a5-0708ca2ae355 req-493ff4ff-79b6-4639-9438-141780e48152 tempest-ServerRescueNegativeTestJSON-1096781819 tempest-ServerRescueNegativeTestJSON-1096781819-project] Attributes excluded by policy engine: ['standard_attr_id', 'binding:profile', 'binding:host_id', 'binding:vif_type', 'binding:vif_details', 'network'] {{(pid=94146) _exclude_attributes_by_policy /opt/stack/neutron/neutron/pecan_wsgi/hooks/policy_enforcement.py:255}}
Sep 16 10:38:01.354900 dv-cinder-787764-4-smb neutron-server[94146]: DEBUG neutron_lib.callbacks.manager [req-1dd58849-8687-4549-82a5-0708ca2ae355 req-493ff4ff-79b6-4639-9438-141780e48152 tempest-ServerRescueNegativeTestJSON-1096781819 tempest-ServerRescueNegativeTestJSON-1096781819-project] Notify callbacks ['neutron.notifiers.nova.Notifier._send_nova_notification-106730', 'neutron.api.rpc.agentnotifiers.dhcp_rpc_agent_api.DhcpAgentNotifyAPI._send_dhcp_notification-1577250'] for port, before_response {{(pid=94146) _notify_loop /usr/local/lib/python3.8/dist-packages/neutron_lib/callbacks/manager.py:192}}
Sep 16 10:38:01.355011 dv-cinder-787764-4-smb neutron-server[94148]: DEBUG neutron.plugins.ml2.db [None req-fb31fa05-651b-4bc4-9235-c467b9fc1e55 None None] get_ports_and_sgs() called for port_ids ['775729d7-7169-42d7-8c4d-e5dd9df71bba'] {{(pid=94148) get_ports_and_sgs /opt/stack/neutron/neutron/plugins/ml2/db.py:156}}
Sep 16 10:38:01.362819 dv-cinder-787764-4-smb neutron-server[94146]: DEBUG neutron.api.rpc.handlers.resources_rpc [None req-493ff4ff-79b6-4639-9438-141780e48152 tempest-ServerRescueNegativeTestJSON-1096781819 tempest-ServerRescueNegativeTestJSON-1096781819-project] Pushing event updated for resources: {'Port': ['ID=1ae9c51f-b8cb-4614-8e9a-5004bda7d792,revision_number=1']} {{(pid=94146) push /opt/stack/neutron/neutron/api/rpc/handlers/resources_rpc.py:237}}
Sep 16 10:38:01.390153 dv-cinder-787764-4-smb neutron-server[94146]: DEBUG neutron.pecan_wsgi.hooks.policy_enforcement [req-b43574b3-1b37-4de1-a57d-a0a10f2c1209 req-f41c0879-392b-49cb-8b58-c395466c63f6 tempest-AttachVolumeShelveTestJSON-1632707399 tempest-AttachVolumeShelveTestJSON-1632707399-project] Attributes excluded by policy engine: ['standard_attr_id', 'binding:profile', 'binding:host_id', 'binding:vif_type', 'binding:vif_details'] {{(pid=94146) _exclude_attributes_by_policy /opt/stack/neutron/neutron/pecan_wsgi/hooks/policy_enforcement.py:255}}
Sep 16 10:38:01.391664 dv-cinder-787764-4-smb neutron-server[94146]: INFO neutron.wsgi [req-b43574b3-1b37-4de1-a57d-a0a10f2c1209 req-f41c0879-392b-49cb-8b58-c395466c63f6 tempest-AttachVolumeShelveTestJSON-1632707399 tempest-AttachVolumeShelveTestJSON-1632707399-project] 10.222.0.20 "GET /v2.0/ports?device_id=c2e96df3-9130-46b8-bc35-2821965bd434 HTTP/1.1" status: 200 len: 943 time: 0.1908846
Sep 16 10:38:01.393509 dv-cinder-787764-4-smb neutron-server[94146]: DEBUG neutron.pecan_wsgi.hooks.policy_enforcement [req-50859471-3d9b-4ea7-ba55-ef629b3396d3 req-01adc370-09a6-4d4a-b19f-3972b902e4fd service neutron] Attributes excluded by policy engine: ['standard_attr_id', 'shared'] {{(pid=94146) _exclude_attributes_by_policy /opt/stack/neutron/neutron/pecan_wsgi/hooks/policy_enforcement.py:255}}
Sep 16 10:38:01.394815 dv-cinder-787764-4-smb neutron-server[94146]: INFO neutron.wsgi [req-50859471-3d9b-4ea7-ba55-ef629b3396d3 req-01adc370-09a6-4d4a-b19f-3972b902e4fd service neutron] 10.222.0.21 "GET /v2.0/subnets?id=8a01b9df-45d8-4353-9718-95b4cfe81caf HTTP/1.1" status: 200 len: 859 time: 0.0984671
Sep 16 10:38:01.396095 dv-cinder-787764-4-smb neutron-server[94146]: INFO neutron.wsgi [req-1dd58849-8687-4549-82a5-0708ca2ae355 req-493ff4ff-79b6-4639-9438-141780e48152 tempest-ServerRescueNegativeTestJSON-1096781819 tempest-ServerRescueNegativeTestJSON-1096781819-project] 10.222.0.21 "POST /v2.0/ports HTTP/1.1" status: 201 len: 933 time: 3.1291201
Sep 16 10:38:01.424162 dv-cinder-787764-4-smb neutron-server[94146]: DEBUG neutron.api.v2.base [req-1dd58849-8687-4549-82a5-0708ca2ae355 req-3d4dba63-ed44-42ff-8422-06d859ce6158 service neutron] Request body: {'port': {'device_id': '23a1b745-83c1-42cf-b908-f72ca407f41c', 'device_owner': 'compute:nova', 'binding:host_id': 'hv-cinder-78776'}} {{(pid=94146) prepare_request_body /opt/stack/neutron/neutron/api/v2/base.py:730}}
Sep 16 10:38:01.441933 dv-cinder-787764-4-smb neutron-server[94148]: DEBUG neutron_lib.callbacks.manager [None req-fb31fa05-651b-4bc4-9235-c467b9fc1e55 None None] Notify callbacks ['neutron.services.segments.db._update_segment_host_mapping_for_agent-8795001893771', 'neutron.plugins.ml2.plugin.Ml2Plugin._retry_binding_revived_agents-761588'] for agent, after_update {{(pid=94148) _notify_loop /usr/local/lib/python3.8/dist-packages/neutron_lib/callbacks/manager.py:192}}
Sep 16 10:38:01.470546 dv-cinder-787764-4-smb neutron-server[94146]: INFO neutron.wsgi [req-50859471-3d9b-4ea7-ba55-ef629b3396d3 req-9f085c31-35db-42fb-a16a-b07ede0507d5 service neutron] 10.222.0.21 "GET /v2.0/ports?network_id=3149c3fd-4825-48c0-accd-b8aafc63f188&device_owner=network%3Adhcp HTTP/1.1" status: 200 len: 210 time: 0.0516152
Sep 16 10:38:01.545305 dv-cinder-787764-4-smb neutron-server[94146]: INFO neutron.wsgi [req-b43574b3-1b37-4de1-a57d-a0a10f2c1209 req-87f70c4c-ad95-4b1f-8533-0221bc327f5a tempest-AttachVolumeShelveTestJSON-1632707399 tempest-AttachVolumeShelveTestJSON-1632707399-project] 10.222.0.20 "GET /v2.0/security-groups?id=b0bb0d7e-5361-4f36-89d8-17f3e749b51d&fields=id&fields=name HTTP/1.1" status: 200 len: 312 time: 0.1446466
Sep 16 10:38:01.629287 dv-cinder-787764-4-smb neutron-server[94146]: DEBUG neutron_lib.callbacks.manager [req-1dd58849-8687-4549-82a5-0708ca2ae355 req-3d4dba63-ed44-42ff-8422-06d859ce6158 service neutron] Notify callbacks ['neutron.plugins.ml2.plugin.SecurityGroupDbMixin._ensure_default_security_group_handler-566467'] for port, before_update {{(pid=94146) _notify_loop /usr/local/lib/python3.8/dist-packages/neutron_lib/callbacks/manager.py:192}}
Sep 16 10:38:01.691478 dv-cinder-787764-4-smb neutron-server[94146]: INFO neutron.wsgi [req-50859471-3d9b-4ea7-ba55-ef629b3396d3 req-f223003c-c8a4-4aa8-b6a3-d31f93c1c9d5 service neutron] 10.222.0.21 "GET /v2.0/networks/3149c3fd-4825-48c0-accd-b8aafc63f188?fields=segments HTTP/1.1" status: 200 len: 212 time: 0.1924798
Sep 16 10:38:01.950400 dv-cinder-787764-4-smb neutron-server[94146]: INFO neutron.wsgi [req-50859471-3d9b-4ea7-ba55-ef629b3396d3 req-59bb38f3-cb8b-41ef-b8d4-a2e75bb603cf service neutron] 10.222.0.21 "GET /v2.0/networks/3149c3fd-4825-48c0-accd-b8aafc63f188?fields=provider%3Aphysical_network&fields=provider%3Anetwork_type HTTP/1.1" status: 200 len: 281 time: 0.2417579
Sep 16 10:38:02.056218 dv-cinder-787764-4-smb neutron-server[94146]: DEBUG neutron.pecan_wsgi.hooks.policy_enforcement [req-529f5a64-cc30-4ddf-9fbd-98a70601a44a req-915ddf21-5011-4404-a09e-39926ba55a0f tempest-DeleteServersTestJSON-1166414507 tempest-DeleteServersTestJSON-1166414507-project] Attributes excluded by policy engine: ['standard_attr_id', 'binding:profile', 'binding:host_id', 'binding:vif_type', 'binding:vif_details'] {{(pid=94146) _exclude_attributes_by_policy /opt/stack/neutron/neutron/pecan_wsgi/hooks/policy_enforcement.py:255}}
Sep 16 10:38:02.057682 dv-cinder-787764-4-smb neutron-server[94146]: INFO neutron.wsgi [req-529f5a64-cc30-4ddf-9fbd-98a70601a44a req-915ddf21-5011-4404-a09e-39926ba55a0f tempest-DeleteServersTestJSON-1166414507 tempest-DeleteServersTestJSON-1166414507-project] 10.222.0.20 "GET /v2.0/ports?device_id=57174494-4f70-495a-bf24-cdb6c9f7db5d HTTP/1.1" status: 200 len: 944 time: 0.1265914
Sep 16 10:38:02.167022 dv-cinder-787764-4-smb neutron-server[94146]: DEBUG neutron.pecan_wsgi.hooks.policy_enforcement [req-efec3f0e-d94a-4927-acf7-afff7e1b4b68 req-99bf468f-b9b6-41fb-8537-c64c4a584309 service neutron] Attributes excluded by policy engine: ['standard_attr_id'] {{(pid=94146) _exclude_attributes_by_policy /opt/stack/neutron/neutron/pecan_wsgi/hooks/policy_enforcement.py:255}}
Sep 16 10:38:02.168624 dv-cinder-787764-4-smb neutron-server[94146]: INFO neutron.wsgi [req-efec3f0e-d94a-4927-acf7-afff7e1b4b68 req-99bf468f-b9b6-41fb-8537-c64c4a584309 service neutron] 10.222.0.21 "GET /v2.0/ports?tenant_id=436d8fee1efe47619a3ca6f1179f62de&device_id=240616f7-790e-4b0b-82c6-38de7c370c3a HTTP/1.1" status: 200 len: 1097 time: 0.1603012
Sep 16 10:38:02.203370 dv-cinder-787764-4-smb neutron-server[94146]: INFO neutron.wsgi [req-529f5a64-cc30-4ddf-9fbd-98a70601a44a req-04c31469-22f9-44b9-b433-107d254996ec tempest-DeleteServersTestJSON-1166414507 tempest-DeleteServersTestJSON-1166414507-project] 10.222.0.20 "GET /v2.0/security-groups?id=4945d6b4-0c79-4c36-acf9-fc7bc28452c3&fields=id&fields=name HTTP/1.1" status: 200 len: 286 time: 0.1294310
Sep 16 10:38:02.220322 dv-cinder-787764-4-smb neutron-server[94146]: DEBUG neutron.notifiers.nova [req-1dd58849-8687-4549-82a5-0708ca2ae355 req-3d4dba63-ed44-42ff-8422-06d859ce6158 service neutron] Ignoring state change previous_port_status: DOWN current_port_status: DOWN port_id 1ae9c51f-b8cb-4614-8e9a-5004bda7d792 {{(pid=94146) record_port_status_changed /opt/stack/neutron/neutron/notifiers/nova.py:224}}
Sep 16 10:38:02.233868 dv-cinder-787764-4-smb neutron-server[94146]: DEBUG neutron.pecan_wsgi.hooks.policy_enforcement [req-4096a6ea-7595-42ed-9366-5d15723fff65 req-05257aa8-990d-4fd0-b81b-a6afa1cdc60a tempest-ServerRescueNegativeTestJSON-1096781819 tempest-ServerRescueNegativeTestJSON-1096781819-project] Attributes excluded by policy engine: ['standard_attr_id', 'binding:profile', 'binding:host_id', 'binding:vif_type', 'binding:vif_details'] {{(pid=94146) _exclude_attributes_by_policy /opt/stack/neutron/neutron/pecan_wsgi/hooks/policy_enforcement.py:255}}
Sep 16 10:38:02.235405 dv-cinder-787764-4-smb neutron-server[94146]: INFO neutron.wsgi [req-4096a6ea-7595-42ed-9366-5d15723fff65 req-05257aa8-990d-4fd0-b81b-a6afa1cdc60a tempest-ServerRescueNegativeTestJSON-1096781819 tempest-ServerRescueNegativeTestJSON-1096781819-project] 10.222.0.20 "GET /v2.0/ports?device_id=23a1b745-83c1-42cf-b908-f72ca407f41c HTTP/1.1" status: 200 len: 931 time: 0.1750751
Sep 16 10:38:02.246127 dv-cinder-787764-4-smb neutron-server[94146]: DEBUG neutron_lib.callbacks.manager [req-1dd58849-8687-4549-82a5-0708ca2ae355 req-3d4dba63-ed44-42ff-8422-06d859ce6158 service neutron] Notify callbacks [] for port, precommit_update {{(pid=94146) _notify_loop /usr/local/lib/python3.8/dist-packages/neutron_lib/callbacks/manager.py:192}}
Sep 16 10:38:02.315136 dv-cinder-787764-4-smb neutron-server[94146]: DEBUG neutron.db.provisioning_blocks [req-1dd58849-8687-4549-82a5-0708ca2ae355 req-3d4dba63-ed44-42ff-8422-06d859ce6158 service neutron] Transition to ACTIVE for port object 1ae9c51f-b8cb-4614-8e9a-5004bda7d792 will not be triggered until provisioned by entity L2. {{(pid=94146) add_provisioning_component /opt/stack/neutron/neutron/db/provisioning_blocks.py:73}}
Sep 16 10:38:02.327768 dv-cinder-787764-4-smb neutron-server[94146]: DEBUG neutron_lib.callbacks.manager [req-1dd58849-8687-4549-82a5-0708ca2ae355 req-3d4dba63-ed44-42ff-8422-06d859ce6158 service neutron] Notify callbacks ['neutron.plugins.ml2.plugin.SecurityGroupServerNotifierRpcMixin._notify_sg_on_port_change-566402', 'neutron.plugins.ml2.ovo_rpc._ObjectChangeHandler.handle_event-36453', 'neutron.api.rpc.agentnotifiers.dhcp_rpc_agent_api.DhcpAgentNotifyAPI._native_event_send_dhcp_notification-1577264', 'neutron.db.l3_db.L3RpcNotifierMixin._notify_gateway_port_ip_changed-8795001885965', 'neutron.db.l3_dvrscheduler_db._notify_l3_agent_port_update-8795001348572', 'neutron.db.l3_hascheduler_db._notify_l3_agent_ha_port_update-8795001348590'] for port, after_update {{(pid=94146) _notify_loop /usr/local/lib/python3.8/dist-packages/neutron_lib/callbacks/manager.py:192}}
Sep 16 10:38:02.388143 dv-cinder-787764-4-smb neutron-server[94146]: INFO neutron.wsgi [req-4096a6ea-7595-42ed-9366-5d15723fff65 req-cf8464c5-37b2-42e1-9026-1d0b64d56015 tempest-ServerRescueNegativeTestJSON-1096781819 tempest-ServerRescueNegativeTestJSON-1096781819-project] 10.222.0.20 "GET /v2.0/security-groups?id=924e9d1c-3cc0-4d00-9e13-cac31bc6f337&fields=id&fields=name HTTP/1.1" status: 200 len: 286 time: 0.1374934
Sep 16 10:38:02.433932 dv-cinder-787764-4-smb neutron-server[94146]: DEBUG neutron.pecan_wsgi.hooks.policy_enforcement [req-efec3f0e-d94a-4927-acf7-afff7e1b4b68 req-8ab7e65d-9918-4df0-95a8-a74e88a0d49d service neutron] Attributes excluded by policy engine: ['standard_attr_id', 'vlan_transparent'] {{(pid=94146) _exclude_attributes_by_policy /opt/stack/neutron/neutron/pecan_wsgi/hooks/policy_enforcement.py:255}}
Sep 16 10:38:02.436358 dv-cinder-787764-4-smb neutron-server[94146]: INFO neutron.wsgi [req-efec3f0e-d94a-4927-acf7-afff7e1b4b68 req-8ab7e65d-9918-4df0-95a8-a74e88a0d49d service neutron] 10.222.0.21 "GET /v2.0/networks?id=3149c3fd-4825-48c0-accd-b8aafc63f188 HTTP/1.1" status: 200 len: 920 time: 0.2533672
Sep 16 10:38:02.461683 dv-cinder-787764-4-smb neutron-server[94146]: DEBUG neutron.api.rpc.handlers.resources_rpc [None req-3d4dba63-ed44-42ff-8422-06d859ce6158 service neutron] Pushing event updated for resources: {'Port': ['ID=1ae9c51f-b8cb-4614-8e9a-5004bda7d792,revision_number=2']} {{(pid=94146) push /opt/stack/neutron/neutron/api/rpc/handlers/resources_rpc.py:237}}
Sep 16 10:38:02.504061 dv-cinder-787764-4-smb neutron-server[94146]: INFO neutron.wsgi [req-efec3f0e-d94a-4927-acf7-afff7e1b4b68 req-35435ba4-c6c1-4975-8883-e27d760c4658 service neutron] 10.222.0.21 "GET /v2.0/floatingips?fixed_ip_address=172.20.0.11&port_id=5063704a-363f-4775-a57e-ffc520de4996 HTTP/1.1" status: 200 len: 217 time: 0.0515492
Sep 16 10:38:02.738711 dv-cinder-787764-4-smb neutron-server[94146]: DEBUG neutron.pecan_wsgi.hooks.policy_enforcement [req-55c94bed-2957-4b59-95c9-58223b1d2770 req-950f2a35-558a-4a84-81b6-3dc4583ae016 tempest-AttachVolumeNegativeTest-898945520 tempest-AttachVolumeNegativeTest-898945520-project] Attributes excluded by policy engine: ['standard_attr_id', 'binding:profile', 'binding:host_id', 'binding:vif_type', 'binding:vif_details'] {{(pid=94146) _exclude_attributes_by_policy /opt/stack/neutron/neutron/pecan_wsgi/hooks/policy_enforcement.py:255}}
Sep 16 10:38:02.744708 dv-cinder-787764-4-smb neutron-server[94146]: INFO neutron.wsgi [req-55c94bed-2957-4b59-95c9-58223b1d2770 req-950f2a35-558a-4a84-81b6-3dc4583ae016 tempest-AttachVolumeNegativeTest-898945520 tempest-AttachVolumeNegativeTest-898945520-project] 10.222.0.20 "GET /v2.0/ports?device_id=7405ee94-50c2-4d16-8800-1a56741917e3 HTTP/1.1" status: 200 len: 944 time: 0.4028099
Sep 16 10:38:02.804422 dv-cinder-787764-4-smb neutron-server[94146]: DEBUG neutron.plugins.ml2.managers [req-1dd58849-8687-4549-82a5-0708ca2ae355 req-3d4dba63-ed44-42ff-8422-06d859ce6158 service neutron] Attempting to bind port 1ae9c51f-b8cb-4614-8e9a-5004bda7d792 on host hv-cinder-78776 for vnic_type normal with profile {{(pid=94146) bind_port /opt/stack/neutron/neutron/plugins/ml2/managers.py:790}}
Sep 16 10:38:02.805239 dv-cinder-787764-4-smb neutron-server[94146]: DEBUG neutron.plugins.ml2.managers [req-1dd58849-8687-4549-82a5-0708ca2ae355 req-3d4dba63-ed44-42ff-8422-06d859ce6158 service neutron] Attempting to bind port 1ae9c51f-b8cb-4614-8e9a-5004bda7d792 by drivers openvswitch,hyperv on host hv-cinder-78776 at level 0 using segments [{'id': 'e1b8f14c-e8e7-472e-b0b0-9131366d7bcb', 'network_type': 'vlan', 'physical_network': 'physnet1', 'segmentation_id': 324, 'network_id': '3149c3fd-4825-48c0-accd-b8aafc63f188'}] {{(pid=94146) _bind_port_level /opt/stack/neutron/neutron/plugins/ml2/managers.py:815}}
Sep 16 10:38:02.805769 dv-cinder-787764-4-smb neutron-server[94146]: DEBUG neutron.plugins.ml2.drivers.mech_agent [req-1dd58849-8687-4549-82a5-0708ca2ae355 req-3d4dba63-ed44-42ff-8422-06d859ce6158 service neutron] Attempting to bind port 1ae9c51f-b8cb-4614-8e9a-5004bda7d792 on network 3149c3fd-4825-48c0-accd-b8aafc63f188 {{(pid=94146) bind_port /opt/stack/neutron/neutron/plugins/ml2/drivers/mech_agent.py:91}}
Sep 16 10:38:02.822517 dv-cinder-787764-4-smb neutron-server[94146]: DEBUG neutron.plugins.ml2.drivers.mech_agent [req-1dd58849-8687-4549-82a5-0708ca2ae355 req-3d4dba63-ed44-42ff-8422-06d859ce6158 service neutron] Port 1ae9c51f-b8cb-4614-8e9a-5004bda7d792 on network 3149c3fd-4825-48c0-accd-b8aafc63f188 not bound, no agent of type Open vSwitch agent registered on host hv-cinder-78776 {{(pid=94146) bind_port /opt/stack/neutron/neutron/plugins/ml2/drivers/mech_agent.py:103}}
Sep 16 10:38:02.822517 dv-cinder-787764-4-smb neutron-server[94146]: DEBUG neutron.plugins.ml2.drivers.mech_agent [req-1dd58849-8687-4549-82a5-0708ca2ae355 req-3d4dba63-ed44-42ff-8422-06d859ce6158 service neutron] Attempting to bind port 1ae9c51f-b8cb-4614-8e9a-5004bda7d792 on network 3149c3fd-4825-48c0-accd-b8aafc63f188 {{(pid=94146) bind_port /opt/stack/neutron/neutron/plugins/ml2/drivers/mech_agent.py:91}}
Sep 16 10:38:02.852933 dv-cinder-787764-4-smb neutron-server[94146]: DEBUG neutron.plugins.ml2.drivers.mech_agent [req-1dd58849-8687-4549-82a5-0708ca2ae355 req-3d4dba63-ed44-42ff-8422-06d859ce6158 service neutron] Checking agent: {'id': '9d0af4fe-41c9-4b9e-9c7d-1faee5f95a10', 'agent_type': 'HyperV agent', 'binary': 'neutron-hyperv-agent', 'topic': 'N/A', 'host': 'hv-cinder-78776', 'admin_state_up': True, 'created_at': datetime.datetime(2021, 9, 16, 10, 35, 31), 'started_at': datetime.datetime(2021, 9, 16, 10, 35, 31), 'heartbeat_timestamp': datetime.datetime(2021, 9, 16, 10, 38, 1), 'description': None, 'resources_synced': None, 'availability_zone': None, 'alive': True, 'configurations': {'vswitch_mappings': {'physnet1$': 'br-data'}}, 'resource_versions': {}} {{(pid=94146) bind_port /opt/stack/neutron/neutron/plugins/ml2/drivers/mech_agent.py:110}}
Sep 16 10:38:02.852933 dv-cinder-787764-4-smb neutron-server[94146]: DEBUG neutron.plugins.ml2.drivers.mech_agent [req-1dd58849-8687-4549-82a5-0708ca2ae355 req-3d4dba63-ed44-42ff-8422-06d859ce6158 service neutron] Checking segment: {'id': 'e1b8f14c-e8e7-472e-b0b0-9131366d7bcb', 'network_type': 'vlan', 'physical_network': 'physnet1', 'segmentation_id': 324, 'network_id': '3149c3fd-4825-48c0-accd-b8aafc63f188'} for mappings: {'physnet1$': 'br-data'} with network types: ['local', 'flat', 'vlan'] {{(pid=94146) check_segment_for_agent /opt/stack/neutron/neutron/plugins/ml2/drivers/mech_agent.py:358}}
Sep 16 10:38:02.852933 dv-cinder-787764-4-smb neutron-server[94146]: DEBUG neutron.plugins.ml2.drivers.mech_agent [req-1dd58849-8687-4549-82a5-0708ca2ae355 req-3d4dba63-ed44-42ff-8422-06d859ce6158 service neutron] Bound using segment: {'id': 'e1b8f14c-e8e7-472e-b0b0-9131366d7bcb', 'network_type': 'vlan', 'physical_network': 'physnet1', 'segmentation_id': 324, 'network_id': '3149c3fd-4825-48c0-accd-b8aafc63f188'} {{(pid=94146) bind_port /opt/stack/neutron/neutron/plugins/ml2/drivers/mech_agent.py:120}}
Sep 16 10:38:02.852933 dv-cinder-787764-4-smb neutron-server[94146]: DEBUG neutron.plugins.ml2.managers [req-1dd58849-8687-4549-82a5-0708ca2ae355 req-3d4dba63-ed44-42ff-8422-06d859ce6158 service neutron] Bound port: 1ae9c51f-b8cb-4614-8e9a-5004bda7d792, host: hv-cinder-78776, vif_type: hyperv, vif_details: {"connectivity": "legacy", "port_filter": false}, binding_levels: [{'bound_driver': 'hyperv', 'bound_segment': {'id': 'e1b8f14c-e8e7-472e-b0b0-9131366d7bcb', 'network_type': 'vlan', 'physical_network': 'physnet1', 'segmentation_id': 324, 'network_id': '3149c3fd-4825-48c0-accd-b8aafc63f188'}}] {{(pid=94146) _bind_port_level /opt/stack/neutron/neutron/plugins/ml2/managers.py:928}}
Sep 16 10:38:02.852933 dv-cinder-787764-4-smb neutron-server[94146]: DEBUG neutron_lib.callbacks.manager [req-1dd58849-8687-4549-82a5-0708ca2ae355 req-3d4dba63-ed44-42ff-8422-06d859ce6158 service neutron] Notify callbacks ['neutron.plugins.ml2.plugin.SecurityGroupDbMixin._ensure_default_security_group_handler-566467'] for port, before_update {{(pid=94146) _notify_loop /usr/local/lib/python3.8/dist-packages/neutron_lib/callbacks/manager.py:192}}
Sep 16 10:38:02.854821 dv-cinder-787764-4-smb neutron-server[94146]: DEBUG neutron.pecan_wsgi.hooks.policy_enforcement [req-efec3f0e-d94a-4927-acf7-afff7e1b4b68 req-1ae21ea3-cc14-45ee-8802-9336b9368c97 service neutron] Attributes excluded by policy engine: ['standard_attr_id', 'shared'] {{(pid=94146) _exclude_attributes_by_policy /opt/stack/neutron/neutron/pecan_wsgi/hooks/policy_enforcement.py:255}}
Sep 16 10:38:02.856954 dv-cinder-787764-4-smb neutron-server[94146]: INFO neutron.wsgi [req-efec3f0e-d94a-4927-acf7-afff7e1b4b68 req-1ae21ea3-cc14-45ee-8802-9336b9368c97 service neutron] 10.222.0.21 "GET /v2.0/subnets?id=8a01b9df-45d8-4353-9718-95b4cfe81caf HTTP/1.1" status: 200 len: 859 time: 0.1504076
Sep 16 10:38:02.863857 dv-cinder-787764-4-smb neutron-server[94146]: INFO neutron.wsgi [req-55c94bed-2957-4b59-95c9-58223b1d2770 req-0e314653-e39e-4ade-956f-f1681283c07f tempest-AttachVolumeNegativeTest-898945520 tempest-AttachVolumeNegativeTest-898945520-project] 10.222.0.20 "GET /v2.0/security-groups?id=fc031cbc-c1eb-4b8c-a18c-0cefda8b7c35&fields=id&fields=name HTTP/1.1" status: 200 len: 286 time: 0.1183631
Sep 16 10:38:02.878425 dv-cinder-787764-4-smb neutron-server[94146]: DEBUG neutron.pecan_wsgi.hooks.policy_enforcement [req-ba397024-9ec4-412f-977d-c11e28ab9d14 req-c098ecdc-06e0-4b66-b732-99ccbe8d1fde tempest-AttachVolumeShelveTestJSON-1632707399 tempest-AttachVolumeShelveTestJSON-1632707399-project] Attributes excluded by policy engine: ['standard_attr_id', 'binding:profile', 'binding:host_id', 'binding:vif_type', 'binding:vif_details'] {{(pid=94146) _exclude_attributes_by_policy /opt/stack/neutron/neutron/pecan_wsgi/hooks/policy_enforcement.py:255}}
Sep 16 10:38:02.879987 dv-cinder-787764-4-smb neutron-server[94146]: INFO neutron.wsgi [req-ba397024-9ec4-412f-977d-c11e28ab9d14 req-c098ecdc-06e0-4b66-b732-99ccbe8d1fde tempest-AttachVolumeShelveTestJSON-1632707399 tempest-AttachVolumeShelveTestJSON-1632707399-project] 10.222.0.20 "GET /v2.0/ports?device_id=c2e96df3-9130-46b8-bc35-2821965bd434 HTTP/1.1" status: 200 len: 943 time: 0.1752090
