Jun 01 10:59:44.205727 dv-cinder-787764-3-smb devstack@c-api.service[98597]: INFO cinder.api.openstack.wsgi [None req-08faa738-5d0b-4b28-994e-26215c6c1b3a tempest-VolumesGetTest-393599359 tempest-VolumesGetTest-393599359-project] DELETE http://10.222.0.10/volume/v3/3ebd4da13e7b4839a85920777979e3f3/volumes/fb079fa1-38e4-4e25-b50c-fda214b8fac6
Jun 01 10:59:44.206180 dv-cinder-787764-3-smb devstack@c-api.service[98597]: DEBUG cinder.api.openstack.wsgi [None req-08faa738-5d0b-4b28-994e-26215c6c1b3a tempest-VolumesGetTest-393599359 tempest-VolumesGetTest-393599359-project] Empty body provided in request {{(pid=98597) get_body /opt/stack/cinder/cinder/api/openstack/wsgi.py:713}}
Jun 01 10:59:44.206353 dv-cinder-787764-3-smb devstack@c-api.service[98597]: /usr/local/lib/python3.8/dist-packages/webob/acceptparse.py:1047: DeprecationWarning: The behavior of AcceptValidHeader.best_match is currently being maintained for backward compatibility, but it will be deprecated in the future, as it does not conform to the RFC.
Jun 01 10:59:44.206353 dv-cinder-787764-3-smb devstack@c-api.service[98597]:   warnings.warn(
Jun 01 10:59:44.206673 dv-cinder-787764-3-smb devstack@c-api.service[98597]: DEBUG cinder.api.openstack.wsgi [None req-08faa738-5d0b-4b28-994e-26215c6c1b3a tempest-VolumesGetTest-393599359 tempest-VolumesGetTest-393599359-project] Calling method 'delete' {{(pid=98597) _process_stack /opt/stack/cinder/cinder/api/openstack/wsgi.py:866}}
Jun 01 10:59:44.207274 dv-cinder-787764-3-smb devstack@c-api.service[98597]: INFO cinder.api.v3.volumes [None req-08faa738-5d0b-4b28-994e-26215c6c1b3a tempest-VolumesGetTest-393599359 tempest-VolumesGetTest-393599359-project] Delete volume with id: fb079fa1-38e4-4e25-b50c-fda214b8fac6 
Jun 01 10:59:44.213718 dv-cinder-787764-3-smb devstack@c-api.service[98596]: [pid: 98596|app: 0|req: 192/394] 10.222.0.10 () {60 vars in 1345 bytes} [Tue Jun  1 10:59:44 2021] PUT /volume/v3/3ebd4da13e7b4839a85920777979e3f3/volumes/fb079fa1-38e4-4e25-b50c-fda214b8fac6 => generated 839 bytes in 114 msecs (HTTP/1.1 200) 7 headers in 285 bytes (1 switches on core 0)
Jun 01 10:59:44.255812 dv-cinder-787764-3-smb devstack@c-api.service[98597]: /usr/local/lib/python3.8/dist-packages/oslo_context/context.py:105: DeprecationWarning: Policy enforcement is depending on the value of is_admin. This key is deprecated. Please update your policy file to use the standard policy values.
Jun 01 10:59:44.255812 dv-cinder-787764-3-smb devstack@c-api.service[98597]:   warnings.warn('Policy enforcement is depending on the value of '
Jun 01 10:59:44.257375 dv-cinder-787764-3-smb devstack@c-api.service[98597]: INFO cinder.volume.api [None req-08faa738-5d0b-4b28-994e-26215c6c1b3a tempest-VolumesGetTest-393599359 tempest-VolumesGetTest-393599359-project] Volume info retrieved successfully.
Jun 01 10:59:44.289194 dv-cinder-787764-3-smb devstack@c-api.service[98597]: INFO cinder.volume.api [None req-08faa738-5d0b-4b28-994e-26215c6c1b3a tempest-VolumesGetTest-393599359 tempest-VolumesGetTest-393599359-project] Delete volume request issued successfully.
Jun 01 10:59:44.289897 dv-cinder-787764-3-smb devstack@c-api.service[98597]: INFO cinder.api.openstack.wsgi [None req-08faa738-5d0b-4b28-994e-26215c6c1b3a tempest-VolumesGetTest-393599359 tempest-VolumesGetTest-393599359-project] http://10.222.0.10/volume/v3/3ebd4da13e7b4839a85920777979e3f3/volumes/fb079fa1-38e4-4e25-b50c-fda214b8fac6 returned with HTTP 202
Jun 01 10:59:44.290495 dv-cinder-787764-3-smb devstack@c-api.service[98597]: [pid: 98597|app: 0|req: 203/395] 10.222.0.10 () {58 vars in 1328 bytes} [Tue Jun  1 10:59:44 2021] DELETE /volume/v3/3ebd4da13e7b4839a85920777979e3f3/volumes/fb079fa1-38e4-4e25-b50c-fda214b8fac6 => generated 0 bytes in 88 msecs (HTTP/1.1 202) 6 headers in 233 bytes (1 switches on core 0)
Jun 01 10:59:44.297430 dv-cinder-787764-3-smb devstack@c-api.service[98596]: INFO cinder.api.openstack.wsgi [None req-beba9004-5486-4500-b89a-a2331608b30c tempest-VolumesGetTest-393599359 tempest-VolumesGetTest-393599359-project] GET http://10.222.0.10/volume/v3/3ebd4da13e7b4839a85920777979e3f3/volumes/fb079fa1-38e4-4e25-b50c-fda214b8fac6
Jun 01 10:59:44.297912 dv-cinder-787764-3-smb devstack@c-api.service[98596]: DEBUG cinder.api.openstack.wsgi [None req-beba9004-5486-4500-b89a-a2331608b30c tempest-VolumesGetTest-393599359 tempest-VolumesGetTest-393599359-project] Empty body provided in request {{(pid=98596) get_body /opt/stack/cinder/cinder/api/openstack/wsgi.py:713}}
Jun 01 10:59:44.298083 dv-cinder-787764-3-smb devstack@c-api.service[98596]: /usr/local/lib/python3.8/dist-packages/webob/acceptparse.py:1047: DeprecationWarning: The behavior of AcceptValidHeader.best_match is currently being maintained for backward compatibility, but it will be deprecated in the future, as it does not conform to the RFC.
Jun 01 10:59:44.298083 dv-cinder-787764-3-smb devstack@c-api.service[98596]:   warnings.warn(
Jun 01 10:59:44.298678 dv-cinder-787764-3-smb devstack@c-api.service[98596]: DEBUG cinder.api.openstack.wsgi [None req-beba9004-5486-4500-b89a-a2331608b30c tempest-VolumesGetTest-393599359 tempest-VolumesGetTest-393599359-project] Calling method 'show' {{(pid=98596) _process_stack /opt/stack/cinder/cinder/api/openstack/wsgi.py:866}}
Jun 01 10:59:44.319153 dv-cinder-787764-3-smb devstack@c-api.service[98597]: INFO cinder.api.openstack.wsgi [None req-739762e3-9c22-440b-8e04-522dd05a933d tempest-GroupSnapshotsTest-944492686 tempest-GroupSnapshotsTest-944492686-project] GET http://10.222.0.10/volume/v3/b40407a2aa5d41d4a385b9154adcd2e9/group_snapshots/8cb2695b-c1af-4a6c-bc64-a47fc58be16d
Jun 01 10:59:44.319656 dv-cinder-787764-3-smb devstack@c-api.service[98597]: DEBUG cinder.api.openstack.wsgi [None req-739762e3-9c22-440b-8e04-522dd05a933d tempest-GroupSnapshotsTest-944492686 tempest-GroupSnapshotsTest-944492686-project] Empty body provided in request {{(pid=98597) get_body /opt/stack/cinder/cinder/api/openstack/wsgi.py:713}}
Jun 01 10:59:44.320243 dv-cinder-787764-3-smb devstack@c-api.service[98597]: /usr/local/lib/python3.8/dist-packages/webob/acceptparse.py:1047: DeprecationWarning: The behavior of AcceptValidHeader.best_match is currently being maintained for backward compatibility, but it will be deprecated in the future, as it does not conform to the RFC.
Jun 01 10:59:44.320243 dv-cinder-787764-3-smb devstack@c-api.service[98597]:   warnings.warn(
Jun 01 10:59:44.320997 dv-cinder-787764-3-smb devstack@c-api.service[98597]: DEBUG cinder.api.openstack.wsgi [None req-739762e3-9c22-440b-8e04-522dd05a933d tempest-GroupSnapshotsTest-944492686 tempest-GroupSnapshotsTest-944492686-project] Calling method 'version_select' {{(pid=98597) _process_stack /opt/stack/cinder/cinder/api/openstack/wsgi.py:866}}
Jun 01 10:59:44.321495 dv-cinder-787764-3-smb devstack@c-api.service[98597]: DEBUG cinder.api.v3.group_snapshots [None req-739762e3-9c22-440b-8e04-522dd05a933d tempest-GroupSnapshotsTest-944492686 tempest-GroupSnapshotsTest-944492686-project] show called for member 8cb2695b-c1af-4a6c-bc64-a47fc58be16d {{(pid=98597) show /opt/stack/cinder/cinder/api/v3/group_snapshots.py:58}}
Jun 01 10:59:44.337607 dv-cinder-787764-3-smb devstack@c-api.service[98597]: /usr/local/lib/python3.8/dist-packages/oslo_context/context.py:105: DeprecationWarning: Policy enforcement is depending on the value of is_admin. This key is deprecated. Please update your policy file to use the standard policy values.
Jun 01 10:59:44.337607 dv-cinder-787764-3-smb devstack@c-api.service[98597]:   warnings.warn('Policy enforcement is depending on the value of '
Jun 01 10:59:44.358056 dv-cinder-787764-3-smb devstack@c-api.service[98597]: INFO cinder.api.openstack.wsgi [None req-739762e3-9c22-440b-8e04-522dd05a933d tempest-GroupSnapshotsTest-944492686 tempest-GroupSnapshotsTest-944492686-project] http://10.222.0.10/volume/v3/b40407a2aa5d41d4a385b9154adcd2e9/group_snapshots/8cb2695b-c1af-4a6c-bc64-a47fc58be16d returned with HTTP 200
Jun 01 10:59:44.359460 dv-cinder-787764-3-smb devstack@c-api.service[98597]: [pid: 98597|app: 0|req: 204/396] 10.222.0.10 () {60 vars in 1390 bytes} [Tue Jun  1 10:59:44 2021] GET /volume/v3/b40407a2aa5d41d4a385b9154adcd2e9/group_snapshots/8cb2695b-c1af-4a6c-bc64-a47fc58be16d => generated 307 bytes in 44 msecs (HTTP/1.1 200) 7 headers in 286 bytes (2 switches on core 0)
Jun 01 10:59:44.368752 dv-cinder-787764-3-smb devstack@c-api.service[98596]: /usr/local/lib/python3.8/dist-packages/oslo_context/context.py:105: DeprecationWarning: Policy enforcement is depending on the value of is_admin. This key is deprecated. Please update your policy file to use the standard policy values.
Jun 01 10:59:44.368752 dv-cinder-787764-3-smb devstack@c-api.service[98596]:   warnings.warn('Policy enforcement is depending on the value of '
Jun 01 10:59:44.380205 dv-cinder-787764-3-smb devstack@c-api.service[98596]: INFO cinder.volume.api [None req-beba9004-5486-4500-b89a-a2331608b30c tempest-VolumesGetTest-393599359 tempest-VolumesGetTest-393599359-project] Volume info retrieved successfully.
Jun 01 10:59:44.386676 dv-cinder-787764-3-smb devstack@c-api.service[98597]: INFO cinder.api.openstack.wsgi [None req-2163645b-26fa-47e3-818b-9d2f8b95b436 tempest-GroupSnapshotsTest-944492686 tempest-GroupSnapshotsTest-944492686-project] GET http://10.222.0.10/volume/v3/b40407a2aa5d41d4a385b9154adcd2e9/snapshots/detail
Jun 01 10:59:44.387266 dv-cinder-787764-3-smb devstack@c-api.service[98597]: DEBUG cinder.api.openstack.wsgi [None req-2163645b-26fa-47e3-818b-9d2f8b95b436 tempest-GroupSnapshotsTest-944492686 tempest-GroupSnapshotsTest-944492686-project] Empty body provided in request {{(pid=98597) get_body /opt/stack/cinder/cinder/api/openstack/wsgi.py:713}}
Jun 01 10:59:44.388476 dv-cinder-787764-3-smb devstack@c-api.service[98597]: /usr/local/lib/python3.8/dist-packages/webob/acceptparse.py:1047: DeprecationWarning: The behavior of AcceptValidHeader.best_match is currently being maintained for backward compatibility, but it will be deprecated in the future, as it does not conform to the RFC.
Jun 01 10:59:44.388476 dv-cinder-787764-3-smb devstack@c-api.service[98597]:   warnings.warn(
Jun 01 10:59:44.389288 dv-cinder-787764-3-smb devstack@c-api.service[98597]: DEBUG cinder.api.openstack.wsgi [None req-2163645b-26fa-47e3-818b-9d2f8b95b436 tempest-GroupSnapshotsTest-944492686 tempest-GroupSnapshotsTest-944492686-project] Calling method 'detail' {{(pid=98597) _process_stack /opt/stack/cinder/cinder/api/openstack/wsgi.py:866}}
Jun 01 10:59:44.391035 dv-cinder-787764-3-smb devstack@c-api.service[98597]: DEBUG cinder.api.api_utils [None req-2163645b-26fa-47e3-818b-9d2f8b95b436 tempest-GroupSnapshotsTest-944492686 tempest-GroupSnapshotsTest-944492686-project] Removing options '' from query. {{(pid=98597) remove_invalid_filter_options /opt/stack/cinder/cinder/api/api_utils.py:73}}
Jun 01 10:59:44.398045 dv-cinder-787764-3-smb devstack@c-api.service[98597]: DEBUG cinder.db.sqlalchemy.api [None req-2163645b-26fa-47e3-818b-9d2f8b95b436 tempest-GroupSnapshotsTest-944492686 tempest-GroupSnapshotsTest-944492686-project] Building query based on filter {{(pid=98597) _process_snaps_filters /opt/stack/cinder/cinder/db/sqlalchemy/api.py:3138}}
Jun 01 10:59:44.405828 dv-cinder-787764-3-smb devstack@c-api.service[98596]: INFO cinder.api.openstack.wsgi [None req-beba9004-5486-4500-b89a-a2331608b30c tempest-VolumesGetTest-393599359 tempest-VolumesGetTest-393599359-project] http://10.222.0.10/volume/v3/3ebd4da13e7b4839a85920777979e3f3/volumes/fb079fa1-38e4-4e25-b50c-fda214b8fac6 returned with HTTP 200
Jun 01 10:59:44.406892 dv-cinder-787764-3-smb devstack@c-api.service[98596]: [pid: 98596|app: 0|req: 193/397] 10.222.0.10 () {58 vars in 1325 bytes} [Tue Jun  1 10:59:44 2021] GET /volume/v3/3ebd4da13e7b4839a85920777979e3f3/volumes/fb079fa1-38e4-4e25-b50c-fda214b8fac6 => generated 906 bytes in 113 msecs (HTTP/1.1 200) 7 headers in 285 bytes (2 switches on core 0)
Jun 01 10:59:44.424199 dv-cinder-787764-3-smb devstack@c-api.service[98597]: INFO cinder.volume.api [None req-2163645b-26fa-47e3-818b-9d2f8b95b436 tempest-GroupSnapshotsTest-944492686 tempest-GroupSnapshotsTest-944492686-project] Get all snapshots completed successfully.
Jun 01 10:59:44.426263 dv-cinder-787764-3-smb devstack@c-api.service[98597]: /usr/local/lib/python3.8/dist-packages/oslo_context/context.py:105: DeprecationWarning: Policy enforcement is depending on the value of is_admin. This key is deprecated. Please update your policy file to use the standard policy values.
Jun 01 10:59:44.426263 dv-cinder-787764-3-smb devstack@c-api.service[98597]:   warnings.warn('Policy enforcement is depending on the value of '
Jun 01 10:59:44.429372 dv-cinder-787764-3-smb devstack@c-api.service[98597]: INFO cinder.api.openstack.wsgi [None req-2163645b-26fa-47e3-818b-9d2f8b95b436 tempest-GroupSnapshotsTest-944492686 tempest-GroupSnapshotsTest-944492686-project] http://10.222.0.10/volume/v3/b40407a2aa5d41d4a385b9154adcd2e9/snapshots/detail returned with HTTP 200
Jun 01 10:59:44.442708 dv-cinder-787764-3-smb devstack@c-api.service[98596]: INFO cinder.api.openstack.wsgi [None req-243df6cd-1488-47be-a48c-6bb69cfdf7e9 tempest-GroupSnapshotsTest-944492686 tempest-GroupSnapshotsTest-944492686-project] GET http://10.222.0.10/volume/v3/b40407a2aa5d41d4a385b9154adcd2e9/snapshots/654fa6e0-37ac-4ae7-84ce-16af70480717
Jun 01 10:59:44.445371 dv-cinder-787764-3-smb devstack@c-api.service[98596]: DEBUG cinder.api.openstack.wsgi [None req-243df6cd-1488-47be-a48c-6bb69cfdf7e9 tempest-GroupSnapshotsTest-944492686 tempest-GroupSnapshotsTest-944492686-project] Empty body provided in request {{(pid=98596) get_body /opt/stack/cinder/cinder/api/openstack/wsgi.py:713}}
Jun 01 10:59:44.445371 dv-cinder-787764-3-smb devstack@c-api.service[98596]: /usr/local/lib/python3.8/dist-packages/webob/acceptparse.py:1047: DeprecationWarning: The behavior of AcceptValidHeader.best_match is currently being maintained for backward compatibility, but it will be deprecated in the future, as it does not conform to the RFC.
Jun 01 10:59:44.445371 dv-cinder-787764-3-smb devstack@c-api.service[98596]:   warnings.warn(
Jun 01 10:59:44.445371 dv-cinder-787764-3-smb devstack@c-api.service[98596]: DEBUG cinder.api.openstack.wsgi [None req-243df6cd-1488-47be-a48c-6bb69cfdf7e9 tempest-GroupSnapshotsTest-944492686 tempest-GroupSnapshotsTest-944492686-project] Calling method 'show' {{(pid=98596) _process_stack /opt/stack/cinder/cinder/api/openstack/wsgi.py:866}}
Jun 01 10:59:44.451682 dv-cinder-787764-3-smb devstack@c-api.service[98597]: [pid: 98597|app: 0|req: 205/398] 10.222.0.10 () {58 vars in 1241 bytes} [Tue Jun  1 10:59:44 2021] GET /volume/v3/b40407a2aa5d41d4a385b9154adcd2e9/snapshots/detail => generated 519 bytes in 74 msecs (HTTP/1.1 200) 7 headers in 285 bytes (1 switches on core 0)
Jun 01 10:59:44.475381 dv-cinder-787764-3-smb devstack@c-api.service[98596]: /usr/local/lib/python3.8/dist-packages/oslo_context/context.py:105: DeprecationWarning: Policy enforcement is depending on the value of is_admin. This key is deprecated. Please update your policy file to use the standard policy values.
Jun 01 10:59:44.475381 dv-cinder-787764-3-smb devstack@c-api.service[98596]:   warnings.warn('Policy enforcement is depending on the value of '
Jun 01 10:59:44.476838 dv-cinder-787764-3-smb devstack@c-api.service[98596]: INFO cinder.volume.api [None req-243df6cd-1488-47be-a48c-6bb69cfdf7e9 tempest-GroupSnapshotsTest-944492686 tempest-GroupSnapshotsTest-944492686-project] Snapshot retrieved successfully.
Jun 01 10:59:44.479363 dv-cinder-787764-3-smb devstack@c-api.service[98596]: INFO cinder.api.openstack.wsgi [None req-243df6cd-1488-47be-a48c-6bb69cfdf7e9 tempest-GroupSnapshotsTest-944492686 tempest-GroupSnapshotsTest-944492686-project] http://10.222.0.10/volume/v3/b40407a2aa5d41d4a385b9154adcd2e9/snapshots/654fa6e0-37ac-4ae7-84ce-16af70480717 returned with HTTP 200
Jun 01 10:59:44.493168 dv-cinder-787764-3-smb devstack@c-api.service[98597]: INFO cinder.api.openstack.wsgi [None req-ddd97022-2d15-4d6c-ac5b-66b9ba30cbf4 tempest-GroupSnapshotsTest-944492686 tempest-GroupSnapshotsTest-944492686-project] GET http://10.222.0.10/volume/v3/b40407a2aa5d41d4a385b9154adcd2e9/group_snapshots/8cb2695b-c1af-4a6c-bc64-a47fc58be16d
Jun 01 10:59:44.493989 dv-cinder-787764-3-smb devstack@c-api.service[98597]: DEBUG cinder.api.openstack.wsgi [None req-ddd97022-2d15-4d6c-ac5b-66b9ba30cbf4 tempest-GroupSnapshotsTest-944492686 tempest-GroupSnapshotsTest-944492686-project] Empty body provided in request {{(pid=98597) get_body /opt/stack/cinder/cinder/api/openstack/wsgi.py:713}}
Jun 01 10:59:44.494315 dv-cinder-787764-3-smb devstack@c-api.service[98597]: /usr/local/lib/python3.8/dist-packages/webob/acceptparse.py:1047: DeprecationWarning: The behavior of AcceptValidHeader.best_match is currently being maintained for backward compatibility, but it will be deprecated in the future, as it does not conform to the RFC.
Jun 01 10:59:44.494315 dv-cinder-787764-3-smb devstack@c-api.service[98597]:   warnings.warn(
Jun 01 10:59:44.494970 dv-cinder-787764-3-smb devstack@c-api.service[98597]: DEBUG cinder.api.openstack.wsgi [None req-ddd97022-2d15-4d6c-ac5b-66b9ba30cbf4 tempest-GroupSnapshotsTest-944492686 tempest-GroupSnapshotsTest-944492686-project] Calling method 'version_select' {{(pid=98597) _process_stack /opt/stack/cinder/cinder/api/openstack/wsgi.py:866}}
Jun 01 10:59:44.495513 dv-cinder-787764-3-smb devstack@c-api.service[98597]: DEBUG cinder.api.v3.group_snapshots [None req-ddd97022-2d15-4d6c-ac5b-66b9ba30cbf4 tempest-GroupSnapshotsTest-944492686 tempest-GroupSnapshotsTest-944492686-project] show called for member 8cb2695b-c1af-4a6c-bc64-a47fc58be16d {{(pid=98597) show /opt/stack/cinder/cinder/api/v3/group_snapshots.py:58}}
Jun 01 10:59:44.499206 dv-cinder-787764-3-smb devstack@c-api.service[98596]: [pid: 98596|app: 0|req: 194/399] 10.222.0.10 () {58 vars in 1331 bytes} [Tue Jun  1 10:59:44 2021] GET /volume/v3/b40407a2aa5d41d4a385b9154adcd2e9/snapshots/654fa6e0-37ac-4ae7-84ce-16af70480717 => generated 516 bytes in 60 msecs (HTTP/1.1 200) 7 headers in 285 bytes (1 switches on core 0)
Jun 01 10:59:44.502525 dv-cinder-787764-3-smb devstack@c-api.service[98597]: /usr/local/lib/python3.8/dist-packages/oslo_context/context.py:105: DeprecationWarning: Policy enforcement is depending on the value of is_admin. This key is deprecated. Please update your policy file to use the standard policy values.
Jun 01 10:59:44.502525 dv-cinder-787764-3-smb devstack@c-api.service[98597]:   warnings.warn('Policy enforcement is depending on the value of '
Jun 01 10:59:44.515775 dv-cinder-787764-3-smb devstack@c-api.service[98597]: INFO cinder.api.openstack.wsgi [None req-ddd97022-2d15-4d6c-ac5b-66b9ba30cbf4 tempest-GroupSnapshotsTest-944492686 tempest-GroupSnapshotsTest-944492686-project] http://10.222.0.10/volume/v3/b40407a2aa5d41d4a385b9154adcd2e9/group_snapshots/8cb2695b-c1af-4a6c-bc64-a47fc58be16d returned with HTTP 200
Jun 01 10:59:44.515775 dv-cinder-787764-3-smb devstack@c-api.service[98597]: [pid: 98597|app: 0|req: 206/400] 10.222.0.10 () {60 vars in 1390 bytes} [Tue Jun  1 10:59:44 2021] GET /volume/v3/b40407a2aa5d41d4a385b9154adcd2e9/group_snapshots/8cb2695b-c1af-4a6c-bc64-a47fc58be16d => generated 307 bytes in 29 msecs (HTTP/1.1 200) 7 headers in 286 bytes (1 switches on core 0)
Jun 01 10:59:44.526010 dv-cinder-787764-3-smb devstack@c-api.service[98596]: INFO cinder.api.openstack.wsgi [None req-05d88273-f480-49b6-b2aa-fe7a2b445edd tempest-GroupSnapshotsTest-944492686 tempest-GroupSnapshotsTest-944492686-project] GET http://10.222.0.10/volume/v3/b40407a2aa5d41d4a385b9154adcd2e9/group_snapshots/detail
Jun 01 10:59:44.526729 dv-cinder-787764-3-smb devstack@c-api.service[98596]: DEBUG cinder.api.openstack.wsgi [None req-05d88273-f480-49b6-b2aa-fe7a2b445edd tempest-GroupSnapshotsTest-944492686 tempest-GroupSnapshotsTest-944492686-project] Empty body provided in request {{(pid=98596) get_body /opt/stack/cinder/cinder/api/openstack/wsgi.py:713}}
Jun 01 10:59:44.527039 dv-cinder-787764-3-smb devstack@c-api.service[98596]: /usr/local/lib/python3.8/dist-packages/webob/acceptparse.py:1047: DeprecationWarning: The behavior of AcceptValidHeader.best_match is currently being maintained for backward compatibility, but it will be deprecated in the future, as it does not conform to the RFC.
Jun 01 10:59:44.527039 dv-cinder-787764-3-smb devstack@c-api.service[98596]:   warnings.warn(
Jun 01 10:59:44.527554 dv-cinder-787764-3-smb devstack@c-api.service[98596]: DEBUG cinder.api.openstack.wsgi [None req-05d88273-f480-49b6-b2aa-fe7a2b445edd tempest-GroupSnapshotsTest-944492686 tempest-GroupSnapshotsTest-944492686-project] Calling method 'version_select' {{(pid=98596) _process_stack /opt/stack/cinder/cinder/api/openstack/wsgi.py:866}}
Jun 01 10:59:44.565057 dv-cinder-787764-3-smb devstack@c-api.service[98596]: INFO cinder.api.openstack.wsgi [None req-05d88273-f480-49b6-b2aa-fe7a2b445edd tempest-GroupSnapshotsTest-944492686 tempest-GroupSnapshotsTest-944492686-project] http://10.222.0.10/volume/v3/b40407a2aa5d41d4a385b9154adcd2e9/group_snapshots/detail returned with HTTP 200
Jun 01 10:59:44.570356 dv-cinder-787764-3-smb devstack@c-api.service[98596]: [pid: 98596|app: 0|req: 195/401] 10.222.0.10 () {60 vars in 1300 bytes} [Tue Jun  1 10:59:44 2021] GET /volume/v3/b40407a2aa5d41d4a385b9154adcd2e9/group_snapshots/detail => generated 310 bytes in 48 msecs (HTTP/1.1 200) 7 headers in 286 bytes (1 switches on core 0)
Jun 01 10:59:44.577056 dv-cinder-787764-3-smb devstack@c-api.service[98597]: INFO cinder.api.openstack.wsgi [None req-c1439bb7-b188-4fd6-b1df-a313c253e470 tempest-GroupSnapshotsTest-944492686 tempest-GroupSnapshotsTest-944492686-project] DELETE http://10.222.0.10/volume/v3/b40407a2aa5d41d4a385b9154adcd2e9/group_snapshots/8cb2695b-c1af-4a6c-bc64-a47fc58be16d
Jun 01 10:59:44.578094 dv-cinder-787764-3-smb devstack@c-api.service[98597]: DEBUG cinder.api.openstack.wsgi [None req-c1439bb7-b188-4fd6-b1df-a313c253e470 tempest-GroupSnapshotsTest-944492686 tempest-GroupSnapshotsTest-944492686-project] Empty body provided in request {{(pid=98597) get_body /opt/stack/cinder/cinder/api/openstack/wsgi.py:713}}
Jun 01 10:59:44.578497 dv-cinder-787764-3-smb devstack@c-api.service[98597]: /usr/local/lib/python3.8/dist-packages/webob/acceptparse.py:1047: DeprecationWarning: The behavior of AcceptValidHeader.best_match is currently being maintained for backward compatibility, but it will be deprecated in the future, as it does not conform to the RFC.
Jun 01 10:59:44.578497 dv-cinder-787764-3-smb devstack@c-api.service[98597]:   warnings.warn(
Jun 01 10:59:44.579100 dv-cinder-787764-3-smb devstack@c-api.service[98597]: DEBUG cinder.api.openstack.wsgi [None req-c1439bb7-b188-4fd6-b1df-a313c253e470 tempest-GroupSnapshotsTest-944492686 tempest-GroupSnapshotsTest-944492686-project] Calling method 'version_select' {{(pid=98597) _process_stack /opt/stack/cinder/cinder/api/openstack/wsgi.py:866}}
Jun 01 10:59:44.579846 dv-cinder-787764-3-smb devstack@c-api.service[98597]: DEBUG cinder.api.v3.group_snapshots [None req-c1439bb7-b188-4fd6-b1df-a313c253e470 tempest-GroupSnapshotsTest-944492686 tempest-GroupSnapshotsTest-944492686-project] delete called for member 8cb2695b-c1af-4a6c-bc64-a47fc58be16d {{(pid=98597) delete /opt/stack/cinder/cinder/api/v3/group_snapshots.py:72}}
Jun 01 10:59:44.580351 dv-cinder-787764-3-smb devstack@c-api.service[98597]: INFO cinder.api.v3.group_snapshots [None req-c1439bb7-b188-4fd6-b1df-a313c253e470 tempest-GroupSnapshotsTest-944492686 tempest-GroupSnapshotsTest-944492686-project] Delete group_snapshot with id: 8cb2695b-c1af-4a6c-bc64-a47fc58be16d
Jun 01 10:59:44.602719 dv-cinder-787764-3-smb devstack@c-api.service[98597]: /usr/local/lib/python3.8/dist-packages/oslo_context/context.py:105: DeprecationWarning: Policy enforcement is depending on the value of is_admin. This key is deprecated. Please update your policy file to use the standard policy values.
Jun 01 10:59:44.602719 dv-cinder-787764-3-smb devstack@c-api.service[98597]:   warnings.warn('Policy enforcement is depending on the value of '
Jun 01 10:59:44.724893 dv-cinder-787764-3-smb devstack@c-api.service[98597]: INFO cinder.api.openstack.wsgi [None req-c1439bb7-b188-4fd6-b1df-a313c253e470 tempest-GroupSnapshotsTest-944492686 tempest-GroupSnapshotsTest-944492686-project] http://10.222.0.10/volume/v3/b40407a2aa5d41d4a385b9154adcd2e9/group_snapshots/8cb2695b-c1af-4a6c-bc64-a47fc58be16d returned with HTTP 202
Jun 01 10:59:44.726077 dv-cinder-787764-3-smb devstack@c-api.service[98597]: [pid: 98597|app: 0|req: 207/402] 10.222.0.10 () {60 vars in 1393 bytes} [Tue Jun  1 10:59:44 2021] DELETE /volume/v3/b40407a2aa5d41d4a385b9154adcd2e9/group_snapshots/8cb2695b-c1af-4a6c-bc64-a47fc58be16d => generated 0 bytes in 153 msecs (HTTP/1.1 202) 6 headers in 234 bytes (1 switches on core 0)
Jun 01 10:59:44.733753 dv-cinder-787764-3-smb devstack@c-api.service[98596]: INFO cinder.api.openstack.wsgi [None req-59fcce38-7b2c-42c0-b4ec-8e11dfa6327e tempest-GroupSnapshotsTest-944492686 tempest-GroupSnapshotsTest-944492686-project] GET http://10.222.0.10/volume/v3/b40407a2aa5d41d4a385b9154adcd2e9/volumes/detail
Jun 01 10:59:44.734590 dv-cinder-787764-3-smb devstack@c-api.service[98596]: DEBUG cinder.api.openstack.wsgi [None req-59fcce38-7b2c-42c0-b4ec-8e11dfa6327e tempest-GroupSnapshotsTest-944492686 tempest-GroupSnapshotsTest-944492686-project] Empty body provided in request {{(pid=98596) get_body /opt/stack/cinder/cinder/api/openstack/wsgi.py:713}}
Jun 01 10:59:44.735000 dv-cinder-787764-3-smb devstack@c-api.service[98596]: /usr/local/lib/python3.8/dist-packages/webob/acceptparse.py:1047: DeprecationWarning: The behavior of AcceptValidHeader.best_match is currently being maintained for backward compatibility, but it will be deprecated in the future, as it does not conform to the RFC.
Jun 01 10:59:44.735000 dv-cinder-787764-3-smb devstack@c-api.service[98596]:   warnings.warn(
Jun 01 10:59:44.735596 dv-cinder-787764-3-smb devstack@c-api.service[98596]: DEBUG cinder.api.openstack.wsgi [None req-59fcce38-7b2c-42c0-b4ec-8e11dfa6327e tempest-GroupSnapshotsTest-944492686 tempest-GroupSnapshotsTest-944492686-project] Calling method 'detail' {{(pid=98596) _process_stack /opt/stack/cinder/cinder/api/openstack/wsgi.py:866}}
Jun 01 10:59:44.736336 dv-cinder-787764-3-smb devstack@c-api.service[98596]: DEBUG cinder.api.api_utils [None req-59fcce38-7b2c-42c0-b4ec-8e11dfa6327e tempest-GroupSnapshotsTest-944492686 tempest-GroupSnapshotsTest-944492686-project] Removing options '' from query. {{(pid=98596) remove_invalid_filter_options /opt/stack/cinder/cinder/api/api_utils.py:73}}
Jun 01 10:59:44.737494 dv-cinder-787764-3-smb devstack@c-api.service[98596]: /usr/local/lib/python3.8/dist-packages/oslo_context/context.py:105: DeprecationWarning: Policy enforcement is depending on the value of is_admin. This key is deprecated. Please update your policy file to use the standard policy values.
Jun 01 10:59:44.737494 dv-cinder-787764-3-smb devstack@c-api.service[98596]:   warnings.warn('Policy enforcement is depending on the value of '
Jun 01 10:59:44.739027 dv-cinder-787764-3-smb devstack@c-api.service[98596]: DEBUG cinder.volume.api [None req-59fcce38-7b2c-42c0-b4ec-8e11dfa6327e tempest-GroupSnapshotsTest-944492686 tempest-GroupSnapshotsTest-944492686-project] Searching by: MultiDict([('no_migration_targets', True)]). {{(pid=98596) get_all /opt/stack/cinder/cinder/volume/api.py:617}}
Jun 01 10:59:44.859654 dv-cinder-787764-3-smb devstack@c-api.service[98597]: INFO cinder.api.openstack.wsgi [None req-beb687ee-0897-41de-972a-e515057562c5 tempest-VolumesDeleteCascade-581697804 tempest-VolumesDeleteCascade-581697804-project] GET http://10.222.0.10/volume/v3/522dd68c01af46c7b8fbad5a325ed019/volumes/27623a07-91f1-4312-b148-f852a9f5963e
Jun 01 10:59:44.860295 dv-cinder-787764-3-smb devstack@c-api.service[98597]: DEBUG cinder.api.openstack.wsgi [None req-beb687ee-0897-41de-972a-e515057562c5 tempest-VolumesDeleteCascade-581697804 tempest-VolumesDeleteCascade-581697804-project] Empty body provided in request {{(pid=98597) get_body /opt/stack/cinder/cinder/api/openstack/wsgi.py:713}}
Jun 01 10:59:44.860469 dv-cinder-787764-3-smb devstack@c-api.service[98597]: /usr/local/lib/python3.8/dist-packages/webob/acceptparse.py:1047: DeprecationWarning: The behavior of AcceptValidHeader.best_match is currently being maintained for backward compatibility, but it will be deprecated in the future, as it does not conform to the RFC.
Jun 01 10:59:44.860469 dv-cinder-787764-3-smb devstack@c-api.service[98597]:   warnings.warn(
Jun 01 10:59:44.861029 dv-cinder-787764-3-smb devstack@c-api.service[98597]: DEBUG cinder.api.openstack.wsgi [None req-beb687ee-0897-41de-972a-e515057562c5 tempest-VolumesDeleteCascade-581697804 tempest-VolumesDeleteCascade-581697804-project] Calling method 'show' {{(pid=98597) _process_stack /opt/stack/cinder/cinder/api/openstack/wsgi.py:866}}
Jun 01 10:59:44.874891 dv-cinder-787764-3-smb devstack@c-api.service[98596]: INFO cinder.volume.api [None req-59fcce38-7b2c-42c0-b4ec-8e11dfa6327e tempest-GroupSnapshotsTest-944492686 tempest-GroupSnapshotsTest-944492686-project] Get all volumes completed successfully.
Jun 01 10:59:44.876267 dv-cinder-787764-3-smb devstack@c-api.service[98596]: WARNING stevedore.named [None req-59fcce38-7b2c-42c0-b4ec-8e11dfa6327e tempest-GroupSnapshotsTest-944492686 tempest-GroupSnapshotsTest-944492686-project] Could not load cinder.keymgr.conf_key_mgr.ConfKeyManager
Jun 01 10:59:44.876662 dv-cinder-787764-3-smb devstack@c-api.service[98596]: WARNING castellan.key_manager [None req-59fcce38-7b2c-42c0-b4ec-8e11dfa6327e tempest-GroupSnapshotsTest-944492686 tempest-GroupSnapshotsTest-944492686-project] Deprecation Warning : cinder.keymgr.conf_key_mgr.ConfKeyManager is not a stevedore based driver, trying to load it as a class: stevedore.exception.NoMatches: No 'castellan.drivers' driver found, looking for 'cinder.keymgr.conf_key_mgr.ConfKeyManager'
Jun 01 10:59:44.904974 dv-cinder-787764-3-smb devstack@c-api.service[98596]: DEBUG oslo_db.sqlalchemy.engines [None req-59fcce38-7b2c-42c0-b4ec-8e11dfa6327e tempest-GroupSnapshotsTest-944492686 tempest-GroupSnapshotsTest-944492686-project] MySQL server mode set to STRICT_TRANS_TABLES,STRICT_ALL_TABLES,NO_ZERO_IN_DATE,NO_ZERO_DATE,ERROR_FOR_DIVISION_BY_ZERO,TRADITIONAL,NO_ENGINE_SUBSTITUTION {{(pid=98596) _check_effective_sql_mode /usr/local/lib/python3.8/dist-packages/oslo_db/sqlalchemy/engines.py:314}}
Jun 01 10:59:44.915707 dv-cinder-787764-3-smb devstack@c-api.service[98596]: /usr/local/lib/python3.8/dist-packages/oslo_context/context.py:105: DeprecationWarning: Policy enforcement is depending on the value of is_admin. This key is deprecated. Please update your policy file to use the standard policy values.
Jun 01 10:59:44.915707 dv-cinder-787764-3-smb devstack@c-api.service[98596]:   warnings.warn('Policy enforcement is depending on the value of '
Jun 01 10:59:44.955668 dv-cinder-787764-3-smb devstack@c-api.service[98596]: INFO cinder.api.openstack.wsgi [None req-59fcce38-7b2c-42c0-b4ec-8e11dfa6327e tempest-GroupSnapshotsTest-944492686 tempest-GroupSnapshotsTest-944492686-project] http://10.222.0.10/volume/v3/b40407a2aa5d41d4a385b9154adcd2e9/volumes/detail returned with HTTP 200
Jun 01 10:59:44.956957 dv-cinder-787764-3-smb devstack@c-api.service[98596]: [pid: 98596|app: 0|req: 196/403] 10.222.0.10 () {60 vars in 1276 bytes} [Tue Jun  1 10:59:44 2021] GET /volume/v3/b40407a2aa5d41d4a385b9154adcd2e9/volumes/detail => generated 1004 bytes in 227 msecs (HTTP/1.1 200) 7 headers in 287 bytes (2 switches on core 0)
Jun 01 10:59:44.971382 dv-cinder-787764-3-smb devstack@c-api.service[98597]: INFO cinder.api.openstack.wsgi [None req-beb687ee-0897-41de-972a-e515057562c5 tempest-VolumesDeleteCascade-581697804 tempest-VolumesDeleteCascade-581697804-project] http://10.222.0.10/volume/v3/522dd68c01af46c7b8fbad5a325ed019/volumes/27623a07-91f1-4312-b148-f852a9f5963e returned with HTTP 404
Jun 01 10:59:44.972789 dv-cinder-787764-3-smb devstack@c-api.service[98597]: [pid: 98597|app: 0|req: 208/404] 10.222.0.10 () {58 vars in 1325 bytes} [Tue Jun  1 10:59:44 2021] GET /volume/v3/522dd68c01af46c7b8fbad5a325ed019/volumes/27623a07-91f1-4312-b148-f852a9f5963e => generated 109 bytes in 117 msecs (HTTP/1.1 404) 7 headers in 292 bytes (2 switches on core 0)
Jun 01 10:59:44.974121 dv-cinder-787764-3-smb devstack@c-api.service[98596]: INFO cinder.api.openstack.wsgi [None req-9794ec68-dd32-4ca9-b57f-ca51d9959d60 tempest-GroupSnapshotsTest-944492686 tempest-GroupSnapshotsTest-944492686-project] GET http://10.222.0.10/volume/v3/b40407a2aa5d41d4a385b9154adcd2e9/snapshots/detail
Jun 01 10:59:44.975669 dv-cinder-787764-3-smb devstack@c-api.service[98596]: DEBUG cinder.api.openstack.wsgi [None req-9794ec68-dd32-4ca9-b57f-ca51d9959d60 tempest-GroupSnapshotsTest-944492686 tempest-GroupSnapshotsTest-944492686-project] Empty body provided in request {{(pid=98596) get_body /opt/stack/cinder/cinder/api/openstack/wsgi.py:713}}
Jun 01 10:59:44.976146 dv-cinder-787764-3-smb devstack@c-api.service[98596]: /usr/local/lib/python3.8/dist-packages/webob/acceptparse.py:1047: DeprecationWarning: The behavior of AcceptValidHeader.best_match is currently being maintained for backward compatibility, but it will be deprecated in the future, as it does not conform to the RFC.
Jun 01 10:59:44.976146 dv-cinder-787764-3-smb devstack@c-api.service[98596]:   warnings.warn(
Jun 01 10:59:44.976736 dv-cinder-787764-3-smb devstack@c-api.service[98596]: DEBUG cinder.api.openstack.wsgi [None req-9794ec68-dd32-4ca9-b57f-ca51d9959d60 tempest-GroupSnapshotsTest-944492686 tempest-GroupSnapshotsTest-944492686-project] Calling method 'detail' {{(pid=98596) _process_stack /opt/stack/cinder/cinder/api/openstack/wsgi.py:866}}
Jun 01 10:59:44.977595 dv-cinder-787764-3-smb devstack@c-api.service[98596]: DEBUG cinder.api.api_utils [None req-9794ec68-dd32-4ca9-b57f-ca51d9959d60 tempest-GroupSnapshotsTest-944492686 tempest-GroupSnapshotsTest-944492686-project] Removing options '' from query. {{(pid=98596) remove_invalid_filter_options /opt/stack/cinder/cinder/api/api_utils.py:73}}
Jun 01 10:59:44.980109 dv-cinder-787764-3-smb devstack@c-api.service[98596]: DEBUG cinder.db.sqlalchemy.api [None req-9794ec68-dd32-4ca9-b57f-ca51d9959d60 tempest-GroupSnapshotsTest-944492686 tempest-GroupSnapshotsTest-944492686-project] Building query based on filter {{(pid=98596) _process_snaps_filters /opt/stack/cinder/cinder/db/sqlalchemy/api.py:3138}}
Jun 01 10:59:44.998119 dv-cinder-787764-3-smb devstack@c-api.service[98597]: INFO cinder.api.openstack.wsgi [None req-2daf70c3-2f08-4057-b8b7-f36435c4ab29 tempest-VolumesDeleteCascade-581697804 tempest-VolumesDeleteCascade-581697804-project] GET http://10.222.0.10/volume/v3/522dd68c01af46c7b8fbad5a325ed019/volumes
Jun 01 10:59:44.998594 dv-cinder-787764-3-smb devstack@c-api.service[98597]: DEBUG cinder.api.openstack.wsgi [None req-2daf70c3-2f08-4057-b8b7-f36435c4ab29 tempest-VolumesDeleteCascade-581697804 tempest-VolumesDeleteCascade-581697804-project] Empty body provided in request {{(pid=98597) get_body /opt/stack/cinder/cinder/api/openstack/wsgi.py:713}}
Jun 01 10:59:44.998745 dv-cinder-787764-3-smb devstack@c-api.service[98596]: INFO cinder.volume.api [None req-9794ec68-dd32-4ca9-b57f-ca51d9959d60 tempest-GroupSnapshotsTest-944492686 tempest-GroupSnapshotsTest-944492686-project] Get all snapshots completed successfully.
Jun 01 10:59:44.999873 dv-cinder-787764-3-smb devstack@c-api.service[98596]: /usr/local/lib/python3.8/dist-packages/oslo_context/context.py:105: DeprecationWarning: Policy enforcement is depending on the value of is_admin. This key is deprecated. Please update your policy file to use the standard policy values.
Jun 01 10:59:44.999873 dv-cinder-787764-3-smb devstack@c-api.service[98596]:   warnings.warn('Policy enforcement is depending on the value of '
Jun 01 10:59:45.001578 dv-cinder-787764-3-smb devstack@c-api.service[98596]: INFO cinder.api.openstack.wsgi [None req-9794ec68-dd32-4ca9-b57f-ca51d9959d60 tempest-GroupSnapshotsTest-944492686 tempest-GroupSnapshotsTest-944492686-project] http://10.222.0.10/volume/v3/b40407a2aa5d41d4a385b9154adcd2e9/snapshots/detail returned with HTTP 200
Jun 01 10:59:45.001897 dv-cinder-787764-3-smb devstack@c-api.service[98597]: DEBUG cinder.api.openstack.wsgi [None req-2daf70c3-2f08-4057-b8b7-f36435c4ab29 tempest-VolumesDeleteCascade-581697804 tempest-VolumesDeleteCascade-581697804-project] Calling method 'index' {{(pid=98597) _process_stack /opt/stack/cinder/cinder/api/openstack/wsgi.py:866}}
Jun 01 10:59:45.002457 dv-cinder-787764-3-smb devstack@c-api.service[98597]: DEBUG cinder.api.api_utils [None req-2daf70c3-2f08-4057-b8b7-f36435c4ab29 tempest-VolumesDeleteCascade-581697804 tempest-VolumesDeleteCascade-581697804-project] Removing options '' from query. {{(pid=98597) remove_invalid_filter_options /opt/stack/cinder/cinder/api/api_utils.py:73}}
Jun 01 10:59:45.003391 dv-cinder-787764-3-smb devstack@c-api.service[98596]: [pid: 98596|app: 0|req: 197/405] 10.222.0.10 () {58 vars in 1241 bytes} [Tue Jun  1 10:59:44 2021] GET /volume/v3/b40407a2aa5d41d4a385b9154adcd2e9/snapshots/detail => generated 517 bytes in 33 msecs (HTTP/1.1 200) 7 headers in 285 bytes (1 switches on core 0)
Jun 01 10:59:45.009420 dv-cinder-787764-3-smb devstack@c-api.service[98597]: /usr/local/lib/python3.8/dist-packages/oslo_context/context.py:105: DeprecationWarning: Policy enforcement is depending on the value of is_admin. This key is deprecated. Please update your policy file to use the standard policy values.
Jun 01 10:59:45.009420 dv-cinder-787764-3-smb devstack@c-api.service[98597]:   warnings.warn('Policy enforcement is depending on the value of '
Jun 01 10:59:45.011224 dv-cinder-787764-3-smb devstack@c-api.service[98597]: DEBUG cinder.volume.api [None req-2daf70c3-2f08-4057-b8b7-f36435c4ab29 tempest-VolumesDeleteCascade-581697804 tempest-VolumesDeleteCascade-581697804-project] Searching by: MultiDict([('no_migration_targets', True)]). {{(pid=98597) get_all /opt/stack/cinder/cinder/volume/api.py:617}}
Jun 01 10:59:45.015022 dv-cinder-787764-3-smb devstack@c-api.service[98596]: INFO cinder.api.openstack.wsgi [None req-d844e6fd-66fb-4060-80cf-e180b62d66e7 tempest-GroupSnapshotsTest-944492686 tempest-GroupSnapshotsTest-944492686-project] GET http://10.222.0.10/volume/v3/b40407a2aa5d41d4a385b9154adcd2e9/snapshots/654fa6e0-37ac-4ae7-84ce-16af70480717
Jun 01 10:59:45.020052 dv-cinder-787764-3-smb devstack@c-api.service[98596]: DEBUG cinder.api.openstack.wsgi [None req-d844e6fd-66fb-4060-80cf-e180b62d66e7 tempest-GroupSnapshotsTest-944492686 tempest-GroupSnapshotsTest-944492686-project] Empty body provided in request {{(pid=98596) get_body /opt/stack/cinder/cinder/api/openstack/wsgi.py:713}}
Jun 01 10:59:45.020280 dv-cinder-787764-3-smb devstack@c-api.service[98596]: /usr/local/lib/python3.8/dist-packages/webob/acceptparse.py:1047: DeprecationWarning: The behavior of AcceptValidHeader.best_match is currently being maintained for backward compatibility, but it will be deprecated in the future, as it does not conform to the RFC.
Jun 01 10:59:45.020280 dv-cinder-787764-3-smb devstack@c-api.service[98596]:   warnings.warn(
Jun 01 10:59:45.020762 dv-cinder-787764-3-smb devstack@c-api.service[98596]: DEBUG cinder.api.openstack.wsgi [None req-d844e6fd-66fb-4060-80cf-e180b62d66e7 tempest-GroupSnapshotsTest-944492686 tempest-GroupSnapshotsTest-944492686-project] Calling method 'show' {{(pid=98596) _process_stack /opt/stack/cinder/cinder/api/openstack/wsgi.py:866}}
Jun 01 10:59:45.079199 dv-cinder-787764-3-smb devstack@c-api.service[98596]: /usr/local/lib/python3.8/dist-packages/oslo_context/context.py:105: DeprecationWarning: Policy enforcement is depending on the value of is_admin. This key is deprecated. Please update your policy file to use the standard policy values.
Jun 01 10:59:45.079199 dv-cinder-787764-3-smb devstack@c-api.service[98596]:   warnings.warn('Policy enforcement is depending on the value of '
Jun 01 10:59:45.082563 dv-cinder-787764-3-smb devstack@c-api.service[98596]: INFO cinder.volume.api [None req-d844e6fd-66fb-4060-80cf-e180b62d66e7 tempest-GroupSnapshotsTest-944492686 tempest-GroupSnapshotsTest-944492686-project] Snapshot retrieved successfully.
Jun 01 10:59:45.089243 dv-cinder-787764-3-smb devstack@c-api.service[98596]: INFO cinder.api.openstack.wsgi [None req-d844e6fd-66fb-4060-80cf-e180b62d66e7 tempest-GroupSnapshotsTest-944492686 tempest-GroupSnapshotsTest-944492686-project] http://10.222.0.10/volume/v3/b40407a2aa5d41d4a385b9154adcd2e9/snapshots/654fa6e0-37ac-4ae7-84ce-16af70480717 returned with HTTP 200
Jun 01 10:59:45.090425 dv-cinder-787764-3-smb devstack@c-api.service[98596]: [pid: 98596|app: 0|req: 198/406] 10.222.0.10 () {58 vars in 1331 bytes} [Tue Jun  1 10:59:45 2021] GET /volume/v3/b40407a2aa5d41d4a385b9154adcd2e9/snapshots/654fa6e0-37ac-4ae7-84ce-16af70480717 => generated 514 bytes in 80 msecs (HTTP/1.1 200) 7 headers in 285 bytes (1 switches on core 0)
Jun 01 10:59:45.122884 dv-cinder-787764-3-smb devstack@c-api.service[98597]: INFO cinder.volume.api [None req-2daf70c3-2f08-4057-b8b7-f36435c4ab29 tempest-VolumesDeleteCascade-581697804 tempest-VolumesDeleteCascade-581697804-project] Get all volumes completed successfully.
Jun 01 10:59:45.123609 dv-cinder-787764-3-smb devstack@c-api.service[98597]: INFO cinder.api.openstack.wsgi [None req-2daf70c3-2f08-4057-b8b7-f36435c4ab29 tempest-VolumesDeleteCascade-581697804 tempest-VolumesDeleteCascade-581697804-project] http://10.222.0.10/volume/v3/522dd68c01af46c7b8fbad5a325ed019/volumes returned with HTTP 200
Jun 01 10:59:45.130274 dv-cinder-787764-3-smb devstack@c-api.service[98597]: [pid: 98597|app: 0|req: 209/407] 10.222.0.10 () {58 vars in 1214 bytes} [Tue Jun  1 10:59:44 2021] GET /volume/v3/522dd68c01af46c7b8fbad5a325ed019/volumes => generated 15 bytes in 152 msecs (HTTP/1.1 200) 7 headers in 284 bytes (1 switches on core 0)
Jun 01 10:59:45.142059 dv-cinder-787764-3-smb devstack@c-api.service[98596]: INFO cinder.api.openstack.wsgi [None req-1142c9f5-d71d-40a5-87b2-1808514144b4 tempest-VolumesDeleteCascade-581697804 tempest-VolumesDeleteCascade-581697804-project] GET http://10.222.0.10/volume/v3/522dd68c01af46c7b8fbad5a325ed019/snapshots
Jun 01 10:59:45.143131 dv-cinder-787764-3-smb devstack@c-api.service[98596]: DEBUG cinder.api.openstack.wsgi [None req-1142c9f5-d71d-40a5-87b2-1808514144b4 tempest-VolumesDeleteCascade-581697804 tempest-VolumesDeleteCascade-581697804-project] Empty body provided in request {{(pid=98596) get_body /opt/stack/cinder/cinder/api/openstack/wsgi.py:713}}
Jun 01 10:59:45.143371 dv-cinder-787764-3-smb devstack@c-api.service[98596]: /usr/local/lib/python3.8/dist-packages/webob/acceptparse.py:1047: DeprecationWarning: The behavior of AcceptValidHeader.best_match is currently being maintained for backward compatibility, but it will be deprecated in the future, as it does not conform to the RFC.
Jun 01 10:59:45.143371 dv-cinder-787764-3-smb devstack@c-api.service[98596]:   warnings.warn(
Jun 01 10:59:45.144449 dv-cinder-787764-3-smb devstack@c-api.service[98596]: DEBUG cinder.api.openstack.wsgi [None req-1142c9f5-d71d-40a5-87b2-1808514144b4 tempest-VolumesDeleteCascade-581697804 tempest-VolumesDeleteCascade-581697804-project] Calling method 'index' {{(pid=98596) _process_stack /opt/stack/cinder/cinder/api/openstack/wsgi.py:866}}
Jun 01 10:59:45.145465 dv-cinder-787764-3-smb devstack@c-api.service[98596]: DEBUG cinder.api.api_utils [None req-1142c9f5-d71d-40a5-87b2-1808514144b4 tempest-VolumesDeleteCascade-581697804 tempest-VolumesDeleteCascade-581697804-project] Removing options '' from query. {{(pid=98596) remove_invalid_filter_options /opt/stack/cinder/cinder/api/api_utils.py:73}}
Jun 01 10:59:45.148698 dv-cinder-787764-3-smb devstack@c-api.service[98596]: DEBUG cinder.db.sqlalchemy.api [None req-1142c9f5-d71d-40a5-87b2-1808514144b4 tempest-VolumesDeleteCascade-581697804 tempest-VolumesDeleteCascade-581697804-project] Building query based on filter {{(pid=98596) _process_snaps_filters /opt/stack/cinder/cinder/db/sqlalchemy/api.py:3138}}
Jun 01 10:59:45.190329 dv-cinder-787764-3-smb devstack@c-api.service[98596]: INFO cinder.volume.api [None req-1142c9f5-d71d-40a5-87b2-1808514144b4 tempest-VolumesDeleteCascade-581697804 tempest-VolumesDeleteCascade-581697804-project] Get all snapshots completed successfully.
Jun 01 10:59:45.191477 dv-cinder-787764-3-smb devstack@c-api.service[98596]: INFO cinder.api.openstack.wsgi [None req-1142c9f5-d71d-40a5-87b2-1808514144b4 tempest-VolumesDeleteCascade-581697804 tempest-VolumesDeleteCascade-581697804-project] http://10.222.0.10/volume/v3/522dd68c01af46c7b8fbad5a325ed019/snapshots returned with HTTP 200
Jun 01 10:59:45.192844 dv-cinder-787764-3-smb devstack@c-api.service[98596]: [pid: 98596|app: 0|req: 199/408] 10.222.0.10 () {58 vars in 1220 bytes} [Tue Jun  1 10:59:45 2021] GET /volume/v3/522dd68c01af46c7b8fbad5a325ed019/snapshots => generated 17 bytes in 56 msecs (HTTP/1.1 200) 7 headers in 284 bytes (1 switches on core 0)
Jun 01 10:59:45.206654 dv-cinder-787764-3-smb devstack@c-api.service[98597]: INFO cinder.api.openstack.wsgi [None req-4d7a5a09-1bc9-4f41-a023-9ff0844a4035 tempest-VolumesDeleteCascade-581697804 tempest-VolumesDeleteCascade-581697804-project] POST http://10.222.0.10/volume/v3/522dd68c01af46c7b8fbad5a325ed019/volumes
Jun 01 10:59:45.207369 dv-cinder-787764-3-smb devstack@c-api.service[98597]: DEBUG cinder.api.openstack.wsgi [None req-4d7a5a09-1bc9-4f41-a023-9ff0844a4035 tempest-VolumesDeleteCascade-581697804 tempest-VolumesDeleteCascade-581697804-project] Action: 'create', calling method: create, body: {"volume": {"size": 1, "name": "tempest-VolumesDeleteCascade-Volume-478433727"}} {{(pid=98597) _process_stack /opt/stack/cinder/cinder/api/openstack/wsgi.py:864}}
Jun 01 10:59:45.208330 dv-cinder-787764-3-smb devstack@c-api.service[98597]: DEBUG cinder.api.v3.volumes [None req-4d7a5a09-1bc9-4f41-a023-9ff0844a4035 tempest-VolumesDeleteCascade-581697804 tempest-VolumesDeleteCascade-581697804-project] Create volume request body: {'volume': {'size': 1, 'name': 'tempest-VolumesDeleteCascade-Volume-478433727'}} {{(pid=98597) create /opt/stack/cinder/cinder/api/v3/volumes.py:289}}
Jun 01 10:59:45.208649 dv-cinder-787764-3-smb devstack@c-api.service[98597]: INFO cinder.api.v3.volumes [None req-4d7a5a09-1bc9-4f41-a023-9ff0844a4035 tempest-VolumesDeleteCascade-581697804 tempest-VolumesDeleteCascade-581697804-project] Create volume of 1 GB
Jun 01 10:59:45.240077 dv-cinder-787764-3-smb devstack@c-api.service[98597]: INFO cinder.volume.api [None req-4d7a5a09-1bc9-4f41-a023-9ff0844a4035 tempest-VolumesDeleteCascade-581697804 tempest-VolumesDeleteCascade-581697804-project] Availability Zones retrieved successfully.
Jun 01 10:59:45.273117 dv-cinder-787764-3-smb devstack@c-api.service[98597]: DEBUG cinder.volume.api [None req-4d7a5a09-1bc9-4f41-a023-9ff0844a4035 tempest-VolumesDeleteCascade-581697804 tempest-VolumesDeleteCascade-581697804-project] Flow 'volume_create_api' (14722a99-6c9c-4cb8-9370-765d9d93a9c5) transitioned into state 'RUNNING' from state 'PENDING' {{(pid=98597) _flow_receiver /usr/local/lib/python3.8/dist-packages/taskflow/listeners/logging.py:141}}
Jun 01 10:59:45.278165 dv-cinder-787764-3-smb devstack@c-api.service[98597]: DEBUG cinder.volume.api [None req-4d7a5a09-1bc9-4f41-a023-9ff0844a4035 tempest-VolumesDeleteCascade-581697804 tempest-VolumesDeleteCascade-581697804-project] Task 'cinder.volume.flows.api.create_volume.ExtractVolumeRequestTask;volume:create' (ed66e13c-25f5-4dc2-9319-1438d9773052) transitioned into state 'RUNNING' from state 'PENDING' {{(pid=98597) _task_receiver /usr/local/lib/python3.8/dist-packages/taskflow/listeners/logging.py:190}}
Jun 01 10:59:45.284663 dv-cinder-787764-3-smb devstack@c-api.service[98597]: DEBUG cinder.volume.flows.api.create_volume [None req-4d7a5a09-1bc9-4f41-a023-9ff0844a4035 tempest-VolumesDeleteCascade-581697804 tempest-VolumesDeleteCascade-581697804-project] Validating volume size '1' using validate_int {{(pid=98597) _extract_size /opt/stack/cinder/cinder/volume/flows/api/create_volume.py:201}}
Jun 01 10:59:45.376770 dv-cinder-787764-3-smb devstack@c-api.service[98597]: DEBUG cinder.volume.api [None req-4d7a5a09-1bc9-4f41-a023-9ff0844a4035 tempest-VolumesDeleteCascade-581697804 tempest-VolumesDeleteCascade-581697804-project] Task 'cinder.volume.flows.api.create_volume.ExtractVolumeRequestTask;volume:create' (ed66e13c-25f5-4dc2-9319-1438d9773052) transitioned into state 'SUCCESS' from state 'RUNNING' with result '{'size': 1, 'snapshot_id': None, 'source_volid': None, 'volume_type': VolumeType(created_at=2021-06-01T10:49:30Z,deleted=False,deleted_at=None,description='Default Volume Type',extra_specs={},id=97575ed7-c938-4712-ba36-66310340ac55,is_public=True,name='__DEFAULT__',projects=[],qos_specs=<?>,qos_specs_id=None,updated_at=2021-06-01T10:49:30Z), 'volume_type_id': '97575ed7-c938-4712-ba36-66310340ac55', 'encryption_key_id': None, 'qos_specs': None, 'consistencygroup_id': None, 'cgsnapshot_id': None, 'group_id': None, 'replication_status': 'disabled', 'refresh_az': False, 'backup_id': None, 'multiattach': False, 'availability_zones': ['nova']}' {{(pid=98597) _task_receiver /usr/local/lib/python3.8/dist-packages/taskflow/listeners/logging.py:178}}
Jun 01 10:59:45.378838 dv-cinder-787764-3-smb devstack@c-api.service[98597]: DEBUG cinder.volume.api [None req-4d7a5a09-1bc9-4f41-a023-9ff0844a4035 tempest-VolumesDeleteCascade-581697804 tempest-VolumesDeleteCascade-581697804-project] Task 'cinder.volume.flows.api.create_volume.QuotaReserveTask;volume:create' (ba1cb767-0f1c-4910-88e5-5d91f38348d8) transitioned into state 'RUNNING' from state 'PENDING' {{(pid=98597) _task_receiver /usr/local/lib/python3.8/dist-packages/taskflow/listeners/logging.py:190}}
