May 19 11:16:20.810861 dv-cinder-787764-1-smb devstack@c-api.service[97837]: DEBUG cinder.api.openstack.wsgi [req-cfea8518-b367-47df-af66-5c8c7ec1380c req-2450fbb1-219f-47fd-a7ab-346f154fcbce tempest-VolumesGetTestJSON-2077861174 tempest-VolumesGetTestJSON-2077861174-project] Calling method 'show' {{(pid=97837) _process_stack /opt/stack/cinder/cinder/api/openstack/wsgi.py:866}}
May 19 11:16:20.855579 dv-cinder-787764-1-smb devstack@c-api.service[97837]: /usr/local/lib/python3.8/dist-packages/oslo_context/context.py:105: DeprecationWarning: Policy enforcement is depending on the value of is_admin. This key is deprecated. Please update your policy file to use the standard policy values.
May 19 11:16:20.855579 dv-cinder-787764-1-smb devstack@c-api.service[97837]: warnings.warn('Policy enforcement is depending on the value of '
May 19 11:16:20.873938 dv-cinder-787764-1-smb devstack@c-api.service[97837]: INFO cinder.volume.api [req-cfea8518-b367-47df-af66-5c8c7ec1380c req-2450fbb1-219f-47fd-a7ab-346f154fcbce tempest-VolumesGetTestJSON-2077861174 tempest-VolumesGetTestJSON-2077861174-project] Volume info retrieved successfully.
May 19 11:16:20.894004 dv-cinder-787764-1-smb devstack@c-api.service[97837]: INFO cinder.api.openstack.wsgi [req-cfea8518-b367-47df-af66-5c8c7ec1380c req-2450fbb1-219f-47fd-a7ab-346f154fcbce tempest-VolumesGetTestJSON-2077861174 tempest-VolumesGetTestJSON-2077861174-project] http://10.222.0.113/volume/v3/7b9b218f9ceb4842b85e77d86fb339cc/volumes/7bd0ee79-abd3-468f-94f5-9d80569dfa46 returned with HTTP 200
May 19 11:16:20.894995 dv-cinder-787764-1-smb devstack@c-api.service[97837]: [pid: 97837|app: 0|req: 12/20] 10.222.0.113 () {60 vars in 1584 bytes} [Wed May 19 11:16:20 2021] GET /volume/v3/7b9b218f9ceb4842b85e77d86fb339cc/volumes/7bd0ee79-abd3-468f-94f5-9d80569dfa46 => generated 927 bytes in 87 msecs (HTTP/1.1 200) 7 headers in 285 bytes (1 switches on core 0)
May 19 11:16:20.911560 dv-cinder-787764-1-smb devstack@c-api.service[97838]: INFO cinder.api.openstack.wsgi [req-80f2acb2-93ab-401e-b3d1-9e717a5129af req-302721c6-45c3-4d87-9fe0-4639f8531dd9 tempest-VolumesGetTestJSON-2077861174 tempest-VolumesGetTestJSON-2077861174-project] GET http://10.222.0.113/volume/v3/7b9b218f9ceb4842b85e77d86fb339cc/volumes/7bd0ee79-abd3-468f-94f5-9d80569dfa46
May 19 11:16:20.911923 dv-cinder-787764-1-smb devstack@c-api.service[97838]: DEBUG cinder.api.openstack.wsgi [req-80f2acb2-93ab-401e-b3d1-9e717a5129af req-302721c6-45c3-4d87-9fe0-4639f8531dd9 tempest-VolumesGetTestJSON-2077861174 tempest-VolumesGetTestJSON-2077861174-project] Empty body provided in request {{(pid=97838) get_body /opt/stack/cinder/cinder/api/openstack/wsgi.py:713}}
May 19 11:16:20.912088 dv-cinder-787764-1-smb devstack@c-api.service[97838]: /usr/local/lib/python3.8/dist-packages/webob/acceptparse.py:1047: DeprecationWarning: The behavior of AcceptValidHeader.best_match is currently being maintained for backward compatibility, but it will be deprecated in the future, as it does not conform to the RFC.
May 19 11:16:20.912088 dv-cinder-787764-1-smb devstack@c-api.service[97838]: warnings.warn(
May 19 11:16:20.912363 dv-cinder-787764-1-smb devstack@c-api.service[97838]: DEBUG cinder.api.openstack.wsgi [req-80f2acb2-93ab-401e-b3d1-9e717a5129af req-302721c6-45c3-4d87-9fe0-4639f8531dd9 tempest-VolumesGetTestJSON-2077861174 tempest-VolumesGetTestJSON-2077861174-project] Calling method 'show' {{(pid=97838) _process_stack /opt/stack/cinder/cinder/api/openstack/wsgi.py:866}}
May 19 11:16:20.965775 dv-cinder-787764-1-smb devstack@c-api.service[97838]: /usr/local/lib/python3.8/dist-packages/oslo_context/context.py:105: DeprecationWarning: Policy enforcement is depending on the value of is_admin. This key is deprecated. Please update your policy file to use the standard policy values.
May 19 11:16:20.965775 dv-cinder-787764-1-smb devstack@c-api.service[97838]: warnings.warn('Policy enforcement is depending on the value of '
May 19 11:16:20.983959 dv-cinder-787764-1-smb devstack@c-api.service[97838]: INFO cinder.volume.api [req-80f2acb2-93ab-401e-b3d1-9e717a5129af req-302721c6-45c3-4d87-9fe0-4639f8531dd9 tempest-VolumesGetTestJSON-2077861174 tempest-VolumesGetTestJSON-2077861174-project] Volume info retrieved successfully.
May 19 11:16:20.990657 dv-cinder-787764-1-smb devstack@c-api.service[97837]: INFO cinder.api.openstack.wsgi [None req-40577ab5-fb14-47ee-b759-e2d107fcfca7 tempest-GroupSnapshotsTest-1389538757 tempest-GroupSnapshotsTest-1389538757-project] GET http://10.222.0.113/volume/v3/1e125d7b0c094aa68850ef7d9b33438b/groups/fe9704ad-f01b-4b64-83b5-e509d7c0dbff
May 19 11:16:20.990977 dv-cinder-787764-1-smb devstack@c-api.service[97837]: DEBUG cinder.api.openstack.wsgi [None req-40577ab5-fb14-47ee-b759-e2d107fcfca7 tempest-GroupSnapshotsTest-1389538757 tempest-GroupSnapshotsTest-1389538757-project] Empty body provided in request {{(pid=97837) get_body /opt/stack/cinder/cinder/api/openstack/wsgi.py:713}}
May 19 11:16:20.991163 dv-cinder-787764-1-smb devstack@c-api.service[97837]: /usr/local/lib/python3.8/dist-packages/webob/acceptparse.py:1047: DeprecationWarning: The behavior of AcceptValidHeader.best_match is currently being maintained for backward compatibility, but it will be deprecated in the future, as it does not conform to the RFC.
May 19 11:16:20.991163 dv-cinder-787764-1-smb devstack@c-api.service[97837]: warnings.warn(
May 19 11:16:20.991402 dv-cinder-787764-1-smb devstack@c-api.service[97837]: DEBUG cinder.api.openstack.wsgi [None req-40577ab5-fb14-47ee-b759-e2d107fcfca7 tempest-GroupSnapshotsTest-1389538757 tempest-GroupSnapshotsTest-1389538757-project] Calling method 'version_select' {{(pid=97837) _process_stack /opt/stack/cinder/cinder/api/openstack/wsgi.py:866}}
May 19 11:16:20.991999 dv-cinder-787764-1-smb devstack@c-api.service[97837]: DEBUG cinder.api.v3.groups [None req-40577ab5-fb14-47ee-b759-e2d107fcfca7 tempest-GroupSnapshotsTest-1389538757 tempest-GroupSnapshotsTest-1389538757-project] show called for member fe9704ad-f01b-4b64-83b5-e509d7c0dbff {{(pid=97837) show /opt/stack/cinder/cinder/api/v3/groups.py:58}}
May 19 11:16:20.996128 dv-cinder-787764-1-smb devstack@c-api.service[97838]: INFO cinder.api.openstack.wsgi [req-80f2acb2-93ab-401e-b3d1-9e717a5129af req-302721c6-45c3-4d87-9fe0-4639f8531dd9 tempest-VolumesGetTestJSON-2077861174 tempest-VolumesGetTestJSON-2077861174-project] http://10.222.0.113/volume/v3/7b9b218f9ceb4842b85e77d86fb339cc/volumes/7bd0ee79-abd3-468f-94f5-9d80569dfa46 returned with HTTP 200
May 19 11:16:20.998347 dv-cinder-787764-1-smb devstack@c-api.service[97837]: /usr/local/lib/python3.8/dist-packages/oslo_context/context.py:105: DeprecationWarning: Policy enforcement is depending on the value of is_admin. This key is deprecated. Please update your policy file to use the standard policy values.
May 19 11:16:20.998347 dv-cinder-787764-1-smb devstack@c-api.service[97837]: warnings.warn('Policy enforcement is depending on the value of '
May 19 11:16:21.008329 dv-cinder-787764-1-smb devstack@c-api.service[97838]: [pid: 97838|app: 0|req: 9/21] 10.222.0.113 () {60 vars in 1584 bytes} [Wed May 19 11:16:20 2021] GET /volume/v3/7b9b218f9ceb4842b85e77d86fb339cc/volumes/7bd0ee79-abd3-468f-94f5-9d80569dfa46 => generated 927 bytes in 99 msecs (HTTP/1.1 200) 7 headers in 285 bytes (1 switches on core 0)
May 19 11:16:21.011308 dv-cinder-787764-1-smb devstack@c-api.service[97838]: INFO cinder.api.openstack.wsgi [req-250ff3af-6ab6-40a5-bb3e-835e898fd4d2 req-c4d7693f-5ac4-455c-ab68-089803771b16 tempest-VolumesSnapshotsTestJSON-95360519 tempest-VolumesSnapshotsTestJSON-95360519-project] GET http://10.222.0.113/volume/v3/09eb6273fadb499faf2ca2e95165ed7b/volumes/ee303af7-13c0-4635-9dd9-db7587c27d49
May 19 11:16:21.011738 dv-cinder-787764-1-smb devstack@c-api.service[97838]: DEBUG cinder.api.openstack.wsgi [req-250ff3af-6ab6-40a5-bb3e-835e898fd4d2 req-c4d7693f-5ac4-455c-ab68-089803771b16 tempest-VolumesSnapshotsTestJSON-95360519 tempest-VolumesSnapshotsTestJSON-95360519-project] Empty body provided in request {{(pid=97838) get_body /opt/stack/cinder/cinder/api/openstack/wsgi.py:713}}
May 19 11:16:21.011986 dv-cinder-787764-1-smb devstack@c-api.service[97838]: /usr/local/lib/python3.8/dist-packages/webob/acceptparse.py:1047: DeprecationWarning: The behavior of AcceptValidHeader.best_match is currently being maintained for backward compatibility, but it will be deprecated in the future, as it does not conform to the RFC.
May 19 11:16:21.011986 dv-cinder-787764-1-smb devstack@c-api.service[97838]: warnings.warn(
May 19 11:16:21.012361 dv-cinder-787764-1-smb devstack@c-api.service[97838]: DEBUG cinder.api.openstack.wsgi [req-250ff3af-6ab6-40a5-bb3e-835e898fd4d2 req-c4d7693f-5ac4-455c-ab68-089803771b16 tempest-VolumesSnapshotsTestJSON-95360519 tempest-VolumesSnapshotsTestJSON-95360519-project] Calling method 'show' {{(pid=97838) _process_stack /opt/stack/cinder/cinder/api/openstack/wsgi.py:866}}
May 19 11:16:21.037338 dv-cinder-787764-1-smb devstack@c-api.service[97837]: INFO cinder.api.openstack.wsgi [None req-40577ab5-fb14-47ee-b759-e2d107fcfca7 tempest-GroupSnapshotsTest-1389538757 tempest-GroupSnapshotsTest-1389538757-project] http://10.222.0.113/volume/v3/1e125d7b0c094aa68850ef7d9b33438b/groups/fe9704ad-f01b-4b64-83b5-e509d7c0dbff returned with HTTP 200
May 19 11:16:21.038387 dv-cinder-787764-1-smb devstack@c-api.service[97837]: [pid: 97837|app: 0|req: 13/22] 10.222.0.113 () {60 vars in 1368 bytes} [Wed May 19 11:16:20 2021] GET /volume/v3/1e125d7b0c094aa68850ef7d9b33438b/groups/fe9704ad-f01b-4b64-83b5-e509d7c0dbff => generated 393 bytes in 50 msecs (HTTP/1.1 200) 7 headers in 286 bytes (1 switches on core 0)
May 19 11:16:21.041896 dv-cinder-787764-1-smb devstack@c-api.service[97838]: /usr/local/lib/python3.8/dist-packages/oslo_context/context.py:105: DeprecationWarning: Policy enforcement is depending on the value of is_admin. This key is deprecated. Please update your policy file to use the standard policy values.
May 19 11:16:21.041896 dv-cinder-787764-1-smb devstack@c-api.service[97838]: warnings.warn('Policy enforcement is depending on the value of '
May 19 11:16:21.045586 dv-cinder-787764-1-smb devstack@c-api.service[97837]: INFO cinder.api.openstack.wsgi [None req-3e21609f-c668-45dc-b193-24c62ba3762f tempest-GroupSnapshotsTest-1389538757 tempest-GroupSnapshotsTest-1389538757-project] POST http://10.222.0.113/volume/v3/1e125d7b0c094aa68850ef7d9b33438b/volumes
May 19 11:16:21.045903 dv-cinder-787764-1-smb devstack@c-api.service[97837]: /usr/local/lib/python3.8/dist-packages/webob/acceptparse.py:1047: DeprecationWarning: The behavior of AcceptValidHeader.best_match is currently being maintained for backward compatibility, but it will be deprecated in the future, as it does not conform to the RFC.
May 19 11:16:21.045903 dv-cinder-787764-1-smb devstack@c-api.service[97837]: warnings.warn(
May 19 11:16:21.046276 dv-cinder-787764-1-smb devstack@c-api.service[97837]: DEBUG cinder.api.openstack.wsgi [None req-3e21609f-c668-45dc-b193-24c62ba3762f tempest-GroupSnapshotsTest-1389538757 tempest-GroupSnapshotsTest-1389538757-project] Action: 'create', calling method: create, body: {"volume": {"volume_type": "27120ca5-c855-4e3a-9da6-b36baab63262", "group_id": "fe9704ad-f01b-4b64-83b5-e509d7c0dbff", "size": 1, "name": "tempest-GroupSnapshotsTest-Volume-51119941"}} {{(pid=97837) _process_stack /opt/stack/cinder/cinder/api/openstack/wsgi.py:864}}
May 19 11:16:21.046943 dv-cinder-787764-1-smb devstack@c-api.service[97837]: DEBUG cinder.api.v3.volumes [None req-3e21609f-c668-45dc-b193-24c62ba3762f tempest-GroupSnapshotsTest-1389538757 tempest-GroupSnapshotsTest-1389538757-project] Create volume request body: {'volume': {'volume_type': '27120ca5-c855-4e3a-9da6-b36baab63262', 'group_id': 'fe9704ad-f01b-4b64-83b5-e509d7c0dbff', 'size': 1, 'name': 'tempest-GroupSnapshotsTest-Volume-51119941'}} {{(pid=97837) create /opt/stack/cinder/cinder/api/v3/volumes.py:289}}
May 19 11:16:21.050256 dv-cinder-787764-1-smb devstack@c-api.service[97838]: INFO cinder.volume.api [req-250ff3af-6ab6-40a5-bb3e-835e898fd4d2 req-c4d7693f-5ac4-455c-ab68-089803771b16 tempest-VolumesSnapshotsTestJSON-95360519 tempest-VolumesSnapshotsTestJSON-95360519-project] Volume info retrieved successfully.
May 19 11:16:21.063412 dv-cinder-787764-1-smb devstack@c-api.service[97838]: INFO cinder.api.openstack.wsgi [req-250ff3af-6ab6-40a5-bb3e-835e898fd4d2 req-c4d7693f-5ac4-455c-ab68-089803771b16 tempest-VolumesSnapshotsTestJSON-95360519 tempest-VolumesSnapshotsTestJSON-95360519-project] http://10.222.0.113/volume/v3/09eb6273fadb499faf2ca2e95165ed7b/volumes/ee303af7-13c0-4635-9dd9-db7587c27d49 returned with HTTP 200
May 19 11:16:21.068171 dv-cinder-787764-1-smb devstack@c-api.service[97838]: [pid: 97838|app: 0|req: 10/23] 10.222.0.113 () {60 vars in 1584 bytes} [Wed May 19 11:16:21 2021] GET /volume/v3/09eb6273fadb499faf2ca2e95165ed7b/volumes/ee303af7-13c0-4635-9dd9-db7587c27d49 => generated 919 bytes in 59 msecs (HTTP/1.1 200) 7 headers in 285 bytes (1 switches on core 0)
May 19 11:16:21.073650 dv-cinder-787764-1-smb devstack@c-api.service[97837]: /usr/local/lib/python3.8/dist-packages/oslo_context/context.py:105: DeprecationWarning: Policy enforcement is depending on the value of is_admin. This key is deprecated. Please update your policy file to use the standard policy values.
May 19 11:16:21.073650 dv-cinder-787764-1-smb devstack@c-api.service[97837]: warnings.warn('Policy enforcement is depending on the value of '
May 19 11:16:21.074400 dv-cinder-787764-1-smb devstack@c-api.service[97837]: INFO cinder.api.v3.volumes [None req-3e21609f-c668-45dc-b193-24c62ba3762f tempest-GroupSnapshotsTest-1389538757 tempest-GroupSnapshotsTest-1389538757-project] Create volume of 1 GB
May 19 11:16:21.091661 dv-cinder-787764-1-smb devstack@c-api.service[97838]: INFO cinder.api.openstack.wsgi [req-99bfe8f9-d4e1-4675-bdf7-1457d828e874 req-6fbf2566-afdd-4f3a-84d4-49ad87d80427 tempest-VolumesGetTestJSON-2077861174 tempest-VolumesGetTestJSON-2077861174-project] DELETE http://10.222.0.113/volume/v3/7b9b218f9ceb4842b85e77d86fb339cc/volumes/7bd0ee79-abd3-468f-94f5-9d80569dfa46
May 19 11:16:21.091993 dv-cinder-787764-1-smb devstack@c-api.service[97838]: DEBUG cinder.api.openstack.wsgi [req-99bfe8f9-d4e1-4675-bdf7-1457d828e874 req-6fbf2566-afdd-4f3a-84d4-49ad87d80427 tempest-VolumesGetTestJSON-2077861174 tempest-VolumesGetTestJSON-2077861174-project] Empty body provided in request {{(pid=97838) get_body /opt/stack/cinder/cinder/api/openstack/wsgi.py:713}}
May 19 11:16:21.092184 dv-cinder-787764-1-smb devstack@c-api.service[97838]: /usr/local/lib/python3.8/dist-packages/webob/acceptparse.py:1047: DeprecationWarning: The behavior of AcceptValidHeader.best_match is currently being maintained for backward compatibility, but it will be deprecated in the future, as it does not conform to the RFC.
May 19 11:16:21.092184 dv-cinder-787764-1-smb devstack@c-api.service[97838]: warnings.warn(
May 19 11:16:21.092482 dv-cinder-787764-1-smb devstack@c-api.service[97838]: DEBUG cinder.api.openstack.wsgi [req-99bfe8f9-d4e1-4675-bdf7-1457d828e874 req-6fbf2566-afdd-4f3a-84d4-49ad87d80427 tempest-VolumesGetTestJSON-2077861174 tempest-VolumesGetTestJSON-2077861174-project] Calling method 'delete' {{(pid=97838) _process_stack /opt/stack/cinder/cinder/api/openstack/wsgi.py:866}}
May 19 11:16:21.092864 dv-cinder-787764-1-smb devstack@c-api.service[97838]: INFO cinder.api.v3.volumes [req-99bfe8f9-d4e1-4675-bdf7-1457d828e874 req-6fbf2566-afdd-4f3a-84d4-49ad87d80427 tempest-VolumesGetTestJSON-2077861174 tempest-VolumesGetTestJSON-2077861174-project] Delete volume with id: 7bd0ee79-abd3-468f-94f5-9d80569dfa46
May 19 11:16:21.093103 dv-cinder-787764-1-smb devstack@c-api.service[97837]: INFO cinder.volume.api [None req-3e21609f-c668-45dc-b193-24c62ba3762f tempest-GroupSnapshotsTest-1389538757 tempest-GroupSnapshotsTest-1389538757-project] Availability Zones retrieved successfully.
May 19 11:16:21.110903 dv-cinder-787764-1-smb devstack@c-api.service[97837]: DEBUG cinder.volume.api [None req-3e21609f-c668-45dc-b193-24c62ba3762f tempest-GroupSnapshotsTest-1389538757 tempest-GroupSnapshotsTest-1389538757-project] Flow 'volume_create_api' (ea0cf247-3938-42e3-8479-64ff0d2df8bc) transitioned into state 'RUNNING' from state 'PENDING' {{(pid=97837) _flow_receiver /usr/local/lib/python3.8/dist-packages/taskflow/listeners/logging.py:141}}
May 19 11:16:21.114669 dv-cinder-787764-1-smb devstack@c-api.service[97837]: DEBUG cinder.volume.api [None req-3e21609f-c668-45dc-b193-24c62ba3762f tempest-GroupSnapshotsTest-1389538757 tempest-GroupSnapshotsTest-1389538757-project] Task 'cinder.volume.flows.api.create_volume.ExtractVolumeRequestTask;volume:create' (767e2163-4d93-4ddd-8af2-21899e3430e4) transitioned into state 'RUNNING' from state 'PENDING' {{(pid=97837) _task_receiver /usr/local/lib/python3.8/dist-packages/taskflow/listeners/logging.py:190}}
May 19 11:16:21.117455 dv-cinder-787764-1-smb devstack@c-api.service[97837]: /usr/local/lib/python3.8/dist-packages/oslo_context/context.py:105: DeprecationWarning: Policy enforcement is depending on the value of is_admin. This key is deprecated. Please update your policy file to use the standard policy values.
May 19 11:16:21.117455 dv-cinder-787764-1-smb devstack@c-api.service[97837]: warnings.warn('Policy enforcement is depending on the value of '
May 19 11:16:21.117680 dv-cinder-787764-1-smb devstack@c-api.service[97837]: DEBUG cinder.volume.flows.api.create_volume [None req-3e21609f-c668-45dc-b193-24c62ba3762f tempest-GroupSnapshotsTest-1389538757 tempest-GroupSnapshotsTest-1389538757-project] Validating volume size '1' using validate_int {{(pid=97837) _extract_size /opt/stack/cinder/cinder/volume/flows/api/create_volume.py:201}}
May 19 11:16:21.140139 dv-cinder-787764-1-smb devstack@c-api.service[97838]: /usr/local/lib/python3.8/dist-packages/oslo_context/context.py:105: DeprecationWarning: Policy enforcement is depending on the value of is_admin. This key is deprecated. Please update your policy file to use the standard policy values.
May 19 11:16:21.140139 dv-cinder-787764-1-smb devstack@c-api.service[97838]: warnings.warn('Policy enforcement is depending on the value of '
May 19 11:16:21.142765 dv-cinder-787764-1-smb devstack@c-api.service[97838]: INFO cinder.volume.api [req-99bfe8f9-d4e1-4675-bdf7-1457d828e874 req-6fbf2566-afdd-4f3a-84d4-49ad87d80427 tempest-VolumesGetTestJSON-2077861174 tempest-VolumesGetTestJSON-2077861174-project] Volume info retrieved successfully.
May 19 11:16:21.178098 dv-cinder-787764-1-smb devstack@c-api.service[97837]: DEBUG cinder.volume.api [None req-3e21609f-c668-45dc-b193-24c62ba3762f tempest-GroupSnapshotsTest-1389538757 tempest-GroupSnapshotsTest-1389538757-project] Task 'cinder.volume.flows.api.create_volume.ExtractVolumeRequestTask;volume:create' (767e2163-4d93-4ddd-8af2-21899e3430e4) transitioned into state 'SUCCESS' from state 'RUNNING' with result '{'size': 1, 'snapshot_id': None, 'source_volid': None, 'volume_type': VolumeType(created_at=2021-05-19T11:16:19Z,deleted=False,deleted_at=None,description=None,extra_specs={},id=27120ca5-c855-4e3a-9da6-b36baab63262,is_public=True,name='tempest-GroupSnapshotsTest-volume-type-926081358',projects=[],qos_specs=,qos_specs_id=None,updated_at=None), 'volume_type_id': '27120ca5-c855-4e3a-9da6-b36baab63262', 'encryption_key_id': None, 'qos_specs': None, 'consistencygroup_id': None, 'cgsnapshot_id': None, 'group_id': 'fe9704ad-f01b-4b64-83b5-e509d7c0dbff', 'replication_status': 'disabled', 'refresh_az': False, 'backup_id': None, 'multiattach': False, 'availability_zones': ['nova']}' {{(pid=97837) _task_receiver /usr/local/lib/python3.8/dist-packages/taskflow/listeners/logging.py:178}}
May 19 11:16:21.180666 dv-cinder-787764-1-smb devstack@c-api.service[97837]: DEBUG cinder.volume.api [None req-3e21609f-c668-45dc-b193-24c62ba3762f tempest-GroupSnapshotsTest-1389538757 tempest-GroupSnapshotsTest-1389538757-project] Task 'cinder.volume.flows.api.create_volume.QuotaReserveTask;volume:create' (eb3c4c2b-f82e-429a-a640-bfb01ee53bef) transitioned into state 'RUNNING' from state 'PENDING' {{(pid=97837) _task_receiver /usr/local/lib/python3.8/dist-packages/taskflow/listeners/logging.py:190}}
May 19 11:16:21.184919 dv-cinder-787764-1-smb devstack@c-api.service[97838]: INFO cinder.volume.api [req-99bfe8f9-d4e1-4675-bdf7-1457d828e874 req-6fbf2566-afdd-4f3a-84d4-49ad87d80427 tempest-VolumesGetTestJSON-2077861174 tempest-VolumesGetTestJSON-2077861174-project] Delete volume request issued successfully.
May 19 11:16:21.185315 dv-cinder-787764-1-smb devstack@c-api.service[97838]: INFO cinder.api.openstack.wsgi [req-99bfe8f9-d4e1-4675-bdf7-1457d828e874 req-6fbf2566-afdd-4f3a-84d4-49ad87d80427 tempest-VolumesGetTestJSON-2077861174 tempest-VolumesGetTestJSON-2077861174-project] http://10.222.0.113/volume/v3/7b9b218f9ceb4842b85e77d86fb339cc/volumes/7bd0ee79-abd3-468f-94f5-9d80569dfa46 returned with HTTP 202
May 19 11:16:21.185954 dv-cinder-787764-1-smb devstack@c-api.service[97838]: [pid: 97838|app: 0|req: 11/24] 10.222.0.113 () {62 vars in 1606 bytes} [Wed May 19 11:16:21 2021] DELETE /volume/v3/7b9b218f9ceb4842b85e77d86fb339cc/volumes/7bd0ee79-abd3-468f-94f5-9d80569dfa46 => generated 0 bytes in 107 msecs (HTTP/1.1 202) 6 headers in 233 bytes (1 switches on core 0)
May 19 11:16:21.202055 dv-cinder-787764-1-smb devstack@c-api.service[97838]: INFO cinder.api.openstack.wsgi [req-00731433-9986-443f-af4c-614b65ee08ed req-a22d1292-190f-4ad7-aadb-f32113f67396 tempest-VolumesSnapshotsTestJSON-95360519 tempest-VolumesSnapshotsTestJSON-95360519-project] POST http://10.222.0.113/volume/v3/09eb6273fadb499faf2ca2e95165ed7b/snapshots
May 19 11:16:21.205105 dv-cinder-787764-1-smb devstack@c-api.service[97838]: /usr/local/lib/python3.8/dist-packages/webob/acceptparse.py:1047: DeprecationWarning: The behavior of AcceptValidHeader.best_match is currently being maintained for backward compatibility, but it will be deprecated in the future, as it does not conform to the RFC.
May 19 11:16:21.205105 dv-cinder-787764-1-smb devstack@c-api.service[97838]: warnings.warn(
May 19 11:16:21.205729 dv-cinder-787764-1-smb devstack@c-api.service[97838]: DEBUG cinder.api.openstack.wsgi [req-00731433-9986-443f-af4c-614b65ee08ed req-a22d1292-190f-4ad7-aadb-f32113f67396 tempest-VolumesSnapshotsTestJSON-95360519 tempest-VolumesSnapshotsTestJSON-95360519-project] Action: 'create', calling method: create, body: {"snapshot": {"volume_id": "ee303af7-13c0-4635-9dd9-db7587c27d49", "force": false, "name": "tempest-VolumesSnapshotsTestJSON-Snapshot-946830317", "description": null, "metadata": {}}} {{(pid=97838) _process_stack /opt/stack/cinder/cinder/api/openstack/wsgi.py:864}}
May 19 11:16:21.244928 dv-cinder-787764-1-smb devstack@c-api.service[97837]: WARNING cinder.quota [None req-3e21609f-c668-45dc-b193-24c62ba3762f tempest-GroupSnapshotsTest-1389538757 tempest-GroupSnapshotsTest-1389538757-project] Deprecated: Default quota for resource: volumes_tempest-GroupSnapshotsTest-volume-type-926081358 is set by the default quota flag: quota_volumes_tempest-GroupSnapshotsTest-volume-type-926081358, it is now deprecated. Please use the default quota class for default quota.
May 19 11:16:21.245742 dv-cinder-787764-1-smb devstack@c-api.service[97837]: WARNING cinder.quota [None req-3e21609f-c668-45dc-b193-24c62ba3762f tempest-GroupSnapshotsTest-1389538757 tempest-GroupSnapshotsTest-1389538757-project] Deprecated: Default quota for resource: gigabytes_tempest-GroupSnapshotsTest-volume-type-926081358 is set by the default quota flag: quota_gigabytes_tempest-GroupSnapshotsTest-volume-type-926081358, it is now deprecated. Please use the default quota class for default quota.
May 19 11:16:21.270804 dv-cinder-787764-1-smb devstack@c-api.service[97838]: /usr/local/lib/python3.8/dist-packages/oslo_context/context.py:105: DeprecationWarning: Policy enforcement is depending on the value of is_admin. This key is deprecated. Please update your policy file to use the standard policy values.
May 19 11:16:21.270804 dv-cinder-787764-1-smb devstack@c-api.service[97838]: warnings.warn('Policy enforcement is depending on the value of '
May 19 11:16:21.275366 dv-cinder-787764-1-smb devstack@c-api.service[97838]: INFO cinder.volume.api [req-00731433-9986-443f-af4c-614b65ee08ed req-a22d1292-190f-4ad7-aadb-f32113f67396 tempest-VolumesSnapshotsTestJSON-95360519 tempest-VolumesSnapshotsTestJSON-95360519-project] Volume info retrieved successfully.
May 19 11:16:21.275753 dv-cinder-787764-1-smb devstack@c-api.service[97838]: INFO cinder.api.v2.snapshots [req-00731433-9986-443f-af4c-614b65ee08ed req-a22d1292-190f-4ad7-aadb-f32113f67396 tempest-VolumesSnapshotsTestJSON-95360519 tempest-VolumesSnapshotsTestJSON-95360519-project] Create snapshot from volume ee303af7-13c0-4635-9dd9-db7587c27d49
May 19 11:16:21.308377 dv-cinder-787764-1-smb devstack@c-api.service[97838]: WARNING cinder.quota [req-00731433-9986-443f-af4c-614b65ee08ed req-a22d1292-190f-4ad7-aadb-f32113f67396 tempest-VolumesSnapshotsTestJSON-95360519 tempest-VolumesSnapshotsTestJSON-95360519-project] Deprecated: Default quota for resource: snapshots___DEFAULT__ is set by the default quota flag: quota_snapshots___DEFAULT__, it is now deprecated. Please use the default quota class for default quota.
May 19 11:16:21.310142 dv-cinder-787764-1-smb devstack@c-api.service[97837]: DEBUG cinder.quota [None req-3e21609f-c668-45dc-b193-24c62ba3762f tempest-GroupSnapshotsTest-1389538757 tempest-GroupSnapshotsTest-1389538757-project] Created reservations ['6b160f01-c6fd-4d3d-bec4-092bfe03dd8d', '3772a830-bf74-4bd8-a10a-0585013a4163', '27d037ec-a340-4284-ade2-3cbed99e2b53', '267957b3-788d-40ef-9146-e63f9c18021a'] {{(pid=97837) reserve /opt/stack/cinder/cinder/quota.py:755}}
May 19 11:16:21.311534 dv-cinder-787764-1-smb devstack@c-api.service[97837]: DEBUG cinder.volume.api [None req-3e21609f-c668-45dc-b193-24c62ba3762f tempest-GroupSnapshotsTest-1389538757 tempest-GroupSnapshotsTest-1389538757-project] Task 'cinder.volume.flows.api.create_volume.QuotaReserveTask;volume:create' (eb3c4c2b-f82e-429a-a640-bfb01ee53bef) transitioned into state 'SUCCESS' from state 'RUNNING' with result '{'reservations': ['6b160f01-c6fd-4d3d-bec4-092bfe03dd8d', '3772a830-bf74-4bd8-a10a-0585013a4163', '27d037ec-a340-4284-ade2-3cbed99e2b53', '267957b3-788d-40ef-9146-e63f9c18021a']}' {{(pid=97837) _task_receiver /usr/local/lib/python3.8/dist-packages/taskflow/listeners/logging.py:178}}
May 19 11:16:21.312627 dv-cinder-787764-1-smb devstack@c-api.service[97837]: DEBUG cinder.volume.api [None req-3e21609f-c668-45dc-b193-24c62ba3762f tempest-GroupSnapshotsTest-1389538757 tempest-GroupSnapshotsTest-1389538757-project] Task 'cinder.volume.flows.api.create_volume.EntryCreateTask;volume:create' (e9782e82-cad5-4109-8aff-6413586c7067) transitioned into state 'RUNNING' from state 'PENDING' {{(pid=97837) _task_receiver /usr/local/lib/python3.8/dist-packages/taskflow/listeners/logging.py:190}}
May 19 11:16:21.344841 dv-cinder-787764-1-smb devstack@c-api.service[97838]: DEBUG cinder.quota [req-00731433-9986-443f-af4c-614b65ee08ed req-a22d1292-190f-4ad7-aadb-f32113f67396 tempest-VolumesSnapshotsTestJSON-95360519 tempest-VolumesSnapshotsTestJSON-95360519-project] Created reservations ['790d5243-9515-4c65-a351-37a2c3295e7a', '9ba90c1c-d509-420b-9458-5673ab01597c', '89aa08d3-1dc3-4290-bb25-0232e1788268', '3c721a76-814a-4e45-aa04-507e34a6dcaa'] {{(pid=97838) reserve /opt/stack/cinder/cinder/quota.py:755}}
May 19 11:16:21.353504 dv-cinder-787764-1-smb devstack@c-api.service[97837]: DEBUG cinder.volume.api [None req-3e21609f-c668-45dc-b193-24c62ba3762f tempest-GroupSnapshotsTest-1389538757 tempest-GroupSnapshotsTest-1389538757-project] Task 'cinder.volume.flows.api.create_volume.EntryCreateTask;volume:create' (e9782e82-cad5-4109-8aff-6413586c7067) transitioned into state 'SUCCESS' from state 'RUNNING' with result '{'volume_id': '0d6ae219-9087-47c3-a642-0dacadc97cb0', 'volume_properties': VolumeProperties(attach_status='detached',availability_zone='nova',cgsnapshot_id=None,consistencygroup_id=None,display_description=None,display_name='tempest-GroupSnapshotsTest-Volume-51119941',encryption_key_id=None,group_id=fe9704ad-f01b-4b64-83b5-e509d7c0dbff,group_type_id=,metadata={},multiattach=False,project_id='1e125d7b0c094aa68850ef7d9b33438b',qos_specs=None,replication_status=,reservations=['6b160f01-c6fd-4d3d-bec4-092bfe03dd8d','3772a830-bf74-4bd8-a10a-0585013a4163','27d037ec-a340-4284-ade2-3cbed99e2b53','267957b3-788d-40ef-9146-e63f9c18021a'],size=1,snapshot_id=None,source_replicaid=,source_volid=None,status='creating',user_id='f774edff953048c49a4bbf49eae0d160',volume_type_id=27120ca5-c855-4e3a-9da6-b36baab63262), 'volume': Volume(_name_id=None,admin_metadata=,attach_status='detached',availability_zone='nova',bootable=False,cluster=,cluster_name=None,consistencygroup=,consistencygroup_id=None,created_at=2021-05-19T11:16:21Z,deleted=False,deleted_at=None,display_description=None,display_name='tempest-GroupSnapshotsTest-Volume-51119941',ec2_id=None,encryption_key_id=None,glance_metadata=,group=,group_id=fe9704ad-f01b-4b64-83b5-e509d7c0dbff,host=None,id=0d6ae219-9087-47c3-a642-0dacadc97cb0,launched_at=None,metadata={},migration_status=None,multiattach=False,previous_status=None,project_id='1e125d7b0c094aa68850ef7d9b33438b',provider_auth=None,provider_geometry=None,provider_id=None,provider_location=None,replication_driver_data=None,replication_extended_status=None,replication_status=None,scheduled_at=None,service_uuid=None,shared_targets=True,size=1,snapshot_id=None,snapshots=,source_volid=None,status='creating',terminated_at=None,updated_at=None,user_id='f774edff953048c49a4bbf49eae0d160',volume_attachment=,volume_type=VolumeType(27120ca5-c855-4e3a-9da6-b36baab63262),volume_type_id=27120ca5-c855-4e3a-9da6-b36baab63262)}' {{(pid=97837) _task_receiver /usr/local/lib/python3.8/dist-packages/taskflow/listeners/logging.py:178}}
May 19 11:16:21.354545 dv-cinder-787764-1-smb devstack@c-api.service[97837]: DEBUG cinder.volume.api [None req-3e21609f-c668-45dc-b193-24c62ba3762f tempest-GroupSnapshotsTest-1389538757 tempest-GroupSnapshotsTest-1389538757-project] Task 'cinder.volume.flows.api.create_volume.QuotaCommitTask;volume:create' (85dc0f6a-c45e-49c7-adf1-0114c1d8352a) transitioned into state 'RUNNING' from state 'PENDING' {{(pid=97837) _task_receiver /usr/local/lib/python3.8/dist-packages/taskflow/listeners/logging.py:190}}
May 19 11:16:21.376191 dv-cinder-787764-1-smb devstack@c-api.service[97837]: DEBUG cinder.volume.api [None req-3e21609f-c668-45dc-b193-24c62ba3762f tempest-GroupSnapshotsTest-1389538757 tempest-GroupSnapshotsTest-1389538757-project] Task 'cinder.volume.flows.api.create_volume.QuotaCommitTask;volume:create' (85dc0f6a-c45e-49c7-adf1-0114c1d8352a) transitioned into state 'SUCCESS' from state 'RUNNING' with result '{'volume_properties': VolumeProperties(attach_status='detached',availability_zone='nova',cgsnapshot_id=None,consistencygroup_id=None,display_description=None,display_name='tempest-GroupSnapshotsTest-Volume-51119941',encryption_key_id=None,group_id=fe9704ad-f01b-4b64-83b5-e509d7c0dbff,group_type_id=,metadata={},multiattach=False,project_id='1e125d7b0c094aa68850ef7d9b33438b',qos_specs=None,replication_status=,reservations=['6b160f01-c6fd-4d3d-bec4-092bfe03dd8d','3772a830-bf74-4bd8-a10a-0585013a4163','27d037ec-a340-4284-ade2-3cbed99e2b53','267957b3-788d-40ef-9146-e63f9c18021a'],size=1,snapshot_id=None,source_replicaid=,source_volid=None,status='creating',user_id='f774edff953048c49a4bbf49eae0d160',volume_type_id=27120ca5-c855-4e3a-9da6-b36baab63262)}' {{(pid=97837) _task_receiver /usr/local/lib/python3.8/dist-packages/taskflow/listeners/logging.py:178}}
May 19 11:16:21.377364 dv-cinder-787764-1-smb devstack@c-api.service[97837]: DEBUG cinder.volume.api [None req-3e21609f-c668-45dc-b193-24c62ba3762f tempest-GroupSnapshotsTest-1389538757 tempest-GroupSnapshotsTest-1389538757-project] Task 'cinder.volume.flows.api.create_volume.VolumeCastTask;volume:create' (488adec2-4f9e-4d41-b999-d49a03e14592) transitioned into state 'RUNNING' from state 'PENDING' {{(pid=97837) _task_receiver /usr/local/lib/python3.8/dist-packages/taskflow/listeners/logging.py:190}}
May 19 11:16:21.395712 dv-cinder-787764-1-smb devstack@c-api.service[97837]: DEBUG cinder.volume.api [None req-3e21609f-c668-45dc-b193-24c62ba3762f tempest-GroupSnapshotsTest-1389538757 tempest-GroupSnapshotsTest-1389538757-project] Task 'cinder.volume.flows.api.create_volume.VolumeCastTask;volume:create' (488adec2-4f9e-4d41-b999-d49a03e14592) transitioned into state 'SUCCESS' from state 'RUNNING' with result 'None' {{(pid=97837) _task_receiver /usr/local/lib/python3.8/dist-packages/taskflow/listeners/logging.py:178}}
May 19 11:16:21.398168 dv-cinder-787764-1-smb devstack@c-api.service[97837]: DEBUG cinder.volume.api [None req-3e21609f-c668-45dc-b193-24c62ba3762f tempest-GroupSnapshotsTest-1389538757 tempest-GroupSnapshotsTest-1389538757-project] Flow 'volume_create_api' (ea0cf247-3938-42e3-8479-64ff0d2df8bc) transitioned into state 'SUCCESS' from state 'RUNNING' {{(pid=97837) _flow_receiver /usr/local/lib/python3.8/dist-packages/taskflow/listeners/logging.py:141}}
May 19 11:16:21.398651 dv-cinder-787764-1-smb devstack@c-api.service[97837]: INFO cinder.volume.api [None req-3e21609f-c668-45dc-b193-24c62ba3762f tempest-GroupSnapshotsTest-1389538757 tempest-GroupSnapshotsTest-1389538757-project] Create volume request issued successfully.
May 19 11:16:21.407489 dv-cinder-787764-1-smb devstack@c-api.service[97837]: WARNING stevedore.named [None req-3e21609f-c668-45dc-b193-24c62ba3762f tempest-GroupSnapshotsTest-1389538757 tempest-GroupSnapshotsTest-1389538757-project] Could not load cinder.keymgr.conf_key_mgr.ConfKeyManager
May 19 11:16:21.407805 dv-cinder-787764-1-smb devstack@c-api.service[97837]: WARNING castellan.key_manager [None req-3e21609f-c668-45dc-b193-24c62ba3762f tempest-GroupSnapshotsTest-1389538757 tempest-GroupSnapshotsTest-1389538757-project] Deprecation Warning : cinder.keymgr.conf_key_mgr.ConfKeyManager is not a stevedore based driver, trying to load it as a class: stevedore.exception.NoMatches: No 'castellan.drivers' driver found, looking for 'cinder.keymgr.conf_key_mgr.ConfKeyManager'
May 19 11:16:21.428810 dv-cinder-787764-1-smb devstack@c-api.service[97837]: DEBUG oslo_db.sqlalchemy.engines [None req-3e21609f-c668-45dc-b193-24c62ba3762f tempest-GroupSnapshotsTest-1389538757 tempest-GroupSnapshotsTest-1389538757-project] MySQL server mode set to STRICT_TRANS_TABLES,STRICT_ALL_TABLES,NO_ZERO_IN_DATE,NO_ZERO_DATE,ERROR_FOR_DIVISION_BY_ZERO,TRADITIONAL,NO_ENGINE_SUBSTITUTION {{(pid=97837) _check_effective_sql_mode /usr/local/lib/python3.8/dist-packages/oslo_db/sqlalchemy/engines.py:314}}
May 19 11:16:21.437904 dv-cinder-787764-1-smb devstack@c-api.service[97837]: /usr/local/lib/python3.8/dist-packages/oslo_context/context.py:105: DeprecationWarning: Policy enforcement is depending on the value of is_admin. This key is deprecated. Please update your policy file to use the standard policy values.
May 19 11:16:21.437904 dv-cinder-787764-1-smb devstack@c-api.service[97837]: warnings.warn('Policy enforcement is depending on the value of '
May 19 11:16:21.456317 dv-cinder-787764-1-smb devstack@c-api.service[97837]: INFO cinder.api.openstack.wsgi [None req-3e21609f-c668-45dc-b193-24c62ba3762f tempest-GroupSnapshotsTest-1389538757 tempest-GroupSnapshotsTest-1389538757-project] http://10.222.0.113/volume/v3/1e125d7b0c094aa68850ef7d9b33438b/volumes returned with HTTP 202
May 19 11:16:21.457643 dv-cinder-787764-1-smb devstack@c-api.service[97837]: [pid: 97837|app: 0|req: 14/25] 10.222.0.113 () {62 vars in 1282 bytes} [Wed May 19 11:16:21 2021] POST /volume/v3/1e125d7b0c094aa68850ef7d9b33438b/volumes => generated 907 bytes in 414 msecs (HTTP/1.1 202) 7 headers in 292 bytes (1 switches on core 0)
May 19 11:16:21.465523 dv-cinder-787764-1-smb devstack@c-api.service[97837]: INFO cinder.api.openstack.wsgi [None req-03245cf1-c579-43d1-a1cd-6b61562dd6bf tempest-GroupSnapshotsTest-1389538757 tempest-GroupSnapshotsTest-1389538757-project] GET http://10.222.0.113/volume/v3/1e125d7b0c094aa68850ef7d9b33438b/volumes/0d6ae219-9087-47c3-a642-0dacadc97cb0
May 19 11:16:21.465843 dv-cinder-787764-1-smb devstack@c-api.service[97837]: DEBUG cinder.api.openstack.wsgi [None req-03245cf1-c579-43d1-a1cd-6b61562dd6bf tempest-GroupSnapshotsTest-1389538757 tempest-GroupSnapshotsTest-1389538757-project] Empty body provided in request {{(pid=97837) get_body /opt/stack/cinder/cinder/api/openstack/wsgi.py:713}}
May 19 11:16:21.465984 dv-cinder-787764-1-smb devstack@c-api.service[97837]: /usr/local/lib/python3.8/dist-packages/webob/acceptparse.py:1047: DeprecationWarning: The behavior of AcceptValidHeader.best_match is currently being maintained for backward compatibility, but it will be deprecated in the future, as it does not conform to the RFC.
May 19 11:16:21.465984 dv-cinder-787764-1-smb devstack@c-api.service[97837]: warnings.warn(
May 19 11:16:21.466132 dv-cinder-787764-1-smb devstack@c-api.service[97837]: DEBUG cinder.api.openstack.wsgi [None req-03245cf1-c579-43d1-a1cd-6b61562dd6bf tempest-GroupSnapshotsTest-1389538757 tempest-GroupSnapshotsTest-1389538757-project] Calling method 'show' {{(pid=97837) _process_stack /opt/stack/cinder/cinder/api/openstack/wsgi.py:866}}
May 19 11:16:21.547480 dv-cinder-787764-1-smb devstack@c-api.service[97837]: /usr/local/lib/python3.8/dist-packages/oslo_context/context.py:105: DeprecationWarning: Policy enforcement is depending on the value of is_admin. This key is deprecated. Please update your policy file to use the standard policy values.
May 19 11:16:21.547480 dv-cinder-787764-1-smb devstack@c-api.service[97837]: warnings.warn('Policy enforcement is depending on the value of '
May 19 11:16:21.561880 dv-cinder-787764-1-smb devstack@c-api.service[97838]: INFO cinder.volume.api [req-00731433-9986-443f-af4c-614b65ee08ed req-a22d1292-190f-4ad7-aadb-f32113f67396 tempest-VolumesSnapshotsTestJSON-95360519 tempest-VolumesSnapshotsTestJSON-95360519-project] Snapshot create request issued successfully.
May 19 11:16:21.562073 dv-cinder-787764-1-smb devstack@c-api.service[97837]: INFO cinder.volume.api [None req-03245cf1-c579-43d1-a1cd-6b61562dd6bf tempest-GroupSnapshotsTest-1389538757 tempest-GroupSnapshotsTest-1389538757-project] Volume info retrieved successfully.
May 19 11:16:21.562479 dv-cinder-787764-1-smb devstack@c-api.service[97838]: INFO cinder.api.openstack.wsgi [req-00731433-9986-443f-af4c-614b65ee08ed req-a22d1292-190f-4ad7-aadb-f32113f67396 tempest-VolumesSnapshotsTestJSON-95360519 tempest-VolumesSnapshotsTestJSON-95360519-project] http://10.222.0.113/volume/v3/09eb6273fadb499faf2ca2e95165ed7b/snapshots returned with HTTP 202
May 19 11:16:21.563060 dv-cinder-787764-1-smb devstack@c-api.service[97838]: [pid: 97838|app: 0|req: 12/26] 10.222.0.113 () {64 vars in 1533 bytes} [Wed May 19 11:16:21 2021] POST /volume/v3/09eb6273fadb499faf2ca2e95165ed7b/snapshots => generated 310 bytes in 364 msecs (HTTP/1.1 202) 7 headers in 291 bytes (3 switches on core 0)
May 19 11:16:21.580103 dv-cinder-787764-1-smb devstack@c-api.service[97838]: INFO cinder.api.openstack.wsgi [req-a153c49c-7aa2-42b1-ac55-891cd390dea7 req-14cd8ffa-6643-42be-9972-a65e20585e8e tempest-VolumesGetTestJSON-2077861174 tempest-VolumesGetTestJSON-2077861174-project] GET http://10.222.0.113/volume/v3/7b9b218f9ceb4842b85e77d86fb339cc/volumes/7bd0ee79-abd3-468f-94f5-9d80569dfa46
May 19 11:16:21.580623 dv-cinder-787764-1-smb devstack@c-api.service[97838]: DEBUG cinder.api.openstack.wsgi [req-a153c49c-7aa2-42b1-ac55-891cd390dea7 req-14cd8ffa-6643-42be-9972-a65e20585e8e tempest-VolumesGetTestJSON-2077861174 tempest-VolumesGetTestJSON-2077861174-project] Empty body provided in request {{(pid=97838) get_body /opt/stack/cinder/cinder/api/openstack/wsgi.py:713}}
May 19 11:16:21.580878 dv-cinder-787764-1-smb devstack@c-api.service[97838]: /usr/local/lib/python3.8/dist-packages/webob/acceptparse.py:1047: DeprecationWarning: The behavior of AcceptValidHeader.best_match is currently being maintained for backward compatibility, but it will be deprecated in the future, as it does not conform to the RFC.
May 19 11:16:21.580878 dv-cinder-787764-1-smb devstack@c-api.service[97838]: warnings.warn(
May 19 11:16:21.581236 dv-cinder-787764-1-smb devstack@c-api.service[97838]: DEBUG cinder.api.openstack.wsgi [req-a153c49c-7aa2-42b1-ac55-891cd390dea7 req-14cd8ffa-6643-42be-9972-a65e20585e8e tempest-VolumesGetTestJSON-2077861174 tempest-VolumesGetTestJSON-2077861174-project] Calling method 'show' {{(pid=97838) _process_stack /opt/stack/cinder/cinder/api/openstack/wsgi.py:866}}
May 19 11:16:21.581518 dv-cinder-787764-1-smb devstack@c-api.service[97837]: WARNING stevedore.named [None req-03245cf1-c579-43d1-a1cd-6b61562dd6bf tempest-GroupSnapshotsTest-1389538757 tempest-GroupSnapshotsTest-1389538757-project] Could not load cinder.keymgr.conf_key_mgr.ConfKeyManager
May 19 11:16:21.583915 dv-cinder-787764-1-smb devstack@c-api.service[97837]: WARNING castellan.key_manager [None req-03245cf1-c579-43d1-a1cd-6b61562dd6bf tempest-GroupSnapshotsTest-1389538757 tempest-GroupSnapshotsTest-1389538757-project] Deprecation Warning : cinder.keymgr.conf_key_mgr.ConfKeyManager is not a stevedore based driver, trying to load it as a class: stevedore.exception.NoMatches: No 'castellan.drivers' driver found, looking for 'cinder.keymgr.conf_key_mgr.ConfKeyManager'
May 19 11:16:21.601683 dv-cinder-787764-1-smb devstack@c-api.service[97837]: DEBUG oslo_db.sqlalchemy.engines [None req-03245cf1-c579-43d1-a1cd-6b61562dd6bf tempest-GroupSnapshotsTest-1389538757 tempest-GroupSnapshotsTest-1389538757-project] MySQL server mode set to STRICT_TRANS_TABLES,STRICT_ALL_TABLES,NO_ZERO_IN_DATE,NO_ZERO_DATE,ERROR_FOR_DIVISION_BY_ZERO,TRADITIONAL,NO_ENGINE_SUBSTITUTION {{(pid=97837) _check_effective_sql_mode /usr/local/lib/python3.8/dist-packages/oslo_db/sqlalchemy/engines.py:314}}
May 19 11:16:21.610454 dv-cinder-787764-1-smb devstack@c-api.service[97837]: /usr/local/lib/python3.8/dist-packages/oslo_context/context.py:105: DeprecationWarning: Policy enforcement is depending on the value of is_admin. This key is deprecated. Please update your policy file to use the standard policy values.
May 19 11:16:21.610454 dv-cinder-787764-1-smb devstack@c-api.service[97837]: warnings.warn('Policy enforcement is depending on the value of '
May 19 11:16:21.646109 dv-cinder-787764-1-smb devstack@c-api.service[97837]: INFO cinder.api.openstack.wsgi [None req-03245cf1-c579-43d1-a1cd-6b61562dd6bf tempest-GroupSnapshotsTest-1389538757 tempest-GroupSnapshotsTest-1389538757-project] http://10.222.0.113/volume/v3/1e125d7b0c094aa68850ef7d9b33438b/volumes/0d6ae219-9087-47c3-a642-0dacadc97cb0 returned with HTTP 200
May 19 11:16:21.648078 dv-cinder-787764-1-smb devstack@c-api.service[97837]: [pid: 97837|app: 0|req: 15/27] 10.222.0.113 () {60 vars in 1371 bytes} [Wed May 19 11:16:21 2021] GET /volume/v3/1e125d7b0c094aa68850ef7d9b33438b/volumes/0d6ae219-9087-47c3-a642-0dacadc97cb0 => generated 975 bytes in 185 msecs (HTTP/1.1 200) 7 headers in 286 bytes (2 switches on core 0)
May 19 11:16:21.655301 dv-cinder-787764-1-smb devstack@c-api.service[97837]: INFO cinder.api.openstack.wsgi [req-2a383371-9636-4927-8748-e94f244c3348 req-7f3f9b87-dcd1-4eb3-9363-0a7c48b58cc4 tempest-VolumesSnapshotsTestJSON-95360519 tempest-VolumesSnapshotsTestJSON-95360519-project] GET http://10.222.0.113/volume/v3/09eb6273fadb499faf2ca2e95165ed7b/snapshots/534985bc-a7b8-42ba-9bc9-e28461bfeeae
May 19 11:16:21.655924 dv-cinder-787764-1-smb devstack@c-api.service[97837]: DEBUG cinder.api.openstack.wsgi [req-2a383371-9636-4927-8748-e94f244c3348 req-7f3f9b87-dcd1-4eb3-9363-0a7c48b58cc4 tempest-VolumesSnapshotsTestJSON-95360519 tempest-VolumesSnapshotsTestJSON-95360519-project] Empty body provided in request {{(pid=97837) get_body /opt/stack/cinder/cinder/api/openstack/wsgi.py:713}}
May 19 11:16:21.656244 dv-cinder-787764-1-smb devstack@c-api.service[97837]: /usr/local/lib/python3.8/dist-packages/webob/acceptparse.py:1047: DeprecationWarning: The behavior of AcceptValidHeader.best_match is currently being maintained for backward compatibility, but it will be deprecated in the future, as it does not conform to the RFC.
May 19 11:16:21.656244 dv-cinder-787764-1-smb devstack@c-api.service[97837]: warnings.warn(
May 19 11:16:21.656602 dv-cinder-787764-1-smb devstack@c-api.service[97837]: DEBUG cinder.api.openstack.wsgi [req-2a383371-9636-4927-8748-e94f244c3348 req-7f3f9b87-dcd1-4eb3-9363-0a7c48b58cc4 tempest-VolumesSnapshotsTestJSON-95360519 tempest-VolumesSnapshotsTestJSON-95360519-project] Calling method 'show' {{(pid=97837) _process_stack /opt/stack/cinder/cinder/api/openstack/wsgi.py:866}}
May 19 11:16:21.657137 dv-cinder-787764-1-smb devstack@c-api.service[97838]: /usr/local/lib/python3.8/dist-packages/oslo_context/context.py:105: DeprecationWarning: Policy enforcement is depending on the value of is_admin. This key is deprecated. Please update your policy file to use the standard policy values.
May 19 11:16:21.657137 dv-cinder-787764-1-smb devstack@c-api.service[97838]: warnings.warn('Policy enforcement is depending on the value of '
May 19 11:16:21.671433 dv-cinder-787764-1-smb devstack@c-api.service[97838]: INFO cinder.volume.api [req-a153c49c-7aa2-42b1-ac55-891cd390dea7 req-14cd8ffa-6643-42be-9972-a65e20585e8e tempest-VolumesGetTestJSON-2077861174 tempest-VolumesGetTestJSON-2077861174-project] Volume info retrieved successfully.
May 19 11:16:21.690507 dv-cinder-787764-1-smb devstack@c-api.service[97838]: INFO cinder.api.openstack.wsgi [req-a153c49c-7aa2-42b1-ac55-891cd390dea7 req-14cd8ffa-6643-42be-9972-a65e20585e8e tempest-VolumesGetTestJSON-2077861174 tempest-VolumesGetTestJSON-2077861174-project] http://10.222.0.113/volume/v3/7b9b218f9ceb4842b85e77d86fb339cc/volumes/7bd0ee79-abd3-468f-94f5-9d80569dfa46 returned with HTTP 200
May 19 11:16:21.697423 dv-cinder-787764-1-smb devstack@c-api.service[97837]: /usr/local/lib/python3.8/dist-packages/oslo_context/context.py:105: DeprecationWarning: Policy enforcement is depending on the value of is_admin. This key is deprecated. Please update your policy file to use the standard policy values.
May 19 11:16:21.697423 dv-cinder-787764-1-smb devstack@c-api.service[97837]: warnings.warn('Policy enforcement is depending on the value of '
May 19 11:16:21.697423 dv-cinder-787764-1-smb devstack@c-api.service[97837]: INFO cinder.volume.api [req-2a383371-9636-4927-8748-e94f244c3348 req-7f3f9b87-dcd1-4eb3-9363-0a7c48b58cc4 tempest-VolumesSnapshotsTestJSON-95360519 tempest-VolumesSnapshotsTestJSON-95360519-project] Snapshot retrieved successfully.
May 19 11:16:21.697423 dv-cinder-787764-1-smb devstack@c-api.service[97837]: INFO cinder.api.openstack.wsgi [req-2a383371-9636-4927-8748-e94f244c3348 req-7f3f9b87-dcd1-4eb3-9363-0a7c48b58cc4 tempest-VolumesSnapshotsTestJSON-95360519 tempest-VolumesSnapshotsTestJSON-95360519-project] http://10.222.0.113/volume/v3/09eb6273fadb499faf2ca2e95165ed7b/snapshots/534985bc-a7b8-42ba-9bc9-e28461bfeeae returned with HTTP 200
May 19 11:16:21.699909 dv-cinder-787764-1-smb devstack@c-api.service[97837]: [pid: 97837|app: 0|req: 16/28] 10.222.0.113 () {60 vars in 1590 bytes} [Wed May 19 11:16:21 2021] GET /volume/v3/09eb6273fadb499faf2ca2e95165ed7b/snapshots/534985bc-a7b8-42ba-9bc9-e28461bfeeae => generated 442 bytes in 51 msecs (HTTP/1.1 200) 7 headers in 285 bytes (1 switches on core 0)
May 19 11:16:21.716070 dv-cinder-787764-1-smb devstack@c-api.service[97838]: [pid: 97838|app: 0|req: 13/29] 10.222.0.113 () {60 vars in 1584 bytes} [Wed May 19 11:16:21 2021] GET /volume/v3/7b9b218f9ceb4842b85e77d86fb339cc/volumes/7bd0ee79-abd3-468f-94f5-9d80569dfa46 => generated 926 bytes in 140 msecs (HTTP/1.1 200) 7 headers in 285 bytes (2 switches on core 0)
May 19 11:16:21.727270 dv-cinder-787764-1-smb devstack@c-api.service[97837]: INFO cinder.api.openstack.wsgi [req-3a5b8a1d-4c63-45d0-8762-7264990844d9 req-5cdef0fa-a2a6-48ca-9c41-1c24b3126bec tempest-VolumesSnapshotsTestJSON-95360519 tempest-VolumesSnapshotsTestJSON-95360519-project] GET http://10.222.0.113/volume/v3/09eb6273fadb499faf2ca2e95165ed7b/snapshots/detail
May 19 11:16:21.727716 dv-cinder-787764-1-smb devstack@c-api.service[97837]: DEBUG cinder.api.openstack.wsgi [req-3a5b8a1d-4c63-45d0-8762-7264990844d9 req-5cdef0fa-a2a6-48ca-9c41-1c24b3126bec tempest-VolumesSnapshotsTestJSON-95360519 tempest-VolumesSnapshotsTestJSON-95360519-project] Empty body provided in request {{(pid=97837) get_body /opt/stack/cinder/cinder/api/openstack/wsgi.py:713}}
May 19 11:16:21.727836 dv-cinder-787764-1-smb devstack@c-api.service[97837]: /usr/local/lib/python3.8/dist-packages/webob/acceptparse.py:1047: DeprecationWarning: The behavior of AcceptValidHeader.best_match is currently being maintained for backward compatibility, but it will be deprecated in the future, as it does not conform to the RFC.
May 19 11:16:21.727836 dv-cinder-787764-1-smb devstack@c-api.service[97837]: warnings.warn(
May 19 11:16:21.728014 dv-cinder-787764-1-smb devstack@c-api.service[97837]: DEBUG cinder.api.openstack.wsgi [req-3a5b8a1d-4c63-45d0-8762-7264990844d9 req-5cdef0fa-a2a6-48ca-9c41-1c24b3126bec tempest-VolumesSnapshotsTestJSON-95360519 tempest-VolumesSnapshotsTestJSON-95360519-project] Calling method 'detail' {{(pid=97837) _process_stack /opt/stack/cinder/cinder/api/openstack/wsgi.py:866}}
May 19 11:16:21.728399 dv-cinder-787764-1-smb devstack@c-api.service[97837]: DEBUG cinder.api.api_utils [req-3a5b8a1d-4c63-45d0-8762-7264990844d9 req-5cdef0fa-a2a6-48ca-9c41-1c24b3126bec tempest-VolumesSnapshotsTestJSON-95360519 tempest-VolumesSnapshotsTestJSON-95360519-project] Removing options '' from query. {{(pid=97837) remove_invalid_filter_options /opt/stack/cinder/cinder/api/api_utils.py:73}}
