Jan 10 17:18:11.653402 dv-cinder-787632-2-iscsi devstack@c-api.service[109687]: DEBUG cinder.volume.api [None req-301749dc-4b3f-4304-8597-26c10062406d tempest-VolumesListAdminTestJSON-661564527 tempest-VolumesListAdminTestJSON-661564527-project] Task 'cinder.volume.flows.api.create_volume.EntryCreateTask;volume:create' (3241bf99-2b29-482b-8cc1-8937a6c0e33b) transitioned into state 'SUCCESS' from state 'RUNNING' with result '{'volume_id': '508d58af-17dc-4d16-bfda-bd6cc64a78a8', 'volume_properties': VolumeProperties(attach_status='detached',availability_zone='nova',cgsnapshot_id=None,consistencygroup_id=None,display_description=None,display_name='tempest-VolumesListAdminTestJSON-Volume-1302048941',encryption_key_id=None,group_id=None,group_type_id=,metadata={},multiattach=False,project_id='ba2f0adb03244948bfd08d40fc40b63a',qos_specs=None,replication_status=,reservations=['96229bc7-4f67-4f7b-ae13-5a569670a38b','4b9437ef-9ea1-4a9a-ad33-2d86e86ac198','f668d078-b39f-4417-bd8c-a0bce792d3cf','bcef0a65-c2c9-4d3f-a885-872e5945c37d'],size=1,snapshot_id=None,source_replicaid=,source_volid=None,status='creating',user_id='cb90aa40ba414dccb4e5f7cef3728c83',volume_type_id=733791fc-0957-4bf0-bf41-ea7c34c7fe35), 'volume': Volume(_name_id=None,admin_metadata=,attach_status='detached',availability_zone='nova',bootable=False,cluster=,cluster_name=None,consistencygroup=,consistencygroup_id=None,created_at=2022-01-10T17:18:11Z,deleted=False,deleted_at=None,display_description=None,display_name='tempest-VolumesListAdminTestJSON-Volume-1302048941',ec2_id=None,encryption_key_id=None,glance_metadata=,group=,group_id=None,host=None,id=508d58af-17dc-4d16-bfda-bd6cc64a78a8,launched_at=None,metadata={},migration_status=None,multiattach=False,previous_status=None,project_id='ba2f0adb03244948bfd08d40fc40b63a',provider_auth=None,provider_geometry=None,provider_id=None,provider_location=None,replication_driver_data=None,replication_extended_status=None,replication_status=None,scheduled_at=None,service_uuid=None,shared_targets=True,size=1,snapshot_id=None,snapshots=,source_volid=None,status='creating',terminated_at=None,updated_at=None,use_quota=True,user_id='cb90aa40ba414dccb4e5f7cef3728c83',volume_attachment=VolumeAttachmentList,volume_type=VolumeType(733791fc-0957-4bf0-bf41-ea7c34c7fe35),volume_type_id=733791fc-0957-4bf0-bf41-ea7c34c7fe35)}' {{(pid=109687) _task_receiver /usr/local/lib/python3.8/dist-packages/taskflow/listeners/logging.py:178}}
Jan 10 17:18:11.655365 dv-cinder-787632-2-iscsi devstack@c-api.service[109687]: DEBUG cinder.volume.api [None req-301749dc-4b3f-4304-8597-26c10062406d tempest-VolumesListAdminTestJSON-661564527 tempest-VolumesListAdminTestJSON-661564527-project] Task 'cinder.volume.flows.api.create_volume.QuotaCommitTask;volume:create' (0a8e67eb-6332-4dc5-a0b3-214f3e17c43e) transitioned into state 'RUNNING' from state 'PENDING' {{(pid=109687) _task_receiver /usr/local/lib/python3.8/dist-packages/taskflow/listeners/logging.py:190}}
Jan 10 17:18:11.680362 dv-cinder-787632-2-iscsi devstack@c-api.service[109687]: DEBUG cinder.volume.api [None req-301749dc-4b3f-4304-8597-26c10062406d tempest-VolumesListAdminTestJSON-661564527 tempest-VolumesListAdminTestJSON-661564527-project] Task 'cinder.volume.flows.api.create_volume.QuotaCommitTask;volume:create' (0a8e67eb-6332-4dc5-a0b3-214f3e17c43e) transitioned into state 'SUCCESS' from state 'RUNNING' with result '{'volume_properties': VolumeProperties(attach_status='detached',availability_zone='nova',cgsnapshot_id=None,consistencygroup_id=None,display_description=None,display_name='tempest-VolumesListAdminTestJSON-Volume-1302048941',encryption_key_id=None,group_id=None,group_type_id=,metadata={},multiattach=False,project_id='ba2f0adb03244948bfd08d40fc40b63a',qos_specs=None,replication_status=,reservations=['96229bc7-4f67-4f7b-ae13-5a569670a38b','4b9437ef-9ea1-4a9a-ad33-2d86e86ac198','f668d078-b39f-4417-bd8c-a0bce792d3cf','bcef0a65-c2c9-4d3f-a885-872e5945c37d'],size=1,snapshot_id=None,source_replicaid=,source_volid=None,status='creating',user_id='cb90aa40ba414dccb4e5f7cef3728c83',volume_type_id=733791fc-0957-4bf0-bf41-ea7c34c7fe35)}' {{(pid=109687) _task_receiver /usr/local/lib/python3.8/dist-packages/taskflow/listeners/logging.py:178}}
Jan 10 17:18:11.682122 dv-cinder-787632-2-iscsi devstack@c-api.service[109687]: DEBUG cinder.volume.api [None req-301749dc-4b3f-4304-8597-26c10062406d tempest-VolumesListAdminTestJSON-661564527 tempest-VolumesListAdminTestJSON-661564527-project] Task 'cinder.volume.flows.api.create_volume.VolumeCastTask;volume:create' (8d56b42e-6ef9-48e8-a499-f685a1c5ba65) transitioned into state 'RUNNING' from state 'PENDING' {{(pid=109687) _task_receiver /usr/local/lib/python3.8/dist-packages/taskflow/listeners/logging.py:190}}
Jan 10 17:18:11.697378 dv-cinder-787632-2-iscsi devstack@c-api.service[109687]: DEBUG cinder.volume.api [None req-301749dc-4b3f-4304-8597-26c10062406d tempest-VolumesListAdminTestJSON-661564527 tempest-VolumesListAdminTestJSON-661564527-project] Task 'cinder.volume.flows.api.create_volume.VolumeCastTask;volume:create' (8d56b42e-6ef9-48e8-a499-f685a1c5ba65) transitioned into state 'SUCCESS' from state 'RUNNING' with result 'None' {{(pid=109687) _task_receiver /usr/local/lib/python3.8/dist-packages/taskflow/listeners/logging.py:178}}
Jan 10 17:18:11.700015 dv-cinder-787632-2-iscsi devstack@c-api.service[109687]: DEBUG cinder.volume.api [None req-301749dc-4b3f-4304-8597-26c10062406d tempest-VolumesListAdminTestJSON-661564527 tempest-VolumesListAdminTestJSON-661564527-project] Flow 'volume_create_api' (ccb6a3a8-b2b8-4cfa-80be-0632656ff2a1) transitioned into state 'SUCCESS' from state 'RUNNING' {{(pid=109687) _flow_receiver /usr/local/lib/python3.8/dist-packages/taskflow/listeners/logging.py:141}}
Jan 10 17:18:11.700688 dv-cinder-787632-2-iscsi devstack@c-api.service[109687]: INFO cinder.volume.api [None req-301749dc-4b3f-4304-8597-26c10062406d tempest-VolumesListAdminTestJSON-661564527 tempest-VolumesListAdminTestJSON-661564527-project] Create volume request issued successfully.
Jan 10 17:18:11.701799 dv-cinder-787632-2-iscsi devstack@c-api.service[109687]: INFO cinder.api.openstack.wsgi [None req-301749dc-4b3f-4304-8597-26c10062406d tempest-VolumesListAdminTestJSON-661564527 tempest-VolumesListAdminTestJSON-661564527-project] http://10.222.0.10/volume/v3/ba2f0adb03244948bfd08d40fc40b63a/volumes returned with HTTP 202
Jan 10 17:18:11.711236 dv-cinder-787632-2-iscsi devstack@c-api.service[109687]: [pid: 109687|app: 0|req: 205/417] 10.222.0.10 () {60 vars in 1234 bytes} [Mon Jan 10 17:18:11 2022] POST /volume/v3/ba2f0adb03244948bfd08d40fc40b63a/volumes => generated 824 bytes in 213 msecs (HTTP/1.1 202) 7 headers in 291 bytes (2 switches on core 0)
Jan 10 17:18:11.711236 dv-cinder-787632-2-iscsi devstack@c-api.service[109687]: INFO cinder.api.openstack.wsgi [None req-0c1b486f-f8c7-4074-b2d3-a2f761329664 tempest-AttachVolumeNegativeTest-614734475 tempest-AttachVolumeNegativeTest-614734475-project] GET http://10.222.0.10/volume/v3/c346efae5fb94b1a81a585527ed1d1d7/volumes/1aac3dce-ec6c-4055-a735-01000ec9a79e
Jan 10 17:18:11.711236 dv-cinder-787632-2-iscsi devstack@c-api.service[109687]: DEBUG cinder.api.openstack.wsgi [None req-0c1b486f-f8c7-4074-b2d3-a2f761329664 tempest-AttachVolumeNegativeTest-614734475 tempest-AttachVolumeNegativeTest-614734475-project] Empty body provided in request {{(pid=109687) get_body /opt/stack/cinder/cinder/api/openstack/wsgi.py:715}}
Jan 10 17:18:11.711236 dv-cinder-787632-2-iscsi devstack@c-api.service[109687]: DEBUG cinder.api.openstack.wsgi [None req-0c1b486f-f8c7-4074-b2d3-a2f761329664 tempest-AttachVolumeNegativeTest-614734475 tempest-AttachVolumeNegativeTest-614734475-project] Calling method 'show' {{(pid=109687) _process_stack /opt/stack/cinder/cinder/api/openstack/wsgi.py:868}}
Jan 10 17:18:11.715774 dv-cinder-787632-2-iscsi devstack@c-api.service[109686]: INFO cinder.api.openstack.wsgi [req-73543679-5815-44cb-bf4c-e77fed279495 req-263016e7-d297-4180-a9ec-776b058fba4f tempest-DeleteServersTestJSON-1979915884 tempest-DeleteServersTestJSON-1979915884-project] http://10.222.0.10/volume/v3/b4ad261e9d0441fc86830a05033c7674/attachments/5f4c060f-0e0e-4295-af45-ec8301b7a616 returned with HTTP 200
Jan 10 17:18:11.716690 dv-cinder-787632-2-iscsi devstack@c-api.service[109686]: [pid: 109686|app: 0|req: 213/418] 10.222.0.24 () {62 vars in 1446 bytes} [Mon Jan 10 17:18:11 2022] DELETE /volume/v3/b4ad261e9d0441fc86830a05033c7674/attachments/5f4c060f-0e0e-4295-af45-ec8301b7a616 => generated 19 bytes in 306 msecs (HTTP/1.1 200) 7 headers in 285 bytes (2 switches on core 0)
Jan 10 17:18:11.725044 dv-cinder-787632-2-iscsi devstack@c-api.service[109686]: INFO cinder.api.openstack.wsgi [None req-db5653d2-e9c2-4294-a889-08faca6b9959 tempest-VolumesListAdminTestJSON-661564527 tempest-VolumesListAdminTestJSON-661564527-project] GET http://10.222.0.10/volume/v3/ba2f0adb03244948bfd08d40fc40b63a/volumes/508d58af-17dc-4d16-bfda-bd6cc64a78a8
Jan 10 17:18:11.725493 dv-cinder-787632-2-iscsi devstack@c-api.service[109686]: DEBUG cinder.api.openstack.wsgi [None req-db5653d2-e9c2-4294-a889-08faca6b9959 tempest-VolumesListAdminTestJSON-661564527 tempest-VolumesListAdminTestJSON-661564527-project] Empty body provided in request {{(pid=109686) get_body /opt/stack/cinder/cinder/api/openstack/wsgi.py:715}}
Jan 10 17:18:11.725987 dv-cinder-787632-2-iscsi devstack@c-api.service[109686]: DEBUG cinder.api.openstack.wsgi [None req-db5653d2-e9c2-4294-a889-08faca6b9959 tempest-VolumesListAdminTestJSON-661564527 tempest-VolumesListAdminTestJSON-661564527-project] Calling method 'show' {{(pid=109686) _process_stack /opt/stack/cinder/cinder/api/openstack/wsgi.py:868}}
Jan 10 17:18:11.727428 dv-cinder-787632-2-iscsi devstack@c-api.service[109687]: /usr/local/lib/python3.8/dist-packages/oslo_context/context.py:105: DeprecationWarning: Policy enforcement is depending on the value of is_admin. This key is deprecated. Please update your policy file to use the standard policy values.
Jan 10 17:18:11.727428 dv-cinder-787632-2-iscsi devstack@c-api.service[109687]: warnings.warn('Policy enforcement is depending on the value of '
Jan 10 17:18:11.736088 dv-cinder-787632-2-iscsi devstack@c-api.service[109687]: INFO cinder.volume.api [None req-0c1b486f-f8c7-4074-b2d3-a2f761329664 tempest-AttachVolumeNegativeTest-614734475 tempest-AttachVolumeNegativeTest-614734475-project] Volume info retrieved successfully.
Jan 10 17:18:11.740789 dv-cinder-787632-2-iscsi devstack@c-api.service[109686]: /usr/local/lib/python3.8/dist-packages/oslo_context/context.py:105: DeprecationWarning: Policy enforcement is depending on the value of is_admin. This key is deprecated. Please update your policy file to use the standard policy values.
Jan 10 17:18:11.740789 dv-cinder-787632-2-iscsi devstack@c-api.service[109686]: warnings.warn('Policy enforcement is depending on the value of '
Jan 10 17:18:11.746743 dv-cinder-787632-2-iscsi devstack@c-api.service[109687]: INFO cinder.api.openstack.wsgi [None req-0c1b486f-f8c7-4074-b2d3-a2f761329664 tempest-AttachVolumeNegativeTest-614734475 tempest-AttachVolumeNegativeTest-614734475-project] http://10.222.0.10/volume/v3/c346efae5fb94b1a81a585527ed1d1d7/volumes/1aac3dce-ec6c-4055-a735-01000ec9a79e returned with HTTP 200
Jan 10 17:18:11.748157 dv-cinder-787632-2-iscsi devstack@c-api.service[109686]: INFO cinder.volume.api [None req-db5653d2-e9c2-4294-a889-08faca6b9959 tempest-VolumesListAdminTestJSON-661564527 tempest-VolumesListAdminTestJSON-661564527-project] Volume info retrieved successfully.
Jan 10 17:18:11.757120 dv-cinder-787632-2-iscsi devstack@c-api.service[109687]: [pid: 109687|app: 0|req: 206/419] 10.222.0.10 () {58 vars in 1324 bytes} [Mon Jan 10 17:18:11 2022] GET /volume/v3/c346efae5fb94b1a81a585527ed1d1d7/volumes/1aac3dce-ec6c-4055-a735-01000ec9a79e => generated 917 bytes in 54 msecs (HTTP/1.1 200) 7 headers in 285 bytes (1 switches on core 0)
Jan 10 17:18:11.757927 dv-cinder-787632-2-iscsi devstack@c-api.service[109686]: INFO cinder.api.openstack.wsgi [None req-db5653d2-e9c2-4294-a889-08faca6b9959 tempest-VolumesListAdminTestJSON-661564527 tempest-VolumesListAdminTestJSON-661564527-project] http://10.222.0.10/volume/v3/ba2f0adb03244948bfd08d40fc40b63a/volumes/508d58af-17dc-4d16-bfda-bd6cc64a78a8 returned with HTTP 200
Jan 10 17:18:11.766392 dv-cinder-787632-2-iscsi devstack@c-api.service[109686]: [pid: 109686|app: 0|req: 214/420] 10.222.0.10 () {58 vars in 1324 bytes} [Mon Jan 10 17:18:11 2022] GET /volume/v3/ba2f0adb03244948bfd08d40fc40b63a/volumes/508d58af-17dc-4d16-bfda-bd6cc64a78a8 => generated 892 bytes in 42 msecs (HTTP/1.1 200) 7 headers in 285 bytes (1 switches on core 0)
Jan 10 17:18:11.766844 dv-cinder-787632-2-iscsi devstack@c-api.service[109687]: INFO cinder.api.openstack.wsgi [None req-d0da4601-ad90-4714-a2fd-087075867709 tempest-GroupSnapshotsTest-856272384 tempest-GroupSnapshotsTest-856272384-project] GET http://10.222.0.10/volume/v3/0c60fe6e5c0547d4b881de7e0f31fd21/volumes/b1acecbd-071b-4d1f-9692-49c504fe8d42
Jan 10 17:18:11.766844 dv-cinder-787632-2-iscsi devstack@c-api.service[109687]: DEBUG cinder.api.openstack.wsgi [None req-d0da4601-ad90-4714-a2fd-087075867709 tempest-GroupSnapshotsTest-856272384 tempest-GroupSnapshotsTest-856272384-project] Empty body provided in request {{(pid=109687) get_body /opt/stack/cinder/cinder/api/openstack/wsgi.py:715}}
Jan 10 17:18:11.766844 dv-cinder-787632-2-iscsi devstack@c-api.service[109687]: DEBUG cinder.api.openstack.wsgi [None req-d0da4601-ad90-4714-a2fd-087075867709 tempest-GroupSnapshotsTest-856272384 tempest-GroupSnapshotsTest-856272384-project] Calling method 'show' {{(pid=109687) _process_stack /opt/stack/cinder/cinder/api/openstack/wsgi.py:868}}
Jan 10 17:18:11.776033 dv-cinder-787632-2-iscsi devstack@c-api.service[109687]: /usr/local/lib/python3.8/dist-packages/oslo_context/context.py:105: DeprecationWarning: Policy enforcement is depending on the value of is_admin. This key is deprecated. Please update your policy file to use the standard policy values.
Jan 10 17:18:11.776033 dv-cinder-787632-2-iscsi devstack@c-api.service[109687]: warnings.warn('Policy enforcement is depending on the value of '
Jan 10 17:18:11.784688 dv-cinder-787632-2-iscsi devstack@c-api.service[109687]: INFO cinder.volume.api [None req-d0da4601-ad90-4714-a2fd-087075867709 tempest-GroupSnapshotsTest-856272384 tempest-GroupSnapshotsTest-856272384-project] Volume info retrieved successfully.
Jan 10 17:18:11.786035 dv-cinder-787632-2-iscsi devstack@c-api.service[109687]: WARNING stevedore.named [None req-d0da4601-ad90-4714-a2fd-087075867709 tempest-GroupSnapshotsTest-856272384 tempest-GroupSnapshotsTest-856272384-project] Could not load cinder.keymgr.conf_key_mgr.ConfKeyManager
Jan 10 17:18:11.786463 dv-cinder-787632-2-iscsi devstack@c-api.service[109687]: WARNING castellan.key_manager [None req-d0da4601-ad90-4714-a2fd-087075867709 tempest-GroupSnapshotsTest-856272384 tempest-GroupSnapshotsTest-856272384-project] Deprecation Warning : cinder.keymgr.conf_key_mgr.ConfKeyManager is not a stevedore based driver, trying to load it as a class: stevedore.exception.NoMatches: No 'castellan.drivers' driver found, looking for 'cinder.keymgr.conf_key_mgr.ConfKeyManager'
Jan 10 17:18:11.794018 dv-cinder-787632-2-iscsi devstack@c-api.service[109687]: DEBUG oslo_db.sqlalchemy.engines [None req-d0da4601-ad90-4714-a2fd-087075867709 tempest-GroupSnapshotsTest-856272384 tempest-GroupSnapshotsTest-856272384-project] MySQL server mode set to STRICT_TRANS_TABLES,STRICT_ALL_TABLES,NO_ZERO_IN_DATE,NO_ZERO_DATE,ERROR_FOR_DIVISION_BY_ZERO,TRADITIONAL,NO_ENGINE_SUBSTITUTION {{(pid=109687) _check_effective_sql_mode /usr/local/lib/python3.8/dist-packages/oslo_db/sqlalchemy/engines.py:314}}
Jan 10 17:18:11.799817 dv-cinder-787632-2-iscsi devstack@c-api.service[109687]: /usr/local/lib/python3.8/dist-packages/oslo_context/context.py:105: DeprecationWarning: Policy enforcement is depending on the value of is_admin. This key is deprecated. Please update your policy file to use the standard policy values.
Jan 10 17:18:11.799817 dv-cinder-787632-2-iscsi devstack@c-api.service[109687]: warnings.warn('Policy enforcement is depending on the value of '
Jan 10 17:18:11.817356 dv-cinder-787632-2-iscsi devstack@c-api.service[109687]: INFO cinder.api.openstack.wsgi [None req-d0da4601-ad90-4714-a2fd-087075867709 tempest-GroupSnapshotsTest-856272384 tempest-GroupSnapshotsTest-856272384-project] http://10.222.0.10/volume/v3/0c60fe6e5c0547d4b881de7e0f31fd21/volumes/b1acecbd-071b-4d1f-9692-49c504fe8d42 returned with HTTP 200
Jan 10 17:18:11.818269 dv-cinder-787632-2-iscsi devstack@c-api.service[109687]: [pid: 109687|app: 0|req: 207/421] 10.222.0.10 () {60 vars in 1365 bytes} [Mon Jan 10 17:18:11 2022] GET /volume/v3/0c60fe6e5c0547d4b881de7e0f31fd21/volumes/b1acecbd-071b-4d1f-9692-49c504fe8d42 => generated 1000 bytes in 61 msecs (HTTP/1.1 200) 7 headers in 287 bytes (1 switches on core 0)
Jan 10 17:18:11.833456 dv-cinder-787632-2-iscsi devstack@c-api.service[109686]: INFO cinder.api.openstack.wsgi [None req-668a9030-52eb-4ea2-9187-589e7c462733 tempest-GroupSnapshotsTest-856272384 tempest-GroupSnapshotsTest-856272384-project] POST http://10.222.0.10/volume/v3/0c60fe6e5c0547d4b881de7e0f31fd21/group_snapshots
Jan 10 17:18:11.834202 dv-cinder-787632-2-iscsi devstack@c-api.service[109686]: DEBUG cinder.api.openstack.wsgi [None req-668a9030-52eb-4ea2-9187-589e7c462733 tempest-GroupSnapshotsTest-856272384 tempest-GroupSnapshotsTest-856272384-project] Action: 'create', calling method: version_select, body: {"group_snapshot": {"group_id": "a8468def-3be4-4fc7-b7d9-8e02cf8488d0", "name": "tempest-group_snapshot-2130695782"}} {{(pid=109686) _process_stack /opt/stack/cinder/cinder/api/openstack/wsgi.py:866}}
Jan 10 17:18:11.835071 dv-cinder-787632-2-iscsi devstack@c-api.service[109686]: DEBUG cinder.api.v3.group_snapshots [None req-668a9030-52eb-4ea2-9187-589e7c462733 tempest-GroupSnapshotsTest-856272384 tempest-GroupSnapshotsTest-856272384-project] Creating new group_snapshot {'group_snapshot': {'group_id': 'a8468def-3be4-4fc7-b7d9-8e02cf8488d0', 'name': 'tempest-group_snapshot-2130695782'}} {{(pid=109686) create /opt/stack/cinder/cinder/api/v3/group_snapshots.py:154}}
Jan 10 17:18:11.840955 dv-cinder-787632-2-iscsi devstack@c-api.service[109686]: /usr/local/lib/python3.8/dist-packages/oslo_context/context.py:105: DeprecationWarning: Policy enforcement is depending on the value of is_admin. This key is deprecated. Please update your policy file to use the standard policy values.
Jan 10 17:18:11.840955 dv-cinder-787632-2-iscsi devstack@c-api.service[109686]: warnings.warn('Policy enforcement is depending on the value of '
Jan 10 17:18:11.847177 dv-cinder-787632-2-iscsi devstack@c-api.service[109686]: INFO cinder.api.v3.group_snapshots [None req-668a9030-52eb-4ea2-9187-589e7c462733 tempest-GroupSnapshotsTest-856272384 tempest-GroupSnapshotsTest-856272384-project] Creating group_snapshot tempest-group_snapshot-2130695782.
Jan 10 17:18:11.888651 dv-cinder-787632-2-iscsi devstack@c-api.service[109686]: /usr/local/lib/python3.8/dist-packages/oslo_context/context.py:105: DeprecationWarning: Policy enforcement is depending on the value of is_admin. This key is deprecated. Please update your policy file to use the standard policy values.
Jan 10 17:18:11.888651 dv-cinder-787632-2-iscsi devstack@c-api.service[109686]: warnings.warn('Policy enforcement is depending on the value of '
Jan 10 17:18:11.908022 dv-cinder-787632-2-iscsi devstack@c-api.service[109686]: WARNING cinder.quota [None req-668a9030-52eb-4ea2-9187-589e7c462733 tempest-GroupSnapshotsTest-856272384 tempest-GroupSnapshotsTest-856272384-project] Deprecated: Default quota for resource: gigabytes_tempest-GroupSnapshotsTest-volume-type-877484354 is set by the default quota flag: quota_gigabytes_tempest-GroupSnapshotsTest-volume-type-877484354, it is now deprecated. Please use the default quota class for default quota.
Jan 10 17:18:11.908814 dv-cinder-787632-2-iscsi devstack@c-api.service[109686]: WARNING cinder.quota [None req-668a9030-52eb-4ea2-9187-589e7c462733 tempest-GroupSnapshotsTest-856272384 tempest-GroupSnapshotsTest-856272384-project] Deprecated: Default quota for resource: snapshots_tempest-GroupSnapshotsTest-volume-type-877484354 is set by the default quota flag: quota_snapshots_tempest-GroupSnapshotsTest-volume-type-877484354, it is now deprecated. Please use the default quota class for default quota.
Jan 10 17:18:11.948340 dv-cinder-787632-2-iscsi devstack@c-api.service[109686]: DEBUG cinder.quota [None req-668a9030-52eb-4ea2-9187-589e7c462733 tempest-GroupSnapshotsTest-856272384 tempest-GroupSnapshotsTest-856272384-project] Created reservations ['7119c539-a0e6-4b50-96ba-441789eb5baf', '339c6c57-5e2d-4423-b3e7-40a97bf4e78b', 'beefe0a9-dd2a-4efb-a04d-781ffd3bbb8a', '0612f543-2532-43cb-8b9b-ec4b0431cc60'] {{(pid=109686) reserve /opt/stack/cinder/cinder/quota.py:755}}
Jan 10 17:18:11.991064 dv-cinder-787632-2-iscsi devstack@c-api.service[109686]: INFO cinder.api.openstack.wsgi [None req-668a9030-52eb-4ea2-9187-589e7c462733 tempest-GroupSnapshotsTest-856272384 tempest-GroupSnapshotsTest-856272384-project] http://10.222.0.10/volume/v3/0c60fe6e5c0547d4b881de7e0f31fd21/group_snapshots returned with HTTP 202
Jan 10 17:18:11.991829 dv-cinder-787632-2-iscsi devstack@c-api.service[109686]: [pid: 109686|app: 0|req: 215/422] 10.222.0.10 () {62 vars in 1300 bytes} [Mon Jan 10 17:18:11 2022] POST /volume/v3/0c60fe6e5c0547d4b881de7e0f31fd21/group_snapshots => generated 168 bytes in 163 msecs (HTTP/1.1 202) 7 headers in 292 bytes (1 switches on core 0)
Jan 10 17:18:12.001223 dv-cinder-787632-2-iscsi devstack@c-api.service[109687]: INFO cinder.api.openstack.wsgi [None req-26b60afa-9574-4d8f-a3bc-29d8c4ddad6b tempest-GroupSnapshotsTest-856272384 tempest-GroupSnapshotsTest-856272384-project] GET http://10.222.0.10/volume/v3/0c60fe6e5c0547d4b881de7e0f31fd21/group_snapshots/94682683-9124-4891-84fa-94fe9fe83cbe
Jan 10 17:18:12.001637 dv-cinder-787632-2-iscsi devstack@c-api.service[109687]: DEBUG cinder.api.openstack.wsgi [None req-26b60afa-9574-4d8f-a3bc-29d8c4ddad6b tempest-GroupSnapshotsTest-856272384 tempest-GroupSnapshotsTest-856272384-project] Empty body provided in request {{(pid=109687) get_body /opt/stack/cinder/cinder/api/openstack/wsgi.py:715}}
Jan 10 17:18:12.002080 dv-cinder-787632-2-iscsi devstack@c-api.service[109687]: DEBUG cinder.api.openstack.wsgi [None req-26b60afa-9574-4d8f-a3bc-29d8c4ddad6b tempest-GroupSnapshotsTest-856272384 tempest-GroupSnapshotsTest-856272384-project] Calling method 'version_select' {{(pid=109687) _process_stack /opt/stack/cinder/cinder/api/openstack/wsgi.py:868}}
Jan 10 17:18:12.002439 dv-cinder-787632-2-iscsi devstack@c-api.service[109687]: DEBUG cinder.api.v3.group_snapshots [None req-26b60afa-9574-4d8f-a3bc-29d8c4ddad6b tempest-GroupSnapshotsTest-856272384 tempest-GroupSnapshotsTest-856272384-project] show called for member 94682683-9124-4891-84fa-94fe9fe83cbe {{(pid=109687) show /opt/stack/cinder/cinder/api/v3/group_snapshots.py:58}}
Jan 10 17:18:12.008008 dv-cinder-787632-2-iscsi devstack@c-api.service[109687]: /usr/local/lib/python3.8/dist-packages/oslo_context/context.py:105: DeprecationWarning: Policy enforcement is depending on the value of is_admin. This key is deprecated. Please update your policy file to use the standard policy values.
Jan 10 17:18:12.008008 dv-cinder-787632-2-iscsi devstack@c-api.service[109687]: warnings.warn('Policy enforcement is depending on the value of '
Jan 10 17:18:12.013593 dv-cinder-787632-2-iscsi devstack@c-api.service[109687]: INFO cinder.api.openstack.wsgi [None req-26b60afa-9574-4d8f-a3bc-29d8c4ddad6b tempest-GroupSnapshotsTest-856272384 tempest-GroupSnapshotsTest-856272384-project] http://10.222.0.10/volume/v3/0c60fe6e5c0547d4b881de7e0f31fd21/group_snapshots/94682683-9124-4891-84fa-94fe9fe83cbe returned with HTTP 200
Jan 10 17:18:12.014315 dv-cinder-787632-2-iscsi devstack@c-api.service[109687]: [pid: 109687|app: 0|req: 208/423] 10.222.0.10 () {60 vars in 1389 bytes} [Mon Jan 10 17:18:11 2022] GET /volume/v3/0c60fe6e5c0547d4b881de7e0f31fd21/group_snapshots/94682683-9124-4891-84fa-94fe9fe83cbe => generated 307 bytes in 17 msecs (HTTP/1.1 200) 7 headers in 286 bytes (1 switches on core 0)
Jan 10 17:18:12.762313 dv-cinder-787632-2-iscsi devstack@c-api.service[109686]: INFO cinder.api.openstack.wsgi [None req-b081c893-05ba-465a-84cb-f82b3433f4be tempest-AttachVolumeNegativeTest-614734475 tempest-AttachVolumeNegativeTest-614734475-project] GET http://10.222.0.10/volume/v3/c346efae5fb94b1a81a585527ed1d1d7/volumes/1aac3dce-ec6c-4055-a735-01000ec9a79e
Jan 10 17:18:12.762855 dv-cinder-787632-2-iscsi devstack@c-api.service[109686]: DEBUG cinder.api.openstack.wsgi [None req-b081c893-05ba-465a-84cb-f82b3433f4be tempest-AttachVolumeNegativeTest-614734475 tempest-AttachVolumeNegativeTest-614734475-project] Empty body provided in request {{(pid=109686) get_body /opt/stack/cinder/cinder/api/openstack/wsgi.py:715}}
Jan 10 17:18:12.763177 dv-cinder-787632-2-iscsi devstack@c-api.service[109686]: DEBUG cinder.api.openstack.wsgi [None req-b081c893-05ba-465a-84cb-f82b3433f4be tempest-AttachVolumeNegativeTest-614734475 tempest-AttachVolumeNegativeTest-614734475-project] Calling method 'show' {{(pid=109686) _process_stack /opt/stack/cinder/cinder/api/openstack/wsgi.py:868}}
Jan 10 17:18:12.773173 dv-cinder-787632-2-iscsi devstack@c-api.service[109687]: INFO cinder.api.openstack.wsgi [None req-a98560c6-9620-4e03-983c-212be7f76582 tempest-VolumesListAdminTestJSON-661564527 tempest-VolumesListAdminTestJSON-661564527-project] GET http://10.222.0.10/volume/v3/ba2f0adb03244948bfd08d40fc40b63a/volumes/508d58af-17dc-4d16-bfda-bd6cc64a78a8
Jan 10 17:18:12.773595 dv-cinder-787632-2-iscsi devstack@c-api.service[109687]: DEBUG cinder.api.openstack.wsgi [None req-a98560c6-9620-4e03-983c-212be7f76582 tempest-VolumesListAdminTestJSON-661564527 tempest-VolumesListAdminTestJSON-661564527-project] Empty body provided in request {{(pid=109687) get_body /opt/stack/cinder/cinder/api/openstack/wsgi.py:715}}
Jan 10 17:18:12.774037 dv-cinder-787632-2-iscsi devstack@c-api.service[109687]: DEBUG cinder.api.openstack.wsgi [None req-a98560c6-9620-4e03-983c-212be7f76582 tempest-VolumesListAdminTestJSON-661564527 tempest-VolumesListAdminTestJSON-661564527-project] Calling method 'show' {{(pid=109687) _process_stack /opt/stack/cinder/cinder/api/openstack/wsgi.py:868}}
Jan 10 17:18:12.781106 dv-cinder-787632-2-iscsi devstack@c-api.service[109686]: /usr/local/lib/python3.8/dist-packages/oslo_context/context.py:105: DeprecationWarning: Policy enforcement is depending on the value of is_admin. This key is deprecated. Please update your policy file to use the standard policy values.
Jan 10 17:18:12.781106 dv-cinder-787632-2-iscsi devstack@c-api.service[109686]: warnings.warn('Policy enforcement is depending on the value of '
Jan 10 17:18:12.788464 dv-cinder-787632-2-iscsi devstack@c-api.service[109687]: /usr/local/lib/python3.8/dist-packages/oslo_context/context.py:105: DeprecationWarning: Policy enforcement is depending on the value of is_admin. This key is deprecated. Please update your policy file to use the standard policy values.
Jan 10 17:18:12.788464 dv-cinder-787632-2-iscsi devstack@c-api.service[109687]: warnings.warn('Policy enforcement is depending on the value of '
Jan 10 17:18:12.789551 dv-cinder-787632-2-iscsi devstack@c-api.service[109686]: INFO cinder.volume.api [None req-b081c893-05ba-465a-84cb-f82b3433f4be tempest-AttachVolumeNegativeTest-614734475 tempest-AttachVolumeNegativeTest-614734475-project] Volume info retrieved successfully.
Jan 10 17:18:12.795374 dv-cinder-787632-2-iscsi devstack@c-api.service[109687]: INFO cinder.volume.api [None req-a98560c6-9620-4e03-983c-212be7f76582 tempest-VolumesListAdminTestJSON-661564527 tempest-VolumesListAdminTestJSON-661564527-project] Volume info retrieved successfully.
Jan 10 17:18:12.798435 dv-cinder-787632-2-iscsi devstack@c-api.service[109686]: INFO cinder.api.openstack.wsgi [None req-b081c893-05ba-465a-84cb-f82b3433f4be tempest-AttachVolumeNegativeTest-614734475 tempest-AttachVolumeNegativeTest-614734475-project] http://10.222.0.10/volume/v3/c346efae5fb94b1a81a585527ed1d1d7/volumes/1aac3dce-ec6c-4055-a735-01000ec9a79e returned with HTTP 200
Jan 10 17:18:12.799307 dv-cinder-787632-2-iscsi devstack@c-api.service[109686]: [pid: 109686|app: 0|req: 216/424] 10.222.0.10 () {58 vars in 1324 bytes} [Mon Jan 10 17:18:12 2022] GET /volume/v3/c346efae5fb94b1a81a585527ed1d1d7/volumes/1aac3dce-ec6c-4055-a735-01000ec9a79e => generated 917 bytes in 41 msecs (HTTP/1.1 200) 7 headers in 285 bytes (1 switches on core 0)
Jan 10 17:18:12.803551 dv-cinder-787632-2-iscsi devstack@c-api.service[109687]: INFO cinder.api.openstack.wsgi [None req-a98560c6-9620-4e03-983c-212be7f76582 tempest-VolumesListAdminTestJSON-661564527 tempest-VolumesListAdminTestJSON-661564527-project] http://10.222.0.10/volume/v3/ba2f0adb03244948bfd08d40fc40b63a/volumes/508d58af-17dc-4d16-bfda-bd6cc64a78a8 returned with HTTP 200
Jan 10 17:18:12.804393 dv-cinder-787632-2-iscsi devstack@c-api.service[109687]: [pid: 109687|app: 0|req: 209/425] 10.222.0.10 () {58 vars in 1324 bytes} [Mon Jan 10 17:18:12 2022] GET /volume/v3/ba2f0adb03244948bfd08d40fc40b63a/volumes/508d58af-17dc-4d16-bfda-bd6cc64a78a8 => generated 917 bytes in 35 msecs (HTTP/1.1 200) 7 headers in 285 bytes (2 switches on core 0)
Jan 10 17:18:12.817578 dv-cinder-787632-2-iscsi devstack@c-api.service[109686]: INFO cinder.api.openstack.wsgi [None req-7367b10e-afe6-4c07-9453-30f5cc6ead0a tempest-VolumesListAdminTestJSON-661564527 tempest-VolumesListAdminTestJSON-661564527-project] GET http://10.222.0.10/volume/v3/ba2f0adb03244948bfd08d40fc40b63a/volumes/508d58af-17dc-4d16-bfda-bd6cc64a78a8
Jan 10 17:18:12.818006 dv-cinder-787632-2-iscsi devstack@c-api.service[109686]: DEBUG cinder.api.openstack.wsgi [None req-7367b10e-afe6-4c07-9453-30f5cc6ead0a tempest-VolumesListAdminTestJSON-661564527 tempest-VolumesListAdminTestJSON-661564527-project] Empty body provided in request {{(pid=109686) get_body /opt/stack/cinder/cinder/api/openstack/wsgi.py:715}}
Jan 10 17:18:12.818477 dv-cinder-787632-2-iscsi devstack@c-api.service[109686]: DEBUG cinder.api.openstack.wsgi [None req-7367b10e-afe6-4c07-9453-30f5cc6ead0a tempest-VolumesListAdminTestJSON-661564527 tempest-VolumesListAdminTestJSON-661564527-project] Calling method 'show' {{(pid=109686) _process_stack /opt/stack/cinder/cinder/api/openstack/wsgi.py:868}}
Jan 10 17:18:12.831116 dv-cinder-787632-2-iscsi devstack@c-api.service[109686]: /usr/local/lib/python3.8/dist-packages/oslo_context/context.py:105: DeprecationWarning: Policy enforcement is depending on the value of is_admin. This key is deprecated. Please update your policy file to use the standard policy values.
Jan 10 17:18:12.831116 dv-cinder-787632-2-iscsi devstack@c-api.service[109686]: warnings.warn('Policy enforcement is depending on the value of '
Jan 10 17:18:12.838064 dv-cinder-787632-2-iscsi devstack@c-api.service[109686]: INFO cinder.volume.api [None req-7367b10e-afe6-4c07-9453-30f5cc6ead0a tempest-VolumesListAdminTestJSON-661564527 tempest-VolumesListAdminTestJSON-661564527-project] Volume info retrieved successfully.
Jan 10 17:18:12.845959 dv-cinder-787632-2-iscsi devstack@c-api.service[109686]: INFO cinder.api.openstack.wsgi [None req-7367b10e-afe6-4c07-9453-30f5cc6ead0a tempest-VolumesListAdminTestJSON-661564527 tempest-VolumesListAdminTestJSON-661564527-project] http://10.222.0.10/volume/v3/ba2f0adb03244948bfd08d40fc40b63a/volumes/508d58af-17dc-4d16-bfda-bd6cc64a78a8 returned with HTTP 200
Jan 10 17:18:12.846649 dv-cinder-787632-2-iscsi devstack@c-api.service[109686]: [pid: 109686|app: 0|req: 217/426] 10.222.0.10 () {58 vars in 1324 bytes} [Mon Jan 10 17:18:12 2022] GET /volume/v3/ba2f0adb03244948bfd08d40fc40b63a/volumes/508d58af-17dc-4d16-bfda-bd6cc64a78a8 => generated 917 bytes in 33 msecs (HTTP/1.1 200) 7 headers in 285 bytes (1 switches on core 0)
Jan 10 17:18:12.859661 dv-cinder-787632-2-iscsi devstack@c-api.service[109687]: INFO cinder.api.openstack.wsgi [None req-4a1886d4-c064-4483-8b24-04e9f04e9b17 tempest-VolumesListAdminTestJSON-661564527 tempest-VolumesListAdminTestJSON-661564527-project] POST http://10.222.0.10/volume/v3/ba2f0adb03244948bfd08d40fc40b63a/volumes
Jan 10 17:18:12.860344 dv-cinder-787632-2-iscsi devstack@c-api.service[109687]: DEBUG cinder.api.openstack.wsgi [None req-4a1886d4-c064-4483-8b24-04e9f04e9b17 tempest-VolumesListAdminTestJSON-661564527 tempest-VolumesListAdminTestJSON-661564527-project] Action: 'create', calling method: create, body: {"volume": {"size": 1, "name": "tempest-VolumesListAdminTestJSON-Volume-848754722"}} {{(pid=109687) _process_stack /opt/stack/cinder/cinder/api/openstack/wsgi.py:866}}
Jan 10 17:18:12.861269 dv-cinder-787632-2-iscsi devstack@c-api.service[109687]: DEBUG cinder.api.v3.volumes [None req-4a1886d4-c064-4483-8b24-04e9f04e9b17 tempest-VolumesListAdminTestJSON-661564527 tempest-VolumesListAdminTestJSON-661564527-project] Create volume request body: {'volume': {'size': 1, 'name': 'tempest-VolumesListAdminTestJSON-Volume-848754722'}} {{(pid=109687) create /opt/stack/cinder/cinder/api/v3/volumes.py:298}}
Jan 10 17:18:12.861567 dv-cinder-787632-2-iscsi devstack@c-api.service[109687]: INFO cinder.api.v3.volumes [None req-4a1886d4-c064-4483-8b24-04e9f04e9b17 tempest-VolumesListAdminTestJSON-661564527 tempest-VolumesListAdminTestJSON-661564527-project] Create volume of 1 GB
Jan 10 17:18:12.867837 dv-cinder-787632-2-iscsi devstack@c-api.service[109687]: INFO cinder.volume.api [None req-4a1886d4-c064-4483-8b24-04e9f04e9b17 tempest-VolumesListAdminTestJSON-661564527 tempest-VolumesListAdminTestJSON-661564527-project] Availability Zones retrieved successfully.
Jan 10 17:18:12.882927 dv-cinder-787632-2-iscsi devstack@c-api.service[109687]: DEBUG cinder.volume.api [None req-4a1886d4-c064-4483-8b24-04e9f04e9b17 tempest-VolumesListAdminTestJSON-661564527 tempest-VolumesListAdminTestJSON-661564527-project] Flow 'volume_create_api' (b9b2cfc9-b3a8-4e30-b9b2-1f2c2d202470) transitioned into state 'RUNNING' from state 'PENDING' {{(pid=109687) _flow_receiver /usr/local/lib/python3.8/dist-packages/taskflow/listeners/logging.py:141}}
Jan 10 17:18:12.885374 dv-cinder-787632-2-iscsi devstack@c-api.service[109687]: DEBUG cinder.volume.api [None req-4a1886d4-c064-4483-8b24-04e9f04e9b17 tempest-VolumesListAdminTestJSON-661564527 tempest-VolumesListAdminTestJSON-661564527-project] Task 'cinder.volume.flows.api.create_volume.ExtractVolumeRequestTask;volume:create' (36dd8a40-e1da-49fb-a19b-b2cf7179eb4f) transitioned into state 'RUNNING' from state 'PENDING' {{(pid=109687) _task_receiver /usr/local/lib/python3.8/dist-packages/taskflow/listeners/logging.py:190}}
Jan 10 17:18:12.887644 dv-cinder-787632-2-iscsi devstack@c-api.service[109687]: DEBUG cinder.volume.flows.api.create_volume [None req-4a1886d4-c064-4483-8b24-04e9f04e9b17 tempest-VolumesListAdminTestJSON-661564527 tempest-VolumesListAdminTestJSON-661564527-project] Validating volume size '1' using validate_int {{(pid=109687) _extract_size /opt/stack/cinder/cinder/volume/flows/api/create_volume.py:225}}
Jan 10 17:18:12.915676 dv-cinder-787632-2-iscsi devstack@c-api.service[109687]: DEBUG cinder.volume.api [None req-4a1886d4-c064-4483-8b24-04e9f04e9b17 tempest-VolumesListAdminTestJSON-661564527 tempest-VolumesListAdminTestJSON-661564527-project] Task 'cinder.volume.flows.api.create_volume.ExtractVolumeRequestTask;volume:create' (36dd8a40-e1da-49fb-a19b-b2cf7179eb4f) transitioned into state 'SUCCESS' from state 'RUNNING' with result '{'size': 1, 'snapshot_id': None, 'source_volid': None, 'volume_type': VolumeType(created_at=2022-01-10T17:07:35Z,deleted=False,deleted_at=None,description='Default Volume Type',extra_specs={},id=733791fc-0957-4bf0-bf41-ea7c34c7fe35,is_public=True,name='__DEFAULT__',projects=[],qos_specs=,qos_specs_id=None,updated_at=2022-01-10T17:07:35Z), 'volume_type_id': '733791fc-0957-4bf0-bf41-ea7c34c7fe35', 'encryption_key_id': None, 'qos_specs': None, 'consistencygroup_id': None, 'cgsnapshot_id': None, 'group_id': None, 'replication_status': 'disabled', 'refresh_az': False, 'backup_id': None, 'multiattach': False, 'availability_zones': ['nova']}' {{(pid=109687) _task_receiver /usr/local/lib/python3.8/dist-packages/taskflow/listeners/logging.py:178}}
Jan 10 17:18:12.918035 dv-cinder-787632-2-iscsi devstack@c-api.service[109687]: DEBUG cinder.volume.api [None req-4a1886d4-c064-4483-8b24-04e9f04e9b17 tempest-VolumesListAdminTestJSON-661564527 tempest-VolumesListAdminTestJSON-661564527-project] Task 'cinder.volume.flows.api.create_volume.QuotaReserveTask;volume:create' (9b6ab6f6-a628-4d1f-99a2-f5bf67fbb5c2) transitioned into state 'RUNNING' from state 'PENDING' {{(pid=109687) _task_receiver /usr/local/lib/python3.8/dist-packages/taskflow/listeners/logging.py:190}}
Jan 10 17:18:12.964995 dv-cinder-787632-2-iscsi devstack@c-api.service[109687]: DEBUG cinder.quota [None req-4a1886d4-c064-4483-8b24-04e9f04e9b17 tempest-VolumesListAdminTestJSON-661564527 tempest-VolumesListAdminTestJSON-661564527-project] Created reservations ['66cdf182-683d-43d3-963d-38d13bfe2ad9', '5bdfdfbc-c781-40ad-ab7d-6d1bef4745be', 'ae4629d3-f4ab-4ca3-810f-545261cf3c75', 'd28c626e-dd88-422c-b546-4d0860707fe7'] {{(pid=109687) reserve /opt/stack/cinder/cinder/quota.py:755}}
Jan 10 17:18:12.967019 dv-cinder-787632-2-iscsi devstack@c-api.service[109687]: DEBUG cinder.volume.api [None req-4a1886d4-c064-4483-8b24-04e9f04e9b17 tempest-VolumesListAdminTestJSON-661564527 tempest-VolumesListAdminTestJSON-661564527-project] Task 'cinder.volume.flows.api.create_volume.QuotaReserveTask;volume:create' (9b6ab6f6-a628-4d1f-99a2-f5bf67fbb5c2) transitioned into state 'SUCCESS' from state 'RUNNING' with result '{'reservations': ['66cdf182-683d-43d3-963d-38d13bfe2ad9', '5bdfdfbc-c781-40ad-ab7d-6d1bef4745be', 'ae4629d3-f4ab-4ca3-810f-545261cf3c75', 'd28c626e-dd88-422c-b546-4d0860707fe7']}' {{(pid=109687) _task_receiver /usr/local/lib/python3.8/dist-packages/taskflow/listeners/logging.py:178}}
Jan 10 17:18:12.968978 dv-cinder-787632-2-iscsi devstack@c-api.service[109687]: DEBUG cinder.volume.api [None req-4a1886d4-c064-4483-8b24-04e9f04e9b17 tempest-VolumesListAdminTestJSON-661564527 tempest-VolumesListAdminTestJSON-661564527-project] Task 'cinder.volume.flows.api.create_volume.EntryCreateTask;volume:create' (e68bffce-a16f-43c9-a6c8-1ebc305877f6) transitioned into state 'RUNNING' from state 'PENDING' {{(pid=109687) _task_receiver /usr/local/lib/python3.8/dist-packages/taskflow/listeners/logging.py:190}}
Jan 10 17:18:12.991012 dv-cinder-787632-2-iscsi devstack@c-api.service[109687]: DEBUG cinder.volume.api [None req-4a1886d4-c064-4483-8b24-04e9f04e9b17 tempest-VolumesListAdminTestJSON-661564527 tempest-VolumesListAdminTestJSON-661564527-project] Task 'cinder.volume.flows.api.create_volume.EntryCreateTask;volume:create' (e68bffce-a16f-43c9-a6c8-1ebc305877f6) transitioned into state 'SUCCESS' from state 'RUNNING' with result '{'volume_id': 'cf9a5c02-f6b4-4ef0-b408-4dacdcbff1b9', 'volume_properties': VolumeProperties(attach_status='detached',availability_zone='nova',cgsnapshot_id=None,consistencygroup_id=None,display_description=None,display_name='tempest-VolumesListAdminTestJSON-Volume-848754722',encryption_key_id=None,group_id=None,group_type_id=,metadata={},multiattach=False,project_id='ba2f0adb03244948bfd08d40fc40b63a',qos_specs=None,replication_status=,reservations=['66cdf182-683d-43d3-963d-38d13bfe2ad9','5bdfdfbc-c781-40ad-ab7d-6d1bef4745be','ae4629d3-f4ab-4ca3-810f-545261cf3c75','d28c626e-dd88-422c-b546-4d0860707fe7'],size=1,snapshot_id=None,source_replicaid=,source_volid=None,status='creating',user_id='cb90aa40ba414dccb4e5f7cef3728c83',volume_type_id=733791fc-0957-4bf0-bf41-ea7c34c7fe35), 'volume': Volume(_name_id=None,admin_metadata=,attach_status='detached',availability_zone='nova',bootable=False,cluster=,cluster_name=None,consistencygroup=,consistencygroup_id=None,created_at=2022-01-10T17:18:12Z,deleted=False,deleted_at=None,display_description=None,display_name='tempest-VolumesListAdminTestJSON-Volume-848754722',ec2_id=None,encryption_key_id=None,glance_metadata=,group=,group_id=None,host=None,id=cf9a5c02-f6b4-4ef0-b408-4dacdcbff1b9,launched_at=None,metadata={},migration_status=None,multiattach=False,previous_status=None,project_id='ba2f0adb03244948bfd08d40fc40b63a',provider_auth=None,provider_geometry=None,provider_id=None,provider_location=None,replication_driver_data=None,replication_extended_status=None,replication_status=None,scheduled_at=None,service_uuid=None,shared_targets=True,size=1,snapshot_id=None,snapshots=,source_volid=None,status='creating',terminated_at=None,updated_at=None,use_quota=True,user_id='cb90aa40ba414dccb4e5f7cef3728c83',volume_attachment=VolumeAttachmentList,volume_type=VolumeType(733791fc-0957-4bf0-bf41-ea7c34c7fe35),volume_type_id=733791fc-0957-4bf0-bf41-ea7c34c7fe35)}' {{(pid=109687) _task_receiver /usr/local/lib/python3.8/dist-packages/taskflow/listeners/logging.py:178}}
Jan 10 17:18:12.992880 dv-cinder-787632-2-iscsi devstack@c-api.service[109687]: DEBUG cinder.volume.api [None req-4a1886d4-c064-4483-8b24-04e9f04e9b17 tempest-VolumesListAdminTestJSON-661564527 tempest-VolumesListAdminTestJSON-661564527-project] Task 'cinder.volume.flows.api.create_volume.QuotaCommitTask;volume:create' (d4d69b00-46ee-445c-bebe-2e4882afce3d) transitioned into state 'RUNNING' from state 'PENDING' {{(pid=109687) _task_receiver /usr/local/lib/python3.8/dist-packages/taskflow/listeners/logging.py:190}}
Jan 10 17:18:13.017859 dv-cinder-787632-2-iscsi devstack@c-api.service[109687]: DEBUG cinder.volume.api [None req-4a1886d4-c064-4483-8b24-04e9f04e9b17 tempest-VolumesListAdminTestJSON-661564527 tempest-VolumesListAdminTestJSON-661564527-project] Task 'cinder.volume.flows.api.create_volume.QuotaCommitTask;volume:create' (d4d69b00-46ee-445c-bebe-2e4882afce3d) transitioned into state 'SUCCESS' from state 'RUNNING' with result '{'volume_properties': VolumeProperties(attach_status='detached',availability_zone='nova',cgsnapshot_id=None,consistencygroup_id=None,display_description=None,display_name='tempest-VolumesListAdminTestJSON-Volume-848754722',encryption_key_id=None,group_id=None,group_type_id=,metadata={},multiattach=False,project_id='ba2f0adb03244948bfd08d40fc40b63a',qos_specs=None,replication_status=,reservations=['66cdf182-683d-43d3-963d-38d13bfe2ad9','5bdfdfbc-c781-40ad-ab7d-6d1bef4745be','ae4629d3-f4ab-4ca3-810f-545261cf3c75','d28c626e-dd88-422c-b546-4d0860707fe7'],size=1,snapshot_id=None,source_replicaid=,source_volid=None,status='creating',user_id='cb90aa40ba414dccb4e5f7cef3728c83',volume_type_id=733791fc-0957-4bf0-bf41-ea7c34c7fe35)}' {{(pid=109687) _task_receiver /usr/local/lib/python3.8/dist-packages/taskflow/listeners/logging.py:178}}
Jan 10 17:18:13.020412 dv-cinder-787632-2-iscsi devstack@c-api.service[109687]: DEBUG cinder.volume.api [None req-4a1886d4-c064-4483-8b24-04e9f04e9b17 tempest-VolumesListAdminTestJSON-661564527 tempest-VolumesListAdminTestJSON-661564527-project] Task 'cinder.volume.flows.api.create_volume.VolumeCastTask;volume:create' (def690e7-608e-472d-9ec3-a8530fd4c44e) transitioned into state 'RUNNING' from state 'PENDING' {{(pid=109687) _task_receiver /usr/local/lib/python3.8/dist-packages/taskflow/listeners/logging.py:190}}
Jan 10 17:18:13.026004 dv-cinder-787632-2-iscsi devstack@c-api.service[109686]: INFO cinder.api.openstack.wsgi [None req-089bc5ec-19ef-4cd0-a180-c5b5f8eb5c82 tempest-GroupSnapshotsTest-856272384 tempest-GroupSnapshotsTest-856272384-project] GET http://10.222.0.10/volume/v3/0c60fe6e5c0547d4b881de7e0f31fd21/group_snapshots/94682683-9124-4891-84fa-94fe9fe83cbe
Jan 10 17:18:13.026519 dv-cinder-787632-2-iscsi devstack@c-api.service[109686]: DEBUG cinder.api.openstack.wsgi [None req-089bc5ec-19ef-4cd0-a180-c5b5f8eb5c82 tempest-GroupSnapshotsTest-856272384 tempest-GroupSnapshotsTest-856272384-project] Empty body provided in request {{(pid=109686) get_body /opt/stack/cinder/cinder/api/openstack/wsgi.py:715}}
Jan 10 17:18:13.026995 dv-cinder-787632-2-iscsi devstack@c-api.service[109686]: DEBUG cinder.api.openstack.wsgi [None req-089bc5ec-19ef-4cd0-a180-c5b5f8eb5c82 tempest-GroupSnapshotsTest-856272384 tempest-GroupSnapshotsTest-856272384-project] Calling method 'version_select' {{(pid=109686) _process_stack /opt/stack/cinder/cinder/api/openstack/wsgi.py:868}}
Jan 10 17:18:13.027331 dv-cinder-787632-2-iscsi devstack@c-api.service[109686]: DEBUG cinder.api.v3.group_snapshots [None req-089bc5ec-19ef-4cd0-a180-c5b5f8eb5c82 tempest-GroupSnapshotsTest-856272384 tempest-GroupSnapshotsTest-856272384-project] show called for member 94682683-9124-4891-84fa-94fe9fe83cbe {{(pid=109686) show /opt/stack/cinder/cinder/api/v3/group_snapshots.py:58}}
Jan 10 17:18:13.033006 dv-cinder-787632-2-iscsi devstack@c-api.service[109686]: /usr/local/lib/python3.8/dist-packages/oslo_context/context.py:105: DeprecationWarning: Policy enforcement is depending on the value of is_admin. This key is deprecated. Please update your policy file to use the standard policy values.
Jan 10 17:18:13.033006 dv-cinder-787632-2-iscsi devstack@c-api.service[109686]: warnings.warn('Policy enforcement is depending on the value of '
Jan 10 17:18:13.037046 dv-cinder-787632-2-iscsi devstack@c-api.service[109687]: DEBUG cinder.volume.api [None req-4a1886d4-c064-4483-8b24-04e9f04e9b17 tempest-VolumesListAdminTestJSON-661564527 tempest-VolumesListAdminTestJSON-661564527-project] Task 'cinder.volume.flows.api.create_volume.VolumeCastTask;volume:create' (def690e7-608e-472d-9ec3-a8530fd4c44e) transitioned into state 'SUCCESS' from state 'RUNNING' with result 'None' {{(pid=109687) _task_receiver /usr/local/lib/python3.8/dist-packages/taskflow/listeners/logging.py:178}}
Jan 10 17:18:13.038759 dv-cinder-787632-2-iscsi devstack@c-api.service[109686]: INFO cinder.api.openstack.wsgi [None req-089bc5ec-19ef-4cd0-a180-c5b5f8eb5c82 tempest-GroupSnapshotsTest-856272384 tempest-GroupSnapshotsTest-856272384-project] http://10.222.0.10/volume/v3/0c60fe6e5c0547d4b881de7e0f31fd21/group_snapshots/94682683-9124-4891-84fa-94fe9fe83cbe returned with HTTP 200
Jan 10 17:18:13.039438 dv-cinder-787632-2-iscsi devstack@c-api.service[109687]: DEBUG cinder.volume.api [None req-4a1886d4-c064-4483-8b24-04e9f04e9b17 tempest-VolumesListAdminTestJSON-661564527 tempest-VolumesListAdminTestJSON-661564527-project] Flow 'volume_create_api' (b9b2cfc9-b3a8-4e30-b9b2-1f2c2d202470) transitioned into state 'SUCCESS' from state 'RUNNING' {{(pid=109687) _flow_receiver /usr/local/lib/python3.8/dist-packages/taskflow/listeners/logging.py:141}}
Jan 10 17:18:13.039895 dv-cinder-787632-2-iscsi devstack@c-api.service[109686]: [pid: 109686|app: 0|req: 218/427] 10.222.0.10 () {60 vars in 1389 bytes} [Mon Jan 10 17:18:13 2022] GET /volume/v3/0c60fe6e5c0547d4b881de7e0f31fd21/group_snapshots/94682683-9124-4891-84fa-94fe9fe83cbe => generated 307 bytes in 19 msecs (HTTP/1.1 200) 7 headers in 286 bytes (1 switches on core 0)
Jan 10 17:18:13.043798 dv-cinder-787632-2-iscsi devstack@c-api.service[109687]: INFO cinder.volume.api [None req-4a1886d4-c064-4483-8b24-04e9f04e9b17 tempest-VolumesListAdminTestJSON-661564527 tempest-VolumesListAdminTestJSON-661564527-project] Create volume request issued successfully.
Jan 10 17:18:13.045080 dv-cinder-787632-2-iscsi devstack@c-api.service[109687]: INFO cinder.api.openstack.wsgi [None req-4a1886d4-c064-4483-8b24-04e9f04e9b17 tempest-VolumesListAdminTestJSON-661564527 tempest-VolumesListAdminTestJSON-661564527-project] http://10.222.0.10/volume/v3/ba2f0adb03244948bfd08d40fc40b63a/volumes returned with HTTP 202
Jan 10 17:18:13.045796 dv-cinder-787632-2-iscsi devstack@c-api.service[109687]: [pid: 109687|app: 0|req: 210/428] 10.222.0.10 () {60 vars in 1234 bytes} [Mon Jan 10 17:18:12 2022] POST /volume/v3/ba2f0adb03244948bfd08d40fc40b63a/volumes => generated 823 bytes in 189 msecs (HTTP/1.1 202) 7 headers in 291 bytes (2 switches on core 0)
Jan 10 17:18:13.059114 dv-cinder-787632-2-iscsi devstack@c-api.service[109686]: INFO cinder.api.openstack.wsgi [None req-6203b811-253b-4c29-a38a-284e50391f26 tempest-VolumesListAdminTestJSON-661564527 tempest-VolumesListAdminTestJSON-661564527-project] GET http://10.222.0.10/volume/v3/ba2f0adb03244948bfd08d40fc40b63a/volumes/cf9a5c02-f6b4-4ef0-b408-4dacdcbff1b9
Jan 10 17:18:13.059553 dv-cinder-787632-2-iscsi devstack@c-api.service[109686]: DEBUG cinder.api.openstack.wsgi [None req-6203b811-253b-4c29-a38a-284e50391f26 tempest-VolumesListAdminTestJSON-661564527 tempest-VolumesListAdminTestJSON-661564527-project] Empty body provided in request {{(pid=109686) get_body /opt/stack/cinder/cinder/api/openstack/wsgi.py:715}}
Jan 10 17:18:13.060267 dv-cinder-787632-2-iscsi devstack@c-api.service[109686]: DEBUG cinder.api.openstack.wsgi [None req-6203b811-253b-4c29-a38a-284e50391f26 tempest-VolumesListAdminTestJSON-661564527 tempest-VolumesListAdminTestJSON-661564527-project] Calling method 'show' {{(pid=109686) _process_stack /opt/stack/cinder/cinder/api/openstack/wsgi.py:868}}
Jan 10 17:18:13.074420 dv-cinder-787632-2-iscsi devstack@c-api.service[109686]: /usr/local/lib/python3.8/dist-packages/oslo_context/context.py:105: DeprecationWarning: Policy enforcement is depending on the value of is_admin. This key is deprecated. Please update your policy file to use the standard policy values.
Jan 10 17:18:13.074420 dv-cinder-787632-2-iscsi devstack@c-api.service[109686]: warnings.warn('Policy enforcement is depending on the value of '
Jan 10 17:18:13.083448 dv-cinder-787632-2-iscsi devstack@c-api.service[109686]: INFO cinder.volume.api [None req-6203b811-253b-4c29-a38a-284e50391f26 tempest-VolumesListAdminTestJSON-661564527 tempest-VolumesListAdminTestJSON-661564527-project] Volume info retrieved successfully.
