Jun 15 14:50:45.995162 dv-cinder-787296-10-iscsi neutron-server[110995]: DEBUG neutron.db.l3_dvrscheduler_db [req-0cac5291-dcbd-45e2-9c42-224f28c4bbcb req-c2f645f8-37a5-45a8-bd11-51f64d154cdf tempest-ServerRescueNegativeTestJSON-1076848050 tempest-ServerRescueNegativeTestJSON-1076848050-project] Received port after_create {{(pid=110995) _notify_l3_agent_new_port /opt/stack/neutron/neutron/db/l3_dvrscheduler_db.py:542}}
Jun 15 14:50:46.070701 dv-cinder-787296-10-iscsi neutron-server[110995]: DEBUG neutron.api.rpc.handlers.resources_rpc [None req-c2f645f8-37a5-45a8-bd11-51f64d154cdf tempest-ServerRescueNegativeTestJSON-1076848050 tempest-ServerRescueNegativeTestJSON-1076848050-project] Pushing event updated for resources: {'Port': ['ID=a43bc32e-bbcc-488c-a3f5-3300379c6a9c,revision_number=1']} {{(pid=110995) push /opt/stack/neutron/neutron/api/rpc/handlers/resources_rpc.py:237}}
Jun 15 14:50:46.074718 dv-cinder-787296-10-iscsi neutron-server[110995]: DEBUG neutron.pecan_wsgi.hooks.policy_enforcement [req-0cac5291-dcbd-45e2-9c42-224f28c4bbcb req-c2f645f8-37a5-45a8-bd11-51f64d154cdf tempest-ServerRescueNegativeTestJSON-1076848050 tempest-ServerRescueNegativeTestJSON-1076848050-project] Attributes excluded by policy engine: ['standard_attr_id', 'binding:profile', 'binding:host_id', 'binding:vif_type', 'binding:vif_details', 'network'] {{(pid=110995) _exclude_attributes_by_policy /opt/stack/neutron/neutron/pecan_wsgi/hooks/policy_enforcement.py:259}}
Jun 15 14:50:46.075574 dv-cinder-787296-10-iscsi neutron-server[110995]: DEBUG neutron_lib.callbacks.manager [req-0cac5291-dcbd-45e2-9c42-224f28c4bbcb req-c2f645f8-37a5-45a8-bd11-51f64d154cdf tempest-ServerRescueNegativeTestJSON-1076848050 tempest-ServerRescueNegativeTestJSON-1076848050-project] Publish callbacks ['neutron.notifiers.nova.Notifier._send_nova_notification-41469', 'neutron.api.rpc.agentnotifiers.dhcp_rpc_agent_api.DhcpAgentNotifyAPI._send_dhcp_notification-591482'] for port (None), before_response {{(pid=110995) _notify_loop /usr/local/lib/python3.8/dist-packages/neutron_lib/callbacks/manager.py:176}}
Jun 15 14:50:46.170225 dv-cinder-787296-10-iscsi neutron-server[110995]: INFO neutron.wsgi [req-0cac5291-dcbd-45e2-9c42-224f28c4bbcb req-c2f645f8-37a5-45a8-bd11-51f64d154cdf tempest-ServerRescueNegativeTestJSON-1076848050 tempest-ServerRescueNegativeTestJSON-1076848050-project] 10.222.0.46 "POST /v2.0/ports HTTP/1.1" status: 201 len: 933 time: 1.1823726
Jun 15 14:50:46.265179 dv-cinder-787296-10-iscsi neutron-server[110997]: DEBUG neutron.db.provisioning_blocks [None req-c8c68987-3994-496f-9894-e8dbd3bfceea None None] Provisioning complete for port a43bc32e-bbcc-488c-a3f5-3300379c6a9c triggered by entity DHCP. {{(pid=110997) provisioning_complete /opt/stack/neutron/neutron/db/provisioning_blocks.py:145}}
Jun 15 14:50:46.265780 dv-cinder-787296-10-iscsi neutron-server[110997]: DEBUG neutron_lib.callbacks.manager [None req-c8c68987-3994-496f-9894-e8dbd3bfceea None None] Publish callbacks ['neutron.plugins.ml2.plugin.Ml2Plugin._port_provisioned-3487216'] for port (a43bc32e-bbcc-488c-a3f5-3300379c6a9c), provisioning_complete {{(pid=110997) _notify_loop /usr/local/lib/python3.8/dist-packages/neutron_lib/callbacks/manager.py:176}}
Jun 15 14:50:46.299239 dv-cinder-787296-10-iscsi neutron-server[110997]: DEBUG neutron.plugins.ml2.plugin [None req-c8c68987-3994-496f-9894-e8dbd3bfceea None None] Port a43bc32e-bbcc-488c-a3f5-3300379c6a9c cannot update to ACTIVE because it is not bound. {{(pid=110997) _port_provisioned /opt/stack/neutron/neutron/plugins/ml2/plugin.py:354}}
Jun 15 14:50:46.526821 dv-cinder-787296-10-iscsi neutron-server[110996]: INFO neutron.wsgi [req-810364f2-30b2-4405-97ac-f57a79cd53b1 req-9c38e9d5-6ccb-4fb3-8b82-d567811ca22f tempest-AttachVolumeTestJSON-580381324 tempest-AttachVolumeTestJSON-580381324-project] 10.222.0.42 "GET /v2.0/ports?device_id=9af1b5d3-7171-4426-b239-bc34951326cf HTTP/1.1" status: 200 len: 210 time: 0.0352273
Jun 15 14:50:46.721537 dv-cinder-787296-10-iscsi neutron-server[110996]: INFO neutron.wsgi [req-3bf4e39a-5b1b-4cec-bb80-2c631dab189f req-d3e79b37-f7ea-480d-9c3d-121fe947b57b tempest-ServerRescueNegativeTestJSON-1076848050 tempest-ServerRescueNegativeTestJSON-1076848050-project] 10.222.0.42 "GET /v2.0/ports?device_id=408e1d57-c792-4ac6-9112-a83dfc0cab85 HTTP/1.1" status: 200 len: 210 time: 0.0278852
Jun 15 14:50:46.999538 dv-cinder-787296-10-iscsi neutron-server[110996]: DEBUG neutron.pecan_wsgi.hooks.policy_enforcement [req-ee6e3d13-0bd5-4e07-b08c-e05d1a5a8b22 req-0e40f7d4-28f2-4ac1-9f53-3447b6749575 tempest-DeleteServersTestJSON-909972188 tempest-DeleteServersTestJSON-909972188-project] Attributes excluded by policy engine: ['standard_attr_id', 'binding:profile', 'binding:host_id', 'binding:vif_type', 'binding:vif_details'] {{(pid=110996) _exclude_attributes_by_policy /opt/stack/neutron/neutron/pecan_wsgi/hooks/policy_enforcement.py:259}}
Jun 15 14:50:47.001111 dv-cinder-787296-10-iscsi neutron-server[110996]: INFO neutron.wsgi [req-ee6e3d13-0bd5-4e07-b08c-e05d1a5a8b22 req-0e40f7d4-28f2-4ac1-9f53-3447b6749575 tempest-DeleteServersTestJSON-909972188 tempest-DeleteServersTestJSON-909972188-project] 10.222.0.42 "GET /v2.0/ports?device_id=f6aca7e8-506a-4eb2-bcc3-601589cff5b5 HTTP/1.1" status: 200 len: 943 time: 0.0528731
Jun 15 14:50:47.049890 dv-cinder-787296-10-iscsi neutron-server[110996]: INFO neutron.wsgi [req-ee6e3d13-0bd5-4e07-b08c-e05d1a5a8b22 req-565b8095-ecdf-4aaf-9823-3efad8154311 tempest-DeleteServersTestJSON-909972188 tempest-DeleteServersTestJSON-909972188-project] 10.222.0.42 "GET /v2.0/security-groups?id=c3942881-f4aa-4e1e-b754-4aeb63afa3de&fields=id&fields=name HTTP/1.1" status: 200 len: 286 time: 0.0430861
Jun 15 14:50:47.638304 dv-cinder-787296-10-iscsi neutron-server[110996]: INFO neutron.wsgi [req-3ce348c2-366f-470e-aeaa-01e4b6c7399d req-3c2cae0c-5c62-46b9-8e64-3ec90cc7f331 tempest-AttachVolumeTestJSON-580381324 tempest-AttachVolumeTestJSON-580381324-project] 10.222.0.42 "GET /v2.0/ports?device_id=9af1b5d3-7171-4426-b239-bc34951326cf HTTP/1.1" status: 200 len: 210 time: 0.0310948
Jun 15 14:50:47.821548 dv-cinder-787296-10-iscsi neutron-server[110996]: INFO neutron.wsgi [req-b086e196-e9cd-42c0-813a-aa5e94ab2e92 req-12b22785-e2c9-4970-bc42-f37412fe23a8 tempest-ServerRescueNegativeTestJSON-1076848050 tempest-ServerRescueNegativeTestJSON-1076848050-project] 10.222.0.42 "GET /v2.0/ports?device_id=408e1d57-c792-4ac6-9112-a83dfc0cab85 HTTP/1.1" status: 200 len: 210 time: 0.0272861
Jun 15 14:50:48.135331 dv-cinder-787296-10-iscsi neutron-server[110996]: DEBUG dbcounter [-] [110996] Writing DB stats neutron:SELECT=100 {{(pid=110996) stat_writer /usr/local/lib/python3.8/dist-packages/dbcounter.py:114}}
Jun 15 14:50:48.176018 dv-cinder-787296-10-iscsi neutron-server[110996]: DEBUG neutron.pecan_wsgi.hooks.policy_enforcement [req-a82ebea3-6226-4dc9-b44b-a9aea88750cf req-614d010f-72f0-4af2-bd3d-d9b21fe9bae9 tempest-DeleteServersTestJSON-909972188 tempest-DeleteServersTestJSON-909972188-project] Attributes excluded by policy engine: ['standard_attr_id', 'binding:profile', 'binding:host_id', 'binding:vif_type', 'binding:vif_details'] {{(pid=110996) _exclude_attributes_by_policy /opt/stack/neutron/neutron/pecan_wsgi/hooks/policy_enforcement.py:259}}
Jun 15 14:50:48.245231 dv-cinder-787296-10-iscsi neutron-server[110996]: INFO neutron.wsgi [req-a82ebea3-6226-4dc9-b44b-a9aea88750cf req-614d010f-72f0-4af2-bd3d-d9b21fe9bae9 tempest-DeleteServersTestJSON-909972188 tempest-DeleteServersTestJSON-909972188-project] 10.222.0.42 "GET /v2.0/ports?device_id=f6aca7e8-506a-4eb2-bcc3-601589cff5b5 HTTP/1.1" status: 200 len: 943 time: 0.0536194
Jun 15 14:50:48.245231 dv-cinder-787296-10-iscsi neutron-server[110996]: INFO neutron.wsgi [req-a82ebea3-6226-4dc9-b44b-a9aea88750cf req-2ee504e7-290f-4cef-b196-57e5e372199f tempest-DeleteServersTestJSON-909972188 tempest-DeleteServersTestJSON-909972188-project] 10.222.0.42 "GET /v2.0/security-groups?id=c3942881-f4aa-4e1e-b754-4aeb63afa3de&fields=id&fields=name HTTP/1.1" status: 200 len: 286 time: 0.0524600
Jun 15 14:50:48.736972 dv-cinder-787296-10-iscsi neutron-server[110996]: INFO neutron.wsgi [req-59ee2b7c-9340-4d5f-880c-77b1806868f1 req-d453ba7d-84a2-4ae6-890d-411f63d89355 tempest-AttachVolumeTestJSON-580381324 tempest-AttachVolumeTestJSON-580381324-project] 10.222.0.42 "GET /v2.0/ports?device_id=9af1b5d3-7171-4426-b239-bc34951326cf HTTP/1.1" status: 200 len: 210 time: 0.0291836
Jun 15 14:50:48.921947 dv-cinder-787296-10-iscsi neutron-server[110996]: INFO neutron.wsgi [req-85efcbbf-16d6-4cfd-adf6-6012f421f570 req-ed91e288-1972-4484-a4dc-5b0e67b35356 tempest-ServerRescueNegativeTestJSON-1076848050 tempest-ServerRescueNegativeTestJSON-1076848050-project] 10.222.0.42 "GET /v2.0/ports?device_id=408e1d57-c792-4ac6-9112-a83dfc0cab85 HTTP/1.1" status: 200 len: 210 time: 0.0303001
Jun 15 14:50:49.350681 dv-cinder-787296-10-iscsi neutron-server[110996]: DEBUG neutron.pecan_wsgi.hooks.policy_enforcement [req-ad57fdb5-d624-4b2d-90b4-98dbcd198d5c req-b363539d-a943-455a-a4d4-bb990afd05b1 tempest-DeleteServersTestJSON-909972188 tempest-DeleteServersTestJSON-909972188-project] Attributes excluded by policy engine: ['standard_attr_id', 'binding:profile', 'binding:host_id', 'binding:vif_type', 'binding:vif_details'] {{(pid=110996) _exclude_attributes_by_policy /opt/stack/neutron/neutron/pecan_wsgi/hooks/policy_enforcement.py:259}}
Jun 15 14:50:49.352734 dv-cinder-787296-10-iscsi neutron-server[110996]: INFO neutron.wsgi [req-ad57fdb5-d624-4b2d-90b4-98dbcd198d5c req-b363539d-a943-455a-a4d4-bb990afd05b1 tempest-DeleteServersTestJSON-909972188 tempest-DeleteServersTestJSON-909972188-project] 10.222.0.42 "GET /v2.0/ports?device_id=f6aca7e8-506a-4eb2-bcc3-601589cff5b5 HTTP/1.1" status: 200 len: 943 time: 0.0479276
Jun 15 14:50:49.401467 dv-cinder-787296-10-iscsi neutron-server[110996]: INFO neutron.wsgi [req-ad57fdb5-d624-4b2d-90b4-98dbcd198d5c req-5deffcab-2da4-456e-a4c9-59358cc356f0 tempest-DeleteServersTestJSON-909972188 tempest-DeleteServersTestJSON-909972188-project] 10.222.0.42 "GET /v2.0/security-groups?id=c3942881-f4aa-4e1e-b754-4aeb63afa3de&fields=id&fields=name HTTP/1.1" status: 200 len: 286 time: 0.0431149
Jun 15 14:50:49.491864 dv-cinder-787296-10-iscsi neutron-server[110996]: DEBUG neutron.wsgi [-] (110996) accepted ('10.222.0.46', 54940) {{(pid=110996) server /usr/local/lib/python3.8/dist-packages/eventlet/wsgi.py:1004}}
Jun 15 14:50:49.606634 dv-cinder-787296-10-iscsi neutron-server[110995]: DEBUG neutron.api.v2.base [req-0cac5291-dcbd-45e2-9c42-224f28c4bbcb req-363eff33-f19c-4bbb-949a-8ee9100a4b36 service neutron] Request body: {'port': {'device_id': 'b65023b0-7f40-4b7f-85e5-91006b438f4c', 'device_owner': 'compute:nova', 'binding:host_id': 'hv-cinder-78729'}} {{(pid=110995) prepare_request_body /opt/stack/neutron/neutron/api/v2/base.py:730}}
Jun 15 14:50:49.670530 dv-cinder-787296-10-iscsi neutron-server[110995]: DEBUG neutron_lib.callbacks.manager [req-0cac5291-dcbd-45e2-9c42-224f28c4bbcb req-363eff33-f19c-4bbb-949a-8ee9100a4b36 service neutron] Publish callbacks ['neutron.plugins.ml2.plugin.SecurityGroupDbMixin._ensure_default_security_group_handler-3874790'] for port (a43bc32e-bbcc-488c-a3f5-3300379c6a9c), before_update {{(pid=110995) _notify_loop /usr/local/lib/python3.8/dist-packages/neutron_lib/callbacks/manager.py:176}}
Jun 15 14:50:49.722056 dv-cinder-787296-10-iscsi neutron-server[110996]: DEBUG neutron.pecan_wsgi.hooks.policy_enforcement [req-73569bb3-f1ff-46c1-bb56-4659728b2066 req-4f8a52d9-49ab-45ed-8b5b-3a4176df6138 service neutron] Attributes excluded by policy engine: ['standard_attr_id', 'shared', 'segment_id'] {{(pid=110996) _exclude_attributes_by_policy /opt/stack/neutron/neutron/pecan_wsgi/hooks/policy_enforcement.py:259}}
Jun 15 14:50:49.723495 dv-cinder-787296-10-iscsi neutron-server[110996]: INFO neutron.wsgi [req-73569bb3-f1ff-46c1-bb56-4659728b2066 req-4f8a52d9-49ab-45ed-8b5b-3a4176df6138 service neutron] 10.222.0.46 "GET /v2.0/subnets?id=44c6d258-fa63-4915-af1e-42e5c48a8142 HTTP/1.1" status: 200 len: 851 time: 0.1218700
Jun 15 14:50:49.798150 dv-cinder-787296-10-iscsi neutron-server[110996]: DEBUG neutron.pecan_wsgi.hooks.policy_enforcement [req-d76531f8-fdc9-44e8-b750-6ac7e6c0a6c3 req-473881db-704e-492f-976f-21bc09baca4d tempest-AttachVolumeTestJSON-580381324 tempest-AttachVolumeTestJSON-580381324-project] Attributes excluded by policy engine: ['standard_attr_id', 'vlan_transparent', 'provider:network_type', 'provider:physical_network', 'provider:segmentation_id'] {{(pid=110996) _exclude_attributes_by_policy /opt/stack/neutron/neutron/pecan_wsgi/hooks/policy_enforcement.py:259}}
Jun 15 14:50:49.799808 dv-cinder-787296-10-iscsi neutron-server[110996]: INFO neutron.wsgi [req-d76531f8-fdc9-44e8-b750-6ac7e6c0a6c3 req-473881db-704e-492f-976f-21bc09baca4d tempest-AttachVolumeTestJSON-580381324 tempest-AttachVolumeTestJSON-580381324-project] 10.222.0.46 "GET /v2.0/networks?id=db0cdacf-17d9-4e64-93e8-a444d0282468 HTTP/1.1" status: 200 len: 811 time: 0.1994700
Jun 15 14:50:49.829221 dv-cinder-787296-10-iscsi neutron-server[110996]: INFO neutron.wsgi [req-73569bb3-f1ff-46c1-bb56-4659728b2066 req-8337405a-799a-45e6-9751-b1e5d231ab32 service neutron] 10.222.0.46 "GET /v2.0/ports?network_id=1e692349-82b8-452c-a5c2-e59ca89af13d&device_owner=network%3Adhcp HTTP/1.1" status: 200 len: 210 time: 0.0793240
Jun 15 14:50:49.872507 dv-cinder-787296-10-iscsi neutron-server[110996]: INFO neutron.wsgi [req-91f661bd-b643-402f-bb75-fe70141de2d1 req-0c90b469-9572-4777-b516-d97a08ec0c45 tempest-AttachVolumeTestJSON-580381324 tempest-AttachVolumeTestJSON-580381324-project] 10.222.0.42 "GET /v2.0/ports?device_id=9af1b5d3-7171-4426-b239-bc34951326cf HTTP/1.1" status: 200 len: 210 time: 0.0553639
Jun 15 14:50:49.990990 dv-cinder-787296-10-iscsi neutron-server[110996]: INFO neutron.wsgi [req-d76531f8-fdc9-44e8-b750-6ac7e6c0a6c3 req-e6a1b2a5-6803-426d-af57-090e9f5dd3fa tempest-AttachVolumeTestJSON-580381324 tempest-AttachVolumeTestJSON-580381324-project] 10.222.0.46 "GET /v2.0/security-groups?fields=id&fields=name&tenant_id=175b90b822a942bd8e04b8ad7d228a57 HTTP/1.1" status: 200 len: 380 time: 0.1368270
Jun 15 14:50:50.006567 dv-cinder-787296-10-iscsi neutron-server[110996]: DEBUG neutron.api.v2.base [req-d76531f8-fdc9-44e8-b750-6ac7e6c0a6c3 req-d1667242-949e-459d-89d0-3f4ace98f3cf tempest-AttachVolumeTestJSON-580381324 tempest-AttachVolumeTestJSON-580381324-project] Request body: {'port': {'device_id': '9af1b5d3-7171-4426-b239-bc34951326cf', 'network_id': 'db0cdacf-17d9-4e64-93e8-a444d0282468', 'admin_state_up': True, 'tenant_id': '175b90b822a942bd8e04b8ad7d228a57', 'security_groups': ['10b7fa7c-1354-492f-86c5-572f47bd9ce0']}} {{(pid=110996) prepare_request_body /opt/stack/neutron/neutron/api/v2/base.py:730}}
Jun 15 14:50:50.025128 dv-cinder-787296-10-iscsi neutron-server[110996]: DEBUG dbcounter [-] [110996] Writing DB stats neutron:SELECT=100 {{(pid=110996) stat_writer /usr/local/lib/python3.8/dist-packages/dbcounter.py:114}}
Jun 15 14:50:50.060193 dv-cinder-787296-10-iscsi neutron-server[110996]: INFO neutron.wsgi [req-ec66a1c3-e358-460f-bf6c-62d9be8dfd9b req-91bf6634-984f-49ff-a4e9-253444c719e4 tempest-ServerRescueNegativeTestJSON-1076848050 tempest-ServerRescueNegativeTestJSON-1076848050-project] 10.222.0.42 "GET /v2.0/ports?device_id=408e1d57-c792-4ac6-9112-a83dfc0cab85 HTTP/1.1" status: 200 len: 210 time: 0.0579386
Jun 15 14:50:50.062085 dv-cinder-787296-10-iscsi neutron-server[110996]: INFO neutron.wsgi [req-73569bb3-f1ff-46c1-bb56-4659728b2066 req-77737820-d651-4166-ab0c-8d7b1fa8b075 service neutron] 10.222.0.46 "GET /v2.0/networks/1e692349-82b8-452c-a5c2-e59ca89af13d?fields=segments HTTP/1.1" status: 200 len: 212 time: 0.2068679
Jun 15 14:50:50.116050 dv-cinder-787296-10-iscsi neutron-server[110995]: DEBUG neutron.wsgi [-] (110995) accepted ('10.222.0.46', 54943) {{(pid=110995) server /usr/local/lib/python3.8/dist-packages/eventlet/wsgi.py:1004}}
Jun 15 14:50:50.303888 dv-cinder-787296-10-iscsi neutron-server[110995]: DEBUG neutron.pecan_wsgi.hooks.policy_enforcement [req-5795c11f-a639-4b6a-8a10-0fd746fe8fd0 req-c7f674dd-6723-4884-b6f5-19cae3dd30d8 tempest-ServerRescueNegativeTestJSON-1076848050 tempest-ServerRescueNegativeTestJSON-1076848050-project] Attributes excluded by policy engine: ['standard_attr_id', 'vlan_transparent', 'provider:network_type', 'provider:physical_network', 'provider:segmentation_id'] {{(pid=110995) _exclude_attributes_by_policy /opt/stack/neutron/neutron/pecan_wsgi/hooks/policy_enforcement.py:259}}
Jun 15 14:50:50.306326 dv-cinder-787296-10-iscsi neutron-server[110995]: INFO neutron.wsgi [req-5795c11f-a639-4b6a-8a10-0fd746fe8fd0 req-c7f674dd-6723-4884-b6f5-19cae3dd30d8 tempest-ServerRescueNegativeTestJSON-1076848050 tempest-ServerRescueNegativeTestJSON-1076848050-project] 10.222.0.46 "GET /v2.0/networks?id=1a1346b8-6a67-4edd-802a-fc2458e6df62 HTTP/1.1" status: 200 len: 819 time: 0.1892118
Jun 15 14:50:50.322163 dv-cinder-787296-10-iscsi neutron-server[110995]: DEBUG neutron.notifiers.nova [req-0cac5291-dcbd-45e2-9c42-224f28c4bbcb req-363eff33-f19c-4bbb-949a-8ee9100a4b36 service neutron] Ignoring state change previous_port_status: DOWN current_port_status: DOWN port_id a43bc32e-bbcc-488c-a3f5-3300379c6a9c {{(pid=110995) record_port_status_changed /opt/stack/neutron/neutron/notifiers/nova.py:233}}
Jun 15 14:50:50.334806 dv-cinder-787296-10-iscsi neutron-server[110995]: DEBUG neutron_lib.callbacks.manager [req-0cac5291-dcbd-45e2-9c42-224f28c4bbcb req-363eff33-f19c-4bbb-949a-8ee9100a4b36 service neutron] Publish callbacks [] for port (a43bc32e-bbcc-488c-a3f5-3300379c6a9c), precommit_update {{(pid=110995) _notify_loop /usr/local/lib/python3.8/dist-packages/neutron_lib/callbacks/manager.py:176}}
Jun 15 14:50:50.357510 dv-cinder-787296-10-iscsi neutron-server[110995]: DEBUG neutron.db.provisioning_blocks [req-0cac5291-dcbd-45e2-9c42-224f28c4bbcb req-363eff33-f19c-4bbb-949a-8ee9100a4b36 service neutron] Transition to ACTIVE for port object a43bc32e-bbcc-488c-a3f5-3300379c6a9c will not be triggered until provisioned by entity L2. {{(pid=110995) add_provisioning_component /opt/stack/neutron/neutron/db/provisioning_blocks.py:75}}
Jun 15 14:50:50.394863 dv-cinder-787296-10-iscsi neutron-server[110995]: DEBUG neutron.api.v2.base [req-5795c11f-a639-4b6a-8a10-0fd746fe8fd0 req-927aca5a-ae9c-490b-b7a5-55926dad7988 tempest-ServerRescueNegativeTestJSON-1076848050 tempest-ServerRescueNegativeTestJSON-1076848050-project] Request body: {'port': {'device_id': '408e1d57-c792-4ac6-9112-a83dfc0cab85', 'network_id': '1a1346b8-6a67-4edd-802a-fc2458e6df62', 'admin_state_up': True, 'tenant_id': 'b356eba3587e481aa04f99bcb2194b11'}} {{(pid=110995) prepare_request_body /opt/stack/neutron/neutron/api/v2/base.py:730}}
Jun 15 14:50:50.422260 dv-cinder-787296-10-iscsi neutron-server[110996]: INFO neutron.wsgi [req-73569bb3-f1ff-46c1-bb56-4659728b2066 req-61b29317-3449-44cd-aad2-c0c5aaf9e029 service neutron] 10.222.0.46 "GET /v2.0/networks/1e692349-82b8-452c-a5c2-e59ca89af13d?fields=provider%3Aphysical_network&fields=provider%3Anetwork_type HTTP/1.1" status: 200 len: 281 time: 0.3087769
Jun 15 14:50:50.466249 dv-cinder-787296-10-iscsi neutron-server[110995]: DEBUG neutron_lib.callbacks.manager [req-0cac5291-dcbd-45e2-9c42-224f28c4bbcb req-363eff33-f19c-4bbb-949a-8ee9100a4b36 service neutron] Publish callbacks ['neutron.plugins.ml2.plugin.SecurityGroupServerNotifierRpcMixin._notify_sg_on_port_change-3874725', 'neutron.plugins.ml2.ovo_rpc._ObjectChangeHandler.handle_event-893673', 'neutron.api.rpc.agentnotifiers.dhcp_rpc_agent_api.DhcpAgentNotifyAPI._native_event_send_dhcp_notification-591464', 'neutron.db.l3_db.L3RpcNotifierMixin._notify_gateway_port_ip_changed-8790289759528', 'neutron.db.l3_dvrscheduler_db._notify_l3_agent_port_update-8790289229671', 'neutron.db.l3_hascheduler_db._notify_l3_agent_ha_port_update-8790289229689', 'neutron.services.segments.plugin.NovaSegmentNotifier._notify_port_updated-66177497'] for port (a43bc32e-bbcc-488c-a3f5-3300379c6a9c), after_update {{(pid=110995) _notify_loop /usr/local/lib/python3.8/dist-packages/neutron_lib/callbacks/manager.py:176}}
Jun 15 14:50:50.471805 dv-cinder-787296-10-iscsi neutron-server[110995]: DEBUG dbcounter [-] [110995] Writing DB stats neutron:SELECT=94,neutron:DELETE=2,neutron:UPDATE=3,neutron:INSERT=1 {{(pid=110995) stat_writer /usr/local/lib/python3.8/dist-packages/dbcounter.py:114}}
Jun 15 14:50:50.526245 dv-cinder-787296-10-iscsi neutron-server[110996]: DEBUG neutron.pecan_wsgi.hooks.policy_enforcement [req-f6d46b9f-e9ab-4030-9b17-8adc97e4f153 req-145c46a5-8d20-4f34-9b46-0ad36018c53d tempest-DeleteServersTestJSON-909972188 tempest-DeleteServersTestJSON-909972188-project] Attributes excluded by policy engine: ['standard_attr_id', 'binding:profile', 'binding:host_id', 'binding:vif_type', 'binding:vif_details'] {{(pid=110996) _exclude_attributes_by_policy /opt/stack/neutron/neutron/pecan_wsgi/hooks/policy_enforcement.py:259}}
Jun 15 14:50:50.529143 dv-cinder-787296-10-iscsi neutron-server[110996]: INFO neutron.wsgi [req-f6d46b9f-e9ab-4030-9b17-8adc97e4f153 req-145c46a5-8d20-4f34-9b46-0ad36018c53d tempest-DeleteServersTestJSON-909972188 tempest-DeleteServersTestJSON-909972188-project] 10.222.0.42 "GET /v2.0/ports?device_id=f6aca7e8-506a-4eb2-bcc3-601589cff5b5 HTTP/1.1" status: 200 len: 943 time: 0.0516443
Jun 15 14:50:50.550158 dv-cinder-787296-10-iscsi neutron-server[110995]: DEBUG neutron.api.rpc.handlers.resources_rpc [None req-363eff33-f19c-4bbb-949a-8ee9100a4b36 service neutron] Pushing event updated for resources: {'Port': ['ID=a43bc32e-bbcc-488c-a3f5-3300379c6a9c,revision_number=2']} {{(pid=110995) push /opt/stack/neutron/neutron/api/rpc/handlers/resources_rpc.py:237}}
Jun 15 14:50:50.602083 dv-cinder-787296-10-iscsi neutron-server[110996]: DEBUG neutron.pecan_wsgi.hooks.quota_enforcement [req-d76531f8-fdc9-44e8-b750-6ac7e6c0a6c3 req-d1667242-949e-459d-89d0-3f4ace98f3cf tempest-AttachVolumeTestJSON-580381324 tempest-AttachVolumeTestJSON-580381324-project] Made reservation on behalf of 175b90b822a942bd8e04b8ad7d228a57 for: {'port': 1} {{(pid=110996) before /opt/stack/neutron/neutron/pecan_wsgi/hooks/quota_enforcement.py:53}}
Jun 15 14:50:50.605687 dv-cinder-787296-10-iscsi neutron-server[110996]: DEBUG neutron_lib.callbacks.manager [req-d76531f8-fdc9-44e8-b750-6ac7e6c0a6c3 req-d1667242-949e-459d-89d0-3f4ace98f3cf tempest-AttachVolumeTestJSON-580381324 tempest-AttachVolumeTestJSON-580381324-project] Publish callbacks ['neutron.plugins.ml2.plugin.SecurityGroupDbMixin._ensure_default_security_group_handler-3874790'] for port (None), before_create {{(pid=110996) _notify_loop /usr/local/lib/python3.8/dist-packages/neutron_lib/callbacks/manager.py:176}}
Jun 15 14:50:50.656314 dv-cinder-787296-10-iscsi neutron-server[110996]: INFO neutron.wsgi [req-f6d46b9f-e9ab-4030-9b17-8adc97e4f153 req-08a7b800-fc1d-40c4-9842-89a71f51f867 tempest-DeleteServersTestJSON-909972188 tempest-DeleteServersTestJSON-909972188-project] 10.222.0.42 "GET /v2.0/security-groups?id=c3942881-f4aa-4e1e-b754-4aeb63afa3de&fields=id&fields=name HTTP/1.1" status: 200 len: 286 time: 0.1161513
Jun 15 14:50:50.677897 dv-cinder-787296-10-iscsi neutron-server[110995]: DEBUG dbcounter [-] [110995] Writing DB stats neutron:SELECT=96,neutron:UPDATE=2,neutron:INSERT=2 {{(pid=110995) stat_writer /usr/local/lib/python3.8/dist-packages/dbcounter.py:114}}
Jun 15 14:50:50.692497 dv-cinder-787296-10-iscsi neutron-server[110995]: DEBUG neutron.plugins.ml2.managers [req-0cac5291-dcbd-45e2-9c42-224f28c4bbcb req-363eff33-f19c-4bbb-949a-8ee9100a4b36 service neutron] Attempting to bind port a43bc32e-bbcc-488c-a3f5-3300379c6a9c on host hv-cinder-78729 for vnic_type normal with profile {{(pid=110995) bind_port /opt/stack/neutron/neutron/plugins/ml2/managers.py:811}}
Jun 15 14:50:50.697905 dv-cinder-787296-10-iscsi neutron-server[110995]: DEBUG neutron.plugins.ml2.managers [req-0cac5291-dcbd-45e2-9c42-224f28c4bbcb req-363eff33-f19c-4bbb-949a-8ee9100a4b36 service neutron] Attempting to bind port a43bc32e-bbcc-488c-a3f5-3300379c6a9c by drivers openvswitch,hyperv on host hv-cinder-78729 at level 0 using segments [{'id': 'b22565a7-a652-40ca-b105-5cd252c5055a', 'network_type': 'vlan', 'physical_network': 'physnet1', 'segmentation_id': 614, 'network_id': '1a1346b8-6a67-4edd-802a-fc2458e6df62'}] {{(pid=110995) _bind_port_level /opt/stack/neutron/neutron/plugins/ml2/managers.py:836}}
Jun 15 14:50:50.697905 dv-cinder-787296-10-iscsi neutron-server[110995]: DEBUG neutron.plugins.ml2.drivers.mech_agent [req-0cac5291-dcbd-45e2-9c42-224f28c4bbcb req-363eff33-f19c-4bbb-949a-8ee9100a4b36 service neutron] Attempting to bind port a43bc32e-bbcc-488c-a3f5-3300379c6a9c on network 1a1346b8-6a67-4edd-802a-fc2458e6df62 {{(pid=110995) bind_port /opt/stack/neutron/neutron/plugins/ml2/drivers/mech_agent.py:91}}
Jun 15 14:50:50.699013 dv-cinder-787296-10-iscsi neutron-server[110995]: DEBUG neutron.plugins.ml2.drivers.mech_agent [req-0cac5291-dcbd-45e2-9c42-224f28c4bbcb req-363eff33-f19c-4bbb-949a-8ee9100a4b36 service neutron] Port a43bc32e-bbcc-488c-a3f5-3300379c6a9c on network 1a1346b8-6a67-4edd-802a-fc2458e6df62 not bound, no agent of type Open vSwitch agent registered on host hv-cinder-78729 {{(pid=110995) bind_port /opt/stack/neutron/neutron/plugins/ml2/drivers/mech_agent.py:103}}
Jun 15 14:50:50.699511 dv-cinder-787296-10-iscsi neutron-server[110995]: DEBUG neutron.plugins.ml2.drivers.mech_agent [req-0cac5291-dcbd-45e2-9c42-224f28c4bbcb req-363eff33-f19c-4bbb-949a-8ee9100a4b36 service neutron] Attempting to bind port a43bc32e-bbcc-488c-a3f5-3300379c6a9c on network 1a1346b8-6a67-4edd-802a-fc2458e6df62 {{(pid=110995) bind_port /opt/stack/neutron/neutron/plugins/ml2/drivers/mech_agent.py:91}}
Jun 15 14:50:50.706565 dv-cinder-787296-10-iscsi neutron-server[110995]: DEBUG neutron.plugins.ml2.drivers.mech_agent [req-0cac5291-dcbd-45e2-9c42-224f28c4bbcb req-363eff33-f19c-4bbb-949a-8ee9100a4b36 service neutron] Checking agent: {'id': '259f12b6-72b6-4ab7-98a5-063b22813211', 'agent_type': 'HyperV agent', 'binary': 'neutron-hyperv-agent', 'topic': 'N/A', 'host': 'hv-cinder-78729', 'admin_state_up': True, 'created_at': datetime.datetime(2022, 6, 15, 14, 48, 7), 'started_at': datetime.datetime(2022, 6, 15, 14, 48, 7), 'heartbeat_timestamp': datetime.datetime(2022, 6, 15, 14, 50, 37), 'description': None, 'resources_synced': None, 'availability_zone': None, 'alive': True, 'configurations': {'vswitch_mappings': {'physnet1$': 'br-data'}}, 'resource_versions': {}} {{(pid=110995) bind_port /opt/stack/neutron/neutron/plugins/ml2/drivers/mech_agent.py:110}}
Jun 15 14:50:50.706974 dv-cinder-787296-10-iscsi neutron-server[110995]: DEBUG neutron.plugins.ml2.drivers.mech_agent [req-0cac5291-dcbd-45e2-9c42-224f28c4bbcb req-363eff33-f19c-4bbb-949a-8ee9100a4b36 service neutron] Checking segment: {'id': 'b22565a7-a652-40ca-b105-5cd252c5055a', 'network_type': 'vlan', 'physical_network': 'physnet1', 'segmentation_id': 614, 'network_id': '1a1346b8-6a67-4edd-802a-fc2458e6df62'} for mappings: {'physnet1$': 'br-data'} with network types: ['local', 'flat', 'vlan'] {{(pid=110995) check_segment_for_agent /opt/stack/neutron/neutron/plugins/ml2/drivers/mech_agent.py:373}}
Jun 15 14:50:50.707520 dv-cinder-787296-10-iscsi neutron-server[110995]: DEBUG neutron.plugins.ml2.drivers.mech_agent [req-0cac5291-dcbd-45e2-9c42-224f28c4bbcb req-363eff33-f19c-4bbb-949a-8ee9100a4b36 service neutron] Bound using segment: {'id': 'b22565a7-a652-40ca-b105-5cd252c5055a', 'network_type': 'vlan', 'physical_network': 'physnet1', 'segmentation_id': 614, 'network_id': '1a1346b8-6a67-4edd-802a-fc2458e6df62'} {{(pid=110995) bind_port /opt/stack/neutron/neutron/plugins/ml2/drivers/mech_agent.py:120}}
Jun 15 14:50:50.707986 dv-cinder-787296-10-iscsi neutron-server[110995]: DEBUG neutron.plugins.ml2.managers [req-0cac5291-dcbd-45e2-9c42-224f28c4bbcb req-363eff33-f19c-4bbb-949a-8ee9100a4b36 service neutron] Bound port: a43bc32e-bbcc-488c-a3f5-3300379c6a9c, host: hv-cinder-78729, vif_type: hyperv, vif_details: {"connectivity": "legacy", "port_filter": false}, binding_levels: [{'bound_driver': 'hyperv', 'bound_segment': {'id': 'b22565a7-a652-40ca-b105-5cd252c5055a', 'network_type': 'vlan', 'physical_network': 'physnet1', 'segmentation_id': 614, 'network_id': '1a1346b8-6a67-4edd-802a-fc2458e6df62'}}] {{(pid=110995) _bind_port_level /opt/stack/neutron/neutron/plugins/ml2/managers.py:948}}
Jun 15 14:50:50.708398 dv-cinder-787296-10-iscsi neutron-server[110995]: DEBUG neutron_lib.callbacks.manager [req-0cac5291-dcbd-45e2-9c42-224f28c4bbcb req-363eff33-f19c-4bbb-949a-8ee9100a4b36 service neutron] Publish callbacks ['neutron.plugins.ml2.plugin.SecurityGroupDbMixin._ensure_default_security_group_handler-3874790'] for port (a43bc32e-bbcc-488c-a3f5-3300379c6a9c), before_update {{(pid=110995) _notify_loop /usr/local/lib/python3.8/dist-packages/neutron_lib/callbacks/manager.py:176}}
Jun 15 14:50:50.720140 dv-cinder-787296-10-iscsi neutron-server[110995]: DEBUG neutron.pecan_wsgi.hooks.quota_enforcement [req-5795c11f-a639-4b6a-8a10-0fd746fe8fd0 req-927aca5a-ae9c-490b-b7a5-55926dad7988 tempest-ServerRescueNegativeTestJSON-1076848050 tempest-ServerRescueNegativeTestJSON-1076848050-project] Made reservation on behalf of b356eba3587e481aa04f99bcb2194b11 for: {'port': 1} {{(pid=110995) before /opt/stack/neutron/neutron/pecan_wsgi/hooks/quota_enforcement.py:53}}
Jun 15 14:50:50.724152 dv-cinder-787296-10-iscsi neutron-server[110995]: DEBUG neutron_lib.callbacks.manager [req-5795c11f-a639-4b6a-8a10-0fd746fe8fd0 req-927aca5a-ae9c-490b-b7a5-55926dad7988 tempest-ServerRescueNegativeTestJSON-1076848050 tempest-ServerRescueNegativeTestJSON-1076848050-project] Publish callbacks ['neutron.plugins.ml2.plugin.SecurityGroupDbMixin._ensure_default_security_group_handler-3874790'] for port (None), before_create {{(pid=110995) _notify_loop /usr/local/lib/python3.8/dist-packages/neutron_lib/callbacks/manager.py:176}}
Jun 15 14:50:50.750536 dv-cinder-787296-10-iscsi neutron-server[110997]: DEBUG neutron_lib.callbacks.manager [None req-0017fa7b-210d-4222-8c2d-82de03a00e0c None None] Publish callbacks ['neutron.services.segments.db._update_segment_host_mapping_for_agent-8790289701672', 'neutron.plugins.ml2.plugin.Ml2Plugin._retry_binding_revived_agents-3487114'] for agent (7dbf4856-b33e-4670-8194-d4c180da73e7), after_update {{(pid=110997) _notify_loop /usr/local/lib/python3.8/dist-packages/neutron_lib/callbacks/manager.py:176}}
Jun 15 14:50:50.830162 dv-cinder-787296-10-iscsi neutron-server[110996]: DEBUG neutron.db.db_base_plugin_common [req-d76531f8-fdc9-44e8-b750-6ac7e6c0a6c3 req-d1667242-949e-459d-89d0-3f4ace98f3cf tempest-AttachVolumeTestJSON-580381324 tempest-AttachVolumeTestJSON-580381324-project] Allocated IP 172.20.0.8 (db0cdacf-17d9-4e64-93e8-a444d0282468/c41f92e0-921c-43e2-9f34-76bac64fd72b/c77b9439-402e-4a93-afeb-ec23f099ae61) {{(pid=110996) _store_ip_allocation /opt/stack/neutron/neutron/db/db_base_plugin_common.py:131}}
Jun 15 14:50:50.860895 dv-cinder-787296-10-iscsi neutron-server[110995]: DEBUG neutron.plugins.ml2.db [req-0cac5291-dcbd-45e2-9c42-224f28c4bbcb req-363eff33-f19c-4bbb-949a-8ee9100a4b36 service neutron] For port a43bc32e-bbcc-488c-a3f5-3300379c6a9c, host hv-cinder-78729, cleared binding levels {{(pid=110995) clear_binding_levels /opt/stack/neutron/neutron/plugins/ml2/db.py:87}}
Jun 15 14:50:50.868407 dv-cinder-787296-10-iscsi neutron-server[110995]: DEBUG neutron.plugins.ml2.db [req-0cac5291-dcbd-45e2-9c42-224f28c4bbcb req-363eff33-f19c-4bbb-949a-8ee9100a4b36 service neutron] For port a43bc32e-bbcc-488c-a3f5-3300379c6a9c, host hv-cinder-78729, set binding levels [PortBindingLevel(driver='hyperv',host='hv-cinder-78729',level=0,port_id=a43bc32e-bbcc-488c-a3f5-3300379c6a9c,segment=NetworkSegment(b22565a7-a652-40ca-b105-5cd252c5055a),segment_id=b22565a7-a652-40ca-b105-5cd252c5055a)] {{(pid=110995) set_binding_levels /opt/stack/neutron/neutron/plugins/ml2/db.py:59}}
Jun 15 14:50:50.875875 dv-cinder-787296-10-iscsi neutron-server[110996]: DEBUG dbcounter [-] [110996] Writing DB stats neutron:SELECT=97,neutron:INSERT=2,neutron:UPDATE=1 {{(pid=110996) stat_writer /usr/local/lib/python3.8/dist-packages/dbcounter.py:114}}
Jun 15 14:50:50.953740 dv-cinder-787296-10-iscsi neutron-server[110995]: DEBUG neutron.db.db_base_plugin_common [req-5795c11f-a639-4b6a-8a10-0fd746fe8fd0 req-927aca5a-ae9c-490b-b7a5-55926dad7988 tempest-ServerRescueNegativeTestJSON-1076848050 tempest-ServerRescueNegativeTestJSON-1076848050-project] Allocated IP 172.20.0.11 (1a1346b8-6a67-4edd-802a-fc2458e6df62/f8f117c7-af08-4869-94d2-3c51bf9e0103/3bdc7e34-f0cd-4840-88cb-77a1a31e769f) {{(pid=110995) _store_ip_allocation /opt/stack/neutron/neutron/db/db_base_plugin_common.py:131}}
Jun 15 14:50:50.996352 dv-cinder-787296-10-iscsi neutron-server[110995]: DEBUG neutron_lib.callbacks.manager [req-0cac5291-dcbd-45e2-9c42-224f28c4bbcb req-363eff33-f19c-4bbb-949a-8ee9100a4b36 service neutron] Publish callbacks ['neutron.plugins.ml2.plugin.SecurityGroupServerNotifierRpcMixin._notify_sg_on_port_change-3874725', 'neutron.plugins.ml2.ovo_rpc._ObjectChangeHandler.handle_event-893673', 'neutron.api.rpc.agentnotifiers.dhcp_rpc_agent_api.DhcpAgentNotifyAPI._native_event_send_dhcp_notification-591464', 'neutron.db.l3_db.L3RpcNotifierMixin._notify_gateway_port_ip_changed-8790289759528', 'neutron.db.l3_dvrscheduler_db._notify_l3_agent_port_update-8790289229671', 'neutron.db.l3_hascheduler_db._notify_l3_agent_ha_port_update-8790289229689', 'neutron.services.segments.plugin.NovaSegmentNotifier._notify_port_updated-66177497'] for port (a43bc32e-bbcc-488c-a3f5-3300379c6a9c), after_update {{(pid=110995) _notify_loop /usr/local/lib/python3.8/dist-packages/neutron_lib/callbacks/manager.py:176}}
Jun 15 14:50:51.025049 dv-cinder-787296-10-iscsi neutron-server[110996]: INFO neutron.wsgi [req-5e729171-5cc3-490f-ba70-f4a9fd732897 req-08577092-ecf9-456f-bbf9-83d002652b0b tempest-AttachVolumeTestJSON-580381324 tempest-AttachVolumeTestJSON-580381324-project] 10.222.0.42 "GET /v2.0/ports?device_id=9af1b5d3-7171-4426-b239-bc34951326cf HTTP/1.1" status: 200 len: 210 time: 0.0362353
Jun 15 14:50:51.053343 dv-cinder-787296-10-iscsi neutron-server[110995]: DEBUG neutron.pecan_wsgi.hooks.policy_enforcement [req-0cac5291-dcbd-45e2-9c42-224f28c4bbcb req-363eff33-f19c-4bbb-949a-8ee9100a4b36 service neutron] Attributes excluded by policy engine: ['standard_attr_id'] {{(pid=110995) _exclude_attributes_by_policy /opt/stack/neutron/neutron/pecan_wsgi/hooks/policy_enforcement.py:259}}
Jun 15 14:50:51.053907 dv-cinder-787296-10-iscsi neutron-server[110995]: DEBUG neutron_lib.callbacks.manager [req-0cac5291-dcbd-45e2-9c42-224f28c4bbcb req-363eff33-f19c-4bbb-949a-8ee9100a4b36 service neutron] Publish callbacks ['neutron.notifiers.nova.Notifier._send_nova_notification-41469', 'neutron.api.rpc.agentnotifiers.dhcp_rpc_agent_api.DhcpAgentNotifyAPI._send_dhcp_notification-591482'] for port (None), before_response {{(pid=110995) _notify_loop /usr/local/lib/python3.8/dist-packages/neutron_lib/callbacks/manager.py:176}}
Jun 15 14:50:51.055874 dv-cinder-787296-10-iscsi neutron-server[110995]: INFO neutron.wsgi [req-0cac5291-dcbd-45e2-9c42-224f28c4bbcb req-363eff33-f19c-4bbb-949a-8ee9100a4b36 service neutron] 10.222.0.46 "PUT /v2.0/ports/a43bc32e-bbcc-488c-a3f5-3300379c6a9c HTTP/1.1" status: 200 len: 1093 time: 1.4546905
Jun 15 14:50:51.060981 dv-cinder-787296-10-iscsi neutron-server[110995]: DEBUG neutron.notifiers.nova [-] Sending events: [{'name': 'network-changed', 'server_uuid': 'b65023b0-7f40-4b7f-85e5-91006b438f4c', 'tag': 'a43bc32e-bbcc-488c-a3f5-3300379c6a9c'}] {{(pid=110995) send_events /opt/stack/neutron/neutron/notifiers/nova.py:271}}
Jun 15 14:50:51.067427 dv-cinder-787296-10-iscsi neutron-server[110996]: DEBUG neutron_lib.callbacks.manager [req-d76531f8-fdc9-44e8-b750-6ac7e6c0a6c3 req-d1667242-949e-459d-89d0-3f4ace98f3cf tempest-AttachVolumeTestJSON-580381324 tempest-AttachVolumeTestJSON-580381324-project] Publish callbacks [] for port (c77b9439-402e-4a93-afeb-ec23f099ae61), precommit_create {{(pid=110996) _notify_loop /usr/local/lib/python3.8/dist-packages/neutron_lib/callbacks/manager.py:176}}
Jun 15 14:50:51.105651 dv-cinder-787296-10-iscsi neutron-server[110996]: DEBUG dbcounter [-] [110996] Writing DB stats neutron:SELECT=90,neutron:INSERT=7,neutron:UPDATE=3 {{(pid=110996) stat_writer /usr/local/lib/python3.8/dist-packages/dbcounter.py:114}}
Jun 15 14:50:51.125717 dv-cinder-787296-10-iscsi neutron-server[110995]: DEBUG dbcounter [-] [110995] Writing DB stats neutron:SELECT=87,neutron:INSERT=7,neutron:UPDATE=6 {{(pid=110995) stat_writer /usr/local/lib/python3.8/dist-packages/dbcounter.py:114}}
Jun 15 14:50:51.178249 dv-cinder-787296-10-iscsi neutron-server[110996]: INFO neutron.wsgi [req-170099a2-7d3d-409c-8375-4ded03b8ec38 req-92af1d9d-232d-482f-ad77-b19ce6b3257d tempest-ServerRescueNegativeTestJSON-1076848050 tempest-ServerRescueNegativeTestJSON-1076848050-project] 10.222.0.42 "GET /v2.0/ports?device_id=408e1d57-c792-4ac6-9112-a83dfc0cab85 HTTP/1.1" status: 200 len: 210 time: 0.0357440
Jun 15 14:50:51.211805 dv-cinder-787296-10-iscsi neutron-server[110995]: DEBUG novaclient.v2.client [-] REQ: curl -g -i --cacert "/opt/stack/data/ca-bundle.pem" -X POST http://10.222.0.42/compute/v2.1/os-server-external-events -H "Accept: application/json" -H "Content-Type: application/json" -H "User-Agent: python-novaclient" -H "X-Auth-Token: {SHA256}d36fb8f202dffe055cd1cbd527667ac86d024690135c6b6b2edb9e780da388e7" -H "X-OpenStack-Nova-API-Version: 2.1" -H "X-OpenStack-Request-ID: req-77814d6b-ee14-4395-9c34-89a71ae0635e" -d '{"events": [{"name": "network-changed", "server_uuid": "b65023b0-7f40-4b7f-85e5-91006b438f4c", "tag": "a43bc32e-bbcc-488c-a3f5-3300379c6a9c"}]}' {{(pid=110995) _http_log_request /usr/local/lib/python3.8/dist-packages/keystoneauth1/session.py:519}}
Jun 15 14:50:51.214878 dv-cinder-787296-10-iscsi neutron-server[110996]: DEBUG neutron_lib.callbacks.manager [req-d76531f8-fdc9-44e8-b750-6ac7e6c0a6c3 req-d1667242-949e-459d-89d0-3f4ace98f3cf tempest-AttachVolumeTestJSON-580381324 tempest-AttachVolumeTestJSON-580381324-project] Publish callbacks ['neutron.plugins.ml2.plugin.SecurityGroupServerNotifierRpcMixin._notify_sg_on_port_change-3874725', 'neutron.plugins.ml2.ovo_rpc._ObjectChangeHandler.handle_event-893673', 'neutron.api.rpc.agentnotifiers.dhcp_rpc_agent_api.DhcpAgentNotifyAPI._native_event_send_dhcp_notification-591464', 'neutron.db.l3_dvrscheduler_db._notify_l3_agent_new_port-8790289229653', 'neutron.services.segments.plugin.NovaSegmentNotifier._notify_port_created_or_deleted-62225681'] for port (c77b9439-402e-4a93-afeb-ec23f099ae61), after_create {{(pid=110996) _notify_loop /usr/local/lib/python3.8/dist-packages/neutron_lib/callbacks/manager.py:176}}
Jun 15 14:50:51.239161 dv-cinder-787296-10-iscsi neutron-server[110995]: DEBUG neutron.api.rpc.handlers.resources_rpc [None req-363eff33-f19c-4bbb-949a-8ee9100a4b36 service neutron] Pushing event updated for resources: {'Port': ['ID=a43bc32e-bbcc-488c-a3f5-3300379c6a9c,revision_number=3']} {{(pid=110995) push /opt/stack/neutron/neutron/api/rpc/handlers/resources_rpc.py:237}}
Jun 15 14:50:51.255075 dv-cinder-787296-10-iscsi neutron-server[110996]: DEBUG neutron.scheduler.dhcp_agent_scheduler [req-d76531f8-fdc9-44e8-b750-6ac7e6c0a6c3 req-d1667242-949e-459d-89d0-3f4ace98f3cf tempest-AttachVolumeTestJSON-580381324 tempest-AttachVolumeTestJSON-580381324-project] Network db0cdacf-17d9-4e64-93e8-a444d0282468 is already hosted by enough agents. {{(pid=110996) _get_dhcp_agents_hosting_network /opt/stack/neutron/neutron/scheduler/dhcp_agent_scheduler.py:275}}
Jun 15 14:50:51.260057 dv-cinder-787296-10-iscsi neutron-server[110995]: DEBUG neutron_lib.callbacks.manager [req-5795c11f-a639-4b6a-8a10-0fd746fe8fd0 req-927aca5a-ae9c-490b-b7a5-55926dad7988 tempest-ServerRescueNegativeTestJSON-1076848050 tempest-ServerRescueNegativeTestJSON-1076848050-project] Publish callbacks [] for port (3bdc7e34-f0cd-4840-88cb-77a1a31e769f), precommit_create {{(pid=110995) _notify_loop /usr/local/lib/python3.8/dist-packages/neutron_lib/callbacks/manager.py:176}}
Jun 15 14:50:51.265826 dv-cinder-787296-10-iscsi neutron-server[110996]: DEBUG neutron.scheduler.base_scheduler [req-d76531f8-fdc9-44e8-b750-6ac7e6c0a6c3 req-d1667242-949e-459d-89d0-3f4ace98f3cf tempest-AttachVolumeTestJSON-580381324 tempest-AttachVolumeTestJSON-580381324-project] Resources bound (agent type, host, resource id): {{(pid=110996) schedule /opt/stack/neutron/neutron/scheduler/base_scheduler.py:57}}
Jun 15 14:50:51.309359 dv-cinder-787296-10-iscsi neutron-server[110996]: DEBUG neutron.db.l3_dvrscheduler_db [req-d76531f8-fdc9-44e8-b750-6ac7e6c0a6c3 req-d1667242-949e-459d-89d0-3f4ace98f3cf tempest-AttachVolumeTestJSON-580381324 tempest-AttachVolumeTestJSON-580381324-project] Received port after_create {{(pid=110996) _notify_l3_agent_new_port /opt/stack/neutron/neutron/db/l3_dvrscheduler_db.py:542}}
Jun 15 14:50:51.363577 dv-cinder-787296-10-iscsi neutron-server[110996]: DEBUG neutron.api.rpc.handlers.resources_rpc [None req-d1667242-949e-459d-89d0-3f4ace98f3cf tempest-AttachVolumeTestJSON-580381324 tempest-AttachVolumeTestJSON-580381324-project] Pushing event updated for resources: {'Port': ['ID=c77b9439-402e-4a93-afeb-ec23f099ae61,revision_number=1']} {{(pid=110996) push /opt/stack/neutron/neutron/api/rpc/handlers/resources_rpc.py:237}}
Jun 15 14:50:51.378774 dv-cinder-787296-10-iscsi neutron-server[110996]: DEBUG neutron.pecan_wsgi.hooks.policy_enforcement [req-d76531f8-fdc9-44e8-b750-6ac7e6c0a6c3 req-d1667242-949e-459d-89d0-3f4ace98f3cf tempest-AttachVolumeTestJSON-580381324 tempest-AttachVolumeTestJSON-580381324-project] Attributes excluded by policy engine: ['standard_attr_id', 'binding:profile', 'binding:host_id', 'binding:vif_type', 'binding:vif_details', 'network'] {{(pid=110996) _exclude_attributes_by_policy /opt/stack/neutron/neutron/pecan_wsgi/hooks/policy_enforcement.py:259}}
Jun 15 14:50:51.379902 dv-cinder-787296-10-iscsi neutron-server[110996]: DEBUG neutron_lib.callbacks.manager [req-d76531f8-fdc9-44e8-b750-6ac7e6c0a6c3 req-d1667242-949e-459d-89d0-3f4ace98f3cf tempest-AttachVolumeTestJSON-580381324 tempest-AttachVolumeTestJSON-580381324-project] Publish callbacks ['neutron.notifiers.nova.Notifier._send_nova_notification-41469', 'neutron.api.rpc.agentnotifiers.dhcp_rpc_agent_api.DhcpAgentNotifyAPI._send_dhcp_notification-591482'] for port (None), before_response {{(pid=110996) _notify_loop /usr/local/lib/python3.8/dist-packages/neutron_lib/callbacks/manager.py:176}}
Jun 15 14:50:51.409283 dv-cinder-787296-10-iscsi neutron-server[110995]: DEBUG neutron_lib.callbacks.manager [req-5795c11f-a639-4b6a-8a10-0fd746fe8fd0 req-927aca5a-ae9c-490b-b7a5-55926dad7988 tempest-ServerRescueNegativeTestJSON-1076848050 tempest-ServerRescueNegativeTestJSON-1076848050-project] Publish callbacks ['neutron.plugins.ml2.plugin.SecurityGroupServerNotifierRpcMixin._notify_sg_on_port_change-3874725', 'neutron.plugins.ml2.ovo_rpc._ObjectChangeHandler.handle_event-893673', 'neutron.api.rpc.agentnotifiers.dhcp_rpc_agent_api.DhcpAgentNotifyAPI._native_event_send_dhcp_notification-591464', 'neutron.db.l3_dvrscheduler_db._notify_l3_agent_new_port-8790289229653', 'neutron.services.segments.plugin.NovaSegmentNotifier._notify_port_created_or_deleted-66177486'] for port (3bdc7e34-f0cd-4840-88cb-77a1a31e769f), after_create {{(pid=110995) _notify_loop /usr/local/lib/python3.8/dist-packages/neutron_lib/callbacks/manager.py:176}}
Jun 15 14:50:51.471365 dv-cinder-787296-10-iscsi neutron-server[110995]: DEBUG neutron.scheduler.dhcp_agent_scheduler [req-5795c11f-a639-4b6a-8a10-0fd746fe8fd0 req-927aca5a-ae9c-490b-b7a5-55926dad7988 tempest-ServerRescueNegativeTestJSON-1076848050 tempest-ServerRescueNegativeTestJSON-1076848050-project] Network 1a1346b8-6a67-4edd-802a-fc2458e6df62 is already hosted by enough agents. {{(pid=110995) _get_dhcp_agents_hosting_network /opt/stack/neutron/neutron/scheduler/dhcp_agent_scheduler.py:275}}
Jun 15 14:50:51.474941 dv-cinder-787296-10-iscsi neutron-server[110995]: DEBUG neutron.scheduler.base_scheduler [req-5795c11f-a639-4b6a-8a10-0fd746fe8fd0 req-927aca5a-ae9c-490b-b7a5-55926dad7988 tempest-ServerRescueNegativeTestJSON-1076848050 tempest-ServerRescueNegativeTestJSON-1076848050-project] Resources bound (agent type, host, resource id): {{(pid=110995) schedule /opt/stack/neutron/neutron/scheduler/base_scheduler.py:57}}
Jun 15 14:50:51.480155 dv-cinder-787296-10-iscsi neutron-server[110995]: DEBUG neutron.db.l3_dvrscheduler_db [req-5795c11f-a639-4b6a-8a10-0fd746fe8fd0 req-927aca5a-ae9c-490b-b7a5-55926dad7988 tempest-ServerRescueNegativeTestJSON-1076848050 tempest-ServerRescueNegativeTestJSON-1076848050-project] Received port after_create {{(pid=110995) _notify_l3_agent_new_port /opt/stack/neutron/neutron/db/l3_dvrscheduler_db.py:542}}
Jun 15 14:50:51.503804 dv-cinder-787296-10-iscsi neutron-server[110996]: INFO neutron.wsgi [req-d76531f8-fdc9-44e8-b750-6ac7e6c0a6c3 req-d1667242-949e-459d-89d0-3f4ace98f3cf tempest-AttachVolumeTestJSON-580381324 tempest-AttachVolumeTestJSON-580381324-project] 10.222.0.46 "POST /v2.0/ports HTTP/1.1" status: 201 len: 933 time: 1.5026109
Jun 15 14:50:51.518330 dv-cinder-787296-10-iscsi neutron-server[110995]: DEBUG novaclient.v2.client [-] RESP: [200] Connection: close Content-Length: 179 Content-Type: application/json Date: Wed, 15 Jun 2022 14:50:51 GMT OpenStack-API-Version: compute 2.1 Server: Apache/2.4.41 (Ubuntu) Vary: OpenStack-API-Version,X-OpenStack-Nova-API-Version X-OpenStack-Nova-API-Version: 2.1 x-compute-request-id: req-0176a4d9-bc0c-476f-9b4f-c6dd526ea41e x-openstack-request-id: req-0176a4d9-bc0c-476f-9b4f-c6dd526ea41e {{(pid=110995) _http_log_response /usr/local/lib/python3.8/dist-packages/keystoneauth1/session.py:550}}
Jun 15 14:50:51.518622 dv-cinder-787296-10-iscsi neutron-server[110995]: DEBUG novaclient.v2.client [-] RESP BODY: {"events": [{"name": "network-changed", "server_uuid": "b65023b0-7f40-4b7f-85e5-91006b438f4c", "tag": "a43bc32e-bbcc-488c-a3f5-3300379c6a9c", "status": "completed", "code": 200}]} {{(pid=110995) _http_log_response /usr/local/lib/python3.8/dist-packages/keystoneauth1/session.py:582}}
Jun 15 14:50:51.519244 dv-cinder-787296-10-iscsi neutron-server[110995]: DEBUG novaclient.v2.client [-] POST call to compute for http://10.222.0.42/compute/v2.1/os-server-external-events used request id req-0176a4d9-bc0c-476f-9b4f-c6dd526ea41e {{(pid=110995) request /usr/local/lib/python3.8/dist-packages/keystoneauth1/session.py:954}}
Jun 15 14:50:51.519700 dv-cinder-787296-10-iscsi neutron-server[110995]: INFO neutron.notifiers.nova [-] Nova event matching ['req-0176a4d9-bc0c-476f-9b4f-c6dd526ea41e'] response: {'name': 'network-changed', 'server_uuid': 'b65023b0-7f40-4b7f-85e5-91006b438f4c', 'tag': 'a43bc32e-bbcc-488c-a3f5-3300379c6a9c', 'status': 'completed', 'code': 200}
Jun 15 14:50:51.525978 dv-cinder-787296-10-iscsi neutron-server[110995]: DEBUG neutron.api.rpc.handlers.resources_rpc [None req-927aca5a-ae9c-490b-b7a5-55926dad7988 tempest-ServerRescueNegativeTestJSON-1076848050 tempest-ServerRescueNegativeTestJSON-1076848050-project] Pushing event updated for resources: {'Port': ['ID=3bdc7e34-f0cd-4840-88cb-77a1a31e769f,revision_number=1']} {{(pid=110995) push /opt/stack/neutron/neutron/api/rpc/handlers/resources_rpc.py:237}}
Jun 15 14:50:51.560870 dv-cinder-787296-10-iscsi neutron-server[110995]: DEBUG neutron.pecan_wsgi.hooks.policy_enforcement [req-5795c11f-a639-4b6a-8a10-0fd746fe8fd0 req-927aca5a-ae9c-490b-b7a5-55926dad7988 tempest-ServerRescueNegativeTestJSON-1076848050 tempest-ServerRescueNegativeTestJSON-1076848050-project] Attributes excluded by policy engine: ['standard_attr_id', 'binding:profile', 'binding:host_id', 'binding:vif_type', 'binding:vif_details', 'network'] {{(pid=110995) _exclude_attributes_by_policy /opt/stack/neutron/neutron/pecan_wsgi/hooks/policy_enforcement.py:259}}
Jun 15 14:50:51.561652 dv-cinder-787296-10-iscsi neutron-server[110995]: DEBUG neutron_lib.callbacks.manager [req-5795c11f-a639-4b6a-8a10-0fd746fe8fd0 req-927aca5a-ae9c-490b-b7a5-55926dad7988 tempest-ServerRescueNegativeTestJSON-1076848050 tempest-ServerRescueNegativeTestJSON-1076848050-project] Publish callbacks ['neutron.notifiers.nova.Notifier._send_nova_notification-41469', 'neutron.api.rpc.agentnotifiers.dhcp_rpc_agent_api.DhcpAgentNotifyAPI._send_dhcp_notification-591482'] for port (None), before_response {{(pid=110995) _notify_loop /usr/local/lib/python3.8/dist-packages/neutron_lib/callbacks/manager.py:176}}
Jun 15 14:50:51.611093 dv-cinder-787296-10-iscsi neutron-server[110997]: DEBUG neutron.db.provisioning_blocks [None req-e298d4b1-a454-4039-be0a-19ace1f73327 None None] Provisioning complete for port c77b9439-402e-4a93-afeb-ec23f099ae61 triggered by entity DHCP. {{(pid=110997) provisioning_complete /opt/stack/neutron/neutron/db/provisioning_blocks.py:145}}
Jun 15 14:50:51.611451 dv-cinder-787296-10-iscsi neutron-server[110997]: DEBUG neutron_lib.callbacks.manager [None req-e298d4b1-a454-4039-be0a-19ace1f73327 None None] Publish callbacks ['neutron.plugins.ml2.plugin.Ml2Plugin._port_provisioned-3487216'] for port (c77b9439-402e-4a93-afeb-ec23f099ae61), provisioning_complete {{(pid=110997) _notify_loop /usr/local/lib/python3.8/dist-packages/neutron_lib/callbacks/manager.py:176}}
Jun 15 14:50:51.645648 dv-cinder-787296-10-iscsi neutron-server[110997]: DEBUG neutron.plugins.ml2.plugin [None req-e298d4b1-a454-4039-be0a-19ace1f73327 None None] Port c77b9439-402e-4a93-afeb-ec23f099ae61 cannot update to ACTIVE because it is not bound. {{(pid=110997) _port_provisioned /opt/stack/neutron/neutron/plugins/ml2/plugin.py:354}}
