Jun 15 14:50:35.919384 dv-cinder-787296-10-iscsi devstack@c-api.service[117755]: INFO cinder.api.openstack.wsgi [None req-6062e8aa-f8cf-41ed-8b0a-6be7720f074a tempest-VolumeTypesAccessTest-253690839 tempest-VolumeTypesAccessTest-253690839-project] POST http://10.222.0.42/volume/v3/138330dbc878490790d5ea4e9698839d/volumes
Jun 15 14:50:35.920246 dv-cinder-787296-10-iscsi devstack@c-api.service[117755]: DEBUG cinder.api.openstack.wsgi [None req-6062e8aa-f8cf-41ed-8b0a-6be7720f074a tempest-VolumeTypesAccessTest-253690839 tempest-VolumeTypesAccessTest-253690839-project] Action: 'create', calling method: create, body: {"volume": {"volume_type": "624d3f80-aa31-49a2-bbe9-1aa3f08c11e3", "size": 1}} {{(pid=117755) _process_stack /opt/stack/cinder/cinder/api/openstack/wsgi.py:866}}
Jun 15 14:50:35.921478 dv-cinder-787296-10-iscsi devstack@c-api.service[117755]: DEBUG cinder.api.v3.volumes [None req-6062e8aa-f8cf-41ed-8b0a-6be7720f074a tempest-VolumeTypesAccessTest-253690839 tempest-VolumeTypesAccessTest-253690839-project] Create volume request body: {'volume': {'volume_type': '624d3f80-aa31-49a2-bbe9-1aa3f08c11e3', 'size': 1}} {{(pid=117755) create /opt/stack/cinder/cinder/api/v3/volumes.py:298}}
Jun 15 14:50:35.924713 dv-cinder-787296-10-iscsi devstack@c-api.service[117754]: /usr/local/lib/python3.8/dist-packages/oslo_context/context.py:100: DeprecationWarning: Policy enforcement is depending on the value of is_admin. This key is deprecated. Please update your policy file to use the standard policy values.
Jun 15 14:50:35.924713 dv-cinder-787296-10-iscsi devstack@c-api.service[117754]: warnings.warn('Policy enforcement is depending on the value of '
Jun 15 14:50:35.938901 dv-cinder-787296-10-iscsi devstack@c-api.service[117755]: INFO cinder.api.openstack.wsgi [None req-6062e8aa-f8cf-41ed-8b0a-6be7720f074a tempest-VolumeTypesAccessTest-253690839 tempest-VolumeTypesAccessTest-253690839-project] http://10.222.0.42/volume/v3/138330dbc878490790d5ea4e9698839d/volumes returned with HTTP 404
Jun 15 14:50:35.940145 dv-cinder-787296-10-iscsi devstack@c-api.service[117755]: [pid: 117755|app: 0|req: 67/132] 10.222.0.42 () {60 vars in 1234 bytes} [Wed Jun 15 14:50:35 2022] POST /volume/v3/138330dbc878490790d5ea4e9698839d/volumes => generated 114 bytes in 267 msecs (HTTP/1.1 404) 7 headers in 292 bytes (1 switches on core 0)
Jun 15 14:50:35.946687 dv-cinder-787296-10-iscsi devstack@c-api.service[117754]: INFO cinder.api.openstack.wsgi [None req-067cb147-2192-4d45-a17a-00d34ebe7bf6 tempest-GroupSnapshotsTest-2098134445 tempest-GroupSnapshotsTest-2098134445-project] http://10.222.0.42/volume/v3/a0fa37ad549441d7b51b4463ab2fed53/volumes/07db0c51-af24-48ad-8e2b-c72aadc59a17 returned with HTTP 200
Jun 15 14:50:35.955591 dv-cinder-787296-10-iscsi devstack@c-api.service[117754]: [pid: 117754|app: 0|req: 66/133] 10.222.0.42 () {60 vars in 1365 bytes} [Wed Jun 15 14:50:35 2022] GET /volume/v3/a0fa37ad549441d7b51b4463ab2fed53/volumes/07db0c51-af24-48ad-8e2b-c72aadc59a17 => generated 991 bytes in 91 msecs (HTTP/1.1 200) 7 headers in 286 bytes (2 switches on core 0)
Jun 15 14:50:35.969892 dv-cinder-787296-10-iscsi devstack@c-api.service[117755]: DEBUG cinder.api.middleware.request_id [None req-ff93361d-2f29-4de6-b629-809af1da4461 None None] RequestId filter calling following filter/app {{(pid=117755) _context_setter /opt/stack/cinder/cinder/api/middleware/request_id.py:62}}
Jun 15 14:50:35.985530 dv-cinder-787296-10-iscsi devstack@c-api.service[117755]: INFO cinder.api.openstack.wsgi [None req-ff93361d-2f29-4de6-b629-809af1da4461 tempest-VolumeTypesAccessTest-1301902384 tempest-VolumeTypesAccessTest-1301902384-project-admin] POST http://10.222.0.42/volume/v3/8c2abc2fdc4b43fbb3e54bf9ced6e3d8/types/624d3f80-aa31-49a2-bbe9-1aa3f08c11e3/action
Jun 15 14:50:35.986812 dv-cinder-787296-10-iscsi devstack@c-api.service[117755]: DEBUG cinder.api.openstack.wsgi [None req-ff93361d-2f29-4de6-b629-809af1da4461 tempest-VolumeTypesAccessTest-1301902384 tempest-VolumeTypesAccessTest-1301902384-project-admin] Action body: b'{"addProjectAccess": {"project": "138330dbc878490790d5ea4e9698839d"}}' {{(pid=117755) get_method /opt/stack/cinder/cinder/api/openstack/wsgi.py:983}}
Jun 15 14:50:35.986812 dv-cinder-787296-10-iscsi devstack@c-api.service[117755]: DEBUG cinder.api.openstack.wsgi [None req-ff93361d-2f29-4de6-b629-809af1da4461 tempest-VolumeTypesAccessTest-1301902384 tempest-VolumeTypesAccessTest-1301902384-project-admin] Action: 'action', calling method: _addProjectAccess, body: {"addProjectAccess": {"project": "138330dbc878490790d5ea4e9698839d"}} {{(pid=117755) _process_stack /opt/stack/cinder/cinder/api/openstack/wsgi.py:866}}
Jun 15 14:50:35.987822 dv-cinder-787296-10-iscsi devstack@c-api.service[117754]: DEBUG cinder.api.middleware.request_id [None req-309d0870-8203-4b32-a27d-f230539a946b None None] RequestId filter calling following filter/app {{(pid=117754) _context_setter /opt/stack/cinder/cinder/api/middleware/request_id.py:62}}
Jun 15 14:50:35.993160 dv-cinder-787296-10-iscsi devstack@c-api.service[117754]: INFO cinder.api.openstack.wsgi [None req-309d0870-8203-4b32-a27d-f230539a946b tempest-GroupSnapshotsV319Test-1796524496 tempest-GroupSnapshotsV319Test-1796524496-project] GET http://10.222.0.42/volume/v3/45d897d3d61c4767959f1f6a33ba2694/volumes/786376e2-2a90-4214-8411-18db24b302a1
Jun 15 14:50:35.994187 dv-cinder-787296-10-iscsi devstack@c-api.service[117754]: DEBUG cinder.api.openstack.wsgi [None req-309d0870-8203-4b32-a27d-f230539a946b tempest-GroupSnapshotsV319Test-1796524496 tempest-GroupSnapshotsV319Test-1796524496-project] Empty body provided in request {{(pid=117754) get_body /opt/stack/cinder/cinder/api/openstack/wsgi.py:715}}
Jun 15 14:50:35.994702 dv-cinder-787296-10-iscsi devstack@c-api.service[117754]: DEBUG cinder.api.openstack.wsgi [None req-309d0870-8203-4b32-a27d-f230539a946b tempest-GroupSnapshotsV319Test-1796524496 tempest-GroupSnapshotsV319Test-1796524496-project] Calling method 'show' {{(pid=117754) _process_stack /opt/stack/cinder/cinder/api/openstack/wsgi.py:868}}
Jun 15 14:50:36.025294 dv-cinder-787296-10-iscsi devstack@c-api.service[117754]: /usr/local/lib/python3.8/dist-packages/oslo_context/context.py:100: DeprecationWarning: Policy enforcement is depending on the value of is_admin. This key is deprecated. Please update your policy file to use the standard policy values.
Jun 15 14:50:36.025294 dv-cinder-787296-10-iscsi devstack@c-api.service[117754]: warnings.warn('Policy enforcement is depending on the value of '
Jun 15 14:50:36.039804 dv-cinder-787296-10-iscsi devstack@c-api.service[117754]: INFO cinder.volume.api [None req-309d0870-8203-4b32-a27d-f230539a946b tempest-GroupSnapshotsV319Test-1796524496 tempest-GroupSnapshotsV319Test-1796524496-project] Volume info retrieved successfully.
Jun 15 14:50:36.047396 dv-cinder-787296-10-iscsi devstack@c-api.service[117754]: WARNING stevedore.named [None req-309d0870-8203-4b32-a27d-f230539a946b tempest-GroupSnapshotsV319Test-1796524496 tempest-GroupSnapshotsV319Test-1796524496-project] Could not load cinder.keymgr.conf_key_mgr.ConfKeyManager
Jun 15 14:50:36.048082 dv-cinder-787296-10-iscsi devstack@c-api.service[117754]: WARNING castellan.key_manager [None req-309d0870-8203-4b32-a27d-f230539a946b tempest-GroupSnapshotsV319Test-1796524496 tempest-GroupSnapshotsV319Test-1796524496-project] Deprecation Warning : cinder.keymgr.conf_key_mgr.ConfKeyManager is not a stevedore based driver, trying to load it as a class: stevedore.exception.NoMatches: No 'castellan.drivers' driver found, looking for 'cinder.keymgr.conf_key_mgr.ConfKeyManager'
Jun 15 14:50:36.058268 dv-cinder-787296-10-iscsi devstack@c-api.service[117754]: DEBUG oslo_db.sqlalchemy.engines [None req-309d0870-8203-4b32-a27d-f230539a946b tempest-GroupSnapshotsV319Test-1796524496 tempest-GroupSnapshotsV319Test-1796524496-project] MySQL server mode set to STRICT_TRANS_TABLES,STRICT_ALL_TABLES,NO_ZERO_IN_DATE,NO_ZERO_DATE,ERROR_FOR_DIVISION_BY_ZERO,TRADITIONAL,NO_ENGINE_SUBSTITUTION {{(pid=117754) _check_effective_sql_mode /usr/local/lib/python3.8/dist-packages/oslo_db/sqlalchemy/engines.py:314}}
Jun 15 14:50:36.068316 dv-cinder-787296-10-iscsi devstack@c-api.service[117754]: /usr/local/lib/python3.8/dist-packages/oslo_context/context.py:100: DeprecationWarning: Policy enforcement is depending on the value of is_admin. This key is deprecated. Please update your policy file to use the standard policy values.
Jun 15 14:50:36.068316 dv-cinder-787296-10-iscsi devstack@c-api.service[117754]: warnings.warn('Policy enforcement is depending on the value of '
Jun 15 14:50:36.100373 dv-cinder-787296-10-iscsi devstack@c-api.service[117754]: INFO cinder.api.openstack.wsgi [None req-309d0870-8203-4b32-a27d-f230539a946b tempest-GroupSnapshotsV319Test-1796524496 tempest-GroupSnapshotsV319Test-1796524496-project] http://10.222.0.42/volume/v3/45d897d3d61c4767959f1f6a33ba2694/volumes/786376e2-2a90-4214-8411-18db24b302a1 returned with HTTP 200
Jun 15 14:50:36.113504 dv-cinder-787296-10-iscsi devstack@c-api.service[117754]: [pid: 117754|app: 0|req: 67/134] 10.222.0.42 () {60 vars in 1365 bytes} [Wed Jun 15 14:50:35 2022] GET /volume/v3/45d897d3d61c4767959f1f6a33ba2694/volumes/786376e2-2a90-4214-8411-18db24b302a1 => generated 1008 bytes in 116 msecs (HTTP/1.1 200) 7 headers in 287 bytes (1 switches on core 0)
Jun 15 14:50:36.118439 dv-cinder-787296-10-iscsi devstack@c-api.service[117754]: DEBUG cinder.api.middleware.request_id [None req-977a24d4-c6f9-4612-a0c0-6ec08a63f00c None None] RequestId filter calling following filter/app {{(pid=117754) _context_setter /opt/stack/cinder/cinder/api/middleware/request_id.py:62}}
Jun 15 14:50:36.126613 dv-cinder-787296-10-iscsi devstack@c-api.service[117754]: INFO cinder.api.openstack.wsgi [None req-977a24d4-c6f9-4612-a0c0-6ec08a63f00c tempest-GroupSnapshotsV319Test-1796524496 tempest-GroupSnapshotsV319Test-1796524496-project] POST http://10.222.0.42/volume/v3/45d897d3d61c4767959f1f6a33ba2694/group_snapshots
Jun 15 14:50:36.127486 dv-cinder-787296-10-iscsi devstack@c-api.service[117754]: DEBUG cinder.api.openstack.wsgi [None req-977a24d4-c6f9-4612-a0c0-6ec08a63f00c tempest-GroupSnapshotsV319Test-1796524496 tempest-GroupSnapshotsV319Test-1796524496-project] Action: 'create', calling method: version_select, body: {"group_snapshot": {"group_id": "a503c3d5-d215-46d8-9583-d5b439b09c24", "name": "tempest-GroupSnapshotsV319Test-Group_Snapshot-911018134"}} {{(pid=117754) _process_stack /opt/stack/cinder/cinder/api/openstack/wsgi.py:866}}
Jun 15 14:50:36.128709 dv-cinder-787296-10-iscsi devstack@c-api.service[117754]: DEBUG cinder.api.v3.group_snapshots [None req-977a24d4-c6f9-4612-a0c0-6ec08a63f00c tempest-GroupSnapshotsV319Test-1796524496 tempest-GroupSnapshotsV319Test-1796524496-project] Creating new group_snapshot {'group_snapshot': {'group_id': 'a503c3d5-d215-46d8-9583-d5b439b09c24', 'name': 'tempest-GroupSnapshotsV319Test-Group_Snapshot-911018134'}} {{(pid=117754) create /opt/stack/cinder/cinder/api/v3/group_snapshots.py:154}}
Jun 15 14:50:36.133999 dv-cinder-787296-10-iscsi devstack@c-api.service[117755]: INFO cinder.api.openstack.wsgi [None req-ff93361d-2f29-4de6-b629-809af1da4461 tempest-VolumeTypesAccessTest-1301902384 tempest-VolumeTypesAccessTest-1301902384-project-admin] http://10.222.0.42/volume/v3/8c2abc2fdc4b43fbb3e54bf9ced6e3d8/types/624d3f80-aa31-49a2-bbe9-1aa3f08c11e3/action returned with HTTP 202
Jun 15 14:50:36.134544 dv-cinder-787296-10-iscsi devstack@c-api.service[117755]: [pid: 117755|app: 0|req: 68/135] 10.222.0.42 () {60 vars in 1360 bytes} [Wed Jun 15 14:50:35 2022] POST /volume/v3/8c2abc2fdc4b43fbb3e54bf9ced6e3d8/types/624d3f80-aa31-49a2-bbe9-1aa3f08c11e3/action => generated 0 bytes in 169 msecs (HTTP/1.1 202) 6 headers in 233 bytes (1 switches on core 0)
Jun 15 14:50:36.137496 dv-cinder-787296-10-iscsi devstack@c-api.service[117754]: /usr/local/lib/python3.8/dist-packages/oslo_context/context.py:100: DeprecationWarning: Policy enforcement is depending on the value of is_admin. This key is deprecated. Please update your policy file to use the standard policy values.
Jun 15 14:50:36.137496 dv-cinder-787296-10-iscsi devstack@c-api.service[117754]: warnings.warn('Policy enforcement is depending on the value of '
Jun 15 14:50:36.147540 dv-cinder-787296-10-iscsi devstack@c-api.service[117754]: DEBUG dbcounter [-] [117754] Writing DB stats cinder:SELECT=86,cinder:UPDATE=11,cinder:INSERT=2,cinder:DELETE=1 {{(pid=117754) stat_writer /usr/local/lib/python3.8/dist-packages/dbcounter.py:114}}
Jun 15 14:50:36.147672 dv-cinder-787296-10-iscsi devstack@c-api.service[117755]: DEBUG cinder.api.middleware.request_id [None req-afa519d0-e4f5-4e4a-9717-99d6b44424fc None None] RequestId filter calling following filter/app {{(pid=117755) _context_setter /opt/stack/cinder/cinder/api/middleware/request_id.py:62}}
Jun 15 14:50:36.147762 dv-cinder-787296-10-iscsi devstack@c-api.service[117754]: INFO cinder.api.v3.group_snapshots [None req-977a24d4-c6f9-4612-a0c0-6ec08a63f00c tempest-GroupSnapshotsV319Test-1796524496 tempest-GroupSnapshotsV319Test-1796524496-project] Creating group_snapshot tempest-GroupSnapshotsV319Test-Group_Snapshot-911018134.
Jun 15 14:50:36.149567 dv-cinder-787296-10-iscsi devstack@c-api.service[117755]: INFO cinder.api.openstack.wsgi [None req-afa519d0-e4f5-4e4a-9717-99d6b44424fc tempest-VolumeTypesAccessTest-253690839 tempest-VolumeTypesAccessTest-253690839-project] POST http://10.222.0.42/volume/v3/138330dbc878490790d5ea4e9698839d/volumes
Jun 15 14:50:36.150785 dv-cinder-787296-10-iscsi devstack@c-api.service[117755]: DEBUG cinder.api.openstack.wsgi [None req-afa519d0-e4f5-4e4a-9717-99d6b44424fc tempest-VolumeTypesAccessTest-253690839 tempest-VolumeTypesAccessTest-253690839-project] Action: 'create', calling method: create, body: {"volume": {"volume_type": "624d3f80-aa31-49a2-bbe9-1aa3f08c11e3", "size": 1, "name": "tempest-VolumeTypesAccessTest-Volume-822453085"}} {{(pid=117755) _process_stack /opt/stack/cinder/cinder/api/openstack/wsgi.py:866}}
Jun 15 14:50:36.152516 dv-cinder-787296-10-iscsi devstack@c-api.service[117755]: DEBUG cinder.api.v3.volumes [None req-afa519d0-e4f5-4e4a-9717-99d6b44424fc tempest-VolumeTypesAccessTest-253690839 tempest-VolumeTypesAccessTest-253690839-project] Create volume request body: {'volume': {'volume_type': '624d3f80-aa31-49a2-bbe9-1aa3f08c11e3', 'size': 1, 'name': 'tempest-VolumeTypesAccessTest-Volume-822453085'}} {{(pid=117755) create /opt/stack/cinder/cinder/api/v3/volumes.py:298}}
Jun 15 14:50:36.163387 dv-cinder-787296-10-iscsi devstack@c-api.service[117755]: INFO cinder.api.v3.volumes [None req-afa519d0-e4f5-4e4a-9717-99d6b44424fc tempest-VolumeTypesAccessTest-253690839 tempest-VolumeTypesAccessTest-253690839-project] Create volume of 1 GB
Jun 15 14:50:36.164116 dv-cinder-787296-10-iscsi devstack@c-api.service[117755]: /usr/local/lib/python3.8/dist-packages/oslo_context/context.py:100: DeprecationWarning: Policy enforcement is depending on the value of is_admin. This key is deprecated. Please update your policy file to use the standard policy values.
Jun 15 14:50:36.164116 dv-cinder-787296-10-iscsi devstack@c-api.service[117755]: warnings.warn('Policy enforcement is depending on the value of '
Jun 15 14:50:36.165205 dv-cinder-787296-10-iscsi devstack@c-api.service[117755]: INFO cinder.volume.api [None req-afa519d0-e4f5-4e4a-9717-99d6b44424fc tempest-VolumeTypesAccessTest-253690839 tempest-VolumeTypesAccessTest-253690839-project] Availability Zones retrieved successfully.
Jun 15 14:50:36.185012 dv-cinder-787296-10-iscsi devstack@c-api.service[117755]: DEBUG cinder.volume.api [None req-afa519d0-e4f5-4e4a-9717-99d6b44424fc tempest-VolumeTypesAccessTest-253690839 tempest-VolumeTypesAccessTest-253690839-project] Flow 'volume_create_api' (a27ea17b-d89a-4eeb-8e69-375c94c99b74) transitioned into state 'RUNNING' from state 'PENDING' {{(pid=117755) _flow_receiver /usr/local/lib/python3.8/dist-packages/taskflow/listeners/logging.py:141}}
Jun 15 14:50:36.187550 dv-cinder-787296-10-iscsi devstack@c-api.service[117755]: DEBUG cinder.volume.api [None req-afa519d0-e4f5-4e4a-9717-99d6b44424fc tempest-VolumeTypesAccessTest-253690839 tempest-VolumeTypesAccessTest-253690839-project] Task 'cinder.volume.flows.api.create_volume.ExtractVolumeRequestTask;volume:create' (aa37619f-c6f1-4608-aebe-59f6aa672103) transitioned into state 'RUNNING' from state 'PENDING' {{(pid=117755) _task_receiver /usr/local/lib/python3.8/dist-packages/taskflow/listeners/logging.py:190}}
Jun 15 14:50:36.191114 dv-cinder-787296-10-iscsi devstack@c-api.service[117755]: DEBUG cinder.volume.flows.api.create_volume [None req-afa519d0-e4f5-4e4a-9717-99d6b44424fc tempest-VolumeTypesAccessTest-253690839 tempest-VolumeTypesAccessTest-253690839-project] Validating volume size '1' using validate_int {{(pid=117755) _extract_size /opt/stack/cinder/cinder/volume/flows/api/create_volume.py:228}}
Jun 15 14:50:36.223429 dv-cinder-787296-10-iscsi devstack@c-api.service[117755]: DEBUG cinder.volume.api [None req-afa519d0-e4f5-4e4a-9717-99d6b44424fc tempest-VolumeTypesAccessTest-253690839 tempest-VolumeTypesAccessTest-253690839-project] Task 'cinder.volume.flows.api.create_volume.ExtractVolumeRequestTask;volume:create' (aa37619f-c6f1-4608-aebe-59f6aa672103) transitioned into state 'SUCCESS' from state 'RUNNING' with result '{'size': 1, 'snapshot_id': None, 'source_volid': None, 'volume_type': VolumeType(created_at=2022-06-15T14:50:35Z,deleted=False,deleted_at=None,description=None,extra_specs={},id=624d3f80-aa31-49a2-bbe9-1aa3f08c11e3,is_public=False,name='tempest-VolumeTypesAccessTest-volume-type-734509460',projects=[],qos_specs=,qos_specs_id=None,updated_at=None), 'volume_type_id': '624d3f80-aa31-49a2-bbe9-1aa3f08c11e3', 'encryption_key_id': None, 'qos_specs': None, 'consistencygroup_id': None, 'cgsnapshot_id': None, 'group_id': None, 'replication_status': 'disabled', 'refresh_az': False, 'backup_id': None, 'multiattach': False, 'availability_zones': ['nova']}' {{(pid=117755) _task_receiver /usr/local/lib/python3.8/dist-packages/taskflow/listeners/logging.py:178}}
Jun 15 14:50:36.226741 dv-cinder-787296-10-iscsi devstack@c-api.service[117755]: DEBUG cinder.volume.api [None req-afa519d0-e4f5-4e4a-9717-99d6b44424fc tempest-VolumeTypesAccessTest-253690839 tempest-VolumeTypesAccessTest-253690839-project] Task 'cinder.volume.flows.api.create_volume.QuotaReserveTask;volume:create' (a47028d7-4519-43a2-9a1b-149b65d506aa) transitioned into state 'RUNNING' from state 'PENDING' {{(pid=117755) _task_receiver /usr/local/lib/python3.8/dist-packages/taskflow/listeners/logging.py:190}}
Jun 15 14:50:36.355706 dv-cinder-787296-10-iscsi devstack@c-api.service[117754]: /usr/local/lib/python3.8/dist-packages/oslo_context/context.py:100: DeprecationWarning: Policy enforcement is depending on the value of is_admin. This key is deprecated. Please update your policy file to use the standard policy values.
Jun 15 14:50:36.355706 dv-cinder-787296-10-iscsi devstack@c-api.service[117754]: warnings.warn('Policy enforcement is depending on the value of '
Jun 15 14:50:36.367703 dv-cinder-787296-10-iscsi devstack@c-api.service[117755]: WARNING cinder.quota [None req-afa519d0-e4f5-4e4a-9717-99d6b44424fc tempest-VolumeTypesAccessTest-253690839 tempest-VolumeTypesAccessTest-253690839-project] Deprecated: Default quota for resource: volumes_tempest-VolumeTypesAccessTest-volume-type-734509460 is set by the default quota flag: quota_volumes_tempest-VolumeTypesAccessTest-volume-type-734509460, it is now deprecated. Please use the default quota class for default quota.
Jun 15 14:50:36.372563 dv-cinder-787296-10-iscsi devstack@c-api.service[117755]: WARNING cinder.quota [None req-afa519d0-e4f5-4e4a-9717-99d6b44424fc tempest-VolumeTypesAccessTest-253690839 tempest-VolumeTypesAccessTest-253690839-project] Deprecated: Default quota for resource: gigabytes_tempest-VolumeTypesAccessTest-volume-type-734509460 is set by the default quota flag: quota_gigabytes_tempest-VolumeTypesAccessTest-volume-type-734509460, it is now deprecated. Please use the default quota class for default quota.
Jun 15 14:50:36.459049 dv-cinder-787296-10-iscsi devstack@c-api.service[117754]: WARNING cinder.quota [None req-977a24d4-c6f9-4612-a0c0-6ec08a63f00c tempest-GroupSnapshotsV319Test-1796524496 tempest-GroupSnapshotsV319Test-1796524496-project] Deprecated: Default quota for resource: gigabytes_tempest-GroupSnapshotsV319Test-volume-type-390472434 is set by the default quota flag: quota_gigabytes_tempest-GroupSnapshotsV319Test-volume-type-390472434, it is now deprecated. Please use the default quota class for default quota.
Jun 15 14:50:36.460490 dv-cinder-787296-10-iscsi devstack@c-api.service[117754]: WARNING cinder.quota [None req-977a24d4-c6f9-4612-a0c0-6ec08a63f00c tempest-GroupSnapshotsV319Test-1796524496 tempest-GroupSnapshotsV319Test-1796524496-project] Deprecated: Default quota for resource: snapshots_tempest-GroupSnapshotsV319Test-volume-type-390472434 is set by the default quota flag: quota_snapshots_tempest-GroupSnapshotsV319Test-volume-type-390472434, it is now deprecated. Please use the default quota class for default quota.
Jun 15 14:50:36.734700 dv-cinder-787296-10-iscsi devstack@c-api.service[117755]: DEBUG cinder.quota [None req-afa519d0-e4f5-4e4a-9717-99d6b44424fc tempest-VolumeTypesAccessTest-253690839 tempest-VolumeTypesAccessTest-253690839-project] Created reservations ['a047ea42-a58f-4a5e-b473-6c6abf4016bd', 'd94a3a52-6ded-472d-8c3a-ff783e3b4458', '4a6d45a9-3775-4ff2-83c3-7afb2ddd4121', '76ab9d15-9de7-438e-8d85-26f65cf60272'] {{(pid=117755) reserve /opt/stack/cinder/cinder/quota.py:755}}
Jun 15 14:50:36.735581 dv-cinder-787296-10-iscsi devstack@c-api.service[117754]: DEBUG cinder.quota [None req-977a24d4-c6f9-4612-a0c0-6ec08a63f00c tempest-GroupSnapshotsV319Test-1796524496 tempest-GroupSnapshotsV319Test-1796524496-project] Created reservations ['16b8b1aa-214f-4a40-8635-5cce0a320ee4', '502b67f7-b45e-40d0-a9e9-fad23a05bbcf', '1dbb2ddd-e3ef-40c1-b5cd-d29c0057202d', '9924ca9e-32f4-4703-97fc-1b993001d3d9'] {{(pid=117754) reserve /opt/stack/cinder/cinder/quota.py:755}}
Jun 15 14:50:36.737800 dv-cinder-787296-10-iscsi devstack@c-api.service[117755]: DEBUG cinder.volume.api [None req-afa519d0-e4f5-4e4a-9717-99d6b44424fc tempest-VolumeTypesAccessTest-253690839 tempest-VolumeTypesAccessTest-253690839-project] Task 'cinder.volume.flows.api.create_volume.QuotaReserveTask;volume:create' (a47028d7-4519-43a2-9a1b-149b65d506aa) transitioned into state 'SUCCESS' from state 'RUNNING' with result '{'reservations': ['a047ea42-a58f-4a5e-b473-6c6abf4016bd', 'd94a3a52-6ded-472d-8c3a-ff783e3b4458', '4a6d45a9-3775-4ff2-83c3-7afb2ddd4121', '76ab9d15-9de7-438e-8d85-26f65cf60272']}' {{(pid=117755) _task_receiver /usr/local/lib/python3.8/dist-packages/taskflow/listeners/logging.py:178}}
Jun 15 14:50:36.740239 dv-cinder-787296-10-iscsi devstack@c-api.service[117755]: DEBUG cinder.volume.api [None req-afa519d0-e4f5-4e4a-9717-99d6b44424fc tempest-VolumeTypesAccessTest-253690839 tempest-VolumeTypesAccessTest-253690839-project] Task 'cinder.volume.flows.api.create_volume.EntryCreateTask;volume:create' (68f9e2f0-35ba-410c-8054-9822ac6c85bf) transitioned into state 'RUNNING' from state 'PENDING' {{(pid=117755) _task_receiver /usr/local/lib/python3.8/dist-packages/taskflow/listeners/logging.py:190}}
Jun 15 14:50:36.885766 dv-cinder-787296-10-iscsi devstack@c-api.service[117755]: DEBUG cinder.volume.api [None req-afa519d0-e4f5-4e4a-9717-99d6b44424fc tempest-VolumeTypesAccessTest-253690839 tempest-VolumeTypesAccessTest-253690839-project] Task 'cinder.volume.flows.api.create_volume.EntryCreateTask;volume:create' (68f9e2f0-35ba-410c-8054-9822ac6c85bf) transitioned into state 'SUCCESS' from state 'RUNNING' with result '{'volume_id': '22897645-a88b-4b6d-81f0-0d645bb222de', 'volume_properties': VolumeProperties(attach_status='detached',availability_zone='nova',cgsnapshot_id=None,consistencygroup_id=None,display_description=None,display_name='tempest-VolumeTypesAccessTest-Volume-822453085',encryption_key_id=None,group_id=None,group_type_id=,metadata={},multiattach=False,project_id='138330dbc878490790d5ea4e9698839d',qos_specs=None,replication_status=,reservations=['a047ea42-a58f-4a5e-b473-6c6abf4016bd','d94a3a52-6ded-472d-8c3a-ff783e3b4458','4a6d45a9-3775-4ff2-83c3-7afb2ddd4121','76ab9d15-9de7-438e-8d85-26f65cf60272'],size=1,snapshot_id=None,source_replicaid=,source_volid=None,status='creating',user_id='7c3894bcb09e4ac8ab0f074e2f2b7fad',volume_type_id=624d3f80-aa31-49a2-bbe9-1aa3f08c11e3), 'volume': Volume(_name_id=None,admin_metadata=,attach_status='detached',availability_zone='nova',bootable=False,cluster=,cluster_name=None,consistencygroup=,consistencygroup_id=None,created_at=2022-06-15T14:50:36Z,deleted=False,deleted_at=None,display_description=None,display_name='tempest-VolumeTypesAccessTest-Volume-822453085',ec2_id=None,encryption_key_id=None,glance_metadata=,group=,group_id=None,host=None,id=22897645-a88b-4b6d-81f0-0d645bb222de,launched_at=None,metadata={},migration_status=None,multiattach=False,previous_status=None,project_id='138330dbc878490790d5ea4e9698839d',provider_auth=None,provider_geometry=None,provider_id=None,provider_location=None,replication_driver_data=None,replication_extended_status=None,replication_status=None,scheduled_at=None,service_uuid=None,shared_targets=True,size=1,snapshot_id=None,snapshots=,source_volid=None,status='creating',terminated_at=None,updated_at=None,use_quota=True,user_id='7c3894bcb09e4ac8ab0f074e2f2b7fad',volume_attachment=VolumeAttachmentList,volume_type=VolumeType(624d3f80-aa31-49a2-bbe9-1aa3f08c11e3),volume_type_id=624d3f80-aa31-49a2-bbe9-1aa3f08c11e3)}' {{(pid=117755) _task_receiver /usr/local/lib/python3.8/dist-packages/taskflow/listeners/logging.py:178}}
Jun 15 14:50:36.889184 dv-cinder-787296-10-iscsi devstack@c-api.service[117755]: DEBUG cinder.volume.api [None req-afa519d0-e4f5-4e4a-9717-99d6b44424fc tempest-VolumeTypesAccessTest-253690839 tempest-VolumeTypesAccessTest-253690839-project] Task 'cinder.volume.flows.api.create_volume.QuotaCommitTask;volume:create' (25b1c598-5561-4929-a5dc-e06603166f90) transitioned into state 'RUNNING' from state 'PENDING' {{(pid=117755) _task_receiver /usr/local/lib/python3.8/dist-packages/taskflow/listeners/logging.py:190}}
Jun 15 14:50:37.027980 dv-cinder-787296-10-iscsi devstack@c-api.service[117754]: INFO cinder.api.openstack.wsgi [None req-977a24d4-c6f9-4612-a0c0-6ec08a63f00c tempest-GroupSnapshotsV319Test-1796524496 tempest-GroupSnapshotsV319Test-1796524496-project] http://10.222.0.42/volume/v3/45d897d3d61c4767959f1f6a33ba2694/group_snapshots returned with HTTP 202
Jun 15 14:50:37.029405 dv-cinder-787296-10-iscsi devstack@c-api.service[117754]: [pid: 117754|app: 0|req: 68/136] 10.222.0.42 () {62 vars in 1300 bytes} [Wed Jun 15 14:50:36 2022] POST /volume/v3/45d897d3d61c4767959f1f6a33ba2694/group_snapshots => generated 190 bytes in 914 msecs (HTTP/1.1 202) 7 headers in 292 bytes (2 switches on core 0)
Jun 15 14:50:37.031766 dv-cinder-787296-10-iscsi devstack@c-api.service[117754]: DEBUG cinder.api.middleware.request_id [None req-33fd634f-66d9-4bbc-9a62-a261cddffcbf None None] RequestId filter calling following filter/app {{(pid=117754) _context_setter /opt/stack/cinder/cinder/api/middleware/request_id.py:62}}
Jun 15 14:50:37.037733 dv-cinder-787296-10-iscsi devstack@c-api.service[117754]: INFO cinder.api.openstack.wsgi [None req-33fd634f-66d9-4bbc-9a62-a261cddffcbf tempest-GroupsTest-505617908 tempest-GroupsTest-505617908-project] GET http://10.222.0.42/volume/v3/3ace515628524962a9adad597c499da2/volumes/30d3de50-3dee-4168-8f7b-fac8b40ea268
Jun 15 14:50:37.038459 dv-cinder-787296-10-iscsi devstack@c-api.service[117754]: DEBUG cinder.api.openstack.wsgi [None req-33fd634f-66d9-4bbc-9a62-a261cddffcbf tempest-GroupsTest-505617908 tempest-GroupsTest-505617908-project] Empty body provided in request {{(pid=117754) get_body /opt/stack/cinder/cinder/api/openstack/wsgi.py:715}}
Jun 15 14:50:37.041874 dv-cinder-787296-10-iscsi devstack@c-api.service[117754]: DEBUG cinder.api.openstack.wsgi [None req-33fd634f-66d9-4bbc-9a62-a261cddffcbf tempest-GroupsTest-505617908 tempest-GroupsTest-505617908-project] Calling method 'show' {{(pid=117754) _process_stack /opt/stack/cinder/cinder/api/openstack/wsgi.py:868}}
Jun 15 14:50:37.060073 dv-cinder-787296-10-iscsi devstack@c-api.service[117754]: /usr/local/lib/python3.8/dist-packages/oslo_context/context.py:100: DeprecationWarning: Policy enforcement is depending on the value of is_admin. This key is deprecated. Please update your policy file to use the standard policy values.
Jun 15 14:50:37.060073 dv-cinder-787296-10-iscsi devstack@c-api.service[117754]: warnings.warn('Policy enforcement is depending on the value of '
Jun 15 14:50:37.070121 dv-cinder-787296-10-iscsi devstack@c-api.service[117754]: INFO cinder.volume.api [None req-33fd634f-66d9-4bbc-9a62-a261cddffcbf tempest-GroupsTest-505617908 tempest-GroupsTest-505617908-project] Volume info retrieved successfully.
Jun 15 14:50:37.071430 dv-cinder-787296-10-iscsi devstack@c-api.service[117754]: WARNING stevedore.named [None req-33fd634f-66d9-4bbc-9a62-a261cddffcbf tempest-GroupsTest-505617908 tempest-GroupsTest-505617908-project] Could not load cinder.keymgr.conf_key_mgr.ConfKeyManager
Jun 15 14:50:37.071898 dv-cinder-787296-10-iscsi devstack@c-api.service[117754]: WARNING castellan.key_manager [None req-33fd634f-66d9-4bbc-9a62-a261cddffcbf tempest-GroupsTest-505617908 tempest-GroupsTest-505617908-project] Deprecation Warning : cinder.keymgr.conf_key_mgr.ConfKeyManager is not a stevedore based driver, trying to load it as a class: stevedore.exception.NoMatches: No 'castellan.drivers' driver found, looking for 'cinder.keymgr.conf_key_mgr.ConfKeyManager'
Jun 15 14:50:37.080257 dv-cinder-787296-10-iscsi devstack@c-api.service[117754]: DEBUG oslo_db.sqlalchemy.engines [None req-33fd634f-66d9-4bbc-9a62-a261cddffcbf tempest-GroupsTest-505617908 tempest-GroupsTest-505617908-project] MySQL server mode set to STRICT_TRANS_TABLES,STRICT_ALL_TABLES,NO_ZERO_IN_DATE,NO_ZERO_DATE,ERROR_FOR_DIVISION_BY_ZERO,TRADITIONAL,NO_ENGINE_SUBSTITUTION {{(pid=117754) _check_effective_sql_mode /usr/local/lib/python3.8/dist-packages/oslo_db/sqlalchemy/engines.py:314}}
Jun 15 14:50:37.087200 dv-cinder-787296-10-iscsi devstack@c-api.service[117754]: /usr/local/lib/python3.8/dist-packages/oslo_context/context.py:100: DeprecationWarning: Policy enforcement is depending on the value of is_admin. This key is deprecated. Please update your policy file to use the standard policy values.
Jun 15 14:50:37.087200 dv-cinder-787296-10-iscsi devstack@c-api.service[117754]: warnings.warn('Policy enforcement is depending on the value of '
Jun 15 14:50:37.108420 dv-cinder-787296-10-iscsi devstack@c-api.service[117754]: INFO cinder.api.openstack.wsgi [None req-33fd634f-66d9-4bbc-9a62-a261cddffcbf tempest-GroupsTest-505617908 tempest-GroupsTest-505617908-project] http://10.222.0.42/volume/v3/3ace515628524962a9adad597c499da2/volumes/30d3de50-3dee-4168-8f7b-fac8b40ea268 returned with HTTP 200
Jun 15 14:50:37.109555 dv-cinder-787296-10-iscsi devstack@c-api.service[117754]: [pid: 117754|app: 0|req: 69/137] 10.222.0.42 () {60 vars in 1365 bytes} [Wed Jun 15 14:50:37 2022] GET /volume/v3/3ace515628524962a9adad597c499da2/volumes/30d3de50-3dee-4168-8f7b-fac8b40ea268 => generated 973 bytes in 79 msecs (HTTP/1.1 200) 7 headers in 286 bytes (1 switches on core 0)
Jun 15 14:50:37.111671 dv-cinder-787296-10-iscsi devstack@c-api.service[117754]: DEBUG cinder.api.middleware.request_id [None req-5ec6d378-2699-432a-b448-95db26fbbdf6 None None] RequestId filter calling following filter/app {{(pid=117754) _context_setter /opt/stack/cinder/cinder/api/middleware/request_id.py:62}}
Jun 15 14:50:37.117818 dv-cinder-787296-10-iscsi devstack@c-api.service[117754]: INFO cinder.api.openstack.wsgi [None req-5ec6d378-2699-432a-b448-95db26fbbdf6 tempest-SnapshotsActionsTest-1539492116 tempest-SnapshotsActionsTest-1539492116-project] GET http://10.222.0.42/volume/v3/11b1b9f71ff64d5ca24d195ca80eab2f/snapshots/a50db41a-c223-4a20-8daa-7055f8a74764
Jun 15 14:50:37.118280 dv-cinder-787296-10-iscsi devstack@c-api.service[117754]: DEBUG cinder.api.openstack.wsgi [None req-5ec6d378-2699-432a-b448-95db26fbbdf6 tempest-SnapshotsActionsTest-1539492116 tempest-SnapshotsActionsTest-1539492116-project] Empty body provided in request {{(pid=117754) get_body /opt/stack/cinder/cinder/api/openstack/wsgi.py:715}}
Jun 15 14:50:37.118743 dv-cinder-787296-10-iscsi devstack@c-api.service[117754]: DEBUG cinder.api.openstack.wsgi [None req-5ec6d378-2699-432a-b448-95db26fbbdf6 tempest-SnapshotsActionsTest-1539492116 tempest-SnapshotsActionsTest-1539492116-project] Calling method 'show' {{(pid=117754) _process_stack /opt/stack/cinder/cinder/api/openstack/wsgi.py:868}}
Jun 15 14:50:37.122818 dv-cinder-787296-10-iscsi devstack@c-api.service[117755]: DEBUG cinder.volume.api [None req-afa519d0-e4f5-4e4a-9717-99d6b44424fc tempest-VolumeTypesAccessTest-253690839 tempest-VolumeTypesAccessTest-253690839-project] Task 'cinder.volume.flows.api.create_volume.QuotaCommitTask;volume:create' (25b1c598-5561-4929-a5dc-e06603166f90) transitioned into state 'SUCCESS' from state 'RUNNING' with result '{'volume_properties': VolumeProperties(attach_status='detached',availability_zone='nova',cgsnapshot_id=None,consistencygroup_id=None,display_description=None,display_name='tempest-VolumeTypesAccessTest-Volume-822453085',encryption_key_id=None,group_id=None,group_type_id=,metadata={},multiattach=False,project_id='138330dbc878490790d5ea4e9698839d',qos_specs=None,replication_status=,reservations=['a047ea42-a58f-4a5e-b473-6c6abf4016bd','d94a3a52-6ded-472d-8c3a-ff783e3b4458','4a6d45a9-3775-4ff2-83c3-7afb2ddd4121','76ab9d15-9de7-438e-8d85-26f65cf60272'],size=1,snapshot_id=None,source_replicaid=,source_volid=None,status='creating',user_id='7c3894bcb09e4ac8ab0f074e2f2b7fad',volume_type_id=624d3f80-aa31-49a2-bbe9-1aa3f08c11e3)}' {{(pid=117755) _task_receiver /usr/local/lib/python3.8/dist-packages/taskflow/listeners/logging.py:178}}
Jun 15 14:50:37.124625 dv-cinder-787296-10-iscsi devstack@c-api.service[117755]: DEBUG cinder.volume.api [None req-afa519d0-e4f5-4e4a-9717-99d6b44424fc tempest-VolumeTypesAccessTest-253690839 tempest-VolumeTypesAccessTest-253690839-project] Task 'cinder.volume.flows.api.create_volume.VolumeCastTask;volume:create' (5e88d8af-c1d0-425a-a145-8788eabc84b5) transitioned into state 'RUNNING' from state 'PENDING' {{(pid=117755) _task_receiver /usr/local/lib/python3.8/dist-packages/taskflow/listeners/logging.py:190}}
Jun 15 14:50:37.128476 dv-cinder-787296-10-iscsi devstack@c-api.service[117754]: INFO cinder.api.openstack.wsgi [None req-5ec6d378-2699-432a-b448-95db26fbbdf6 tempest-SnapshotsActionsTest-1539492116 tempest-SnapshotsActionsTest-1539492116-project] http://10.222.0.42/volume/v3/11b1b9f71ff64d5ca24d195ca80eab2f/snapshots/a50db41a-c223-4a20-8daa-7055f8a74764 returned with HTTP 404
Jun 15 14:50:37.130746 dv-cinder-787296-10-iscsi devstack@c-api.service[117754]: [pid: 117754|app: 0|req: 70/138] 10.222.0.42 () {58 vars in 1330 bytes} [Wed Jun 15 14:50:37 2022] GET /volume/v3/11b1b9f71ff64d5ca24d195ca80eab2f/snapshots/a50db41a-c223-4a20-8daa-7055f8a74764 => generated 111 bytes in 20 msecs (HTTP/1.1 404) 7 headers in 292 bytes (1 switches on core 0)
Jun 15 14:50:37.132466 dv-cinder-787296-10-iscsi devstack@c-api.service[117754]: DEBUG cinder.api.middleware.request_id [None req-f928a441-19e7-4330-be83-0a7824ecbb32 None None] RequestId filter calling following filter/app {{(pid=117754) _context_setter /opt/stack/cinder/cinder/api/middleware/request_id.py:62}}
Jun 15 14:50:37.140497 dv-cinder-787296-10-iscsi devstack@c-api.service[117754]: INFO cinder.api.openstack.wsgi [None req-f928a441-19e7-4330-be83-0a7824ecbb32 tempest-GroupSnapshotsTest-2098134445 tempest-GroupSnapshotsTest-2098134445-project] GET http://10.222.0.42/volume/v3/a0fa37ad549441d7b51b4463ab2fed53/volumes/07db0c51-af24-48ad-8e2b-c72aadc59a17
Jun 15 14:50:37.141111 dv-cinder-787296-10-iscsi devstack@c-api.service[117754]: DEBUG cinder.api.openstack.wsgi [None req-f928a441-19e7-4330-be83-0a7824ecbb32 tempest-GroupSnapshotsTest-2098134445 tempest-GroupSnapshotsTest-2098134445-project] Empty body provided in request {{(pid=117754) get_body /opt/stack/cinder/cinder/api/openstack/wsgi.py:715}}
Jun 15 14:50:37.141846 dv-cinder-787296-10-iscsi devstack@c-api.service[117754]: DEBUG cinder.api.openstack.wsgi [None req-f928a441-19e7-4330-be83-0a7824ecbb32 tempest-GroupSnapshotsTest-2098134445 tempest-GroupSnapshotsTest-2098134445-project] Calling method 'show' {{(pid=117754) _process_stack /opt/stack/cinder/cinder/api/openstack/wsgi.py:868}}
Jun 15 14:50:37.156176 dv-cinder-787296-10-iscsi devstack@c-api.service[117754]: INFO cinder.api.openstack.wsgi [None req-f928a441-19e7-4330-be83-0a7824ecbb32 tempest-GroupSnapshotsTest-2098134445 tempest-GroupSnapshotsTest-2098134445-project] http://10.222.0.42/volume/v3/a0fa37ad549441d7b51b4463ab2fed53/volumes/07db0c51-af24-48ad-8e2b-c72aadc59a17 returned with HTTP 404
Jun 15 14:50:37.157353 dv-cinder-787296-10-iscsi devstack@c-api.service[117754]: [pid: 117754|app: 0|req: 71/139] 10.222.0.42 () {60 vars in 1365 bytes} [Wed Jun 15 14:50:37 2022] GET /volume/v3/a0fa37ad549441d7b51b4463ab2fed53/volumes/07db0c51-af24-48ad-8e2b-c72aadc59a17 => generated 109 bytes in 27 msecs (HTTP/1.1 404) 7 headers in 293 bytes (1 switches on core 0)
Jun 15 14:50:37.158566 dv-cinder-787296-10-iscsi devstack@c-api.service[117754]: DEBUG cinder.api.middleware.request_id [None req-e2e55f24-ba69-4f4f-b3b9-d57e414dd8cc None None] RequestId filter calling following filter/app {{(pid=117754) _context_setter /opt/stack/cinder/cinder/api/middleware/request_id.py:62}}
Jun 15 14:50:37.163484 dv-cinder-787296-10-iscsi devstack@c-api.service[117754]: INFO cinder.api.openstack.wsgi [None req-e2e55f24-ba69-4f4f-b3b9-d57e414dd8cc tempest-GroupSnapshotsV319Test-1796524496 tempest-GroupSnapshotsV319Test-1796524496-project] GET http://10.222.0.42/volume/v3/45d897d3d61c4767959f1f6a33ba2694/group_snapshots/5f82aa1c-45df-4506-8390-041dc55a90d7
Jun 15 14:50:37.164187 dv-cinder-787296-10-iscsi devstack@c-api.service[117754]: DEBUG cinder.api.openstack.wsgi [None req-e2e55f24-ba69-4f4f-b3b9-d57e414dd8cc tempest-GroupSnapshotsV319Test-1796524496 tempest-GroupSnapshotsV319Test-1796524496-project] Empty body provided in request {{(pid=117754) get_body /opt/stack/cinder/cinder/api/openstack/wsgi.py:715}}
Jun 15 14:50:37.165208 dv-cinder-787296-10-iscsi devstack@c-api.service[117754]: DEBUG cinder.api.openstack.wsgi [None req-e2e55f24-ba69-4f4f-b3b9-d57e414dd8cc tempest-GroupSnapshotsV319Test-1796524496 tempest-GroupSnapshotsV319Test-1796524496-project] Calling method 'version_select' {{(pid=117754) _process_stack /opt/stack/cinder/cinder/api/openstack/wsgi.py:868}}
Jun 15 14:50:37.165578 dv-cinder-787296-10-iscsi devstack@c-api.service[117754]: DEBUG cinder.api.v3.group_snapshots [None req-e2e55f24-ba69-4f4f-b3b9-d57e414dd8cc tempest-GroupSnapshotsV319Test-1796524496 tempest-GroupSnapshotsV319Test-1796524496-project] show called for member 5f82aa1c-45df-4506-8390-041dc55a90d7 {{(pid=117754) show /opt/stack/cinder/cinder/api/v3/group_snapshots.py:58}}
Jun 15 14:50:37.172009 dv-cinder-787296-10-iscsi devstack@c-api.service[117754]: /usr/local/lib/python3.8/dist-packages/oslo_context/context.py:100: DeprecationWarning: Policy enforcement is depending on the value of is_admin. This key is deprecated. Please update your policy file to use the standard policy values.
Jun 15 14:50:37.172009 dv-cinder-787296-10-iscsi devstack@c-api.service[117754]: warnings.warn('Policy enforcement is depending on the value of '
Jun 15 14:50:37.182052 dv-cinder-787296-10-iscsi devstack@c-api.service[117754]: INFO cinder.api.openstack.wsgi [None req-e2e55f24-ba69-4f4f-b3b9-d57e414dd8cc tempest-GroupSnapshotsV319Test-1796524496 tempest-GroupSnapshotsV319Test-1796524496-project] http://10.222.0.42/volume/v3/45d897d3d61c4767959f1f6a33ba2694/group_snapshots/5f82aa1c-45df-4506-8390-041dc55a90d7 returned with HTTP 200
Jun 15 14:50:37.185811 dv-cinder-787296-10-iscsi devstack@c-api.service[117754]: [pid: 117754|app: 0|req: 72/140] 10.222.0.42 () {60 vars in 1389 bytes} [Wed Jun 15 14:50:37 2022] GET /volume/v3/45d897d3d61c4767959f1f6a33ba2694/group_snapshots/5f82aa1c-45df-4506-8390-041dc55a90d7 => generated 329 bytes in 25 msecs (HTTP/1.1 200) 7 headers in 286 bytes (1 switches on core 0)
Jun 15 14:50:37.185811 dv-cinder-787296-10-iscsi devstack@c-api.service[117754]: DEBUG cinder.api.middleware.request_id [None req-a78b549d-4247-4aa4-8bb0-0d294cc8368c None None] RequestId filter calling following filter/app {{(pid=117754) _context_setter /opt/stack/cinder/cinder/api/middleware/request_id.py:62}}
Jun 15 14:50:37.188932 dv-cinder-787296-10-iscsi devstack@c-api.service[117754]: INFO cinder.api.openstack.wsgi [None req-a78b549d-4247-4aa4-8bb0-0d294cc8368c tempest-GroupsTest-505617908 tempest-GroupsTest-505617908-project] GET http://10.222.0.42/volume/v3/3ace515628524962a9adad597c499da2/groups/64586b02-b082-446e-81e0-b2ca6996b583
Jun 15 14:50:37.189434 dv-cinder-787296-10-iscsi devstack@c-api.service[117754]: DEBUG cinder.api.openstack.wsgi [None req-a78b549d-4247-4aa4-8bb0-0d294cc8368c tempest-GroupsTest-505617908 tempest-GroupsTest-505617908-project] Empty body provided in request {{(pid=117754) get_body /opt/stack/cinder/cinder/api/openstack/wsgi.py:715}}
Jun 15 14:50:37.189889 dv-cinder-787296-10-iscsi devstack@c-api.service[117754]: DEBUG cinder.api.openstack.wsgi [None req-a78b549d-4247-4aa4-8bb0-0d294cc8368c tempest-GroupsTest-505617908 tempest-GroupsTest-505617908-project] Calling method 'version_select' {{(pid=117754) _process_stack /opt/stack/cinder/cinder/api/openstack/wsgi.py:868}}
Jun 15 14:50:37.190233 dv-cinder-787296-10-iscsi devstack@c-api.service[117754]: DEBUG cinder.api.v3.groups [None req-a78b549d-4247-4aa4-8bb0-0d294cc8368c tempest-GroupsTest-505617908 tempest-GroupsTest-505617908-project] show called for member 64586b02-b082-446e-81e0-b2ca6996b583 {{(pid=117754) show /opt/stack/cinder/cinder/api/v3/groups.py:58}}
Jun 15 14:50:37.202794 dv-cinder-787296-10-iscsi devstack@c-api.service[117754]: /usr/local/lib/python3.8/dist-packages/oslo_context/context.py:100: DeprecationWarning: Policy enforcement is depending on the value of is_admin. This key is deprecated. Please update your policy file to use the standard policy values.
Jun 15 14:50:37.202794 dv-cinder-787296-10-iscsi devstack@c-api.service[117754]: warnings.warn('Policy enforcement is depending on the value of '
Jun 15 14:50:37.230507 dv-cinder-787296-10-iscsi devstack@c-api.service[117754]: INFO cinder.api.openstack.wsgi [None req-a78b549d-4247-4aa4-8bb0-0d294cc8368c tempest-GroupsTest-505617908 tempest-GroupsTest-505617908-project] http://10.222.0.42/volume/v3/3ace515628524962a9adad597c499da2/groups/64586b02-b082-446e-81e0-b2ca6996b583 returned with HTTP 200
Jun 15 14:50:37.231278 dv-cinder-787296-10-iscsi devstack@c-api.service[117754]: [pid: 117754|app: 0|req: 73/141] 10.222.0.42 () {60 vars in 1362 bytes} [Wed Jun 15 14:50:37 2022] GET /volume/v3/3ace515628524962a9adad597c499da2/groups/64586b02-b082-446e-81e0-b2ca6996b583 => generated 323 bytes in 48 msecs (HTTP/1.1 200) 7 headers in 286 bytes (1 switches on core 0)
Jun 15 14:50:37.232687 dv-cinder-787296-10-iscsi devstack@c-api.service[117754]: DEBUG cinder.api.middleware.request_id [None req-45b0af7d-bebc-43e9-8922-e6bb7826e36a None None] RequestId filter calling following filter/app {{(pid=117754) _context_setter /opt/stack/cinder/cinder/api/middleware/request_id.py:62}}
Jun 15 14:50:37.237561 dv-cinder-787296-10-iscsi devstack@c-api.service[117754]: INFO cinder.api.openstack.wsgi [None req-45b0af7d-bebc-43e9-8922-e6bb7826e36a tempest-SnapshotsActionsTest-1735897624 tempest-SnapshotsActionsTest-1735897624-project-admin] POST http://10.222.0.42/volume/v3/e9fe1ff2fa2f4b32b74477c6e14cad5d/snapshots/5e6b5ec8-f78c-44e1-ba62-f87e564922a0/action
Jun 15 14:50:37.238434 dv-cinder-787296-10-iscsi devstack@c-api.service[117754]: DEBUG cinder.api.openstack.wsgi [None req-45b0af7d-bebc-43e9-8922-e6bb7826e36a tempest-SnapshotsActionsTest-1735897624 tempest-SnapshotsActionsTest-1735897624-project-admin] Action body: b'{"os-reset_status": {"status": "available"}}' {{(pid=117754) get_method /opt/stack/cinder/cinder/api/openstack/wsgi.py:983}}
Jun 15 14:50:37.238779 dv-cinder-787296-10-iscsi devstack@c-api.service[117754]: DEBUG cinder.api.openstack.wsgi [None req-45b0af7d-bebc-43e9-8922-e6bb7826e36a tempest-SnapshotsActionsTest-1735897624 tempest-SnapshotsActionsTest-1735897624-project-admin] Action: 'action', calling method: _reset_status, body: {"os-reset_status": {"status": "available"}} {{(pid=117754) _process_stack /opt/stack/cinder/cinder/api/openstack/wsgi.py:866}}
Jun 15 14:50:37.239581 dv-cinder-787296-10-iscsi devstack@c-api.service[117754]: DEBUG cinder.api.contrib.admin_actions [None req-45b0af7d-bebc-43e9-8922-e6bb7826e36a tempest-SnapshotsActionsTest-1735897624 tempest-SnapshotsActionsTest-1735897624-project-admin] Updating snapshot '5e6b5ec8-f78c-44e1-ba62-f87e564922a0' with '{'status': 'available'}' {{(pid=117754) _reset_status /opt/stack/cinder/cinder/api/contrib/admin_actions.py:100}}
Jun 15 14:50:37.245317 dv-cinder-787296-10-iscsi devstack@c-api.service[117755]: DEBUG cinder.volume.api [None req-afa519d0-e4f5-4e4a-9717-99d6b44424fc tempest-VolumeTypesAccessTest-253690839 tempest-VolumeTypesAccessTest-253690839-project] Task 'cinder.volume.flows.api.create_volume.VolumeCastTask;volume:create' (5e88d8af-c1d0-425a-a145-8788eabc84b5) transitioned into state 'SUCCESS' from state 'RUNNING' with result 'None' {{(pid=117755) _task_receiver /usr/local/lib/python3.8/dist-packages/taskflow/listeners/logging.py:178}}
Jun 15 14:50:37.247672 dv-cinder-787296-10-iscsi devstack@c-api.service[117755]: DEBUG cinder.volume.api [None req-afa519d0-e4f5-4e4a-9717-99d6b44424fc tempest-VolumeTypesAccessTest-253690839 tempest-VolumeTypesAccessTest-253690839-project] Flow 'volume_create_api' (a27ea17b-d89a-4eeb-8e69-375c94c99b74) transitioned into state 'SUCCESS' from state 'RUNNING' {{(pid=117755) _flow_receiver /usr/local/lib/python3.8/dist-packages/taskflow/listeners/logging.py:141}}
Jun 15 14:50:37.251578 dv-cinder-787296-10-iscsi devstack@c-api.service[117755]: INFO cinder.volume.api [None req-afa519d0-e4f5-4e4a-9717-99d6b44424fc tempest-VolumeTypesAccessTest-253690839 tempest-VolumeTypesAccessTest-253690839-project] Create volume request issued successfully.
Jun 15 14:50:37.251578 dv-cinder-787296-10-iscsi devstack@c-api.service[117755]: INFO cinder.api.openstack.wsgi [None req-afa519d0-e4f5-4e4a-9717-99d6b44424fc tempest-VolumeTypesAccessTest-253690839 tempest-VolumeTypesAccessTest-253690839-project] http://10.222.0.42/volume/v3/138330dbc878490790d5ea4e9698839d/volumes returned with HTTP 202
Jun 15 14:50:37.264449 dv-cinder-787296-10-iscsi devstack@c-api.service[117755]: [pid: 117755|app: 0|req: 69/142] 10.222.0.42 () {60 vars in 1235 bytes} [Wed Jun 15 14:50:36 2022] POST /volume/v3/138330dbc878490790d5ea4e9698839d/volumes => generated 860 bytes in 1125 msecs (HTTP/1.1 202) 7 headers in 291 bytes (1 switches on core 0)
Jun 15 14:50:37.266316 dv-cinder-787296-10-iscsi devstack@c-api.service[117755]: DEBUG cinder.api.middleware.request_id [None req-11e463a1-2a7d-48d1-bf14-a372684a0ed1 None None] RequestId filter calling following filter/app {{(pid=117755) _context_setter /opt/stack/cinder/cinder/api/middleware/request_id.py:62}}
Jun 15 14:50:37.270430 dv-cinder-787296-10-iscsi devstack@c-api.service[117755]: INFO cinder.api.openstack.wsgi [None req-11e463a1-2a7d-48d1-bf14-a372684a0ed1 tempest-GroupSnapshotsTest-2098134445 tempest-GroupSnapshotsTest-2098134445-project] GET http://10.222.0.42/volume/v3/a0fa37ad549441d7b51b4463ab2fed53/groups/03cd896b-8d01-41d7-88ba-0cdb25edbab3
Jun 15 14:50:37.270770 dv-cinder-787296-10-iscsi devstack@c-api.service[117754]: /usr/local/lib/python3.8/dist-packages/oslo_context/context.py:100: DeprecationWarning: Policy enforcement is depending on the value of is_admin. This key is deprecated. Please update your policy file to use the standard policy values.
Jun 15 14:50:37.270770 dv-cinder-787296-10-iscsi devstack@c-api.service[117754]: warnings.warn('Policy enforcement is depending on the value of '
Jun 15 14:50:37.270924 dv-cinder-787296-10-iscsi devstack@c-api.service[117755]: DEBUG cinder.api.openstack.wsgi [None req-11e463a1-2a7d-48d1-bf14-a372684a0ed1 tempest-GroupSnapshotsTest-2098134445 tempest-GroupSnapshotsTest-2098134445-project] Empty body provided in request {{(pid=117755) get_body /opt/stack/cinder/cinder/api/openstack/wsgi.py:715}}
Jun 15 14:50:37.271353 dv-cinder-787296-10-iscsi devstack@c-api.service[117755]: DEBUG cinder.api.openstack.wsgi [None req-11e463a1-2a7d-48d1-bf14-a372684a0ed1 tempest-GroupSnapshotsTest-2098134445 tempest-GroupSnapshotsTest-2098134445-project] Calling method 'version_select' {{(pid=117755) _process_stack /opt/stack/cinder/cinder/api/openstack/wsgi.py:868}}
Jun 15 14:50:37.271726 dv-cinder-787296-10-iscsi devstack@c-api.service[117755]: DEBUG cinder.api.v3.groups [None req-11e463a1-2a7d-48d1-bf14-a372684a0ed1 tempest-GroupSnapshotsTest-2098134445 tempest-GroupSnapshotsTest-2098134445-project] show called for member 03cd896b-8d01-41d7-88ba-0cdb25edbab3 {{(pid=117755) show /opt/stack/cinder/cinder/api/v3/groups.py:58}}
Jun 15 14:50:37.285187 dv-cinder-787296-10-iscsi devstack@c-api.service[117755]: /usr/local/lib/python3.8/dist-packages/oslo_context/context.py:100: DeprecationWarning: Policy enforcement is depending on the value of is_admin. This key is deprecated. Please update your policy file to use the standard policy values.
Jun 15 14:50:37.285187 dv-cinder-787296-10-iscsi devstack@c-api.service[117755]: warnings.warn('Policy enforcement is depending on the value of '
