May 18 14:37:18.408882 dv-cinder-787195-7-smb neutron-server[91426]: DEBUG neutron.quota.resource [req-82c91390-4744-4872-b0a7-eee7a4300f89 req-a9fdbcf5-06ef-47a2-bea2-cb4aedc66c5e tempest-DeleteServersTestJSON-1216261340 tempest-DeleteServersTestJSON-1216261340-project] Unset dirty status for tenant:63f0f3d9d7d54af7a474ad83bd76487a on resource:security_group {{(pid=91426) _resync /opt/stack/neutron/neutron/quota/resource.py:233}}
May 18 14:37:18.410056 dv-cinder-787195-7-smb neutron-server[91426]: INFO neutron.wsgi [req-82c91390-4744-4872-b0a7-eee7a4300f89 req-a9fdbcf5-06ef-47a2-bea2-cb4aedc66c5e tempest-DeleteServersTestJSON-1216261340 tempest-DeleteServersTestJSON-1216261340-project] 10.222.0.18 "GET /v2.0/security-groups?id=6543a091-a3f6-4bef-b2d3-457707ea0bc8&fields=id&fields=name HTTP/1.1" status: 200 len: 286 time: 0.9065785
May 18 14:37:18.452974 dv-cinder-787195-7-smb neutron-server[91426]: DEBUG neutron_lib.callbacks.manager [req-e1203379-2836-4c35-b99e-0a368112456e req-b65cbaf7-44c8-4db0-8910-841e12e8df70 service neutron] Notify callbacks ['neutron.plugins.ml2.plugin.SecurityGroupDbMixin._ensure_default_security_group_handler_port-577102'] for port, before_update {{(pid=91426) _notify_loop /usr/local/lib/python3.8/dist-packages/neutron_lib/callbacks/manager.py:192}}
May 18 14:37:18.581649 dv-cinder-787195-7-smb neutron-server[91428]: DEBUG neutron_lib.callbacks.manager [None req-257f43a9-90d1-4adf-8950-6b0319122647 None None] Notify callbacks [] for port, precommit_update {{(pid=91428) _notify_loop /usr/local/lib/python3.8/dist-packages/neutron_lib/callbacks/manager.py:192}}
May 18 14:37:18.629947 dv-cinder-787195-7-smb neutron-server[91428]: DEBUG neutron.db.provisioning_blocks [None req-257f43a9-90d1-4adf-8950-6b0319122647 None None] Transition to ACTIVE for port object 259a7d0c-da7d-4783-9f26-e4793ae4c864 will not be triggered until provisioned by entity L2. {{(pid=91428) add_provisioning_component /opt/stack/neutron/neutron/db/provisioning_blocks.py:73}}
May 18 14:37:18.658928 dv-cinder-787195-7-smb neutron-server[91428]: DEBUG neutron_lib.callbacks.manager [None req-257f43a9-90d1-4adf-8950-6b0319122647 None None] Notify callbacks ['neutron.plugins.ml2.plugin.SecurityGroupServerNotifierRpcMixin.notify_sg_on_port_change-577461', 'neutron.plugins.ml2.ovo_rpc._ObjectChangeHandler.handle_event-33326661', 'neutron.api.rpc.agentnotifiers.dhcp_rpc_agent_api.DhcpAgentNotifyAPI._native_event_send_dhcp_notification-33151876', 'neutron.db.l3_db.L3RpcNotifierMixin._notify_gateway_port_ip_changed-8732557690543', 'neutron.db.l3_dvrscheduler_db._notify_l3_agent_port_update-8732557259524', 'neutron.db.l3_hascheduler_db._notify_l3_agent_ha_port_update-8732557259569'] for port, after_update {{(pid=91428) _notify_loop /usr/local/lib/python3.8/dist-packages/neutron_lib/callbacks/manager.py:192}}
May 18 14:37:18.674714 dv-cinder-787195-7-smb neutron-server[91428]: DEBUG oslo_concurrency.lockutils [None req-990b89f4-1c53-42cb-9cdc-418fbd90c63e None None] Lock "event-dispatch" acquired by "neutron.plugins.ml2.ovo_rpc._ObjectChangeHandler.dispatch_events" :: waited 0.000s {{(pid=91428) inner /usr/local/lib/python3.8/dist-packages/oslo_concurrency/lockutils.py:355}}
May 18 14:37:18.930543 dv-cinder-787195-7-smb neutron-server[91428]: DEBUG neutron.plugins.ml2.managers [None req-257f43a9-90d1-4adf-8950-6b0319122647 None None] Attempting to bind port 259a7d0c-da7d-4783-9f26-e4793ae4c864 on host dv-cinder-787195-7-smb for vnic_type normal with profile {{(pid=91428) bind_port /opt/stack/neutron/neutron/plugins/ml2/managers.py:790}}
May 18 14:37:18.930913 dv-cinder-787195-7-smb neutron-server[91428]: DEBUG neutron.plugins.ml2.managers [None req-257f43a9-90d1-4adf-8950-6b0319122647 None None] Attempting to bind port 259a7d0c-da7d-4783-9f26-e4793ae4c864 by drivers openvswitch,hyperv on host dv-cinder-787195-7-smb at level 0 using segments [{'id': '8c70eef0-b9f5-4e18-8a35-a294c032b646', 'network_type': 'flat', 'physical_network': 'physnet1', 'segmentation_id': None, 'network_id': '67d17139-cc6d-4551-b5a7-1abc387186ac'}] {{(pid=91428) _bind_port_level /opt/stack/neutron/neutron/plugins/ml2/managers.py:815}}
May 18 14:37:18.931281 dv-cinder-787195-7-smb neutron-server[91428]: DEBUG neutron.plugins.ml2.drivers.mech_agent [None req-257f43a9-90d1-4adf-8950-6b0319122647 None None] Attempting to bind port 259a7d0c-da7d-4783-9f26-e4793ae4c864 on network 67d17139-cc6d-4551-b5a7-1abc387186ac {{(pid=91428) bind_port /opt/stack/neutron/neutron/plugins/ml2/drivers/mech_agent.py:86}}
May 18 14:37:18.937401 dv-cinder-787195-7-smb neutron-server[91427]: DEBUG neutron.db.provisioning_blocks [None req-d40d24d8-946a-4128-b192-1344ad51e3f8 None None] Provisioning for port 010319ab-8299-4a95-bc1e-f12921710ee0 completed by entity L2. {{(pid=91427) provisioning_complete /opt/stack/neutron/neutron/db/provisioning_blocks.py:133}}
May 18 14:37:18.955633 dv-cinder-787195-7-smb neutron-server[91427]: DEBUG neutron_lib.callbacks.manager [None req-6c8ea61e-e668-495d-9215-70accf69afcd None None] Notify callbacks ['neutron.services.segments.db._update_segment_host_mapping_for_agent-8732557704668', 'neutron.plugins.ml2.plugin.Ml2Plugin._retry_binding_revived_agents-32948931'] for agent, after_update {{(pid=91427) _notify_loop /usr/local/lib/python3.8/dist-packages/neutron_lib/callbacks/manager.py:192}}
May 18 14:37:18.962964 dv-cinder-787195-7-smb neutron-server[91427]: DEBUG neutron.db.provisioning_blocks [None req-d40d24d8-946a-4128-b192-1344ad51e3f8 None None] Provisioning complete for port 010319ab-8299-4a95-bc1e-f12921710ee0 triggered by entity L2. {{(pid=91427) provisioning_complete /opt/stack/neutron/neutron/db/provisioning_blocks.py:139}}
May 18 14:37:18.967043 dv-cinder-787195-7-smb neutron-server[91427]: DEBUG neutron_lib.callbacks.manager [None req-d40d24d8-946a-4128-b192-1344ad51e3f8 None None] Notify callbacks ['neutron.plugins.ml2.plugin.Ml2Plugin._port_provisioned-32948880'] for port, provisioning_complete {{(pid=91427) _notify_loop /usr/local/lib/python3.8/dist-packages/neutron_lib/callbacks/manager.py:192}}
May 18 14:37:18.992455 dv-cinder-787195-7-smb neutron-server[91428]: DEBUG neutron.plugins.ml2.drivers.mech_agent [None req-257f43a9-90d1-4adf-8950-6b0319122647 None None] Checking agent: {'id': '4450755c-c3bb-4f6f-9eb2-b752176e4b00', 'agent_type': 'Open vSwitch agent', 'binary': 'neutron-openvswitch-agent', 'topic': 'N/A', 'host': 'dv-cinder-787195-7-smb', 'admin_state_up': True, 'created_at': datetime.datetime(2021, 5, 18, 14, 29, 16), 'started_at': datetime.datetime(2021, 5, 18, 14, 29, 46), 'heartbeat_timestamp': datetime.datetime(2021, 5, 18, 14, 37, 16), 'description': None, 'resources_synced': None, 'availability_zone': None, 'alive': True, 'configurations': {'arp_responder_enabled': False, 'baremetal_smartnic': False, 'bridge_mappings': {'physnet1': 'br-data'}, 'datapath_type': 'system', 'devices': 0, 'enable_distributed_routing': False, 'extensions': [], 'in_distributed_mode': False, 'integration_bridge': 'br-int', 'l2_population': False, 'log_agent_heartbeats': False, 'ovs_capabilities': {'datapath_types': ['netdev', 'system'], 'iface_types': ['erspan', 'geneve', 'gre', 'internal', 'ip6erspan', 'ip6gre', 'lisp', 'patch', 'stt', 'system', 'tap', 'vxlan']}, 'ovs_hybrid_plug': False, 'resource_provider_bandwidths': {}, 'resource_provider_hypervisors': {'br-data': 'dv-cinder-787195-7-smb'}, 'resource_provider_inventory_defaults': {'allocation_ratio': 1.0, 'min_unit': 1, 'step_size': 1, 'reserved': 0}, 'tunnel_types': [], 'tunneling_ip': None, 'vhostuser_socket_dir': '/var/run/openvswitch'}, 'resource_versions': {'AddressGroup': '1.2', 'ConntrackHelper': '1.0', 'Log': '1.0', 'Network': '1.1', 'Port': '1.7', 'PortForwarding': '1.2', 'QosPolicy': '1.8', 'SecurityGroup': '1.4', 'SecurityGroupRule': '1.2', 'SubPort': '1.0', 'Subnet': '1.1', 'Trunk': '1.1'}} {{(pid=91428) bind_port /opt/stack/neutron/neutron/plugins/ml2/drivers/mech_agent.py:105}}
May 18 14:37:18.992891 dv-cinder-787195-7-smb neutron-server[91428]: DEBUG neutron.plugins.ml2.drivers.mech_agent [None req-257f43a9-90d1-4adf-8950-6b0319122647 None None] Checking segment: {'id': '8c70eef0-b9f5-4e18-8a35-a294c032b646', 'network_type': 'flat', 'physical_network': 'physnet1', 'segmentation_id': None, 'network_id': '67d17139-cc6d-4551-b5a7-1abc387186ac'} for mappings: {'physnet1': 'br-data'} with network types: ['local', 'flat', 'vlan'] {{(pid=91428) check_segment_for_agent /opt/stack/neutron/neutron/plugins/ml2/drivers/mech_agent.py:341}}
May 18 14:37:19.014743 dv-cinder-787195-7-smb neutron-server[91428]: DEBUG neutron_lib.callbacks.manager [None req-257f43a9-90d1-4adf-8950-6b0319122647 None None] Notify callbacks [] for ovs_bridge_name, before_read {{(pid=91428) _notify_loop /usr/local/lib/python3.8/dist-packages/neutron_lib/callbacks/manager.py:192}}
May 18 14:37:19.015256 dv-cinder-787195-7-smb neutron-server[91428]: DEBUG neutron.plugins.ml2.drivers.mech_agent [None req-257f43a9-90d1-4adf-8950-6b0319122647 None None] Bound using segment: {'id': '8c70eef0-b9f5-4e18-8a35-a294c032b646', 'network_type': 'flat', 'physical_network': 'physnet1', 'segmentation_id': None, 'network_id': '67d17139-cc6d-4551-b5a7-1abc387186ac'} {{(pid=91428) bind_port /opt/stack/neutron/neutron/plugins/ml2/drivers/mech_agent.py:115}}
May 18 14:37:19.015782 dv-cinder-787195-7-smb neutron-server[91428]: DEBUG neutron.plugins.ml2.managers [None req-257f43a9-90d1-4adf-8950-6b0319122647 None None] Bound port: 259a7d0c-da7d-4783-9f26-e4793ae4c864, host: dv-cinder-787195-7-smb, vif_type: ovs, vif_details: {"connectivity": "l2", "port_filter": true, "ovs_hybrid_plug": false, "datapath_type": "system", "bridge_name": "br-int"}, binding_levels: [{'bound_driver': 'openvswitch', 'bound_segment': {'id': '8c70eef0-b9f5-4e18-8a35-a294c032b646', 'network_type': 'flat', 'physical_network': 'physnet1', 'segmentation_id': None, 'network_id': '67d17139-cc6d-4551-b5a7-1abc387186ac'}}] {{(pid=91428) _bind_port_level /opt/stack/neutron/neutron/plugins/ml2/managers.py:928}}
May 18 14:37:19.016175 dv-cinder-787195-7-smb neutron-server[91428]: DEBUG neutron_lib.callbacks.manager [None req-257f43a9-90d1-4adf-8950-6b0319122647 None None] Notify callbacks ['neutron.plugins.ml2.plugin.SecurityGroupDbMixin._ensure_default_security_group_handler_port-577102'] for port, before_update {{(pid=91428) _notify_loop /usr/local/lib/python3.8/dist-packages/neutron_lib/callbacks/manager.py:192}}
May 18 14:37:19.128249 dv-cinder-787195-7-smb neutron-server[91425]: DEBUG neutron_lib.callbacks.manager [None req-64502e47-965e-41da-8251-5440aea02e57 admin admin] Notify callbacks ['neutron.plugins.ml2.plugin.Ml2Plugin._network_delete_precommit_handler-32946697', 'neutron.services.segments.db._delete_segments_for_network-8732557700994'] for network, precommit_delete {{(pid=91425) _notify_loop /usr/local/lib/python3.8/dist-packages/neutron_lib/callbacks/manager.py:192}}
May 18 14:37:19.205693 dv-cinder-787195-7-smb neutron-server[91428]: DEBUG neutron.api.rpc.handlers.resources_rpc [None req-de36a1e9-e426-4961-81ed-eb858052d443 None None] Pushing event updated for resources: {'Port': ['ID=259a7d0c-da7d-4783-9f26-e4793ae4c864,revision_number=2']} {{(pid=91428) push /opt/stack/neutron/neutron/api/rpc/handlers/resources_rpc.py:237}}
May 18 14:37:19.226320 dv-cinder-787195-7-smb neutron-server[91428]: DEBUG oslo_concurrency.lockutils [None req-de36a1e9-e426-4961-81ed-eb858052d443 None None] Lock "event-dispatch" released by "neutron.plugins.ml2.ovo_rpc._ObjectChangeHandler.dispatch_events" :: held 0.552s {{(pid=91428) inner /usr/local/lib/python3.8/dist-packages/oslo_concurrency/lockutils.py:367}}
May 18 14:37:19.315943 dv-cinder-787195-7-smb neutron-server[91428]: DEBUG neutron.plugins.ml2.db [None req-257f43a9-90d1-4adf-8950-6b0319122647 None None] For port 259a7d0c-da7d-4783-9f26-e4793ae4c864, host dv-cinder-787195-7-smb, cleared binding levels {{(pid=91428) clear_binding_levels /opt/stack/neutron/neutron/plugins/ml2/db.py:88}}
May 18 14:37:19.329675 dv-cinder-787195-7-smb neutron-server[91428]: DEBUG neutron.plugins.ml2.db [None req-257f43a9-90d1-4adf-8950-6b0319122647 None None] For port 259a7d0c-da7d-4783-9f26-e4793ae4c864, host dv-cinder-787195-7-smb, set binding levels [PortBindingLevel(driver='openvswitch',host='dv-cinder-787195-7-smb',level=0,port_id=259a7d0c-da7d-4783-9f26-e4793ae4c864,segment=NetworkSegment(8c70eef0-b9f5-4e18-8a35-a294c032b646),segment_id=8c70eef0-b9f5-4e18-8a35-a294c032b646)] {{(pid=91428) set_binding_levels /opt/stack/neutron/neutron/plugins/ml2/db.py:60}}
May 18 14:37:19.339925 dv-cinder-787195-7-smb neutron-server[91428]: DEBUG neutron_lib.callbacks.manager [None req-257f43a9-90d1-4adf-8950-6b0319122647 None None] Notify callbacks ['neutron.plugins.ml2.plugin.SecurityGroupServerNotifierRpcMixin.notify_sg_on_port_change-577461', 'neutron.plugins.ml2.ovo_rpc._ObjectChangeHandler.handle_event-33326661', 'neutron.api.rpc.agentnotifiers.dhcp_rpc_agent_api.DhcpAgentNotifyAPI._native_event_send_dhcp_notification-33151876', 'neutron.db.l3_db.L3RpcNotifierMixin._notify_gateway_port_ip_changed-8732557690543', 'neutron.db.l3_dvrscheduler_db._notify_l3_agent_port_update-8732557259524', 'neutron.db.l3_hascheduler_db._notify_l3_agent_ha_port_update-8732557259569'] for port, after_update {{(pid=91428) _notify_loop /usr/local/lib/python3.8/dist-packages/neutron_lib/callbacks/manager.py:192}}
May 18 14:37:19.346361 dv-cinder-787195-7-smb neutron-server[91428]: DEBUG oslo_concurrency.lockutils [None req-990b89f4-1c53-42cb-9cdc-418fbd90c63e None None] Lock "event-dispatch" acquired by "neutron.plugins.ml2.ovo_rpc._ObjectChangeHandler.dispatch_events" :: waited 0.000s {{(pid=91428) inner /usr/local/lib/python3.8/dist-packages/oslo_concurrency/lockutils.py:355}}
May 18 14:37:19.355525 dv-cinder-787195-7-smb neutron-server[91425]: DEBUG neutron_lib.callbacks.manager [None req-64502e47-965e-41da-8251-5440aea02e57 admin admin] Subscribe: > segment before_delete 55550000 {{(pid=91425) subscribe /usr/local/lib/python3.8/dist-packages/neutron_lib/callbacks/manager.py:45}}
May 18 14:37:19.355958 dv-cinder-787195-7-smb neutron-server[91425]: DEBUG neutron_lib.callbacks.manager [None req-64502e47-965e-41da-8251-5440aea02e57 admin admin] Subscribe: > subnet precommit_delete_associations 55550000 {{(pid=91425) subscribe /usr/local/lib/python3.8/dist-packages/neutron_lib/callbacks/manager.py:45}}
May 18 14:37:19.361041 dv-cinder-787195-7-smb neutron-server[91425]: DEBUG neutron_lib.callbacks.manager [None req-64502e47-965e-41da-8251-5440aea02e57 admin admin] Subscribe: > segment_host_mapping after_create 55550000 {{(pid=91425) subscribe /usr/local/lib/python3.8/dist-packages/neutron_lib/callbacks/manager.py:45}}
May 18 14:37:19.361411 dv-cinder-787195-7-smb neutron-server[91425]: DEBUG neutron_lib.callbacks.manager [None req-64502e47-965e-41da-8251-5440aea02e57 admin admin] Subscribe: > port after_create 55550000 {{(pid=91425) subscribe /usr/local/lib/python3.8/dist-packages/neutron_lib/callbacks/manager.py:45}}
May 18 14:37:19.361769 dv-cinder-787195-7-smb neutron-server[91425]: DEBUG neutron_lib.callbacks.manager [None req-64502e47-965e-41da-8251-5440aea02e57 admin admin] Subscribe: > port after_delete 55550000 {{(pid=91425) subscribe /usr/local/lib/python3.8/dist-packages/neutron_lib/callbacks/manager.py:45}}
May 18 14:37:19.362114 dv-cinder-787195-7-smb neutron-server[91425]: DEBUG neutron_lib.callbacks.manager [None req-64502e47-965e-41da-8251-5440aea02e57 admin admin] Subscribe: > port after_update 55550000 {{(pid=91425) subscribe /usr/local/lib/python3.8/dist-packages/neutron_lib/callbacks/manager.py:45}}
May 18 14:37:19.362447 dv-cinder-787195-7-smb neutron-server[91425]: DEBUG neutron_lib.callbacks.manager [None req-64502e47-965e-41da-8251-5440aea02e57 admin admin] Subscribe: > segment after_delete 55550000 {{(pid=91425) subscribe /usr/local/lib/python3.8/dist-packages/neutron_lib/callbacks/manager.py:45}}
May 18 14:37:19.362876 dv-cinder-787195-7-smb neutron-server[91425]: DEBUG neutron_lib.callbacks.manager [None req-64502e47-965e-41da-8251-5440aea02e57 admin admin] Subscribe: > subnet after_create 55550000 {{(pid=91425) subscribe /usr/local/lib/python3.8/dist-packages/neutron_lib/callbacks/manager.py:45}}
May 18 14:37:19.363206 dv-cinder-787195-7-smb neutron-server[91425]: DEBUG neutron_lib.callbacks.manager [None req-64502e47-965e-41da-8251-5440aea02e57 admin admin] Subscribe: > subnet after_delete 55550000 {{(pid=91425) subscribe /usr/local/lib/python3.8/dist-packages/neutron_lib/callbacks/manager.py:45}}
May 18 14:37:19.363556 dv-cinder-787195-7-smb neutron-server[91425]: DEBUG neutron_lib.callbacks.manager [None req-64502e47-965e-41da-8251-5440aea02e57 admin admin] Subscribe: > subnet after_update 55550000 {{(pid=91425) subscribe /usr/local/lib/python3.8/dist-packages/neutron_lib/callbacks/manager.py:45}}
May 18 14:37:19.502279 dv-cinder-787195-7-smb neutron-server[91428]: DEBUG neutron.api.rpc.handlers.l3_rpc [None req-4a805f12-1dd1-4521-8b85-66b610d2d5c7 None None] Sync routers for ids ['935adbbb-3eb4-4850-a52c-87a8946ec1ab'] in dv-cinder-787195-7-smb {{(pid=91428) sync_routers /opt/stack/neutron/neutron/api/rpc/handlers/l3_rpc.py:125}}
May 18 14:37:19.539339 dv-cinder-787195-7-smb neutron-server[91427]: DEBUG neutron_lib.callbacks.manager [None req-d40d24d8-946a-4128-b192-1344ad51e3f8 None None] Notify callbacks ['neutron.plugins.ml2.plugin.SecurityGroupDbMixin._ensure_default_security_group_handler_port-577102'] for port, before_update {{(pid=91427) _notify_loop /usr/local/lib/python3.8/dist-packages/neutron_lib/callbacks/manager.py:192}}
May 18 14:37:19.597372 dv-cinder-787195-7-smb neutron-server[91427]: DEBUG neutron.plugins.ml2.db [None req-d40d24d8-946a-4128-b192-1344ad51e3f8 None None] For port 010319ab-8299-4a95-bc1e-f12921710ee0, host dv-cinder-787195-7-smb, got binding levels [PortBindingLevel(driver='openvswitch',host='dv-cinder-787195-7-smb',level=0,port_id=010319ab-8299-4a95-bc1e-f12921710ee0,segment=NetworkSegment(8c70eef0-b9f5-4e18-8a35-a294c032b646),segment_id=8c70eef0-b9f5-4e18-8a35-a294c032b646)] {{(pid=91427) get_binding_level_objs /opt/stack/neutron/neutron/plugins/ml2/db.py:75}}
May 18 14:37:19.610730 dv-cinder-787195-7-smb neutron-server[91427]: DEBUG neutron_lib.callbacks.manager [None req-d40d24d8-946a-4128-b192-1344ad51e3f8 None None] Notify callbacks ['neutron.plugins.ml2.plugin.SecurityGroupServerNotifierRpcMixin.notify_sg_on_port_change-577461', 'neutron.plugins.ml2.ovo_rpc._ObjectChangeHandler.handle_event-33326661', 'neutron.api.rpc.agentnotifiers.dhcp_rpc_agent_api.DhcpAgentNotifyAPI._native_event_send_dhcp_notification-33151876', 'neutron.db.l3_db.L3RpcNotifierMixin._notify_gateway_port_ip_changed-8732557690543', 'neutron.db.l3_dvrscheduler_db._notify_l3_agent_port_update-8732557259524', 'neutron.db.l3_hascheduler_db._notify_l3_agent_ha_port_update-8732557259569'] for port, after_update {{(pid=91427) _notify_loop /usr/local/lib/python3.8/dist-packages/neutron_lib/callbacks/manager.py:192}}
May 18 14:37:19.613342 dv-cinder-787195-7-smb neutron-server[91426]: DEBUG neutron.notifiers.nova [req-e1203379-2836-4c35-b99e-0a368112456e req-b65cbaf7-44c8-4db0-8910-841e12e8df70 service neutron] Ignoring state change previous_port_status: DOWN current_port_status: DOWN port_id ae1ea7e2-fdcf-4d4c-baff-8e6a0fb2873c {{(pid=91426) record_port_status_changed /opt/stack/neutron/neutron/notifiers/nova.py:224}}
May 18 14:37:19.626752 dv-cinder-787195-7-smb neutron-server[91426]: DEBUG neutron.wsgi [-] (91426) accepted ('10.222.0.18', 51556) {{(pid=91426) server /usr/local/lib/python3.8/dist-packages/eventlet/wsgi.py:992}}
May 18 14:37:19.633156 dv-cinder-787195-7-smb neutron-server[91427]: DEBUG neutron.plugins.ml2.rpc [None req-d40d24d8-946a-4128-b192-1344ad51e3f8 None None] Device 4891c34d-b13d-4433-bd22-574e4eae0ee4 up at agent ovs-agent-dv-cinder-787195-7-smb {{(pid=91427) update_device_up /opt/stack/neutron/neutron/plugins/ml2/rpc.py:278}}
May 18 14:37:19.678938 dv-cinder-787195-7-smb neutron-server[91426]: DEBUG neutron_lib.callbacks.manager [req-e1203379-2836-4c35-b99e-0a368112456e req-b65cbaf7-44c8-4db0-8910-841e12e8df70 service neutron] Notify callbacks [] for port, precommit_update {{(pid=91426) _notify_loop /usr/local/lib/python3.8/dist-packages/neutron_lib/callbacks/manager.py:192}}
May 18 14:37:19.700959 dv-cinder-787195-7-smb neutron-server[91426]: DEBUG neutron.api.v2.base [None req-643a9a4a-c60a-4878-ac53-8e395bf3bf38 tempest-AttachVolumeShelveTestJSON-625916709 tempest-AttachVolumeShelveTestJSON-625916709-project] Request body: {'security_group': {'name': 'tempest-securitygroup--1135250938', 'description': 'tempest-description--1205705217'}} {{(pid=91426) prepare_request_body /opt/stack/neutron/neutron/api/v2/base.py:729}}
May 18 14:37:19.721411 dv-cinder-787195-7-smb neutron-server[91428]: DEBUG neutron.db.l3_dvrscheduler_db [None req-4a805f12-1dd1-4521-8b85-66b610d2d5c7 None None] Routers {'935adbbb-3eb4-4850-a52c-87a8946ec1ab'} bound to L3 agent in host dv-cinder-787195-7-smb {{(pid=91428) _get_router_ids_for_agent /opt/stack/neutron/neutron/db/l3_dvrscheduler_db.py:422}}
May 18 14:37:19.722229 dv-cinder-787195-7-smb neutron-server[91428]: DEBUG neutron.db.l3_hamode_db [None req-4a805f12-1dd1-4521-8b85-66b610d2d5c7 None None] neutron.services.l3_router.l3_router_plugin.L3RouterPlugin method get_ha_sync_data_for_host called with arguments (, 'dv-cinder-787195-7-smb', Agent(admin_state_up=True,agent_type='L3 agent',availability_zone='nova',binary='neutron-l3-agent',configurations={"agent_mode": "legacy", "ex_gw_ports": 3, "extensions": [], "floating_ips": 0, "handle_internal_only_routers": true, "interface_driver": "openvswitch", "interfaces": 2, "log_agent_heartbeats": false, "routers": 3},created_at=2021-05-18T14:29:16Z,description=,heartbeat_timestamp=2021-05-18T14:37:16Z,host='dv-cinder-787195-7-smb',id=8eee9022-342d-41cc-9825-549deeb79623,load=0,resource_versions=,resources_synced=,started_at=2021-05-18T14:29:16Z,topic='l3_agent')) {'router_ids': ['935adbbb-3eb4-4850-a52c-87a8946ec1ab'], 'active': True} {{(pid=91428) wrapper /usr/local/lib/python3.8/dist-packages/oslo_log/helpers.py:65}}
May 18 14:37:19.732465 dv-cinder-787195-7-smb neutron-server[91426]: DEBUG neutron.db.quota.driver [None req-643a9a4a-c60a-4878-ac53-8e395bf3bf38 tempest-AttachVolumeShelveTestJSON-625916709 tempest-AttachVolumeShelveTestJSON-625916709-project] Resources subnetpool have unlimited quota limit. It is not required to calculate headroom {{(pid=91426) make_reservation /opt/stack/neutron/neutron/db/quota/driver.py:219}}
May 18 14:37:19.881011 dv-cinder-787195-7-smb neutron-server[91426]: DEBUG neutron.db.provisioning_blocks [req-e1203379-2836-4c35-b99e-0a368112456e req-b65cbaf7-44c8-4db0-8910-841e12e8df70 service neutron] Transition to ACTIVE for port object ae1ea7e2-fdcf-4d4c-baff-8e6a0fb2873c will not be triggered until provisioned by entity L2. {{(pid=91426) add_provisioning_component /opt/stack/neutron/neutron/db/provisioning_blocks.py:73}}
May 18 14:37:19.888279 dv-cinder-787195-7-smb neutron-server[91426]: DEBUG neutron.quota.resource [None req-643a9a4a-c60a-4878-ac53-8e395bf3bf38 tempest-AttachVolumeShelveTestJSON-625916709 tempest-AttachVolumeShelveTestJSON-625916709-project] Usage tracker for resource:security_group and tenant:86a8148aefb84364b616460cedf5dd5f is out of sync, need to count used quota {{(pid=91426) count_used /opt/stack/neutron/neutron/quota/resource.py:270}}
May 18 14:37:19.951197 dv-cinder-787195-7-smb neutron-server[91426]: DEBUG neutron_lib.callbacks.manager [req-e1203379-2836-4c35-b99e-0a368112456e req-b65cbaf7-44c8-4db0-8910-841e12e8df70 service neutron] Notify callbacks ['neutron.plugins.ml2.plugin.SecurityGroupServerNotifierRpcMixin.notify_sg_on_port_change-577461', 'neutron.plugins.ml2.ovo_rpc._ObjectChangeHandler.handle_event-33326661', 'neutron.api.rpc.agentnotifiers.dhcp_rpc_agent_api.DhcpAgentNotifyAPI._native_event_send_dhcp_notification-33151876', 'neutron.db.l3_db.L3RpcNotifierMixin._notify_gateway_port_ip_changed-8732557690543', 'neutron.db.l3_dvrscheduler_db._notify_l3_agent_port_update-8732557259524', 'neutron.db.l3_hascheduler_db._notify_l3_agent_ha_port_update-8732557259569'] for port, after_update {{(pid=91426) _notify_loop /usr/local/lib/python3.8/dist-packages/neutron_lib/callbacks/manager.py:192}}
May 18 14:37:19.957913 dv-cinder-787195-7-smb neutron-server[91427]: DEBUG oslo_concurrency.lockutils [-] Lock "event-dispatch" acquired by "neutron.plugins.ml2.ovo_rpc._ObjectChangeHandler.dispatch_events" :: waited 0.000s {{(pid=91427) inner /usr/local/lib/python3.8/dist-packages/oslo_concurrency/lockutils.py:355}}
May 18 14:37:19.976472 dv-cinder-787195-7-smb neutron-server[91426]: DEBUG neutron.quota.resource [None req-643a9a4a-c60a-4878-ac53-8e395bf3bf38 tempest-AttachVolumeShelveTestJSON-625916709 tempest-AttachVolumeShelveTestJSON-625916709-project] Quota usage for security_group was recalculated. Used quota:1. {{(pid=91426) count_used /opt/stack/neutron/neutron/quota/resource.py:290}}
May 18 14:37:19.986389 dv-cinder-787195-7-smb neutron-server[91428]: DEBUG neutron.db.l3_dvrscheduler_db [None req-257f43a9-90d1-4adf-8950-6b0319122647 None None] Routers {'416d300f-b7fd-424b-a278-a7fd3c8c6a98'} bound to L3 agent in host dv-cinder-787195-7-smb {{(pid=91428) _get_router_ids_for_agent /opt/stack/neutron/neutron/db/l3_dvrscheduler_db.py:422}}
May 18 14:37:19.987231 dv-cinder-787195-7-smb neutron-server[91428]: DEBUG neutron.db.l3_hamode_db [None req-257f43a9-90d1-4adf-8950-6b0319122647 None None] neutron.services.l3_router.l3_router_plugin.L3RouterPlugin method get_ha_sync_data_for_host called with arguments (, 'dv-cinder-787195-7-smb', Agent(admin_state_up=True,agent_type='L3 agent',availability_zone='nova',binary='neutron-l3-agent',configurations={"agent_mode": "legacy", "ex_gw_ports": 3, "extensions": [], "floating_ips": 0, "handle_internal_only_routers": true, "interface_driver": "openvswitch", "interfaces": 2, "log_agent_heartbeats": false, "routers": 3},created_at=2021-05-18T14:29:16Z,description=,heartbeat_timestamp=2021-05-18T14:37:16Z,host='dv-cinder-787195-7-smb',id=8eee9022-342d-41cc-9825-549deeb79623,load=0,resource_versions=,resources_synced=,started_at=2021-05-18T14:29:16Z,topic='l3_agent')) {'router_ids': ['416d300f-b7fd-424b-a278-a7fd3c8c6a98'], 'active': True} {{(pid=91428) wrapper /usr/local/lib/python3.8/dist-packages/oslo_log/helpers.py:65}}
May 18 14:37:20.014736 dv-cinder-787195-7-smb neutron-server[91426]: DEBUG oslo_concurrency.lockutils [None req-97b1d6bb-b5f1-404a-b512-25442af61682 admin admin] Lock "event-dispatch" acquired by "neutron.plugins.ml2.ovo_rpc._ObjectChangeHandler.dispatch_events" :: waited 0.000s {{(pid=91426) inner /usr/local/lib/python3.8/dist-packages/oslo_concurrency/lockutils.py:355}}
May 18 14:37:20.016142 dv-cinder-787195-7-smb neutron-server[91425]: DEBUG neutron_lib.callbacks.manager [None req-64502e47-965e-41da-8251-5440aea02e57 admin admin] Subscribe: > subnet after_create 55550000 {{(pid=91425) subscribe /usr/local/lib/python3.8/dist-packages/neutron_lib/callbacks/manager.py:45}}
May 18 14:37:20.016520 dv-cinder-787195-7-smb neutron-server[91425]: DEBUG neutron_lib.callbacks.manager [None req-64502e47-965e-41da-8251-5440aea02e57 admin admin] Subscribe: > subnet after_delete 55550000 {{(pid=91425) subscribe /usr/local/lib/python3.8/dist-packages/neutron_lib/callbacks/manager.py:45}}
May 18 14:37:20.023072 dv-cinder-787195-7-smb neutron-server[91425]: DEBUG neutron_lib.callbacks.manager [None req-64502e47-965e-41da-8251-5440aea02e57 admin admin] Subscribe: > subnet before_create 55550000 {{(pid=91425) subscribe /usr/local/lib/python3.8/dist-packages/neutron_lib/callbacks/manager.py:45}}
May 18 14:37:20.023505 dv-cinder-787195-7-smb neutron-server[91425]: DEBUG neutron_lib.callbacks.manager [None req-64502e47-965e-41da-8251-5440aea02e57 admin admin] Subscribe: > subnet before_update 55550000 {{(pid=91425) subscribe /usr/local/lib/python3.8/dist-packages/neutron_lib/callbacks/manager.py:45}}
May 18 14:37:20.023894 dv-cinder-787195-7-smb neutron-server[91425]: DEBUG neutron.services.segments.db [None req-64502e47-965e-41da-8251-5440aea02e57 admin admin] neutron.services.segments.plugin.Plugin method get_segments called with arguments (,) {'filters': {'network_id': ['855aafc6-31de-4b24-841b-d70acbe70434']}} {{(pid=91425) wrapper /usr/local/lib/python3.8/dist-packages/oslo_log/helpers.py:65}}
May 18 14:37:20.103532 dv-cinder-787195-7-smb neutron-server[91425]: DEBUG neutron.services.segments.db [None req-64502e47-965e-41da-8251-5440aea02e57 admin admin] neutron.services.segments.plugin.Plugin method delete_segment called with arguments (, 'ad927e21-e0ee-489d-ad83-e7a00aa70c4b') {'for_net_delete': True} {{(pid=91425) wrapper /usr/local/lib/python3.8/dist-packages/oslo_log/helpers.py:65}}
May 18 14:37:20.106919 dv-cinder-787195-7-smb neutron-server[91425]: DEBUG neutron.services.segments.db [None req-64502e47-965e-41da-8251-5440aea02e57 admin admin] neutron.services.segments.plugin.Plugin method get_segment called with arguments (, 'ad927e21-e0ee-489d-ad83-e7a00aa70c4b') {} {{(pid=91425) wrapper /usr/local/lib/python3.8/dist-packages/oslo_log/helpers.py:65}}
May 18 14:37:20.144180 dv-cinder-787195-7-smb neutron-server[91425]: DEBUG neutron_lib.callbacks.manager [None req-64502e47-965e-41da-8251-5440aea02e57 admin admin] Notify callbacks ['neutron.plugins.ml2.db._prevent_segment_delete_with_port_bound-8732557711243', 'neutron.services.segments.plugin.Plugin._prevent_segment_delete_with_subnet_associated-2205913'] for segment, before_delete {{(pid=91425) _notify_loop /usr/local/lib/python3.8/dist-packages/neutron_lib/callbacks/manager.py:192}}
May 18 14:37:20.210983 dv-cinder-787195-7-smb neutron-server[91428]: DEBUG neutron.api.rpc.handlers.resources_rpc [None req-de36a1e9-e426-4961-81ed-eb858052d443 None None] Pushing event updated for resources: {'Port': ['ID=259a7d0c-da7d-4783-9f26-e4793ae4c864,revision_number=3']} {{(pid=91428) push /opt/stack/neutron/neutron/api/rpc/handlers/resources_rpc.py:237}}
May 18 14:37:20.232074 dv-cinder-787195-7-smb neutron-server[91428]: DEBUG oslo_concurrency.lockutils [None req-de36a1e9-e426-4961-81ed-eb858052d443 None None] Lock "event-dispatch" released by "neutron.plugins.ml2.ovo_rpc._ObjectChangeHandler.dispatch_events" :: held 0.887s {{(pid=91428) inner /usr/local/lib/python3.8/dist-packages/oslo_concurrency/lockutils.py:367}}
May 18 14:37:20.253235 dv-cinder-787195-7-smb neutron-server[91425]: DEBUG neutron_lib.callbacks.manager [None req-64502e47-965e-41da-8251-5440aea02e57 admin admin] Notify callbacks ['neutron.plugins.ml2.plugin.Ml2Plugin._handle_segment_change-32942545'] for segment, precommit_delete {{(pid=91425) _notify_loop /usr/local/lib/python3.8/dist-packages/neutron_lib/callbacks/manager.py:192}}
May 18 14:37:20.340451 dv-cinder-787195-7-smb neutron-server[91426]: DEBUG neutron.db.quota.driver [None req-643a9a4a-c60a-4878-ac53-8e395bf3bf38 tempest-AttachVolumeShelveTestJSON-625916709 tempest-AttachVolumeShelveTestJSON-625916709-project] Attempting to reserve 1 items for resource security_group. Total usage: 1; quota limit: 100; headroom:99 {{(pid=91426) make_reservation /opt/stack/neutron/neutron/db/quota/driver.py:246}}
May 18 14:37:20.459328 dv-cinder-787195-7-smb neutron-server[91425]: DEBUG neutron.plugins.ml2.drivers.type_vlan [None req-64502e47-965e-41da-8251-5440aea02e57 admin admin] Releasing vlan 639 on physical network physnet1 to pool {{(pid=91425) release_segment /opt/stack/neutron/neutron/plugins/ml2/drivers/type_vlan.py:304}}
May 18 14:37:20.459866 dv-cinder-787195-7-smb neutron-server[91425]: DEBUG neutron_lib.callbacks.manager [None req-64502e47-965e-41da-8251-5440aea02e57 admin admin] Notify callbacks ['neutron.plugins.ml2.plugin.Ml2Plugin._handle_segment_change-32942545', 'neutron.services.segments.plugin.NovaSegmentNotifier._notify_segment_deleted-2134294'] for segment, after_delete {{(pid=91425) _notify_loop /usr/local/lib/python3.8/dist-packages/neutron_lib/callbacks/manager.py:192}}
May 18 14:37:20.460347 dv-cinder-787195-7-smb neutron-server[91427]: DEBUG neutron.api.rpc.handlers.resources_rpc [None req-d40d24d8-946a-4128-b192-1344ad51e3f8 None None] Pushing event updated for resources: {'Port': ['ID=010319ab-8299-4a95-bc1e-f12921710ee0,revision_number=4']} {{(pid=91427) push /opt/stack/neutron/neutron/api/rpc/handlers/resources_rpc.py:237}}
May 18 14:37:20.491451 dv-cinder-787195-7-smb neutron-server[91427]: DEBUG oslo_concurrency.lockutils [None req-d40d24d8-946a-4128-b192-1344ad51e3f8 None None] Lock "event-dispatch" released by "neutron.plugins.ml2.ovo_rpc._ObjectChangeHandler.dispatch_events" :: held 0.533s {{(pid=91427) inner /usr/local/lib/python3.8/dist-packages/oslo_concurrency/lockutils.py:367}}
May 18 14:37:20.503935 dv-cinder-787195-7-smb neutron-server[91425]: /usr/lib/python3/dist-packages/secretstorage/dhcrypto.py:15: CryptographyDeprecationWarning: int_from_bytes is deprecated, use int.from_bytes instead
May 18 14:37:20.503935 dv-cinder-787195-7-smb neutron-server[91425]: from cryptography.utils import int_from_bytes
May 18 14:37:20.503935 dv-cinder-787195-7-smb neutron-server[91425]: /usr/lib/python3/dist-packages/secretstorage/util.py:19: CryptographyDeprecationWarning: int_from_bytes is deprecated, use int.from_bytes instead
May 18 14:37:20.503935 dv-cinder-787195-7-smb neutron-server[91425]: from cryptography.utils import int_from_bytes
May 18 14:37:20.503935 dv-cinder-787195-7-smb neutron-server[91425]: Traceback (most recent call last):
May 18 14:37:20.503935 dv-cinder-787195-7-smb neutron-server[91425]: File "/usr/local/lib/python3.8/dist-packages/eventlet/hubs/hub.py", line 476, in fire_timers
May 18 14:37:20.503935 dv-cinder-787195-7-smb neutron-server[91425]: timer()
May 18 14:37:20.503935 dv-cinder-787195-7-smb neutron-server[91425]: File "/usr/local/lib/python3.8/dist-packages/eventlet/hubs/timer.py", line 59, in __call__
May 18 14:37:20.503935 dv-cinder-787195-7-smb neutron-server[91425]: cb(*args, **kw)
May 18 14:37:20.503935 dv-cinder-787195-7-smb neutron-server[91425]: File "/opt/stack/neutron/neutron/common/utils.py", line 905, in wrapper
May 18 14:37:20.503935 dv-cinder-787195-7-smb neutron-server[91425]: return func(*args, **kwargs)
May 18 14:37:20.503935 dv-cinder-787195-7-smb neutron-server[91425]: File "/opt/stack/neutron/neutron/notifiers/batch_notifier.py", line 58, in synced_send
May 18 14:37:20.503935 dv-cinder-787195-7-smb neutron-server[91425]: self._notify()
May 18 14:37:20.503935 dv-cinder-787195-7-smb neutron-server[91425]: File "/opt/stack/neutron/neutron/notifiers/batch_notifier.py", line 69, in _notify
May 18 14:37:20.503935 dv-cinder-787195-7-smb neutron-server[91425]: self.callback(batched_events)
May 18 14:37:20.503935 dv-cinder-787195-7-smb neutron-server[91425]: File "/opt/stack/neutron/neutron/services/segments/plugin.py", line 211, in _send_notifications
May 18 14:37:20.503935 dv-cinder-787195-7-smb neutron-server[91425]: event.method(event)
May 18 14:37:20.503935 dv-cinder-787195-7-smb neutron-server[91425]: File "/opt/stack/neutron/neutron/services/segments/plugin.py", line 379, in _delete_nova_inventory
May 18 14:37:20.503935 dv-cinder-787195-7-smb neutron-server[91425]: aggregate_id = self._get_aggregate_id(event.segment_id)
May 18 14:37:20.503935 dv-cinder-787195-7-smb neutron-server[91425]: File "/opt/stack/neutron/neutron/services/segments/plugin.py", line 366, in _get_aggregate_id
May 18 14:37:20.503935 dv-cinder-787195-7-smb neutron-server[91425]: aggregate_uuid = self.p_client.list_aggregates(
May 18 14:37:20.503935 dv-cinder-787195-7-smb neutron-server[91425]: File "/usr/local/lib/python3.8/dist-packages/neutron_lib/placement/client.py", line 57, in wrapper
May 18 14:37:20.503935 dv-cinder-787195-7-smb neutron-server[91425]: return f(self, *a, **k)
May 18 14:37:20.503935 dv-cinder-787195-7-smb neutron-server[91425]: File "/usr/local/lib/python3.8/dist-packages/neutron_lib/placement/client.py", line 553, in list_aggregates
May 18 14:37:20.503935 dv-cinder-787195-7-smb neutron-server[91425]: return self._get(url).json()
May 18 14:37:20.503935 dv-cinder-787195-7-smb neutron-server[91425]: File "/usr/local/lib/python3.8/dist-packages/neutron_lib/placement/client.py", line 189, in _get
May 18 14:37:20.503935 dv-cinder-787195-7-smb neutron-server[91425]: return self._client.get(url, endpoint_filter=self._ks_filter,
May 18 14:37:20.503935 dv-cinder-787195-7-smb neutron-server[91425]: File "/usr/local/lib/python3.8/dist-packages/keystoneauth1/session.py", line 1141, in get
May 18 14:37:20.503935 dv-cinder-787195-7-smb neutron-server[91425]: return self.request(url, 'GET', **kwargs)
May 18 14:37:20.503935 dv-cinder-787195-7-smb neutron-server[91425]: File "/usr/local/lib/python3.8/dist-packages/keystoneauth1/session.py", line 811, in request
May 18 14:37:20.503935 dv-cinder-787195-7-smb neutron-server[91425]: base_url = self.get_endpoint(auth, allow=allow,
May 18 14:37:20.503935 dv-cinder-787195-7-smb neutron-server[91425]: File "/usr/local/lib/python3.8/dist-packages/keystoneauth1/session.py", line 1241, in get_endpoint
May 18 14:37:20.503935 dv-cinder-787195-7-smb neutron-server[91425]: auth = self._auth_required(auth, 'determine endpoint URL')
May 18 14:37:20.503935 dv-cinder-787195-7-smb neutron-server[91425]: File "/usr/local/lib/python3.8/dist-packages/keystoneauth1/session.py", line 1181, in _auth_required
May 18 14:37:20.503935 dv-cinder-787195-7-smb neutron-server[91425]: raise exceptions.MissingAuthPlugin(msg_fmt % msg)
May 18 14:37:20.503935 dv-cinder-787195-7-smb neutron-server[91425]: keystoneauth1.exceptions.auth_plugins.MissingAuthPlugin: An auth plugin is required to determine endpoint URL
May 18 14:37:20.539088 dv-cinder-787195-7-smb neutron-server[91425]: DEBUG neutron.wsgi [-] (91425) accepted ('10.222.0.18', 51580) {{(pid=91425) server /usr/local/lib/python3.8/dist-packages/eventlet/wsgi.py:992}}
May 18 14:37:20.648328 dv-cinder-787195-7-smb neutron-server[91427]: DEBUG neutron.db.l3_hamode_db [None req-d71e40dd-9548-49e1-9c57-6bf35fe2433a None None] neutron.services.l3_router.l3_router_plugin.L3RouterPlugin method _process_sync_ha_data called with arguments (, [{'id': '395f1065-3754-42ac-929c-841a49e17226', 'name': 'tempest-AttachVolumeShelveTestJSON-431444238-router', 'tenant_id': '86a8148aefb84364b616460cedf5dd5f', 'admin_state_up': True, 'status': 'ACTIVE', 'external_gateway_info': {'network_id': '67d17139-cc6d-4551-b5a7-1abc387186ac', 'external_fixed_ips': [{'subnet_id': '747aee4b-7736-441e-9b54-fbd0b000b6d9', 'ip_address': '172.28.3.118'}], 'enable_snat': True}, 'gw_port_id': '4891c34d-b13d-4433-bd22-574e4eae0ee4', 'description': '', 'availability_zones': ['nova'], 'distributed': False, 'ha': False, 'ha_vr_id': 0, 'availability_zone_hints': [], 'routes': [], 'flavor_id': None, 'tags': [], 'created_at': '2021-05-18T14:36:58Z', 'updated_at': '2021-05-18T14:37:11Z', 'revision_number': 4, 'project_id': '86a8148aefb84364b616460cedf5dd5f', 'gw_port': {'id': '4891c34d-b13d-4433-bd22-574e4eae0ee4', 'name': '', 'network_id': '67d17139-cc6d-4551-b5a7-1abc387186ac', 'tenant_id': '', 'mac_address': 'fa:16:3e:9a:58:7e', 'admin_state_up': True, 'status': 'ACTIVE', 'device_id': '395f1065-3754-42ac-929c-841a49e17226', 'device_owner': 'network:router_gateway', 'standard_attr_id': 77, 'fixed_ips': [{'subnet_id': '747aee4b-7736-441e-9b54-fbd0b000b6d9', 'ip_address': '172.28.3.118', 'prefixlen': 24}], 'allowed_address_pairs': [], 'extra_dhcp_opts': [], 'security_groups': [], 'description': '', 'binding:vnic_type': 'normal', 'binding:profile': {}, 'binding:host_id': 'dv-cinder-787195-7-smb', 'binding:vif_type': 'ovs', 'binding:vif_details': {'connectivity': 'l2', 'port_filter': True, 'ovs_hybrid_plug': False, 'datapath_type': 'system', 'bridge_name': 'br-int'}, 'port_security_enabled': False, 'tags': [], 'created_at': '2021-05-18T14:37:01Z', 'updated_at': '2021-05-18T14:37:15Z', 'revision_number': 4, 'project_id': '', 'subnets': [{'id': '747aee4b-7736-441e-9b54-fbd0b000b6d9', 'cidr': '172.28.3.0/24', 'gateway_ip': '172.28.3.1', 'dns_nameservers': [], 'ipv6_ra_mode': None, 'subnetpool_id': None}], 'extra_subnets': [], 'address_scopes': {4: None, 6: None}, 'mtu': 1500}, 'enable_snat': True, 'gw_port_host': 'dv-cinder-787195-7-smb', '_interfaces': [{'id': '9283e53e-f515-42cd-a172-57043759eb3c', 'name': '', 'network_id': '8b001595-5c30-4c08-85c1-7b5afbf6ef8e', 'tenant_id': '86a8148aefb84364b616460cedf5dd5f', 'mac_address': 'fa:16:3e:83:66:e7', 'admin_state_up': True, 'status': 'DOWN', 'device_id': '395f1065-3754-42ac-929c-841a49e17226', 'device_owner': 'network:router_interface', 'standard_attr_id': 109, 'fixed_ips': [{'subnet_id': '8f10d4a1-1722-4e43-be82-057027367984', 'ip_address': '172.20.0.1', 'prefixlen': 28}], 'allowed_address_pairs': [], 'extra_dhcp_opts': [], 'security_groups': [], 'description': '', 'binding:vnic_type': 'normal', 'binding:profile': {}, 'binding:host_id': '', 'binding:vif_type': 'unbound', 'binding:vif_details': {}, 'port_security_enabled': False, 'tags': [], 'created_at': '2021-05-18T14:37:10Z', 'updated_at': '2021-05-18T14:37:12Z', 'revision_number': 2, 'project_id': '86a8148aefb84364b616460cedf5dd5f', 'subnets': [{'id': '8f10d4a1-1722-4e43-be82-057027367984', 'cidr': '172.20.0.0/28', 'gateway_ip': '172.20.0.1', 'dns_nameservers': [], 'ipv6_ra_mode': None, 'subnetpool_id': None}], 'extra_subnets': [], 'address_scopes': {4: None, 6: None}, 'mtu': 1500}]}], 'dv-cinder-787195-7-smb', False) {} {{(pid=91427) wrapper /usr/local/lib/python3.8/dist-packages/oslo_log/helpers.py:65}}
May 18 14:37:20.677272 dv-cinder-787195-7-smb neutron-server[91427]: DEBUG neutron.api.rpc.handlers.l3_rpc [None req-d71e40dd-9548-49e1-9c57-6bf35fe2433a None None] Checking router: 395f1065-3754-42ac-929c-841a49e17226 for host: dv-cinder-787195-7-smb {{(pid=91427) _ensure_host_set_on_ports /opt/stack/neutron/neutron/api/rpc/handlers/l3_rpc.py:155}}
May 18 14:37:20.681210 dv-cinder-787195-7-smb neutron-server[91427]: DEBUG neutron.api.rpc.handlers.l3_rpc [None req-d71e40dd-9548-49e1-9c57-6bf35fe2433a None None] Updating router 395f1065-3754-42ac-929c-841a49e17226 port 9283e53e-f515-42cd-a172-57043759eb3c binding host dv-cinder-787195-7-smb {{(pid=91427) _ensure_host_set_on_port /opt/stack/neutron/neutron/api/rpc/handlers/l3_rpc.py:205}}
May 18 14:37:20.814215 dv-cinder-787195-7-smb neutron-server[91427]: DEBUG neutron_lib.callbacks.manager [None req-abac4fbc-847e-4644-b09b-a47f24740f10 None None] Notify callbacks ['neutron.services.segments.db._update_segment_host_mapping_for_agent-8732557704668', 'neutron.plugins.ml2.plugin.Ml2Plugin._retry_binding_revived_agents-32948931'] for agent, after_update {{(pid=91427) _notify_loop /usr/local/lib/python3.8/dist-packages/neutron_lib/callbacks/manager.py:192}}
May 18 14:37:20.876056 dv-cinder-787195-7-smb neutron-server[91427]: DEBUG neutron.db.provisioning_blocks [None req-d40d24d8-946a-4128-b192-1344ad51e3f8 None None] Provisioning complete for port 4891c34d-b13d-4433-bd22-574e4eae0ee4 triggered by entity L2. {{(pid=91427) provisioning_complete /opt/stack/neutron/neutron/db/provisioning_blocks.py:139}}
May 18 14:37:20.876547 dv-cinder-787195-7-smb neutron-server[91427]: DEBUG neutron_lib.callbacks.manager [None req-d40d24d8-946a-4128-b192-1344ad51e3f8 None None] Notify callbacks ['neutron.plugins.ml2.plugin.Ml2Plugin._port_provisioned-32948880'] for port, provisioning_complete {{(pid=91427) _notify_loop /usr/local/lib/python3.8/dist-packages/neutron_lib/callbacks/manager.py:192}}
May 18 14:37:20.899262 dv-cinder-787195-7-smb neutron-server[91428]: DEBUG neutron.db.l3_dvr_db [None req-4a805f12-1dd1-4521-8b85-66b610d2d5c7 None None] Set router 935adbbb-3eb4-4850-a52c-87a8946ec1ab gateway port host: dv-cinder-787195-7-smb {{(pid=91428) _build_routers_list /opt/stack/neutron/neutron/db/l3_dvr_db.py:820}}
May 18 14:37:20.996787 dv-cinder-787195-7-smb neutron-server[91427]: DEBUG neutron_lib.callbacks.manager [None req-d71e40dd-9548-49e1-9c57-6bf35fe2433a None None] Notify callbacks ['neutron.plugins.ml2.plugin.SecurityGroupDbMixin._ensure_default_security_group_handler_port-577102'] for port, before_update {{(pid=91427) _notify_loop /usr/local/lib/python3.8/dist-packages/neutron_lib/callbacks/manager.py:192}}
May 18 14:37:21.085864 dv-cinder-787195-7-smb neutron-server[91425]: DEBUG neutron_lib.callbacks.manager [None req-64502e47-965e-41da-8251-5440aea02e57 admin admin] Notify callbacks ['neutron.plugins.ml2.plugin.Ml2Plugin._network_delete_after_delete_handler-32946688', 'neutron.plugins.ml2.ovo_rpc._ObjectChangeHandler.handle_payload_event-33054605', 'neutron.api.rpc.agentnotifiers.dhcp_rpc_agent_api.DhcpAgentNotifyAPI._native_event_send_dhcp_notification_payload-33151923', 'neutron.services.l3_router.l3_router_plugin.DVRResourceOperationHandler.delete_fip_namespaces_for_ext_net-435017'] for network, after_delete {{(pid=91425) _notify_loop /usr/local/lib/python3.8/dist-packages/neutron_lib/callbacks/manager.py:192}}
May 18 14:37:21.093441 dv-cinder-787195-7-smb neutron-server[91426]: DEBUG neutron_lib.callbacks.manager [None req-643a9a4a-c60a-4878-ac53-8e395bf3bf38 tempest-AttachVolumeShelveTestJSON-625916709 tempest-AttachVolumeShelveTestJSON-625916709-project] Notify callbacks [] for security_group, before_create {{(pid=91426) _notify_loop /usr/local/lib/python3.8/dist-packages/neutron_lib/callbacks/manager.py:192}}
May 18 14:37:21.102525 dv-cinder-787195-7-smb neutron-server[91425]: DEBUG neutron_lib.callbacks.manager [None req-416fc2ac-1b84-4664-a977-e53cbbee9052 admin admin] Notify callbacks ['neutron.plugins.ml2.plugin.SecurityGroupDbMixin._ensure_default_security_group_handler_port-577102'] for port, before_create {{(pid=91425) _notify_loop /usr/local/lib/python3.8/dist-packages/neutron_lib/callbacks/manager.py:192}}
May 18 14:37:21.139548 dv-cinder-787195-7-smb neutron-server[91425]: DEBUG oslo_concurrency.lockutils [-] Lock "event-dispatch" acquired by "neutron.plugins.ml2.ovo_rpc._ObjectChangeHandler.dispatch_events" :: waited 0.000s {{(pid=91425) inner /usr/local/lib/python3.8/dist-packages/oslo_concurrency/lockutils.py:355}}
May 18 14:37:21.172492 dv-cinder-787195-7-smb neutron-server[91428]: DEBUG neutron.db.l3_dvr_db [None req-257f43a9-90d1-4adf-8950-6b0319122647 None None] Set router 416d300f-b7fd-424b-a278-a7fd3c8c6a98 gateway port host: dv-cinder-787195-7-smb {{(pid=91428) _build_routers_list /opt/stack/neutron/neutron/db/l3_dvr_db.py:820}}
May 18 14:37:21.183926 dv-cinder-787195-7-smb neutron-server[91425]: DEBUG neutron_lib.callbacks.manager [None req-64502e47-965e-41da-8251-5440aea02e57 admin admin] Notify callbacks ['neutron.api.rpc.agentnotifiers.dhcp_rpc_agent_api.DhcpAgentNotifyAPI._send_dhcp_notification-33151894'] for network, before_response {{(pid=91425) _notify_loop /usr/local/lib/python3.8/dist-packages/neutron_lib/callbacks/manager.py:192}}
May 18 14:37:21.199384 dv-cinder-787195-7-smb neutron-server[91426]: DEBUG neutron.db.quota.driver [None req-643a9a4a-c60a-4878-ac53-8e395bf3bf38 tempest-AttachVolumeShelveTestJSON-625916709 tempest-AttachVolumeShelveTestJSON-625916709-project] Resources subnetpool have unlimited quota limit. It is not required to calculate headroom {{(pid=91426) make_reservation /opt/stack/neutron/neutron/db/quota/driver.py:219}}
May 18 14:37:21.201148 dv-cinder-787195-7-smb neutron-server[91425]: DEBUG neutron.api.rpc.handlers.resources_rpc [None req-64502e47-965e-41da-8251-5440aea02e57 admin admin] Pushing event deleted for resources: {'Network': ['ID=855aafc6-31de-4b24-841b-d70acbe70434,revision_number=None']} {{(pid=91425) push /opt/stack/neutron/neutron/api/rpc/handlers/resources_rpc.py:237}}
May 18 14:37:21.213642 dv-cinder-787195-7-smb neutron-server[91425]: DEBUG oslo_concurrency.lockutils [None req-64502e47-965e-41da-8251-5440aea02e57 admin admin] Lock "event-dispatch" released by "neutron.plugins.ml2.ovo_rpc._ObjectChangeHandler.dispatch_events" :: held 0.075s {{(pid=91425) inner /usr/local/lib/python3.8/dist-packages/oslo_concurrency/lockutils.py:367}}
May 18 14:37:21.215105 dv-cinder-787195-7-smb neutron-server[91425]: INFO neutron.wsgi [None req-64502e47-965e-41da-8251-5440aea02e57 admin admin] 10.222.0.18 "DELETE /v2.0/networks/855aafc6-31de-4b24-841b-d70acbe70434 HTTP/1.1" status: 204 len: 168 time: 3.8756697
May 18 14:37:21.215262 dv-cinder-787195-7-smb neutron-server[91426]: DEBUG neutron.quota.resource [None req-643a9a4a-c60a-4878-ac53-8e395bf3bf38 tempest-AttachVolumeShelveTestJSON-625916709 tempest-AttachVolumeShelveTestJSON-625916709-project] Usage tracker for resource:security_group_rule and tenant:86a8148aefb84364b616460cedf5dd5f is out of sync, need to count used quota {{(pid=91426) count_used /opt/stack/neutron/neutron/quota/resource.py:270}}
May 18 14:37:21.222955 dv-cinder-787195-7-smb neutron-server[91426]: DEBUG neutron.quota.resource [None req-643a9a4a-c60a-4878-ac53-8e395bf3bf38 tempest-AttachVolumeShelveTestJSON-625916709 tempest-AttachVolumeShelveTestJSON-625916709-project] Quota usage for security_group_rule was recalculated. Used quota:4. {{(pid=91426) count_used /opt/stack/neutron/neutron/quota/resource.py:290}}
May 18 14:37:21.243090 dv-cinder-787195-7-smb neutron-server[91426]: DEBUG neutron.db.quota.driver [None req-643a9a4a-c60a-4878-ac53-8e395bf3bf38 tempest-AttachVolumeShelveTestJSON-625916709 tempest-AttachVolumeShelveTestJSON-625916709-project] Attempting to reserve 2 items for resource security_group_rule. Total usage: 4; quota limit: 100; headroom:96 {{(pid=91426) make_reservation /opt/stack/neutron/neutron/db/quota/driver.py:246}}
